[INFO] fetching crate derive-more-more 0.1.0...
[INFO] testing derive-more-more-0.1.0 against nightly-2024-10-28 for randomize-layout
[INFO] extracting crate derive-more-more 0.1.0 into /workspace/builds/worker-4-tc1/source
[INFO] validating manifest of crates.io crate derive-more-more 0.1.0 on toolchain nightly-2024-10-28
[INFO] running `Command { std: CARGO_HOME="/workspace/cargo-home" RUSTUP_HOME="/workspace/rustup-home" "/workspace/cargo-home/bin/cargo" "+nightly-2024-10-28" "metadata" "--manifest-path" "Cargo.toml" "--no-deps", kill_on_drop: false }`
[INFO] started tweaking crates.io crate derive-more-more 0.1.0
[INFO] finished tweaking crates.io crate derive-more-more 0.1.0
[INFO] tweaked toml for crates.io crate derive-more-more 0.1.0 written to /workspace/builds/worker-4-tc1/source/Cargo.toml
[INFO] running `Command { std: CARGO_HOME="/workspace/cargo-home" RUSTUP_HOME="/workspace/rustup-home" "/workspace/cargo-home/bin/cargo" "+nightly-2024-10-28" "generate-lockfile" "--manifest-path" "Cargo.toml", kill_on_drop: false }`
[INFO] [stderr]     Updating crates.io index
[INFO] [stderr]      Locking 39 packages to latest compatible versions
[INFO] [stderr]       Adding derive_more v0.99.18 (available: v1.0.0)
[INFO] [stderr]       Adding syn v1.0.109 (available: v2.0.86)
[INFO] running `Command { std: CARGO_HOME="/workspace/cargo-home" RUSTUP_HOME="/workspace/rustup-home" "/workspace/cargo-home/bin/cargo" "+nightly-2024-10-28" "fetch" "--manifest-path" "Cargo.toml", kill_on_drop: false }`
[INFO] [stderr] warning: `proc_macro` is deprecated in favor of `proc-macro` and will not work in the 2024 edition
[INFO] [stderr] (in the `derive_more_more` library target)
[INFO] running `Command { std: "docker" "create" "-v" "/var/lib/crater-agent-workspace/builds/worker-4-tc1/target:/opt/rustwide/target:rw,Z" "-v" "/var/lib/crater-agent-workspace/builds/worker-4-tc1/source:/opt/rustwide/workdir:ro,Z" "-v" "/var/lib/crater-agent-workspace/cargo-home:/opt/rustwide/cargo-home:ro,Z" "-v" "/var/lib/crater-agent-workspace/rustup-home:/opt/rustwide/rustup-home:ro,Z" "-e" "SOURCE_DIR=/opt/rustwide/workdir" "-e" "CARGO_TARGET_DIR=/opt/rustwide/target" "-e" "CARGO_HOME=/opt/rustwide/cargo-home" "-e" "RUSTUP_HOME=/opt/rustwide/rustup-home" "-w" "/opt/rustwide/workdir" "-m" "1610612736" "--user" "0:0" "--network" "none" "ghcr.io/rust-lang/crates-build-env/linux@sha256:4a844ea9eb2546a2d2c7022eacef16ef2e8229c7fbb2c7d4d55a9ceca922f72d" "/opt/rustwide/cargo-home/bin/cargo" "+nightly-2024-10-28" "metadata" "--no-deps" "--format-version=1", kill_on_drop: false }`
[INFO] [stdout] fece484db5c9a64c70bb030f9b81a5684efbeb13984cf7cfcfa782f95970d2dc
[INFO] running `Command { std: "docker" "start" "-a" "fece484db5c9a64c70bb030f9b81a5684efbeb13984cf7cfcfa782f95970d2dc", kill_on_drop: false }`
[INFO] running `Command { std: "docker" "inspect" "fece484db5c9a64c70bb030f9b81a5684efbeb13984cf7cfcfa782f95970d2dc", kill_on_drop: false }`
[INFO] running `Command { std: "docker" "rm" "-f" "fece484db5c9a64c70bb030f9b81a5684efbeb13984cf7cfcfa782f95970d2dc", kill_on_drop: false }`
[INFO] [stdout] fece484db5c9a64c70bb030f9b81a5684efbeb13984cf7cfcfa782f95970d2dc
[INFO] running `Command { std: "docker" "create" "-v" "/var/lib/crater-agent-workspace/builds/worker-4-tc1/target:/opt/rustwide/target:rw,Z" "-v" "/var/lib/crater-agent-workspace/builds/worker-4-tc1/source:/opt/rustwide/workdir:ro,Z" "-v" "/var/lib/crater-agent-workspace/cargo-home:/opt/rustwide/cargo-home:ro,Z" "-v" "/var/lib/crater-agent-workspace/rustup-home:/opt/rustwide/rustup-home:ro,Z" "-e" "SOURCE_DIR=/opt/rustwide/workdir" "-e" "CARGO_TARGET_DIR=/opt/rustwide/target" "-e" "CARGO_INCREMENTAL=0" "-e" "RUST_BACKTRACE=full" "-e" "RUSTFLAGS=--cap-lints=forbid" "-e" "RUSTDOCFLAGS=--cap-lints=forbid" "-e" "CARGO_HOME=/opt/rustwide/cargo-home" "-e" "RUSTUP_HOME=/opt/rustwide/rustup-home" "-w" "/opt/rustwide/workdir" "-m" "1610612736" "--user" "0:0" "--network" "none" "ghcr.io/rust-lang/crates-build-env/linux@sha256:4a844ea9eb2546a2d2c7022eacef16ef2e8229c7fbb2c7d4d55a9ceca922f72d" "/opt/rustwide/cargo-home/bin/cargo" "+nightly-2024-10-28" "build" "--frozen" "--message-format=json", kill_on_drop: false }`
[INFO] [stdout] d9779655b6de6120bb6dfe8a8291cfd7379c2cc7d81ea297de41c75567f305d8
[INFO] running `Command { std: "docker" "start" "-a" "d9779655b6de6120bb6dfe8a8291cfd7379c2cc7d81ea297de41c75567f305d8", kill_on_drop: false }`
[INFO] [stderr] warning: `proc_macro` is deprecated in favor of `proc-macro` and will not work in the 2024 edition
[INFO] [stderr] (in the `derive_more_more` library target)
[INFO] [stderr]    Compiling proc-macro2 v1.0.89
[INFO] [stderr]    Compiling unicode-ident v1.0.13
[INFO] [stderr]    Compiling paste v1.0.15
[INFO] [stderr]    Compiling syn v1.0.109
[INFO] [stderr]    Compiling convert_case v0.4.0
[INFO] [stderr]    Compiling quote v1.0.37
[INFO] [stderr]    Compiling syn v2.0.86
[INFO] [stderr]    Compiling derive_more v0.99.18
[INFO] [stderr]    Compiling derive-more-more v0.1.0 (/opt/rustwide/workdir)
[INFO] [stderr]     Finished `dev` profile [unoptimized + debuginfo] target(s) in 5.44s
[INFO] running `Command { std: "docker" "inspect" "d9779655b6de6120bb6dfe8a8291cfd7379c2cc7d81ea297de41c75567f305d8", kill_on_drop: false }`
[INFO] running `Command { std: "docker" "rm" "-f" "d9779655b6de6120bb6dfe8a8291cfd7379c2cc7d81ea297de41c75567f305d8", kill_on_drop: false }`
[INFO] [stdout] d9779655b6de6120bb6dfe8a8291cfd7379c2cc7d81ea297de41c75567f305d8
[INFO] running `Command { std: "docker" "create" "-v" "/var/lib/crater-agent-workspace/builds/worker-4-tc1/target:/opt/rustwide/target:rw,Z" "-v" "/var/lib/crater-agent-workspace/builds/worker-4-tc1/source:/opt/rustwide/workdir:ro,Z" "-v" "/var/lib/crater-agent-workspace/cargo-home:/opt/rustwide/cargo-home:ro,Z" "-v" "/var/lib/crater-agent-workspace/rustup-home:/opt/rustwide/rustup-home:ro,Z" "-e" "SOURCE_DIR=/opt/rustwide/workdir" "-e" "CARGO_TARGET_DIR=/opt/rustwide/target" "-e" "CARGO_INCREMENTAL=0" "-e" "RUST_BACKTRACE=full" "-e" "RUSTFLAGS=--cap-lints=forbid" "-e" "RUSTDOCFLAGS=--cap-lints=forbid" "-e" "CARGO_HOME=/opt/rustwide/cargo-home" "-e" "RUSTUP_HOME=/opt/rustwide/rustup-home" "-w" "/opt/rustwide/workdir" "-m" "1610612736" "--user" "0:0" "--network" "none" "ghcr.io/rust-lang/crates-build-env/linux@sha256:4a844ea9eb2546a2d2c7022eacef16ef2e8229c7fbb2c7d4d55a9ceca922f72d" "/opt/rustwide/cargo-home/bin/cargo" "+nightly-2024-10-28" "test" "--frozen" "--no-run" "--message-format=json", kill_on_drop: false }`
[INFO] [stdout] 87051bccfc649955ef2310fcc17a017ae74c33f786c65887f268ab78c332517f
[INFO] running `Command { std: "docker" "start" "-a" "87051bccfc649955ef2310fcc17a017ae74c33f786c65887f268ab78c332517f", kill_on_drop: false }`
[INFO] [stderr] warning: `proc_macro` is deprecated in favor of `proc-macro` and will not work in the 2024 edition
[INFO] [stderr] (in the `derive_more_more` library target)
[INFO] [stderr]    Compiling proc-macro2 v1.0.89
[INFO] [stderr]    Compiling serde v1.0.214
[INFO] [stderr]    Compiling unicode-ident v1.0.13
[INFO] [stderr]    Compiling equivalent v1.0.1
[INFO] [stderr]    Compiling hashbrown v0.15.0
[INFO] [stderr]    Compiling winnow v0.6.20
[INFO] [stderr]    Compiling serde_json v1.0.132
[INFO] [stderr]    Compiling target-triple v0.1.3
[INFO] [stderr]    Compiling itoa v1.0.11
[INFO] [stderr]    Compiling memchr v2.7.4
[INFO] [stderr]    Compiling ryu v1.0.18
[INFO] [stderr]    Compiling glob v0.3.1
[INFO] [stderr]    Compiling termcolor v1.4.1
[INFO] [stderr]    Compiling syn v1.0.109
[INFO] [stderr]    Compiling quote v1.0.37
[INFO] [stderr]    Compiling indexmap v2.6.0
[INFO] [stderr]    Compiling syn v2.0.86
[INFO] [stderr]    Compiling serde_spanned v0.6.8
[INFO] [stderr]    Compiling toml_datetime v0.6.8
[INFO] [stderr]    Compiling toml_edit v0.22.22
[INFO] [stderr]    Compiling serde_derive v1.0.214
[INFO] [stderr]    Compiling derive_more v0.99.18
[INFO] [stderr]    Compiling derive-more-more v0.1.0 (/opt/rustwide/workdir)
[INFO] [stderr]    Compiling toml v0.8.19
[INFO] [stderr]    Compiling trybuild v1.0.101
[INFO] [stdout] warning: field `1` is never read
[INFO] [stdout]   --> tests/from_iterator.rs:13:66
[INFO] [stdout]    |
[INFO] [stdout] 13 | struct MultiUnnamedAttrField(#[from_iterator(usize)] Vec<usize>, bool);
[INFO] [stdout]    |        --------------------- field in this struct                ^^^^
[INFO] [stdout]    |
[INFO] [stdout]    = help: consider removing this field
[INFO] [stdout]    = note: `MultiUnnamedAttrField` has a derived impl for the trait `Default`, but this is intentionally ignored during dead code analysis
[INFO] [stdout]    = note: `#[warn(dead_code)]` on by default
[INFO] [stdout] 
[INFO] [stdout] 
[INFO] [stdout] warning: field `1` is never read
[INFO] [stdout]   --> tests/extend.rs:13:59
[INFO] [stdout]    |
[INFO] [stdout] 13 | struct MultiUnnamedAttrField(#[extend(usize)] Vec<usize>, bool);
[INFO] [stdout]    |        --------------------- field in this struct         ^^^^
[INFO] [stdout]    |
[INFO] [stdout]    = help: consider removing this field
[INFO] [stdout]    = note: `MultiUnnamedAttrField` has a derived impl for the trait `Default`, but this is intentionally ignored during dead code analysis
[INFO] [stdout]    = note: `#[warn(dead_code)]` on by default
[INFO] [stdout] 
[INFO] [stdout] 
[INFO] [stdout] warning: field `1` is never read
[INFO] [stdout]   --> tests/from_iterator_option.rs:13:73
[INFO] [stdout]    |
[INFO] [stdout] 13 | struct MultiUnnamedAttrField(#[from_iterator(usize option)] Vec<usize>, bool);
[INFO] [stdout]    |        --------------------- field in this struct                       ^^^^
[INFO] [stdout]    |
[INFO] [stdout]    = help: consider removing this field
[INFO] [stdout]    = note: `MultiUnnamedAttrField` has a derived impl for the trait `Default`, but this is intentionally ignored during dead code analysis
[INFO] [stdout]    = note: `#[warn(dead_code)]` on by default
[INFO] [stdout] 
[INFO] [stdout] 
[INFO] [stdout] warning: field `1` is never read
[INFO] [stdout]   --> tests/extend_option.rs:13:66
[INFO] [stdout]    |
[INFO] [stdout] 13 | struct MultiUnnamedAttrField(#[extend(usize option)] Vec<usize>, bool);
[INFO] [stdout]    |        --------------------- field in this struct                ^^^^
[INFO] [stdout]    |
[INFO] [stdout]    = help: consider removing this field
[INFO] [stdout]    = note: `MultiUnnamedAttrField` has a derived impl for the trait `Default`, but this is intentionally ignored during dead code analysis
[INFO] [stdout]    = note: `#[warn(dead_code)]` on by default
[INFO] [stdout] 
[INFO] [stdout] 
[INFO] [stderr]     Finished `test` profile [unoptimized + debuginfo] target(s) in 7.40s
[INFO] running `Command { std: "docker" "inspect" "87051bccfc649955ef2310fcc17a017ae74c33f786c65887f268ab78c332517f", kill_on_drop: false }`
[INFO] running `Command { std: "docker" "rm" "-f" "87051bccfc649955ef2310fcc17a017ae74c33f786c65887f268ab78c332517f", kill_on_drop: false }`
[INFO] [stdout] 87051bccfc649955ef2310fcc17a017ae74c33f786c65887f268ab78c332517f
[INFO] running `Command { std: "docker" "create" "-v" "/var/lib/crater-agent-workspace/builds/worker-4-tc1/target:/opt/rustwide/target:rw,Z" "-v" "/var/lib/crater-agent-workspace/builds/worker-4-tc1/source:/opt/rustwide/workdir:ro,Z" "-v" "/var/lib/crater-agent-workspace/cargo-home:/opt/rustwide/cargo-home:ro,Z" "-v" "/var/lib/crater-agent-workspace/rustup-home:/opt/rustwide/rustup-home:ro,Z" "-e" "SOURCE_DIR=/opt/rustwide/workdir" "-e" "CARGO_TARGET_DIR=/opt/rustwide/target" "-e" "CARGO_INCREMENTAL=0" "-e" "RUST_BACKTRACE=full" "-e" "RUSTFLAGS=--cap-lints=forbid" "-e" "RUSTDOCFLAGS=--cap-lints=forbid" "-e" "CARGO_HOME=/opt/rustwide/cargo-home" "-e" "RUSTUP_HOME=/opt/rustwide/rustup-home" "-w" "/opt/rustwide/workdir" "-m" "1610612736" "--user" "0:0" "--network" "none" "ghcr.io/rust-lang/crates-build-env/linux@sha256:4a844ea9eb2546a2d2c7022eacef16ef2e8229c7fbb2c7d4d55a9ceca922f72d" "/opt/rustwide/cargo-home/bin/cargo" "+nightly-2024-10-28" "test" "--frozen", kill_on_drop: false }`
[INFO] [stdout] 8bf3a5527aa2d8c033c9167437ff664beb8ba25523ce8be1786612369b1f1354
[INFO] running `Command { std: "docker" "start" "-a" "8bf3a5527aa2d8c033c9167437ff664beb8ba25523ce8be1786612369b1f1354", kill_on_drop: false }`
[INFO] [stderr] warning: `proc_macro` is deprecated in favor of `proc-macro` and will not work in the 2024 edition
[INFO] [stderr] (in the `derive_more_more` library target)
[INFO] [stderr] warning: field `1` is never read
[INFO] [stderr]   --> tests/extend_option.rs:13:66
[INFO] [stderr]    |
[INFO] [stderr] 13 | struct MultiUnnamedAttrField(#[extend(usize option)] Vec<usize>, bool);
[INFO] [stderr]    |        --------------------- field in this struct                ^^^^
[INFO] [stderr]    |
[INFO] [stderr]    = help: consider removing this field
[INFO] [stderr]    = note: `MultiUnnamedAttrField` has a derived impl for the trait `Default`, but this is intentionally ignored during dead code analysis
[INFO] [stderr]    = note: `#[warn(dead_code)]` on by default
[INFO] [stderr] 
[INFO] [stderr] warning: field `1` is never read
[INFO] [stderr]   --> tests/extend.rs:13:59
[INFO] [stderr]    |
[INFO] [stderr] 13 | struct MultiUnnamedAttrField(#[extend(usize)] Vec<usize>, bool);
[INFO] [stderr]    |        --------------------- field in this struct         ^^^^
[INFO] [stderr]    |
[INFO] [stderr]    = help: consider removing this field
[INFO] [stderr]    = note: `MultiUnnamedAttrField` has a derived impl for the trait `Default`, but this is intentionally ignored during dead code analysis
[INFO] [stderr]    = note: `#[warn(dead_code)]` on by default
[INFO] [stderr] 
[INFO] [stderr] warning: field `1` is never read
[INFO] [stderr]   --> tests/from_iterator.rs:13:66
[INFO] [stderr]    |
[INFO] [stderr] 13 | struct MultiUnnamedAttrField(#[from_iterator(usize)] Vec<usize>, bool);
[INFO] [stderr]    |        --------------------- field in this struct                ^^^^
[INFO] [stderr]    |
[INFO] [stderr]    = help: consider removing this field
[INFO] [stderr]    = note: `MultiUnnamedAttrField` has a derived impl for the trait `Default`, but this is intentionally ignored during dead code analysis
[INFO] [stderr]    = note: `#[warn(dead_code)]` on by default
[INFO] [stderr] 
[INFO] [stderr] warning: field `1` is never read
[INFO] [stderr]   --> tests/from_iterator_option.rs:13:73
[INFO] [stderr]    |
[INFO] [stderr] 13 | struct MultiUnnamedAttrField(#[from_iterator(usize option)] Vec<usize>, bool);
[INFO] [stderr]    |        --------------------- field in this struct                       ^^^^
[INFO] [stderr]    |
[INFO] [stderr]    = help: consider removing this field
[INFO] [stderr]    = note: `MultiUnnamedAttrField` has a derived impl for the trait `Default`, but this is intentionally ignored during dead code analysis
[INFO] [stderr]    = note: `#[warn(dead_code)]` on by default
[INFO] [stderr] 
[INFO] [stderr] warning: `derive-more-more` (test "extend_option") generated 1 warning
[INFO] [stderr] warning: `derive-more-more` (test "extend") generated 1 warning
[INFO] [stderr] warning: `derive-more-more` (test "from_iterator") generated 1 warning
[INFO] [stderr] warning: `derive-more-more` (test "from_iterator_option") generated 1 warning
[INFO] [stderr]     Finished `test` profile [unoptimized + debuginfo] target(s) in 0.03s
[INFO] [stderr]      Running unittests src/lib.rs (/opt/rustwide/target/debug/deps/derive_more_more-cec86bf3ea560fed)
[INFO] [stdout] 
[INFO] [stdout] running 0 tests
[INFO] [stdout] 
[INFO] [stdout] test result: ok. 0 passed; 0 failed; 0 ignored; 0 measured; 0 filtered out; finished in 0.00s
[INFO] [stdout] 
[INFO] [stderr]      Running tests/extend.rs (/opt/rustwide/target/debug/deps/extend-1b2b1c160b7d24c8)
[INFO] [stdout] 
[INFO] [stdout] running 6 tests
[INFO] [stdout] test test_multinamedattrfield ... ok
[INFO] [stdout] test test_multiunnamedattrfield ... ok
[INFO] [stdout] test test_newtypeattrstruct ... ok
[INFO] [stdout] test test_singlenamedattrfield ... ok
[INFO] [stdout] test test_newtypeattrfield ... ok
[INFO] [stdout] test test_singlenamedattrstruct ... ok
[INFO] [stdout] 
[INFO] [stdout] test result: ok. 6 passed; 0 failed; 0 ignored; 0 measured; 0 filtered out; finished in 0.00s
[INFO] [stdout] 
[INFO] [stderr]      Running tests/extend_option.rs (/opt/rustwide/target/debug/deps/extend_option-38103f41346dfe43)
[INFO] [stdout] 
[INFO] [stdout] running 6 tests
[INFO] [stdout] test test_multinamedattrfield_option ... ok
[INFO] [stdout] test test_multiunnamedattrfield_option ... ok
[INFO] [stdout] test test_newtypeattrfield_option ... ok
[INFO] [stdout] test test_newtypeattrstruct_option ... ok
[INFO] [stdout] test test_singlenamedattrfield_option ... ok
[INFO] [stdout] test test_singlenamedattrstruct_option ... ok
[INFO] [stdout] 
[INFO] [stdout] test result: ok. 6 passed; 0 failed; 0 ignored; 0 measured; 0 filtered out; finished in 0.00s
[INFO] [stdout] 
[INFO] [stderr]      Running tests/from_iterator.rs (/opt/rustwide/target/debug/deps/from_iterator-a39d0e880ca18135)
[INFO] [stdout] 
[INFO] [stdout] running 6 tests
[INFO] [stdout] test test_multinamedattrfield ... ok
[INFO] [stdout] test test_multiunnamedattrfield ... ok
[INFO] [stdout] test test_newtypeattrfield ... ok
[INFO] [stdout] test test_newtypeattrstruct ... ok
[INFO] [stdout] test test_singlenamedattrstruct ... ok
[INFO] [stdout] test test_singlenamedattrfield ... ok
[INFO] [stdout] 
[INFO] [stdout] test result: ok. 6 passed; 0 failed; 0 ignored; 0 measured; 0 filtered out; finished in 0.00s
[INFO] [stdout] 
[INFO] [stderr]      Running tests/from_iterator_option.rs (/opt/rustwide/target/debug/deps/from_iterator_option-9fc3f5a42c8f8ac7)
[INFO] [stdout] 
[INFO] [stdout] running 6 tests
[INFO] [stdout] test test_multinamedattrfield_option ... ok
[INFO] [stdout] test test_newtypeattrfield_option ... ok
[INFO] [stdout] test test_newtypeattrstruct_option ... ok
[INFO] [stdout] test test_singlenamedattrfield_option ... ok
[INFO] [stdout] test test_multiunnamedattrfield_option ... ok
[INFO] [stdout] test test_singlenamedattrstruct_option ... ok
[INFO] [stdout] 
[INFO] [stdout] test result: ok. 6 passed; 0 failed; 0 ignored; 0 measured; 0 filtered out; finished in 0.00s
[INFO] [stdout] 
[INFO] [stderr]      Running tests/ui.rs (/opt/rustwide/target/debug/deps/ui-172969fe583785d8)
[INFO] [stdout] 
[INFO] [stdout] running 1 test
[INFO] [stderr] warning: /opt/rustwide/workdir/Cargo.toml: `proc_macro` is deprecated in favor of `proc-macro` and will not work in the 2024 edition
[INFO] [stderr] (in the `derive_more_more` library target)
[INFO] [stderr]    Compiling proc-macro2 v1.0.89
[INFO] [stderr]    Compiling unicode-ident v1.0.13
[INFO] [stderr]    Compiling syn v1.0.109
[INFO] [stderr]    Compiling paste v1.0.15
[INFO] [stderr]    Compiling convert_case v0.4.0
[INFO] [stderr]     Checking quote v1.0.37
[INFO] [stderr]    Compiling syn v2.0.86
[INFO] [stderr]    Compiling derive_more v0.99.18
[INFO] [stderr]    Compiling derive-more-more v0.1.0 (/opt/rustwide/workdir)
[INFO] [stderr]     Checking derive-more-more-tests v0.0.0 (/opt/rustwide/target/tests/trybuild/derive-more-more)
[INFO] [stderr]     Finished `dev` profile [unoptimized + debuginfo] target(s) in 5.05s
[INFO] [stderr] 
[INFO] [stderr] 
[INFO] [stderr] test tests/ui/extend/extend_attr_enum.rs ... ok
[INFO] [stderr] test tests/ui/extend/extend_attr_field_field.rs ... mismatch
[INFO] [stderr] 
[INFO] [stderr] EXPECTED:
[INFO] [stderr] ┈┈┈┈┈┈┈┈┈┈┈┈┈┈┈┈┈┈┈┈┈┈┈┈┈┈┈┈┈┈┈┈┈┈┈┈┈┈┈┈┈┈┈┈┈┈┈┈┈┈┈┈┈┈┈┈┈┈┈┈
[INFO] [stderr] error: More than one field with `extend` attribute
[INFO] [stderr]  --> tests/ui/extend/extend_attr_field_field.rs:7:5
[INFO] [stderr]   |
[INFO] [stderr] 7 |     #[extend(usize)]
[INFO] [stderr]   |     ^
[INFO] [stderr] 
[INFO] [stderr] error: More than one field with `extend` attribute
[INFO] [stderr]  --> tests/ui/extend/extend_attr_field_field.rs:5:5
[INFO] [stderr]   |
[INFO] [stderr] 5 |     #[extend(usize)]
[INFO] [stderr]   |     ^
[INFO] [stderr] 
[INFO] [stderr] error: More than one field with `extend` attribute
[INFO] [stderr]   --> tests/ui/extend/extend_attr_field_field.rs:12:65
[INFO] [stderr]    |
[INFO] [stderr] 12 | struct UnnamedMultiAttrStructField(#[extend(usize)] Vec<usize>, #[extend(usize)] bool);
[INFO] [stderr]    |                                                                 ^
[INFO] [stderr] 
[INFO] [stderr] error: More than one field with `extend` attribute
[INFO] [stderr]   --> tests/ui/extend/extend_attr_field_field.rs:12:36
[INFO] [stderr]    |
[INFO] [stderr] 12 | struct UnnamedMultiAttrStructField(#[extend(usize)] Vec<usize>, #[extend(usize)] bool);
[INFO] [stderr]    |                                    ^
[INFO] [stderr] ┈┈┈┈┈┈┈┈┈┈┈┈┈┈┈┈┈┈┈┈┈┈┈┈┈┈┈┈┈┈┈┈┈┈┈┈┈┈┈┈┈┈┈┈┈┈┈┈┈┈┈┈┈┈┈┈┈┈┈┈
[INFO] [stderr] 
[INFO] [stderr] ACTUAL OUTPUT:
[INFO] [stderr] ┈┈┈┈┈┈┈┈┈┈┈┈┈┈┈┈┈┈┈┈┈┈┈┈┈┈┈┈┈┈┈┈┈┈┈┈┈┈┈┈┈┈┈┈┈┈┈┈┈┈┈┈┈┈┈┈┈┈┈┈
[INFO] [stderr] error: More than one field with `extend` attribute
[INFO] [stderr]  --> tests/ui/extend/extend_attr_field_field.rs:7:5
[INFO] [stderr]   |
[INFO] [stderr] 7 | /     #[extend(usize)]
[INFO] [stderr] 8 | |     test: bool,
[INFO] [stderr]   | |______________^
[INFO] [stderr] 
[INFO] [stderr] error: More than one field with `extend` attribute
[INFO] [stderr]  --> tests/ui/extend/extend_attr_field_field.rs:5:5
[INFO] [stderr]   |
[INFO] [stderr] 5 | /     #[extend(usize)]
[INFO] [stderr] 6 | |     inner: Vec<usize>,
[INFO] [stderr]   | |_____________________^
[INFO] [stderr] 
[INFO] [stderr] error: More than one field with `extend` attribute
[INFO] [stderr]   --> tests/ui/extend/extend_attr_field_field.rs:12:65
[INFO] [stderr]    |
[INFO] [stderr] 12 | struct UnnamedMultiAttrStructField(#[extend(usize)] Vec<usize>, #[extend(usize)] bool);
[INFO] [stderr]    |                                                                 ^^^^^^^^^^^^^^^^^^^^^
[INFO] [stderr] 
[INFO] [stderr] error: More than one field with `extend` attribute
[INFO] [stderr]   --> tests/ui/extend/extend_attr_field_field.rs:12:36
[INFO] [stderr]    |
[INFO] [stderr] 12 | struct UnnamedMultiAttrStructField(#[extend(usize)] Vec<usize>, #[extend(usize)] bool);
[INFO] [stderr]    |                                    ^^^^^^^^^^^^^^^^^^^^^^^^^^^
[INFO] [stderr] ┈┈┈┈┈┈┈┈┈┈┈┈┈┈┈┈┈┈┈┈┈┈┈┈┈┈┈┈┈┈┈┈┈┈┈┈┈┈┈┈┈┈┈┈┈┈┈┈┈┈┈┈┈┈┈┈┈┈┈┈
[INFO] [stderr] note: If the actual output is the correct output you can bless it by rerunning
[INFO] [stderr]       your test with the environment variable TRYBUILD=overwrite
[INFO] [stderr] 
[INFO] [stderr] test tests/ui/extend/extend_attr_struct_field.rs ... mismatch
[INFO] [stderr] 
[INFO] [stderr] EXPECTED:
[INFO] [stderr] ┈┈┈┈┈┈┈┈┈┈┈┈┈┈┈┈┈┈┈┈┈┈┈┈┈┈┈┈┈┈┈┈┈┈┈┈┈┈┈┈┈┈┈┈┈┈┈┈┈┈┈┈┈┈┈┈┈┈┈┈
[INFO] [stderr] error: Expected `extend` attribute on struct or one field
[INFO] [stderr]  --> tests/ui/extend/extend_attr_struct_field.rs:4:1
[INFO] [stderr]   |
[INFO] [stderr] 4 | #[extend(usize)]
[INFO] [stderr]   | ^
[INFO] [stderr] 
[INFO] [stderr] error: Expected `extend` attribute on struct or one field
[INFO] [stderr]   --> tests/ui/extend/extend_attr_struct_field.rs:12:1
[INFO] [stderr]    |
[INFO] [stderr] 12 | #[extend(usize)]
[INFO] [stderr]    | ^
[INFO] [stderr] 
[INFO] [stderr] error: Expected `extend` attribute on struct or one field
[INFO] [stderr]   --> tests/ui/extend/extend_attr_struct_field.rs:19:1
[INFO] [stderr]    |
[INFO] [stderr] 19 | #[extend(usize)]
[INFO] [stderr]    | ^
[INFO] [stderr] 
[INFO] [stderr] error: Expected `extend` attribute on struct or one field
[INFO] [stderr]   --> tests/ui/extend/extend_attr_struct_field.rs:23:1
[INFO] [stderr]    |
[INFO] [stderr] 23 | #[extend(usize)]
[INFO] [stderr]    | ^
[INFO] [stderr] ┈┈┈┈┈┈┈┈┈┈┈┈┈┈┈┈┈┈┈┈┈┈┈┈┈┈┈┈┈┈┈┈┈┈┈┈┈┈┈┈┈┈┈┈┈┈┈┈┈┈┈┈┈┈┈┈┈┈┈┈
[INFO] [stderr] 
[INFO] [stderr] ACTUAL OUTPUT:
[INFO] [stderr] ┈┈┈┈┈┈┈┈┈┈┈┈┈┈┈┈┈┈┈┈┈┈┈┈┈┈┈┈┈┈┈┈┈┈┈┈┈┈┈┈┈┈┈┈┈┈┈┈┈┈┈┈┈┈┈┈┈┈┈┈
[INFO] [stderr] error: Expected `extend` attribute on struct or one field
[INFO] [stderr]  --> tests/ui/extend/extend_attr_struct_field.rs:4:1
[INFO] [stderr]   |
[INFO] [stderr] 4 | / #[extend(usize)]
[INFO] [stderr] 5 | | struct NamedMultiAttrStructField {
[INFO] [stderr] 6 | |     #[extend(usize)]
[INFO] [stderr] 7 | |     inner: Vec<usize>,
[INFO] [stderr] 8 | |     test: bool,
[INFO] [stderr] 9 | | }
[INFO] [stderr]   | |_^
[INFO] [stderr] 
[INFO] [stderr] error: Expected `extend` attribute on struct or one field
[INFO] [stderr]   --> tests/ui/extend/extend_attr_struct_field.rs:12:1
[INFO] [stderr]    |
[INFO] [stderr] 12 | / #[extend(usize)]
[INFO] [stderr] 13 | | struct NamedSingleAttrStructField {
[INFO] [stderr] 14 | |     #[extend(usize)]
[INFO] [stderr] 15 | |     inner: Vec<usize>,
[INFO] [stderr] 16 | | }
[INFO] [stderr]    | |_^
[INFO] [stderr] 
[INFO] [stderr] error: Expected `extend` attribute on struct or one field
[INFO] [stderr]   --> tests/ui/extend/extend_attr_struct_field.rs:19:1
[INFO] [stderr]    |
[INFO] [stderr] 19 | / #[extend(usize)]
[INFO] [stderr] 20 | | struct UnnamedMultiAttrStructField(#[extend(usize)] Vec<usize>, bool);
[INFO] [stderr]    | |______________________________________________________________________^
[INFO] [stderr] 
[INFO] [stderr] error: Expected `extend` attribute on struct or one field
[INFO] [stderr]   --> tests/ui/extend/extend_attr_struct_field.rs:23:1
[INFO] [stderr]    |
[INFO] [stderr] 23 | / #[extend(usize)]
[INFO] [stderr] 24 | | struct UnnamedSingleAttrStructField(#[extend(usize)] Vec<usize>);
[INFO] [stderr]    | |_________________________________________________________________^
[INFO] [stderr] ┈┈┈┈┈┈┈┈┈┈┈┈┈┈┈┈┈┈┈┈┈┈┈┈┈┈┈┈┈┈┈┈┈┈┈┈┈┈┈┈┈┈┈┈┈┈┈┈┈┈┈┈┈┈┈┈┈┈┈┈
[INFO] [stderr] note: If the actual output is the correct output you can bless it by rerunning
[INFO] [stderr]       your test with the environment variable TRYBUILD=overwrite
[INFO] [stderr] 
[INFO] [stderr] test tests/ui/extend/extend_multifield_attr_struct.rs ... mismatch
[INFO] [stderr] 
[INFO] [stderr] EXPECTED:
[INFO] [stderr] ┈┈┈┈┈┈┈┈┈┈┈┈┈┈┈┈┈┈┈┈┈┈┈┈┈┈┈┈┈┈┈┈┈┈┈┈┈┈┈┈┈┈┈┈┈┈┈┈┈┈┈┈┈┈┈┈┈┈┈┈
[INFO] [stderr] error: Struct has more than one field, move the `extend` attribute to the appropriate field
[INFO] [stderr]  --> tests/ui/extend/extend_multifield_attr_struct.rs:4:1
[INFO] [stderr]   |
[INFO] [stderr] 4 | #[extend(usize)]
[INFO] [stderr]   | ^
[INFO] [stderr] 
[INFO] [stderr] error: Struct has more than one field, move the `extend` attribute to the appropriate field
[INFO] [stderr]   --> tests/ui/extend/extend_multifield_attr_struct.rs:11:1
[INFO] [stderr]    |
[INFO] [stderr] 11 | #[extend(usize)]
[INFO] [stderr]    | ^
[INFO] [stderr] ┈┈┈┈┈┈┈┈┈┈┈┈┈┈┈┈┈┈┈┈┈┈┈┈┈┈┈┈┈┈┈┈┈┈┈┈┈┈┈┈┈┈┈┈┈┈┈┈┈┈┈┈┈┈┈┈┈┈┈┈
[INFO] [stderr] 
[INFO] [stderr] ACTUAL OUTPUT:
[INFO] [stderr] ┈┈┈┈┈┈┈┈┈┈┈┈┈┈┈┈┈┈┈┈┈┈┈┈┈┈┈┈┈┈┈┈┈┈┈┈┈┈┈┈┈┈┈┈┈┈┈┈┈┈┈┈┈┈┈┈┈┈┈┈
[INFO] [stderr] error: Struct has more than one field, move the `extend` attribute to the appropriate field
[INFO] [stderr]  --> tests/ui/extend/extend_multifield_attr_struct.rs:4:1
[INFO] [stderr]   |
[INFO] [stderr] 4 | / #[extend(usize)]
[INFO] [stderr] 5 | | struct Named {
[INFO] [stderr] 6 | |     inner: Vec<usize>,
[INFO] [stderr] 7 | |     test: bool,
[INFO] [stderr] 8 | | }
[INFO] [stderr]   | |_^
[INFO] [stderr] 
[INFO] [stderr] error: Struct has more than one field, move the `extend` attribute to the appropriate field
[INFO] [stderr]   --> tests/ui/extend/extend_multifield_attr_struct.rs:11:1
[INFO] [stderr]    |
[INFO] [stderr] 11 | / #[extend(usize)]
[INFO] [stderr] 12 | | struct Unnamed(Vec<usize>, bool);
[INFO] [stderr]    | |_________________________________^
[INFO] [stderr] ┈┈┈┈┈┈┈┈┈┈┈┈┈┈┈┈┈┈┈┈┈┈┈┈┈┈┈┈┈┈┈┈┈┈┈┈┈┈┈┈┈┈┈┈┈┈┈┈┈┈┈┈┈┈┈┈┈┈┈┈
[INFO] [stderr] note: If the actual output is the correct output you can bless it by rerunning
[INFO] [stderr]       your test with the environment variable TRYBUILD=overwrite
[INFO] [stderr] 
[INFO] [stderr] test tests/ui/extend/extend_no_attr.rs ... mismatch
[INFO] [stderr] 
[INFO] [stderr] EXPECTED:
[INFO] [stderr] ┈┈┈┈┈┈┈┈┈┈┈┈┈┈┈┈┈┈┈┈┈┈┈┈┈┈┈┈┈┈┈┈┈┈┈┈┈┈┈┈┈┈┈┈┈┈┈┈┈┈┈┈┈┈┈┈┈┈┈┈
[INFO] [stderr] error: Expected `extend` attribute on struct or one field
[INFO] [stderr]  --> tests/ui/extend/extend_no_attr.rs:4:1
[INFO] [stderr]   |
[INFO] [stderr] 4 | struct NamedMulti {
[INFO] [stderr]   | ^^^^^^
[INFO] [stderr] 
[INFO] [stderr] error: Expected `extend` attribute on struct or one field
[INFO] [stderr]   --> tests/ui/extend/extend_no_attr.rs:10:1
[INFO] [stderr]    |
[INFO] [stderr] 10 | struct NamedSingle {
[INFO] [stderr]    | ^^^^^^
[INFO] [stderr] 
[INFO] [stderr] error: Expected `extend` attribute on struct or one field
[INFO] [stderr]   --> tests/ui/extend/extend_no_attr.rs:15:1
[INFO] [stderr]    |
[INFO] [stderr] 15 | struct UnnamedMulti(Vec<usize>, bool);
[INFO] [stderr]    | ^^^^^^
[INFO] [stderr] 
[INFO] [stderr] error: Expected `extend` attribute on struct or one field
[INFO] [stderr]   --> tests/ui/extend/extend_no_attr.rs:18:1
[INFO] [stderr]    |
[INFO] [stderr] 18 | struct UnnamedSingle(Vec<usize>);
[INFO] [stderr]    | ^^^^^^
[INFO] [stderr] 
[INFO] [stderr] error: Struct has no fields
[INFO] [stderr]   --> tests/ui/extend/extend_no_attr.rs:21:1
[INFO] [stderr]    |
[INFO] [stderr] 21 | struct Unit;
[INFO] [stderr]    | ^^^^^^
[INFO] [stderr] ┈┈┈┈┈┈┈┈┈┈┈┈┈┈┈┈┈┈┈┈┈┈┈┈┈┈┈┈┈┈┈┈┈┈┈┈┈┈┈┈┈┈┈┈┈┈┈┈┈┈┈┈┈┈┈┈┈┈┈┈
[INFO] [stderr] 
[INFO] [stderr] ACTUAL OUTPUT:
[INFO] [stderr] ┈┈┈┈┈┈┈┈┈┈┈┈┈┈┈┈┈┈┈┈┈┈┈┈┈┈┈┈┈┈┈┈┈┈┈┈┈┈┈┈┈┈┈┈┈┈┈┈┈┈┈┈┈┈┈┈┈┈┈┈
[INFO] [stderr] error: Expected `extend` attribute on struct or one field
[INFO] [stderr]  --> tests/ui/extend/extend_no_attr.rs:4:1
[INFO] [stderr]   |
[INFO] [stderr] 4 | / struct NamedMulti {
[INFO] [stderr] 5 | |     inner: Vec<usize>,
[INFO] [stderr] 6 | |     test: bool,
[INFO] [stderr] 7 | | }
[INFO] [stderr]   | |_^
[INFO] [stderr] 
[INFO] [stderr] error: Expected `extend` attribute on struct or one field
[INFO] [stderr]   --> tests/ui/extend/extend_no_attr.rs:10:1
[INFO] [stderr]    |
[INFO] [stderr] 10 | / struct NamedSingle {
[INFO] [stderr] 11 | |     inner: Vec<usize>,
[INFO] [stderr] 12 | | }
[INFO] [stderr]    | |_^
[INFO] [stderr] 
[INFO] [stderr] error: Expected `extend` attribute on struct or one field
[INFO] [stderr]   --> tests/ui/extend/extend_no_attr.rs:15:1
[INFO] [stderr]    |
[INFO] [stderr] 15 | struct UnnamedMulti(Vec<usize>, bool);
[INFO] [stderr]    | ^^^^^^^^^^^^^^^^^^^^^^^^^^^^^^^^^^^^^^
[INFO] [stderr] 
[INFO] [stderr] error: Expected `extend` attribute on struct or one field
[INFO] [stderr]   --> tests/ui/extend/extend_no_attr.rs:18:1
[INFO] [stderr]    |
[INFO] [stderr] 18 | struct UnnamedSingle(Vec<usize>);
[INFO] [stderr]    | ^^^^^^^^^^^^^^^^^^^^^^^^^^^^^^^^^
[INFO] [stderr] 
[INFO] [stderr] error: Struct has no fields
[INFO] [stderr]   --> tests/ui/extend/extend_no_attr.rs:21:1
[INFO] [stderr]    |
[INFO] [stderr] 21 | struct Unit;
[INFO] [stderr]    | ^^^^^^^^^^^^
[INFO] [stderr] ┈┈┈┈┈┈┈┈┈┈┈┈┈┈┈┈┈┈┈┈┈┈┈┈┈┈┈┈┈┈┈┈┈┈┈┈┈┈┈┈┈┈┈┈┈┈┈┈┈┈┈┈┈┈┈┈┈┈┈┈
[INFO] [stderr] note: If the actual output is the correct output you can bless it by rerunning
[INFO] [stderr]       your test with the environment variable TRYBUILD=overwrite
[INFO] [stderr] 
[INFO] [stderr] test tests/ui/extend/extend_zero_field.rs ... mismatch
[INFO] [stderr] 
[INFO] [stderr] EXPECTED:
[INFO] [stderr] ┈┈┈┈┈┈┈┈┈┈┈┈┈┈┈┈┈┈┈┈┈┈┈┈┈┈┈┈┈┈┈┈┈┈┈┈┈┈┈┈┈┈┈┈┈┈┈┈┈┈┈┈┈┈┈┈┈┈┈┈
[INFO] [stderr] error: Struct has no fields
[INFO] [stderr]  --> tests/ui/extend/extend_zero_field.rs:4:1
[INFO] [stderr]   |
[INFO] [stderr] 4 | #[extend(usize)]
[INFO] [stderr]   | ^
[INFO] [stderr] 
[INFO] [stderr] error: Struct has no fields
[INFO] [stderr]  --> tests/ui/extend/extend_zero_field.rs:8:1
[INFO] [stderr]   |
[INFO] [stderr] 8 | #[extend(usize)]
[INFO] [stderr]   | ^
[INFO] [stderr] 
[INFO] [stderr] error: Struct has no fields
[INFO] [stderr]   --> tests/ui/extend/extend_zero_field.rs:12:1
[INFO] [stderr]    |
[INFO] [stderr] 12 | #[extend(usize)]
[INFO] [stderr]    | ^
[INFO] [stderr] 
[INFO] [stderr] error: Struct has no fields
[INFO] [stderr]   --> tests/ui/extend/extend_zero_field.rs:16:1
[INFO] [stderr]    |
[INFO] [stderr] 16 | struct NamedZeroNoAttr {}
[INFO] [stderr]    | ^^^^^^
[INFO] [stderr] 
[INFO] [stderr] error: Struct has no fields
[INFO] [stderr]   --> tests/ui/extend/extend_zero_field.rs:19:1
[INFO] [stderr]    |
[INFO] [stderr] 19 | struct UnnamedZeroNoAttr();
[INFO] [stderr]    | ^^^^^^
[INFO] [stderr] 
[INFO] [stderr] error: Struct has no fields
[INFO] [stderr]   --> tests/ui/extend/extend_zero_field.rs:22:1
[INFO] [stderr]    |
[INFO] [stderr] 22 | struct UnitZeroNoAttr;
[INFO] [stderr]    | ^^^^^^
[INFO] [stderr] ┈┈┈┈┈┈┈┈┈┈┈┈┈┈┈┈┈┈┈┈┈┈┈┈┈┈┈┈┈┈┈┈┈┈┈┈┈┈┈┈┈┈┈┈┈┈┈┈┈┈┈┈┈┈┈┈┈┈┈┈
[INFO] [stderr] 
[INFO] [stderr] ACTUAL OUTPUT:
[INFO] [stderr] ┈┈┈┈┈┈┈┈┈┈┈┈┈┈┈┈┈┈┈┈┈┈┈┈┈┈┈┈┈┈┈┈┈┈┈┈┈┈┈┈┈┈┈┈┈┈┈┈┈┈┈┈┈┈┈┈┈┈┈┈
[INFO] [stderr] error: Struct has no fields
[INFO] [stderr]  --> tests/ui/extend/extend_zero_field.rs:4:1
[INFO] [stderr]   |
[INFO] [stderr] 4 | / #[extend(usize)]
[INFO] [stderr] 5 | | struct NamedZero {}
[INFO] [stderr]   | |___________________^
[INFO] [stderr] 
[INFO] [stderr] error: Struct has no fields
[INFO] [stderr]  --> tests/ui/extend/extend_zero_field.rs:8:1
[INFO] [stderr]   |
[INFO] [stderr] 8 | / #[extend(usize)]
[INFO] [stderr] 9 | | struct UnnamedZero();
[INFO] [stderr]   | |_____________________^
[INFO] [stderr] 
[INFO] [stderr] error: Struct has no fields
[INFO] [stderr]   --> tests/ui/extend/extend_zero_field.rs:12:1
[INFO] [stderr]    |
[INFO] [stderr] 12 | / #[extend(usize)]
[INFO] [stderr] 13 | | struct UnitZero;
[INFO] [stderr]    | |________________^
[INFO] [stderr] 
[INFO] [stderr] error: Struct has no fields
[INFO] [stderr]   --> tests/ui/extend/extend_zero_field.rs:16:1
[INFO] [stderr]    |
[INFO] [stderr] 16 | struct NamedZeroNoAttr {}
[INFO] [stderr]    | ^^^^^^^^^^^^^^^^^^^^^^^^^
[INFO] [stderr] 
[INFO] [stderr] error: Struct has no fields
[INFO] [stderr]   --> tests/ui/extend/extend_zero_field.rs:19:1
[INFO] [stderr]    |
[INFO] [stderr] 19 | struct UnnamedZeroNoAttr();
[INFO] [stderr]    | ^^^^^^^^^^^^^^^^^^^^^^^^^^^
[INFO] [stderr] 
[INFO] [stderr] error: Struct has no fields
[INFO] [stderr]   --> tests/ui/extend/extend_zero_field.rs:22:1
[INFO] [stderr]    |
[INFO] [stderr] 22 | struct UnitZeroNoAttr;
[INFO] [stderr]    | ^^^^^^^^^^^^^^^^^^^^^^
[INFO] [stderr] ┈┈┈┈┈┈┈┈┈┈┈┈┈┈┈┈┈┈┈┈┈┈┈┈┈┈┈┈┈┈┈┈┈┈┈┈┈┈┈┈┈┈┈┈┈┈┈┈┈┈┈┈┈┈┈┈┈┈┈┈
[INFO] [stderr] note: If the actual output is the correct output you can bless it by rerunning
[INFO] [stderr]       your test with the environment variable TRYBUILD=overwrite
[INFO] [stderr] 
[INFO] [stderr] test tests/ui/from_iterator/from_iterator_attr_enum.rs ... ok
[INFO] [stderr] test tests/ui/from_iterator/from_iterator_attr_field_field.rs ... mismatch
[INFO] [stderr] 
[INFO] [stderr] EXPECTED:
[INFO] [stderr] ┈┈┈┈┈┈┈┈┈┈┈┈┈┈┈┈┈┈┈┈┈┈┈┈┈┈┈┈┈┈┈┈┈┈┈┈┈┈┈┈┈┈┈┈┈┈┈┈┈┈┈┈┈┈┈┈┈┈┈┈
[INFO] [stderr] error: More than one field with `from_iterator` attribute
[INFO] [stderr]  --> tests/ui/from_iterator/from_iterator_attr_field_field.rs:7:5
[INFO] [stderr]   |
[INFO] [stderr] 7 |     #[from_iterator(usize)]
[INFO] [stderr]   |     ^
[INFO] [stderr] 
[INFO] [stderr] error: More than one field with `from_iterator` attribute
[INFO] [stderr]  --> tests/ui/from_iterator/from_iterator_attr_field_field.rs:5:5
[INFO] [stderr]   |
[INFO] [stderr] 5 |     #[from_iterator(usize)]
[INFO] [stderr]   |     ^
[INFO] [stderr] 
[INFO] [stderr] error: More than one field with `from_iterator` attribute
[INFO] [stderr]   --> tests/ui/from_iterator/from_iterator_attr_field_field.rs:12:72
[INFO] [stderr]    |
[INFO] [stderr] 12 | struct UnnamedMultiAttrStructField(#[from_iterator(usize)] Vec<usize>, #[from_iterator(usize)] bool);
[INFO] [stderr]    |                                                                        ^
[INFO] [stderr] 
[INFO] [stderr] error: More than one field with `from_iterator` attribute
[INFO] [stderr]   --> tests/ui/from_iterator/from_iterator_attr_field_field.rs:12:36
[INFO] [stderr]    |
[INFO] [stderr] 12 | struct UnnamedMultiAttrStructField(#[from_iterator(usize)] Vec<usize>, #[from_iterator(usize)] bool);
[INFO] [stderr]    |                                    ^
[INFO] [stderr] ┈┈┈┈┈┈┈┈┈┈┈┈┈┈┈┈┈┈┈┈┈┈┈┈┈┈┈┈┈┈┈┈┈┈┈┈┈┈┈┈┈┈┈┈┈┈┈┈┈┈┈┈┈┈┈┈┈┈┈┈
[INFO] [stderr] 
[INFO] [stderr] ACTUAL OUTPUT:
[INFO] [stderr] ┈┈┈┈┈┈┈┈┈┈┈┈┈┈┈┈┈┈┈┈┈┈┈┈┈┈┈┈┈┈┈┈┈┈┈┈┈┈┈┈┈┈┈┈┈┈┈┈┈┈┈┈┈┈┈┈┈┈┈┈
[INFO] [stderr] error: More than one field with `from_iterator` attribute
[INFO] [stderr]  --> tests/ui/from_iterator/from_iterator_attr_field_field.rs:7:5
[INFO] [stderr]   |
[INFO] [stderr] 7 | /     #[from_iterator(usize)]
[INFO] [stderr] 8 | |     test: bool,
[INFO] [stderr]   | |______________^
[INFO] [stderr] 
[INFO] [stderr] error: More than one field with `from_iterator` attribute
[INFO] [stderr]  --> tests/ui/from_iterator/from_iterator_attr_field_field.rs:5:5
[INFO] [stderr]   |
[INFO] [stderr] 5 | /     #[from_iterator(usize)]
[INFO] [stderr] 6 | |     inner: Vec<usize>,
[INFO] [stderr]   | |_____________________^
[INFO] [stderr] 
[INFO] [stderr] error: More than one field with `from_iterator` attribute
[INFO] [stderr]   --> tests/ui/from_iterator/from_iterator_attr_field_field.rs:12:72
[INFO] [stderr]    |
[INFO] [stderr] 12 | struct UnnamedMultiAttrStructField(#[from_iterator(usize)] Vec<usize>, #[from_iterator(usize)] bool);
[INFO] [stderr]    |                                                                        ^^^^^^^^^^^^^^^^^^^^^^^^^^^^
[INFO] [stderr] 
[INFO] [stderr] error: More than one field with `from_iterator` attribute
[INFO] [stderr]   --> tests/ui/from_iterator/from_iterator_attr_field_field.rs:12:36
[INFO] [stderr]    |
[INFO] [stderr] 12 | struct UnnamedMultiAttrStructField(#[from_iterator(usize)] Vec<usize>, #[from_iterator(usize)] bool);
[INFO] [stderr]    |                                    ^^^^^^^^^^^^^^^^^^^^^^^^^^^^^^^^^^
[INFO] [stderr] ┈┈┈┈┈┈┈┈┈┈┈┈┈┈┈┈┈┈┈┈┈┈┈┈┈┈┈┈┈┈┈┈┈┈┈┈┈┈┈┈┈┈┈┈┈┈┈┈┈┈┈┈┈┈┈┈┈┈┈┈
[INFO] [stderr] note: If the actual output is the correct output you can bless it by rerunning
[INFO] [stderr]       your test with the environment variable TRYBUILD=overwrite
[INFO] [stderr] 
[INFO] [stderr] test tests/ui/from_iterator/from_iterator_attr_struct_field.rs ... mismatch
[INFO] [stderr] 
[INFO] [stderr] EXPECTED:
[INFO] [stderr] ┈┈┈┈┈┈┈┈┈┈┈┈┈┈┈┈┈┈┈┈┈┈┈┈┈┈┈┈┈┈┈┈┈┈┈┈┈┈┈┈┈┈┈┈┈┈┈┈┈┈┈┈┈┈┈┈┈┈┈┈
[INFO] [stderr] error: Expected `from_iterator` attribute on struct or one field
[INFO] [stderr]  --> tests/ui/from_iterator/from_iterator_attr_struct_field.rs:4:1
[INFO] [stderr]   |
[INFO] [stderr] 4 | #[from_iterator(usize)]
[INFO] [stderr]   | ^
[INFO] [stderr] 
[INFO] [stderr] error: Expected `from_iterator` attribute on struct or one field
[INFO] [stderr]   --> tests/ui/from_iterator/from_iterator_attr_struct_field.rs:12:1
[INFO] [stderr]    |
[INFO] [stderr] 12 | #[from_iterator(usize)]
[INFO] [stderr]    | ^
[INFO] [stderr] 
[INFO] [stderr] error: Expected `from_iterator` attribute on struct or one field
[INFO] [stderr]   --> tests/ui/from_iterator/from_iterator_attr_struct_field.rs:19:1
[INFO] [stderr]    |
[INFO] [stderr] 19 | #[from_iterator(usize)]
[INFO] [stderr]    | ^
[INFO] [stderr] 
[INFO] [stderr] error: Expected `from_iterator` attribute on struct or one field
[INFO] [stderr]   --> tests/ui/from_iterator/from_iterator_attr_struct_field.rs:23:1
[INFO] [stderr]    |
[INFO] [stderr] 23 | #[from_iterator(usize)]
[INFO] [stderr]    | ^
[INFO] [stderr] ┈┈┈┈┈┈┈┈┈┈┈┈┈┈┈┈┈┈┈┈┈┈┈┈┈┈┈┈┈┈┈┈┈┈┈┈┈┈┈┈┈┈┈┈┈┈┈┈┈┈┈┈┈┈┈┈┈┈┈┈
[INFO] [stderr] 
[INFO] [stderr] ACTUAL OUTPUT:
[INFO] [stderr] ┈┈┈┈┈┈┈┈┈┈┈┈┈┈┈┈┈┈┈┈┈┈┈┈┈┈┈┈┈┈┈┈┈┈┈┈┈┈┈┈┈┈┈┈┈┈┈┈┈┈┈┈┈┈┈┈┈┈┈┈
[INFO] [stderr] error: Expected `from_iterator` attribute on struct or one field
[INFO] [stderr]  --> tests/ui/from_iterator/from_iterator_attr_struct_field.rs:4:1
[INFO] [stderr]   |
[INFO] [stderr] 4 | / #[from_iterator(usize)]
[INFO] [stderr] 5 | | struct NamedMultiAttrStructField {
[INFO] [stderr] 6 | |     #[from_iterator(usize)]
[INFO] [stderr] 7 | |     inner: Vec<usize>,
[INFO] [stderr] 8 | |     test: bool,
[INFO] [stderr] 9 | | }
[INFO] [stderr]   | |_^
[INFO] [stderr] 
[INFO] [stderr] error: Expected `from_iterator` attribute on struct or one field
[INFO] [stderr]   --> tests/ui/from_iterator/from_iterator_attr_struct_field.rs:12:1
[INFO] [stderr]    |
[INFO] [stderr] 12 | / #[from_iterator(usize)]
[INFO] [stderr] 13 | | struct NamedSingleAttrStructField {
[INFO] [stderr] 14 | |     #[from_iterator(usize)]
[INFO] [stderr] 15 | |     inner: Vec<usize>,
[INFO] [stderr] 16 | | }
[INFO] [stderr]    | |_^
[INFO] [stderr] 
[INFO] [stderr] error: Expected `from_iterator` attribute on struct or one field
[INFO] [stderr]   --> tests/ui/from_iterator/from_iterator_attr_struct_field.rs:19:1
[INFO] [stderr]    |
[INFO] [stderr] 19 | / #[from_iterator(usize)]
[INFO] [stderr] 20 | | struct UnnamedMultiAttrStructField(#[from_iterator(usize)] Vec<usize>, bool);
[INFO] [stderr]    | |_____________________________________________________________________________^
[INFO] [stderr] 
[INFO] [stderr] error: Expected `from_iterator` attribute on struct or one field
[INFO] [stderr]   --> tests/ui/from_iterator/from_iterator_attr_struct_field.rs:23:1
[INFO] [stderr]    |
[INFO] [stderr] 23 | / #[from_iterator(usize)]
[INFO] [stderr] 24 | | struct UnnamedSingleAttrStructField(#[from_iterator(usize)] Vec<usize>);
[INFO] [stderr]    | |________________________________________________________________________^
[INFO] [stderr] ┈┈┈┈┈┈┈┈┈┈┈┈┈┈┈┈┈┈┈┈┈┈┈┈┈┈┈┈┈┈┈┈┈┈┈┈┈┈┈┈┈┈┈┈┈┈┈┈┈┈┈┈┈┈┈┈┈┈┈┈
[INFO] [stderr] note: If the actual output is the correct output you can bless it by rerunning
[INFO] [stderr]       your test with the environment variable TRYBUILD=overwrite
[INFO] [stderr] 
[INFO] [stderr] test tests/ui/from_iterator/from_iterator_multifield_attr_struct.rs ... mismatch
[INFO] [stderr] 
[INFO] [stderr] EXPECTED:
[INFO] [stderr] ┈┈┈┈┈┈┈┈┈┈┈┈┈┈┈┈┈┈┈┈┈┈┈┈┈┈┈┈┈┈┈┈┈┈┈┈┈┈┈┈┈┈┈┈┈┈┈┈┈┈┈┈┈┈┈┈┈┈┈┈
[INFO] [stderr] error: Struct has more than one field, move the `from_iterator` attribute to the appropriate field
[INFO] [stderr]  --> tests/ui/from_iterator/from_iterator_multifield_attr_struct.rs:4:1
[INFO] [stderr]   |
[INFO] [stderr] 4 | #[from_iterator(usize)]
[INFO] [stderr]   | ^
[INFO] [stderr] 
[INFO] [stderr] error: Struct has more than one field, move the `from_iterator` attribute to the appropriate field
[INFO] [stderr]   --> tests/ui/from_iterator/from_iterator_multifield_attr_struct.rs:11:1
[INFO] [stderr]    |
[INFO] [stderr] 11 | #[from_iterator(usize)]
[INFO] [stderr]    | ^
[INFO] [stderr] ┈┈┈┈┈┈┈┈┈┈┈┈┈┈┈┈┈┈┈┈┈┈┈┈┈┈┈┈┈┈┈┈┈┈┈┈┈┈┈┈┈┈┈┈┈┈┈┈┈┈┈┈┈┈┈┈┈┈┈┈
[INFO] [stderr] 
[INFO] [stderr] ACTUAL OUTPUT:
[INFO] [stderr] ┈┈┈┈┈┈┈┈┈┈┈┈┈┈┈┈┈┈┈┈┈┈┈┈┈┈┈┈┈┈┈┈┈┈┈┈┈┈┈┈┈┈┈┈┈┈┈┈┈┈┈┈┈┈┈┈┈┈┈┈
[INFO] [stderr] error: Struct has more than one field, move the `from_iterator` attribute to the appropriate field
[INFO] [stderr]  --> tests/ui/from_iterator/from_iterator_multifield_attr_struct.rs:4:1
[INFO] [stderr]   |
[INFO] [stderr] 4 | / #[from_iterator(usize)]
[INFO] [stderr] 5 | | struct Named {
[INFO] [stderr] 6 | |     inner: Vec<usize>,
[INFO] [stderr] 7 | |     test: bool,
[INFO] [stderr] 8 | | }
[INFO] [stderr]   | |_^
[INFO] [stderr] 
[INFO] [stderr] error: Struct has more than one field, move the `from_iterator` attribute to the appropriate field
[INFO] [stderr]   --> tests/ui/from_iterator/from_iterator_multifield_attr_struct.rs:11:1
[INFO] [stderr]    |
[INFO] [stderr] 11 | / #[from_iterator(usize)]
[INFO] [stderr] 12 | | struct Unnamed(Vec<usize>, bool);
[INFO] [stderr]    | |_________________________________^
[INFO] [stderr] ┈┈┈┈┈┈┈┈┈┈┈┈┈┈┈┈┈┈┈┈┈┈┈┈┈┈┈┈┈┈┈┈┈┈┈┈┈┈┈┈┈┈┈┈┈┈┈┈┈┈┈┈┈┈┈┈┈┈┈┈
[INFO] [stderr] note: If the actual output is the correct output you can bless it by rerunning
[INFO] [stderr]       your test with the environment variable TRYBUILD=overwrite
[INFO] [stderr] 
[INFO] [stderr] test tests/ui/from_iterator/from_iterator_no_attr.rs ... mismatch
[INFO] [stderr] 
[INFO] [stderr] EXPECTED:
[INFO] [stderr] ┈┈┈┈┈┈┈┈┈┈┈┈┈┈┈┈┈┈┈┈┈┈┈┈┈┈┈┈┈┈┈┈┈┈┈┈┈┈┈┈┈┈┈┈┈┈┈┈┈┈┈┈┈┈┈┈┈┈┈┈
[INFO] [stderr] error: Expected `from_iterator` attribute on struct or one field
[INFO] [stderr]  --> tests/ui/from_iterator/from_iterator_no_attr.rs:4:1
[INFO] [stderr]   |
[INFO] [stderr] 4 | struct NamedMulti {
[INFO] [stderr]   | ^^^^^^
[INFO] [stderr] 
[INFO] [stderr] error: Expected `from_iterator` attribute on struct or one field
[INFO] [stderr]   --> tests/ui/from_iterator/from_iterator_no_attr.rs:10:1
[INFO] [stderr]    |
[INFO] [stderr] 10 | struct NamedSingle {
[INFO] [stderr]    | ^^^^^^
[INFO] [stderr] 
[INFO] [stderr] error: Expected `from_iterator` attribute on struct or one field
[INFO] [stderr]   --> tests/ui/from_iterator/from_iterator_no_attr.rs:15:1
[INFO] [stderr]    |
[INFO] [stderr] 15 | struct UnnamedMulti(Vec<usize>, bool);
[INFO] [stderr]    | ^^^^^^
[INFO] [stderr] 
[INFO] [stderr] error: Expected `from_iterator` attribute on struct or one field
[INFO] [stderr]   --> tests/ui/from_iterator/from_iterator_no_attr.rs:18:1
[INFO] [stderr]    |
[INFO] [stderr] 18 | struct UnnamedSingle(Vec<usize>);
[INFO] [stderr]    | ^^^^^^
[INFO] [stderr] 
[INFO] [stderr] error: Struct has no fields
[INFO] [stderr]   --> tests/ui/from_iterator/from_iterator_no_attr.rs:21:1
[INFO] [stderr]    |
[INFO] [stderr] 21 | struct Unit;
[INFO] [stderr]    | ^^^^^^
[INFO] [stderr] ┈┈┈┈┈┈┈┈┈┈┈┈┈┈┈┈┈┈┈┈┈┈┈┈┈┈┈┈┈┈┈┈┈┈┈┈┈┈┈┈┈┈┈┈┈┈┈┈┈┈┈┈┈┈┈┈┈┈┈┈
[INFO] [stderr] 
[INFO] [stderr] ACTUAL OUTPUT:
[INFO] [stderr] ┈┈┈┈┈┈┈┈┈┈┈┈┈┈┈┈┈┈┈┈┈┈┈┈┈┈┈┈┈┈┈┈┈┈┈┈┈┈┈┈┈┈┈┈┈┈┈┈┈┈┈┈┈┈┈┈┈┈┈┈
[INFO] [stderr] error: Expected `from_iterator` attribute on struct or one field
[INFO] [stderr]  --> tests/ui/from_iterator/from_iterator_no_attr.rs:4:1
[INFO] [stderr]   |
[INFO] [stderr] 4 | / struct NamedMulti {
[INFO] [stderr] 5 | |     inner: Vec<usize>,
[INFO] [stderr] 6 | |     test: bool,
[INFO] [stderr] 7 | | }
[INFO] [stderr]   | |_^
[INFO] [stderr] 
[INFO] [stderr] error: Expected `from_iterator` attribute on struct or one field
[INFO] [stderr]   --> tests/ui/from_iterator/from_iterator_no_attr.rs:10:1
[INFO] [stderr]    |
[INFO] [stderr] 10 | / struct NamedSingle {
[INFO] [stderr] 11 | |     inner: Vec<usize>,
[INFO] [stderr] 12 | | }
[INFO] [stderr]    | |_^
[INFO] [stderr] 
[INFO] [stderr] error: Expected `from_iterator` attribute on struct or one field
[INFO] [stderr]   --> tests/ui/from_iterator/from_iterator_no_attr.rs:15:1
[INFO] [stderr]    |
[INFO] [stderr] 15 | struct UnnamedMulti(Vec<usize>, bool);
[INFO] [stderr]    | ^^^^^^^^^^^^^^^^^^^^^^^^^^^^^^^^^^^^^^
[INFO] [stderr] 
[INFO] [stderr] error: Expected `from_iterator` attribute on struct or one field
[INFO] [stderr]   --> tests/ui/from_iterator/from_iterator_no_attr.rs:18:1
[INFO] [stderr]    |
[INFO] [stderr] 18 | struct UnnamedSingle(Vec<usize>);
[INFO] [stderr]    | ^^^^^^^^^^^^^^^^^^^^^^^^^^^^^^^^^
[INFO] [stderr] 
[INFO] [stderr] error: Struct has no fields
[INFO] [stderr]   --> tests/ui/from_iterator/from_iterator_no_attr.rs:21:1
[INFO] [stderr]    |
[INFO] [stderr] 21 | struct Unit;
[INFO] [stderr]    | ^^^^^^^^^^^^
[INFO] [stderr] ┈┈┈┈┈┈┈┈┈┈┈┈┈┈┈┈┈┈┈┈┈┈┈┈┈┈┈┈┈┈┈┈┈┈┈┈┈┈┈┈┈┈┈┈┈┈┈┈┈┈┈┈┈┈┈┈┈┈┈┈
[INFO] [stderr] note: If the actual output is the correct output you can bless it by rerunning
[INFO] [stderr]       your test with the environment variable TRYBUILD=overwrite
[INFO] [stderr] 
[INFO] [stderr] test tests/ui/from_iterator/from_iterator_zero_field.rs ... mismatch
[INFO] [stderr] 
[INFO] [stderr] EXPECTED:
[INFO] [stderr] ┈┈┈┈┈┈┈┈┈┈┈┈┈┈┈┈┈┈┈┈┈┈┈┈┈┈┈┈┈┈┈┈┈┈┈┈┈┈┈┈┈┈┈┈┈┈┈┈┈┈┈┈┈┈┈┈┈┈┈┈
[INFO] [stderr] error: Struct has no fields
[INFO] [stderr]  --> tests/ui/from_iterator/from_iterator_zero_field.rs:4:1
[INFO] [stderr]   |
[INFO] [stderr] 4 | #[from_iterator(usize)]
[INFO] [stderr]   | ^
[INFO] [stderr] 
[INFO] [stderr] error: Struct has no fields
[INFO] [stderr]  --> tests/ui/from_iterator/from_iterator_zero_field.rs:8:1
[INFO] [stderr]   |
[INFO] [stderr] 8 | #[from_iterator(usize)]
[INFO] [stderr]   | ^
[INFO] [stderr] 
[INFO] [stderr] error: Struct has no fields
[INFO] [stderr]   --> tests/ui/from_iterator/from_iterator_zero_field.rs:12:1
[INFO] [stderr]    |
[INFO] [stderr] 12 | #[from_iterator(usize)]
[INFO] [stderr]    | ^
[INFO] [stderr] 
[INFO] [stderr] error: Struct has no fields
[INFO] [stderr]   --> tests/ui/from_iterator/from_iterator_zero_field.rs:16:1
[INFO] [stderr]    |
[INFO] [stderr] 16 | struct NamedZeroNoAttr {}
[INFO] [stderr]    | ^^^^^^
[INFO] [stderr] 
[INFO] [stderr] error: Struct has no fields
[INFO] [stderr]   --> tests/ui/from_iterator/from_iterator_zero_field.rs:19:1
[INFO] [stderr]    |
[INFO] [stderr] 19 | struct UnnamedZeroNoAttr();
[INFO] [stderr]    | ^^^^^^
[INFO] [stderr] 
[INFO] [stderr] error: Struct has no fields
[INFO] [stderr]   --> tests/ui/from_iterator/from_iterator_zero_field.rs:22:1
[INFO] [stderr]    |
[INFO] [stderr] 22 | struct UnitZeroNoAttr;
[INFO] [stderr]    | ^^^^^^
[INFO] [stderr] ┈┈┈┈┈┈┈┈┈┈┈┈┈┈┈┈┈┈┈┈┈┈┈┈┈┈┈┈┈┈┈┈┈┈┈┈┈┈┈┈┈┈┈┈┈┈┈┈┈┈┈┈┈┈┈┈┈┈┈┈
[INFO] [stderr] 
[INFO] [stderr] ACTUAL OUTPUT:
[INFO] [stderr] ┈┈┈┈┈┈┈┈┈┈┈┈┈┈┈┈┈┈┈┈┈┈┈┈┈┈┈┈┈┈┈┈┈┈┈┈┈┈┈┈┈┈┈┈┈┈┈┈┈┈┈┈┈┈┈┈┈┈┈┈
[INFO] [stderr] error: Struct has no fields
[INFO] [stderr]  --> tests/ui/from_iterator/from_iterator_zero_field.rs:4:1
[INFO] [stderr]   |
[INFO] [stderr] 4 | / #[from_iterator(usize)]
[INFO] [stderr] 5 | | struct NamedZero {}
[INFO] [stderr]   | |___________________^
[INFO] [stderr] 
[INFO] [stderr] error: Struct has no fields
[INFO] [stderr]  --> tests/ui/from_iterator/from_iterator_zero_field.rs:8:1
[INFO] [stderr]   |
[INFO] [stderr] 8 | / #[from_iterator(usize)]
[INFO] [stderr] 9 | | struct UnnamedZero();
[INFO] [stderr]   | |_____________________^
[INFO] [stderr] 
[INFO] [stderr] error: Struct has no fields
[INFO] [stderr]   --> tests/ui/from_iterator/from_iterator_zero_field.rs:12:1
[INFO] [stderr]    |
[INFO] [stderr] 12 | / #[from_iterator(usize)]
[INFO] [stderr] 13 | | struct UnitZero;
[INFO] [stderr]    | |________________^
[INFO] [stderr] 
[INFO] [stderr] error: Struct has no fields
[INFO] [stderr]   --> tests/ui/from_iterator/from_iterator_zero_field.rs:16:1
[INFO] [stderr]    |
[INFO] [stderr] 16 | struct NamedZeroNoAttr {}
[INFO] [stderr]    | ^^^^^^^^^^^^^^^^^^^^^^^^^
[INFO] [stderr] 
[INFO] [stderr] error: Struct has no fields
[INFO] [stderr]   --> tests/ui/from_iterator/from_iterator_zero_field.rs:19:1
[INFO] [stderr]    |
[INFO] [stderr] 19 | struct UnnamedZeroNoAttr();
[INFO] [stderr]    | ^^^^^^^^^^^^^^^^^^^^^^^^^^^
[INFO] [stderr] 
[INFO] [stderr] error: Struct has no fields
[INFO] [stderr]   --> tests/ui/from_iterator/from_iterator_zero_field.rs:22:1
[INFO] [stderr]    |
[INFO] [stderr] 22 | struct UnitZeroNoAttr;
[INFO] [stderr]    | ^^^^^^^^^^^^^^^^^^^^^^
[INFO] [stderr] ┈┈┈┈┈┈┈┈┈┈┈┈┈┈┈┈┈┈┈┈┈┈┈┈┈┈┈┈┈┈┈┈┈┈┈┈┈┈┈┈┈┈┈┈┈┈┈┈┈┈┈┈┈┈┈┈┈┈┈┈
[INFO] [stderr] note: If the actual output is the correct output you can bless it by rerunning
[INFO] [stderr]       your test with the environment variable TRYBUILD=overwrite
[INFO] [stderr] 
[INFO] [stderr] 
[INFO] [stderr] 
[INFO] [stdout] test ui ... FAILED
[INFO] [stdout] 
[INFO] [stdout] failures:
[INFO] [stdout] 
[INFO] [stdout] ---- ui stdout ----
[INFO] [stdout] thread 'ui' panicked at /opt/rustwide/cargo-home/registry/src/index.crates.io-6f17d22bba15001f/trybuild-1.0.101/src/run.rs:101:13:
[INFO] [stdout] 10 of 12 tests failed
[INFO] [stdout] stack backtrace:
[INFO] [stdout]    0:     0x56e00c89926a - std::backtrace_rs::backtrace::libunwind::trace::h207520d6e9873551
[INFO] [stdout]                                at /rustc/df4ca44d3fbc9301ee17f30f4d474e6ae4b05252/library/std/src/../../backtrace/src/backtrace/libunwind.rs:116:5
[INFO] [stdout]    1:     0x56e00c89926a - std::backtrace_rs::backtrace::trace_unsynchronized::h2ed7433f370e3eca
[INFO] [stdout]                                at /rustc/df4ca44d3fbc9301ee17f30f4d474e6ae4b05252/library/std/src/../../backtrace/src/backtrace/mod.rs:66:5
[INFO] [stdout]    2:     0x56e00c89926a - std::sys::backtrace::_print_fmt::h916fac51166b18d7
[INFO] [stdout]                                at /rustc/df4ca44d3fbc9301ee17f30f4d474e6ae4b05252/library/std/src/sys/backtrace.rs:66:9
[INFO] [stdout]    3:     0x56e00c89926a - <std::sys::backtrace::BacktraceLock::print::DisplayBacktrace as core::fmt::Display>::fmt::ha0a4c9b8ce3802e6
[INFO] [stdout]                                at /rustc/df4ca44d3fbc9301ee17f30f4d474e6ae4b05252/library/std/src/sys/backtrace.rs:39:26
[INFO] [stdout]    4:     0x56e00c8c3713 - core::fmt::rt::Argument::fmt::h4cfc8587d52b3eb5
[INFO] [stdout]                                at /rustc/df4ca44d3fbc9301ee17f30f4d474e6ae4b05252/library/core/src/fmt/rt.rs:177:76
[INFO] [stdout]    5:     0x56e00c8c3713 - core::fmt::write::h522cc39e5b36ae9f
[INFO] [stdout]                                at /rustc/df4ca44d3fbc9301ee17f30f4d474e6ae4b05252/library/core/src/fmt/mod.rs:1190:21
[INFO] [stdout]    6:     0x56e00c8952a3 - std::io::Write::write_fmt::h7d3c26752da97734
[INFO] [stdout]                                at /rustc/df4ca44d3fbc9301ee17f30f4d474e6ae4b05252/library/std/src/io/mod.rs:1839:15
[INFO] [stdout]    7:     0x56e00c8990b2 - std::sys::backtrace::BacktraceLock::print::h4b9e00b29e9c0942
[INFO] [stdout]                                at /rustc/df4ca44d3fbc9301ee17f30f4d474e6ae4b05252/library/std/src/sys/backtrace.rs:42:9
[INFO] [stdout]    8:     0x56e00c89acfa - std::panicking::default_hook::{{closure}}::hb59b88280d0324d9
[INFO] [stdout]                                at /rustc/df4ca44d3fbc9301ee17f30f4d474e6ae4b05252/library/std/src/panicking.rs:268:22
[INFO] [stdout]    9:     0x56e00c89ab04 - std::panicking::default_hook::he1dd496665be4a29
[INFO] [stdout]                                at /rustc/df4ca44d3fbc9301ee17f30f4d474e6ae4b05252/library/std/src/panicking.rs:292:9
[INFO] [stdout]   10:     0x56e00c8617f9 - <alloc::boxed::Box<F,A> as core::ops::function::Fn<Args>>::call::h4ff71de18744e1dc
[INFO] [stdout]                                at /rustc/df4ca44d3fbc9301ee17f30f4d474e6ae4b05252/library/alloc/src/boxed.rs:2468:9
[INFO] [stdout]   11:     0x56e00c8617f9 - test::test_main::{{closure}}::hcf7c055ce117aa81
[INFO] [stdout]                                at /rustc/df4ca44d3fbc9301ee17f30f4d474e6ae4b05252/library/test/src/lib.rs:133:21
[INFO] [stdout]   12:     0x56e00c89b3f8 - <alloc::boxed::Box<F,A> as core::ops::function::Fn<Args>>::call::h1d66c6bbd60c9692
[INFO] [stdout]                                at /rustc/df4ca44d3fbc9301ee17f30f4d474e6ae4b05252/library/alloc/src/boxed.rs:2468:9
[INFO] [stdout]   13:     0x56e00c89b3f8 - std::panicking::rust_panic_with_hook::h2ff17fe8f26dfcf8
[INFO] [stdout]                                at /rustc/df4ca44d3fbc9301ee17f30f4d474e6ae4b05252/library/std/src/panicking.rs:809:13
[INFO] [stdout]   14:     0x56e00c89b1ba - std::panicking::begin_panic_handler::{{closure}}::h4fad77951c07e101
[INFO] [stdout]                                at /rustc/df4ca44d3fbc9301ee17f30f4d474e6ae4b05252/library/std/src/panicking.rs:674:13
[INFO] [stdout]   15:     0x56e00c899749 - std::sys::backtrace::__rust_end_short_backtrace::hb1a25b3da5d0ea08
[INFO] [stdout]                                at /rustc/df4ca44d3fbc9301ee17f30f4d474e6ae4b05252/library/std/src/sys/backtrace.rs:170:18
[INFO] [stdout]   16:     0x56e00c89ae4c - rust_begin_unwind
[INFO] [stdout]                                at /rustc/df4ca44d3fbc9301ee17f30f4d474e6ae4b05252/library/std/src/panicking.rs:665:5
[INFO] [stdout]   17:     0x56e00c8c1ac0 - core::panicking::panic_fmt::ha9db07b529f9b256
[INFO] [stdout]                                at /rustc/df4ca44d3fbc9301ee17f30f4d474e6ae4b05252/library/core/src/panicking.rs:75:14
[INFO] [stdout]   18:     0x56e00c640ccf - trybuild::run::<impl trybuild::Runner>::run::h0f73d0449a85844b
[INFO] [stdout]                                at /opt/rustwide/cargo-home/registry/src/index.crates.io-6f17d22bba15001f/trybuild-1.0.101/src/run.rs:101:13
[INFO] [stdout]   19:     0x56e00c6461e8 - <trybuild::TestCases as core::ops::drop::Drop>::drop::hd5373de762737de2
[INFO] [stdout]                                at /opt/rustwide/cargo-home/registry/src/index.crates.io-6f17d22bba15001f/trybuild-1.0.101/src/lib.rs:340:13
[INFO] [stdout]   20:     0x56e00c572377 - core::ptr::drop_in_place<trybuild::TestCases>::hf4757a53c032b41c
[INFO] [stdout]                                at /rustc/df4ca44d3fbc9301ee17f30f4d474e6ae4b05252/library/core/src/ptr/mod.rs:521:1
[INFO] [stdout]   21:     0x56e00c572ac3 - ui::ui::ha0ccbb18f56ff800
[INFO] [stdout]                                at /opt/rustwide/workdir/tests/ui.rs:5:1
[INFO] [stdout]   22:     0x56e00c572a57 - ui::ui::{{closure}}::hf71743945003d6b9
[INFO] [stdout]                                at /opt/rustwide/workdir/tests/ui.rs:2:8
[INFO] [stdout]   23:     0x56e00c572316 - core::ops::function::FnOnce::call_once::h2ec75d490852e94e
[INFO] [stdout]                                at /rustc/df4ca44d3fbc9301ee17f30f4d474e6ae4b05252/library/core/src/ops/function.rs:250:5
[INFO] [stdout]   24:     0x56e00c8660cb - core::ops::function::FnOnce::call_once::h22c3ba5715e93f05
[INFO] [stdout]                                at /rustc/df4ca44d3fbc9301ee17f30f4d474e6ae4b05252/library/core/src/ops/function.rs:250:5
[INFO] [stdout]   25:     0x56e00c8660cb - test::__rust_begin_short_backtrace::h8e82d8113d0da17f
[INFO] [stdout]                                at /rustc/df4ca44d3fbc9301ee17f30f4d474e6ae4b05252/library/test/src/lib.rs:621:18
[INFO] [stdout]   26:     0x56e00c865a47 - test::run_test_in_process::{{closure}}::h33235f4f20b7b7c7
[INFO] [stdout]                                at /rustc/df4ca44d3fbc9301ee17f30f4d474e6ae4b05252/library/test/src/lib.rs:644:60
[INFO] [stdout]   27:     0x56e00c865a47 - <core::panic::unwind_safe::AssertUnwindSafe<F> as core::ops::function::FnOnce<()>>::call_once::hb5043206310c586f
[INFO] [stdout]                                at /rustc/df4ca44d3fbc9301ee17f30f4d474e6ae4b05252/library/core/src/panic/unwind_safe.rs:272:9
[INFO] [stdout]   28:     0x56e00c865a47 - std::panicking::try::do_call::h9ad4731a60ab23e2
[INFO] [stdout]                                at /rustc/df4ca44d3fbc9301ee17f30f4d474e6ae4b05252/library/std/src/panicking.rs:557:40
[INFO] [stdout]   29:     0x56e00c865a47 - std::panicking::try::h3824d23db772a716
[INFO] [stdout]                                at /rustc/df4ca44d3fbc9301ee17f30f4d474e6ae4b05252/library/std/src/panicking.rs:520:19
[INFO] [stdout]   30:     0x56e00c865a47 - std::panic::catch_unwind::h5afd514605fde46b
[INFO] [stdout]                                at /rustc/df4ca44d3fbc9301ee17f30f4d474e6ae4b05252/library/std/src/panic.rs:358:14
[INFO] [stdout]   31:     0x56e00c865a47 - test::run_test_in_process::h0d5cbfa7067d1720
[INFO] [stdout]                                at /rustc/df4ca44d3fbc9301ee17f30f4d474e6ae4b05252/library/test/src/lib.rs:644:27
[INFO] [stdout]   32:     0x56e00c865a47 - test::run_test::{{closure}}::h708eb8872708115d
[INFO] [stdout]                                at /rustc/df4ca44d3fbc9301ee17f30f4d474e6ae4b05252/library/test/src/lib.rs:565:43
[INFO] [stdout]   33:     0x56e00c829164 - test::run_test::{{closure}}::h392c51cee94713ab
[INFO] [stdout]                                at /rustc/df4ca44d3fbc9301ee17f30f4d474e6ae4b05252/library/test/src/lib.rs:595:41
[INFO] [stdout]   34:     0x56e00c829164 - std::sys::backtrace::__rust_begin_short_backtrace::h2f40290710935a8b
[INFO] [stdout]                                at /rustc/df4ca44d3fbc9301ee17f30f4d474e6ae4b05252/library/std/src/sys/backtrace.rs:154:18
[INFO] [stdout]   35:     0x56e00c82c90e - std::thread::Builder::spawn_unchecked_::{{closure}}::{{closure}}::h3fd968d89053a903
[INFO] [stdout]                                at /rustc/df4ca44d3fbc9301ee17f30f4d474e6ae4b05252/library/std/src/thread/mod.rs:541:17
[INFO] [stdout]   36:     0x56e00c82c90e - <core::panic::unwind_safe::AssertUnwindSafe<F> as core::ops::function::FnOnce<()>>::call_once::h743f637ba4229880
[INFO] [stdout]                                at /rustc/df4ca44d3fbc9301ee17f30f4d474e6ae4b05252/library/core/src/panic/unwind_safe.rs:272:9
[INFO] [stdout]   37:     0x56e00c82c90e - std::panicking::try::do_call::h07440897322525a6
[INFO] [stdout]                                at /rustc/df4ca44d3fbc9301ee17f30f4d474e6ae4b05252/library/std/src/panicking.rs:557:40
[INFO] [stdout]   38:     0x56e00c82c90e - std::panicking::try::he5a2e00188156637
[INFO] [stdout]                                at /rustc/df4ca44d3fbc9301ee17f30f4d474e6ae4b05252/library/std/src/panicking.rs:520:19
[INFO] [stdout]   39:     0x56e00c82c90e - std::panic::catch_unwind::hbaf3cae49b3c6433
[INFO] [stdout]                                at /rustc/df4ca44d3fbc9301ee17f30f4d474e6ae4b05252/library/std/src/panic.rs:358:14
[INFO] [stdout]   40:     0x56e00c82c90e - std::thread::Builder::spawn_unchecked_::{{closure}}::h8e141ea224820bce
[INFO] [stdout]                                at /rustc/df4ca44d3fbc9301ee17f30f4d474e6ae4b05252/library/std/src/thread/mod.rs:540:30
[INFO] [stdout]   41:     0x56e00c82c90e - core::ops::function::FnOnce::call_once{{vtable.shim}}::h90d312fedd7b8ea8
[INFO] [stdout]                                at /rustc/df4ca44d3fbc9301ee17f30f4d474e6ae4b05252/library/core/src/ops/function.rs:250:5
[INFO] [stdout]   42:     0x56e00c8a01bb - <alloc::boxed::Box<F,A> as core::ops::function::FnOnce<Args>>::call_once::h69aa08ddb6adb8b6
[INFO] [stdout]                                at /rustc/df4ca44d3fbc9301ee17f30f4d474e6ae4b05252/library/alloc/src/boxed.rs:2454:9
[INFO] [stdout]   43:     0x56e00c8a01bb - <alloc::boxed::Box<F,A> as core::ops::function::FnOnce<Args>>::call_once::h5aa36efdb79c806f
[INFO] [stdout]                                at /rustc/df4ca44d3fbc9301ee17f30f4d474e6ae4b05252/library/alloc/src/boxed.rs:2454:9
[INFO] [stdout]   44:     0x56e00c8a01bb - std::sys::pal::unix::thread::Thread::new::thread_start::h6cd80a1b4be5158d
[INFO] [stdout]                                at /rustc/df4ca44d3fbc9301ee17f30f4d474e6ae4b05252/library/std/src/sys/pal/unix/thread.rs:105:17
[INFO] [stdout]   45:     0x79f545e63ac3 - <unknown>
[INFO] [stdout]   46:     0x79f545ef4a04 - clone
[INFO] [stdout]   47:                0x0 - <unknown>
[INFO] [stdout] 
[INFO] [stdout] 
[INFO] [stdout] failures:
[INFO] [stdout]     ui
[INFO] [stdout] 
[INFO] [stdout] test result: FAILED. 0 passed; 1 failed; 0 ignored; 0 measured; 0 filtered out; finished in 5.26s
[INFO] [stdout] 
[INFO] [stderr] error: test failed, to rerun pass `--test ui`
[INFO] running `Command { std: "docker" "inspect" "8bf3a5527aa2d8c033c9167437ff664beb8ba25523ce8be1786612369b1f1354", kill_on_drop: false }`
[INFO] running `Command { std: "docker" "rm" "-f" "8bf3a5527aa2d8c033c9167437ff664beb8ba25523ce8be1786612369b1f1354", kill_on_drop: false }`
[INFO] [stdout] 8bf3a5527aa2d8c033c9167437ff664beb8ba25523ce8be1786612369b1f1354
