[INFO] fetching crate decorators 0.1.4...
[INFO] testing decorators-0.1.4 against nightly-2024-10-28+rustflags=-Zrandomize-layout for randomize-layout
[INFO] extracting crate decorators 0.1.4 into /workspace/builds/worker-7-tc2/source
[INFO] validating manifest of crates.io crate decorators 0.1.4 on toolchain nightly-2024-10-28
[INFO] running `Command { std: CARGO_HOME="/workspace/cargo-home" RUSTUP_HOME="/workspace/rustup-home" "/workspace/cargo-home/bin/cargo" "+nightly-2024-10-28" "metadata" "--manifest-path" "Cargo.toml" "--no-deps", kill_on_drop: false }`
[INFO] started tweaking crates.io crate decorators 0.1.4
[INFO] finished tweaking crates.io crate decorators 0.1.4
[INFO] tweaked toml for crates.io crate decorators 0.1.4 written to /workspace/builds/worker-7-tc2/source/Cargo.toml
[INFO] running `Command { std: CARGO_HOME="/workspace/cargo-home" RUSTUP_HOME="/workspace/rustup-home" "/workspace/cargo-home/bin/cargo" "+nightly-2024-10-28" "generate-lockfile" "--manifest-path" "Cargo.toml", kill_on_drop: false }`
[INFO] [stderr]     Updating crates.io index
[INFO] [stderr]     Blocking waiting for file lock on package cache
[INFO] [stderr]      Locking 4 packages to latest compatible versions
[INFO] [stderr]       Adding syn v1.0.109 (available: v2.0.86)
[INFO] running `Command { std: CARGO_HOME="/workspace/cargo-home" RUSTUP_HOME="/workspace/rustup-home" "/workspace/cargo-home/bin/cargo" "+nightly-2024-10-28" "fetch" "--manifest-path" "Cargo.toml", kill_on_drop: false }`
[INFO] running `Command { std: "docker" "create" "-v" "/var/lib/crater-agent-workspace/builds/worker-7-tc2/target:/opt/rustwide/target:rw,Z" "-v" "/var/lib/crater-agent-workspace/builds/worker-7-tc2/source:/opt/rustwide/workdir:ro,Z" "-v" "/var/lib/crater-agent-workspace/cargo-home:/opt/rustwide/cargo-home:ro,Z" "-v" "/var/lib/crater-agent-workspace/rustup-home:/opt/rustwide/rustup-home:ro,Z" "-e" "SOURCE_DIR=/opt/rustwide/workdir" "-e" "CARGO_TARGET_DIR=/opt/rustwide/target" "-e" "CARGO_HOME=/opt/rustwide/cargo-home" "-e" "RUSTUP_HOME=/opt/rustwide/rustup-home" "-w" "/opt/rustwide/workdir" "-m" "1610612736" "--user" "0:0" "--network" "none" "ghcr.io/rust-lang/crates-build-env/linux@sha256:4a844ea9eb2546a2d2c7022eacef16ef2e8229c7fbb2c7d4d55a9ceca922f72d" "/opt/rustwide/cargo-home/bin/cargo" "+nightly-2024-10-28" "metadata" "--no-deps" "--format-version=1", kill_on_drop: false }`
[INFO] [stdout] 5be476eda0b7d2b62e646d44c70e102beb229ad4f8ac330e279df08a6a555c6b
[INFO] running `Command { std: "docker" "start" "-a" "5be476eda0b7d2b62e646d44c70e102beb229ad4f8ac330e279df08a6a555c6b", kill_on_drop: false }`
[INFO] running `Command { std: "docker" "inspect" "5be476eda0b7d2b62e646d44c70e102beb229ad4f8ac330e279df08a6a555c6b", kill_on_drop: false }`
[INFO] running `Command { std: "docker" "rm" "-f" "5be476eda0b7d2b62e646d44c70e102beb229ad4f8ac330e279df08a6a555c6b", kill_on_drop: false }`
[INFO] [stdout] 5be476eda0b7d2b62e646d44c70e102beb229ad4f8ac330e279df08a6a555c6b
[INFO] running `Command { std: "docker" "create" "-v" "/var/lib/crater-agent-workspace/builds/worker-7-tc2/target:/opt/rustwide/target:rw,Z" "-v" "/var/lib/crater-agent-workspace/builds/worker-7-tc2/source:/opt/rustwide/workdir:ro,Z" "-v" "/var/lib/crater-agent-workspace/cargo-home:/opt/rustwide/cargo-home:ro,Z" "-v" "/var/lib/crater-agent-workspace/rustup-home:/opt/rustwide/rustup-home:ro,Z" "-e" "SOURCE_DIR=/opt/rustwide/workdir" "-e" "CARGO_TARGET_DIR=/opt/rustwide/target" "-e" "CARGO_INCREMENTAL=0" "-e" "RUST_BACKTRACE=full" "-e" "RUSTFLAGS=--cap-lints=forbid -Zrandomize-layout" "-e" "RUSTDOCFLAGS=--cap-lints=forbid" "-e" "CARGO_HOME=/opt/rustwide/cargo-home" "-e" "RUSTUP_HOME=/opt/rustwide/rustup-home" "-w" "/opt/rustwide/workdir" "-m" "1610612736" "--user" "0:0" "--network" "none" "ghcr.io/rust-lang/crates-build-env/linux@sha256:4a844ea9eb2546a2d2c7022eacef16ef2e8229c7fbb2c7d4d55a9ceca922f72d" "/opt/rustwide/cargo-home/bin/cargo" "+nightly-2024-10-28" "build" "--frozen" "--message-format=json", kill_on_drop: false }`
[INFO] [stdout] 518681ebdceb66814480d821a6cfc6be01c2a3c278a0dfb485770285025ac71a
[INFO] running `Command { std: "docker" "start" "-a" "518681ebdceb66814480d821a6cfc6be01c2a3c278a0dfb485770285025ac71a", kill_on_drop: false }`
[INFO] [stderr]    Compiling syn v1.0.109
[INFO] [stderr]    Compiling decorators v0.1.4 (/opt/rustwide/workdir)
[INFO] [stderr]     Finished `dev` profile [unoptimized + debuginfo] target(s) in 4.33s
[INFO] running `Command { std: "docker" "inspect" "518681ebdceb66814480d821a6cfc6be01c2a3c278a0dfb485770285025ac71a", kill_on_drop: false }`
[INFO] running `Command { std: "docker" "rm" "-f" "518681ebdceb66814480d821a6cfc6be01c2a3c278a0dfb485770285025ac71a", kill_on_drop: false }`
[INFO] [stdout] 518681ebdceb66814480d821a6cfc6be01c2a3c278a0dfb485770285025ac71a
[INFO] running `Command { std: "docker" "create" "-v" "/var/lib/crater-agent-workspace/builds/worker-7-tc2/target:/opt/rustwide/target:rw,Z" "-v" "/var/lib/crater-agent-workspace/builds/worker-7-tc2/source:/opt/rustwide/workdir:ro,Z" "-v" "/var/lib/crater-agent-workspace/cargo-home:/opt/rustwide/cargo-home:ro,Z" "-v" "/var/lib/crater-agent-workspace/rustup-home:/opt/rustwide/rustup-home:ro,Z" "-e" "SOURCE_DIR=/opt/rustwide/workdir" "-e" "CARGO_TARGET_DIR=/opt/rustwide/target" "-e" "CARGO_INCREMENTAL=0" "-e" "RUST_BACKTRACE=full" "-e" "RUSTFLAGS=--cap-lints=forbid -Zrandomize-layout" "-e" "RUSTDOCFLAGS=--cap-lints=forbid" "-e" "CARGO_HOME=/opt/rustwide/cargo-home" "-e" "RUSTUP_HOME=/opt/rustwide/rustup-home" "-w" "/opt/rustwide/workdir" "-m" "1610612736" "--user" "0:0" "--network" "none" "ghcr.io/rust-lang/crates-build-env/linux@sha256:4a844ea9eb2546a2d2c7022eacef16ef2e8229c7fbb2c7d4d55a9ceca922f72d" "/opt/rustwide/cargo-home/bin/cargo" "+nightly-2024-10-28" "test" "--frozen" "--no-run" "--message-format=json", kill_on_drop: false }`
[INFO] [stdout] 7843a95933957782eb79c4d1478f52c068d42dbbbed329e58a282c82c37dc6bd
[INFO] running `Command { std: "docker" "start" "-a" "7843a95933957782eb79c4d1478f52c068d42dbbbed329e58a282c82c37dc6bd", kill_on_drop: false }`
[INFO] [stderr]    Compiling decorators v0.1.4 (/opt/rustwide/workdir)
[INFO] [stderr]     Finished `test` profile [unoptimized + debuginfo] target(s) in 0.51s
[INFO] running `Command { std: "docker" "inspect" "7843a95933957782eb79c4d1478f52c068d42dbbbed329e58a282c82c37dc6bd", kill_on_drop: false }`
[INFO] running `Command { std: "docker" "rm" "-f" "7843a95933957782eb79c4d1478f52c068d42dbbbed329e58a282c82c37dc6bd", kill_on_drop: false }`
[INFO] [stdout] 7843a95933957782eb79c4d1478f52c068d42dbbbed329e58a282c82c37dc6bd
[INFO] running `Command { std: "docker" "create" "-v" "/var/lib/crater-agent-workspace/builds/worker-7-tc2/target:/opt/rustwide/target:rw,Z" "-v" "/var/lib/crater-agent-workspace/builds/worker-7-tc2/source:/opt/rustwide/workdir:ro,Z" "-v" "/var/lib/crater-agent-workspace/cargo-home:/opt/rustwide/cargo-home:ro,Z" "-v" "/var/lib/crater-agent-workspace/rustup-home:/opt/rustwide/rustup-home:ro,Z" "-e" "SOURCE_DIR=/opt/rustwide/workdir" "-e" "CARGO_TARGET_DIR=/opt/rustwide/target" "-e" "CARGO_INCREMENTAL=0" "-e" "RUST_BACKTRACE=full" "-e" "RUSTFLAGS=--cap-lints=forbid -Zrandomize-layout" "-e" "RUSTDOCFLAGS=--cap-lints=forbid" "-e" "CARGO_HOME=/opt/rustwide/cargo-home" "-e" "RUSTUP_HOME=/opt/rustwide/rustup-home" "-w" "/opt/rustwide/workdir" "-m" "1610612736" "--user" "0:0" "--network" "none" "ghcr.io/rust-lang/crates-build-env/linux@sha256:4a844ea9eb2546a2d2c7022eacef16ef2e8229c7fbb2c7d4d55a9ceca922f72d" "/opt/rustwide/cargo-home/bin/cargo" "+nightly-2024-10-28" "test" "--frozen", kill_on_drop: false }`
[INFO] [stdout] 9db45876069bb52501f8cadb502c6145cfb4b26ad7b3cf81dbe784f4fa43cd0f
[INFO] running `Command { std: "docker" "start" "-a" "9db45876069bb52501f8cadb502c6145cfb4b26ad7b3cf81dbe784f4fa43cd0f", kill_on_drop: false }`
[INFO] [stderr]     Finished `test` profile [unoptimized + debuginfo] target(s) in 0.02s
[INFO] [stderr]      Running unittests src/lib.rs (/opt/rustwide/target/debug/deps/decorators-4aa91d90d6b98d1a)
[INFO] [stderr]    Doc-tests decorators
[INFO] [stdout] 
[INFO] [stdout] running 0 tests
[INFO] [stdout] 
[INFO] [stdout] test result: ok. 0 passed; 0 failed; 0 ignored; 0 measured; 0 filtered out; finished in 0.00s
[INFO] [stdout] 
[INFO] [stdout] 
[INFO] [stdout] running 3 tests
[INFO] [stdout] test src/lib.rs - (line 18) ... FAILED
[INFO] [stdout] test src/lib.rs - (line 46) ... FAILED
[INFO] [stdout] test src/lib.rs - (line 5) ... FAILED
[INFO] [stdout] 
[INFO] [stdout] failures:
[INFO] [stdout] 
[INFO] [stdout] ---- src/lib.rs - (line 18) stdout ----
[INFO] [stdout] error[E0412]: cannot find type `RGBA` in this scope
[INFO] [stdout]  --> src/lib.rs:22:30
[INFO] [stdout]   |
[INFO] [stdout] 6 |     background_color: Option<RGBA>,
[INFO] [stdout]   |                              ^^^^ not found in this scope
[INFO] [stdout]   |
[INFO] [stdout] help: you might be missing a type parameter
[INFO] [stdout]   |
[INFO] [stdout] 3 | struct Widget<RGBA> {
[INFO] [stdout]   |              ++++++
[INFO] [stdout] 
[INFO] [stdout] error[E0412]: cannot find type `RGBA` in this scope
[INFO] [stdout]   --> src/lib.rs:37:53
[INFO] [stdout]    |
[INFO] [stdout] 21 |     pub fn background_color(self, background_color: RGBA) -> Self {
[INFO] [stdout]    |                                                     ^^^^ not found in this scope
[INFO] [stdout] 
[INFO] [stdout] error: aborting due to 2 previous errors
[INFO] [stdout] 
[INFO] [stdout] For more information about this error, try `rustc --explain E0412`.
[INFO] [stdout] Couldn't compile the test.
[INFO] [stdout] ---- src/lib.rs - (line 46) stdout ----
[INFO] [stdout] error[E0425]: cannot find value `some_widget` in this scope
[INFO] [stdout]  --> src/lib.rs:47:9
[INFO] [stdout]   |
[INFO] [stdout] 3 | let w = some_widget.width(10).height(20);
[INFO] [stdout]   |         ^^^^^^^^^^^ not found in this scope
[INFO] [stdout] 
[INFO] [stdout] error[E0422]: cannot find struct, variant or union type `Widget` in this scope
[INFO] [stdout]  --> src/lib.rs:48:15
[INFO] [stdout]   |
[INFO] [stdout] 4 | assert_eq!(w, Widget {width: 10, height: 20, background_color: None});
[INFO] [stdout]   |               ^^^^^^ not found in this scope
[INFO] [stdout] 
[INFO] [stdout] error: aborting due to 2 previous errors
[INFO] [stdout] 
[INFO] [stdout] Some errors have detailed explanations: E0422, E0425.
[INFO] [stdout] For more information about an error, try `rustc --explain E0422`.
[INFO] [stdout] Couldn't compile the test.
[INFO] [stdout] ---- src/lib.rs - (line 5) stdout ----
[INFO] [stdout] error: cannot find derive macro `Decorator` in this scope
[INFO] [stdout]  --> src/lib.rs:6:10
[INFO] [stdout]   |
[INFO] [stdout] 3 | #[derive(Decorator)]
[INFO] [stdout]   |          ^^^^^^^^^
[INFO] [stdout]   |
[INFO] [stdout] help: consider importing this derive macro
[INFO] [stdout]   |
[INFO] [stdout] 2 + use decorators::Decorator;
[INFO] [stdout]   |
[INFO] [stdout] 
[INFO] [stdout] error: cannot find attribute `dec` in this scope
[INFO] [stdout]  --> src/lib.rs:8:7
[INFO] [stdout]   |
[INFO] [stdout] 5 |     #[dec]
[INFO] [stdout]   |       ^^^ help: a built-in attribute with a similar name exists: `doc`
[INFO] [stdout] 
[INFO] [stdout] error: cannot find attribute `dec` in this scope
[INFO] [stdout]  --> src/lib.rs:10:7
[INFO] [stdout]   |
[INFO] [stdout] 7 |     #[dec]
[INFO] [stdout]   |       ^^^ help: a built-in attribute with a similar name exists: `doc`
[INFO] [stdout] 
[INFO] [stdout] error: cannot find attribute `opt_dec` in this scope
[INFO] [stdout]   --> src/lib.rs:13:7
[INFO] [stdout]    |
[INFO] [stdout] 10 |     #[opt_dec]
[INFO] [stdout]    |       ^^^^^^^
[INFO] [stdout] 
[INFO] [stdout] error[E0412]: cannot find type `RGBA` in this scope
[INFO] [stdout]   --> src/lib.rs:14:30
[INFO] [stdout]    |
[INFO] [stdout] 11 |     background_color: Option<RGBA>,
[INFO] [stdout]    |                              ^^^^ not found in this scope
[INFO] [stdout]    |
[INFO] [stdout] help: you might be missing a type parameter
[INFO] [stdout]    |
[INFO] [stdout] 4  | struct Widget<RGBA> {
[INFO] [stdout]    |              ++++++
[INFO] [stdout] 
[INFO] [stdout] error: aborting due to 5 previous errors
[INFO] [stdout] 
[INFO] [stdout] For more information about this error, try `rustc --explain E0412`.
[INFO] [stdout] Couldn't compile the test.
[INFO] [stdout] 
[INFO] [stdout] failures:
[INFO] [stdout]     src/lib.rs - (line 18)
[INFO] [stdout]     src/lib.rs - (line 46)
[INFO] [stdout]     src/lib.rs - (line 5)
[INFO] [stdout] 
[INFO] [stdout] test result: FAILED. 0 passed; 3 failed; 0 ignored; 0 measured; 0 filtered out; finished in 0.15s
[INFO] [stdout] 
[INFO] [stderr] error: doctest failed, to rerun pass `--doc`
[INFO] running `Command { std: "docker" "inspect" "9db45876069bb52501f8cadb502c6145cfb4b26ad7b3cf81dbe784f4fa43cd0f", kill_on_drop: false }`
[INFO] running `Command { std: "docker" "rm" "-f" "9db45876069bb52501f8cadb502c6145cfb4b26ad7b3cf81dbe784f4fa43cd0f", kill_on_drop: false }`
[INFO] [stdout] 9db45876069bb52501f8cadb502c6145cfb4b26ad7b3cf81dbe784f4fa43cd0f
