[INFO] fetching crate debug_unwraps 0.1.0...
[INFO] testing debug_unwraps-0.1.0 against nightly-2024-10-28 for randomize-layout
[INFO] extracting crate debug_unwraps 0.1.0 into /workspace/builds/worker-6-tc1/source
[INFO] validating manifest of crates.io crate debug_unwraps 0.1.0 on toolchain nightly-2024-10-28
[INFO] running `Command { std: CARGO_HOME="/workspace/cargo-home" RUSTUP_HOME="/workspace/rustup-home" "/workspace/cargo-home/bin/cargo" "+nightly-2024-10-28" "metadata" "--manifest-path" "Cargo.toml" "--no-deps", kill_on_drop: false }`
[INFO] started tweaking crates.io crate debug_unwraps 0.1.0
[INFO] finished tweaking crates.io crate debug_unwraps 0.1.0
[INFO] tweaked toml for crates.io crate debug_unwraps 0.1.0 written to /workspace/builds/worker-6-tc1/source/Cargo.toml
[INFO] running `Command { std: CARGO_HOME="/workspace/cargo-home" RUSTUP_HOME="/workspace/rustup-home" "/workspace/cargo-home/bin/cargo" "+nightly-2024-10-28" "generate-lockfile" "--manifest-path" "Cargo.toml", kill_on_drop: false }`
[INFO] running `Command { std: CARGO_HOME="/workspace/cargo-home" RUSTUP_HOME="/workspace/rustup-home" "/workspace/cargo-home/bin/cargo" "+nightly-2024-10-28" "fetch" "--manifest-path" "Cargo.toml", kill_on_drop: false }`
[INFO] running `Command { std: "docker" "create" "-v" "/var/lib/crater-agent-workspace/builds/worker-6-tc1/target:/opt/rustwide/target:rw,Z" "-v" "/var/lib/crater-agent-workspace/builds/worker-6-tc1/source:/opt/rustwide/workdir:ro,Z" "-v" "/var/lib/crater-agent-workspace/cargo-home:/opt/rustwide/cargo-home:ro,Z" "-v" "/var/lib/crater-agent-workspace/rustup-home:/opt/rustwide/rustup-home:ro,Z" "-e" "SOURCE_DIR=/opt/rustwide/workdir" "-e" "CARGO_TARGET_DIR=/opt/rustwide/target" "-e" "CARGO_HOME=/opt/rustwide/cargo-home" "-e" "RUSTUP_HOME=/opt/rustwide/rustup-home" "-w" "/opt/rustwide/workdir" "-m" "1610612736" "--user" "0:0" "--network" "none" "ghcr.io/rust-lang/crates-build-env/linux@sha256:4a844ea9eb2546a2d2c7022eacef16ef2e8229c7fbb2c7d4d55a9ceca922f72d" "/opt/rustwide/cargo-home/bin/cargo" "+nightly-2024-10-28" "metadata" "--no-deps" "--format-version=1", kill_on_drop: false }`
[INFO] [stdout] 201b037173e07f1f9a165867cd1a1bba57dcfa5a4d82be6e5063104e440d3b33
[INFO] running `Command { std: "docker" "start" "-a" "201b037173e07f1f9a165867cd1a1bba57dcfa5a4d82be6e5063104e440d3b33", kill_on_drop: false }`
[INFO] running `Command { std: "docker" "inspect" "201b037173e07f1f9a165867cd1a1bba57dcfa5a4d82be6e5063104e440d3b33", kill_on_drop: false }`
[INFO] running `Command { std: "docker" "rm" "-f" "201b037173e07f1f9a165867cd1a1bba57dcfa5a4d82be6e5063104e440d3b33", kill_on_drop: false }`
[INFO] [stdout] 201b037173e07f1f9a165867cd1a1bba57dcfa5a4d82be6e5063104e440d3b33
[INFO] running `Command { std: "docker" "create" "-v" "/var/lib/crater-agent-workspace/builds/worker-6-tc1/target:/opt/rustwide/target:rw,Z" "-v" "/var/lib/crater-agent-workspace/builds/worker-6-tc1/source:/opt/rustwide/workdir:ro,Z" "-v" "/var/lib/crater-agent-workspace/cargo-home:/opt/rustwide/cargo-home:ro,Z" "-v" "/var/lib/crater-agent-workspace/rustup-home:/opt/rustwide/rustup-home:ro,Z" "-e" "SOURCE_DIR=/opt/rustwide/workdir" "-e" "CARGO_TARGET_DIR=/opt/rustwide/target" "-e" "CARGO_INCREMENTAL=0" "-e" "RUST_BACKTRACE=full" "-e" "RUSTFLAGS=--cap-lints=forbid" "-e" "RUSTDOCFLAGS=--cap-lints=forbid" "-e" "CARGO_HOME=/opt/rustwide/cargo-home" "-e" "RUSTUP_HOME=/opt/rustwide/rustup-home" "-w" "/opt/rustwide/workdir" "-m" "1610612736" "--user" "0:0" "--network" "none" "ghcr.io/rust-lang/crates-build-env/linux@sha256:4a844ea9eb2546a2d2c7022eacef16ef2e8229c7fbb2c7d4d55a9ceca922f72d" "/opt/rustwide/cargo-home/bin/cargo" "+nightly-2024-10-28" "build" "--frozen" "--message-format=json", kill_on_drop: false }`
[INFO] [stdout] 02e4857446811d35090c71b287c876588b5827828ddc7e63fc04cfa85e677ea7
[INFO] running `Command { std: "docker" "start" "-a" "02e4857446811d35090c71b287c876588b5827828ddc7e63fc04cfa85e677ea7", kill_on_drop: false }`
[INFO] [stderr]    Compiling debug_unwraps v0.1.0 (/opt/rustwide/workdir)
[INFO] [stderr]     Finished `dev` profile [unoptimized + debuginfo] target(s) in 0.05s
[INFO] running `Command { std: "docker" "inspect" "02e4857446811d35090c71b287c876588b5827828ddc7e63fc04cfa85e677ea7", kill_on_drop: false }`
[INFO] running `Command { std: "docker" "rm" "-f" "02e4857446811d35090c71b287c876588b5827828ddc7e63fc04cfa85e677ea7", kill_on_drop: false }`
[INFO] [stdout] 02e4857446811d35090c71b287c876588b5827828ddc7e63fc04cfa85e677ea7
[INFO] running `Command { std: "docker" "create" "-v" "/var/lib/crater-agent-workspace/builds/worker-6-tc1/target:/opt/rustwide/target:rw,Z" "-v" "/var/lib/crater-agent-workspace/builds/worker-6-tc1/source:/opt/rustwide/workdir:ro,Z" "-v" "/var/lib/crater-agent-workspace/cargo-home:/opt/rustwide/cargo-home:ro,Z" "-v" "/var/lib/crater-agent-workspace/rustup-home:/opt/rustwide/rustup-home:ro,Z" "-e" "SOURCE_DIR=/opt/rustwide/workdir" "-e" "CARGO_TARGET_DIR=/opt/rustwide/target" "-e" "CARGO_INCREMENTAL=0" "-e" "RUST_BACKTRACE=full" "-e" "RUSTFLAGS=--cap-lints=forbid" "-e" "RUSTDOCFLAGS=--cap-lints=forbid" "-e" "CARGO_HOME=/opt/rustwide/cargo-home" "-e" "RUSTUP_HOME=/opt/rustwide/rustup-home" "-w" "/opt/rustwide/workdir" "-m" "1610612736" "--user" "0:0" "--network" "none" "ghcr.io/rust-lang/crates-build-env/linux@sha256:4a844ea9eb2546a2d2c7022eacef16ef2e8229c7fbb2c7d4d55a9ceca922f72d" "/opt/rustwide/cargo-home/bin/cargo" "+nightly-2024-10-28" "test" "--frozen" "--no-run" "--message-format=json", kill_on_drop: false }`
[INFO] [stdout] fb39456295ae34a8ddca72e5af50f62a54db4fc7a7779e1f0bfa8cc71864af7d
[INFO] running `Command { std: "docker" "start" "-a" "fb39456295ae34a8ddca72e5af50f62a54db4fc7a7779e1f0bfa8cc71864af7d", kill_on_drop: false }`
[INFO] [stderr]    Compiling debug_unwraps v0.1.0 (/opt/rustwide/workdir)
[INFO] [stderr]     Finished `test` profile [unoptimized + debuginfo] target(s) in 0.22s
[INFO] running `Command { std: "docker" "inspect" "fb39456295ae34a8ddca72e5af50f62a54db4fc7a7779e1f0bfa8cc71864af7d", kill_on_drop: false }`
[INFO] running `Command { std: "docker" "rm" "-f" "fb39456295ae34a8ddca72e5af50f62a54db4fc7a7779e1f0bfa8cc71864af7d", kill_on_drop: false }`
[INFO] [stdout] fb39456295ae34a8ddca72e5af50f62a54db4fc7a7779e1f0bfa8cc71864af7d
[INFO] running `Command { std: "docker" "create" "-v" "/var/lib/crater-agent-workspace/builds/worker-6-tc1/target:/opt/rustwide/target:rw,Z" "-v" "/var/lib/crater-agent-workspace/builds/worker-6-tc1/source:/opt/rustwide/workdir:ro,Z" "-v" "/var/lib/crater-agent-workspace/cargo-home:/opt/rustwide/cargo-home:ro,Z" "-v" "/var/lib/crater-agent-workspace/rustup-home:/opt/rustwide/rustup-home:ro,Z" "-e" "SOURCE_DIR=/opt/rustwide/workdir" "-e" "CARGO_TARGET_DIR=/opt/rustwide/target" "-e" "CARGO_INCREMENTAL=0" "-e" "RUST_BACKTRACE=full" "-e" "RUSTFLAGS=--cap-lints=forbid" "-e" "RUSTDOCFLAGS=--cap-lints=forbid" "-e" "CARGO_HOME=/opt/rustwide/cargo-home" "-e" "RUSTUP_HOME=/opt/rustwide/rustup-home" "-w" "/opt/rustwide/workdir" "-m" "1610612736" "--user" "0:0" "--network" "none" "ghcr.io/rust-lang/crates-build-env/linux@sha256:4a844ea9eb2546a2d2c7022eacef16ef2e8229c7fbb2c7d4d55a9ceca922f72d" "/opt/rustwide/cargo-home/bin/cargo" "+nightly-2024-10-28" "test" "--frozen", kill_on_drop: false }`
[INFO] [stdout] 2968f1d7f47784a13499d2ef8e55afffda47f7914d873a6c2c102a37318f0775
[INFO] running `Command { std: "docker" "start" "-a" "2968f1d7f47784a13499d2ef8e55afffda47f7914d873a6c2c102a37318f0775", kill_on_drop: false }`
[INFO] [stderr]     Finished `test` profile [unoptimized + debuginfo] target(s) in 0.01s
[INFO] [stderr]      Running unittests src/lib.rs (/opt/rustwide/target/debug/deps/debug_unwraps-6bd9412e3379f9dd)
[INFO] [stdout] 
[INFO] [stdout] running 0 tests
[INFO] [stdout] 
[INFO] [stdout] test result: ok. 0 passed; 0 failed; 0 ignored; 0 measured; 0 filtered out; finished in 0.00s
[INFO] [stdout] 
[INFO] [stderr]    Doc-tests debug_unwraps
[INFO] [stdout] 
[INFO] [stdout] running 3 tests
[INFO] [stdout] test src/../README.md - (line 131) ... FAILED
[INFO] [stdout] test src/../README.md - (line 17) ... FAILED
[INFO] [stdout] test src/../README.md - (line 90) ... FAILED
[INFO] [stdout] 
[INFO] [stdout] failures:
[INFO] [stdout] 
[INFO] [stdout] ---- src/../README.md - (line 131) stdout ----
[INFO] [stdout] error[E0412]: cannot find type `NumTreeBuilder` in this scope
[INFO] [stdout]  --> src/../README.md:133:6
[INFO] [stdout]   |
[INFO] [stdout] 5 | impl NumTreeBuilder {
[INFO] [stdout]   |      ^^^^^^^^^^^^^^ not found in this scope
[INFO] [stdout] 
[INFO] [stdout] error: aborting due to 1 previous error
[INFO] [stdout] 
[INFO] [stdout] For more information about this error, try `rustc --explain E0412`.
[INFO] [stdout] Couldn't compile the test.
[INFO] [stdout] ---- src/../README.md - (line 17) stdout ----
[INFO] [stdout] error[E0560]: struct `NumTreeBuilder` has no field named `names`
[INFO] [stdout]   --> src/../README.md:39:13
[INFO] [stdout]    |
[INFO] [stdout] 24 |             names: vec![Vec::new()],
[INFO] [stdout]    |             ^^^^^ `NumTreeBuilder` does not have this field
[INFO] [stdout]    |
[INFO] [stdout]    = note: available fields are: `data`
[INFO] [stdout] 
[INFO] [stdout] error: aborting due to 1 previous error
[INFO] [stdout] 
[INFO] [stdout] For more information about this error, try `rustc --explain E0560`.
[INFO] [stdout] Couldn't compile the test.
[INFO] [stdout] ---- src/../README.md - (line 90) stdout ----
[INFO] [stdout] error[E0412]: cannot find type `NumTreeBuilder` in this scope
[INFO] [stdout]  --> src/../README.md:91:6
[INFO] [stdout]   |
[INFO] [stdout] 3 | impl NumTreeBuilder {
[INFO] [stdout]   |      ^^^^^^^^^^^^^^ not found in this scope
[INFO] [stdout] 
[INFO] [stdout] error: aborting due to 1 previous error
[INFO] [stdout] 
[INFO] [stdout] For more information about this error, try `rustc --explain E0412`.
[INFO] [stdout] Couldn't compile the test.
[INFO] [stdout] 
[INFO] [stdout] failures:
[INFO] [stdout]     src/../README.md - (line 131)
[INFO] [stdout]     src/../README.md - (line 17)
[INFO] [stdout]     src/../README.md - (line 90)
[INFO] [stdout] 
[INFO] [stdout] test result: FAILED. 0 passed; 3 failed; 0 ignored; 0 measured; 0 filtered out; finished in 0.08s
[INFO] [stdout] 
[INFO] [stderr] error: doctest failed, to rerun pass `--doc`
[INFO] running `Command { std: "docker" "inspect" "2968f1d7f47784a13499d2ef8e55afffda47f7914d873a6c2c102a37318f0775", kill_on_drop: false }`
[INFO] running `Command { std: "docker" "rm" "-f" "2968f1d7f47784a13499d2ef8e55afffda47f7914d873a6c2c102a37318f0775", kill_on_drop: false }`
[INFO] [stdout] 2968f1d7f47784a13499d2ef8e55afffda47f7914d873a6c2c102a37318f0775
