[INFO] fetching crate debug3 0.4.1...
[INFO] testing debug3-0.4.1 against nightly-2024-10-28+rustflags=-Zrandomize-layout for randomize-layout
[INFO] extracting crate debug3 0.4.1 into /workspace/builds/worker-0-tc2/source
[INFO] validating manifest of crates.io crate debug3 0.4.1 on toolchain nightly-2024-10-28
[INFO] running `Command { std: CARGO_HOME="/workspace/cargo-home" RUSTUP_HOME="/workspace/rustup-home" "/workspace/cargo-home/bin/cargo" "+nightly-2024-10-28" "metadata" "--manifest-path" "Cargo.toml" "--no-deps", kill_on_drop: false }`
[INFO] started tweaking crates.io crate debug3 0.4.1
[INFO] finished tweaking crates.io crate debug3 0.4.1
[INFO] tweaked toml for crates.io crate debug3 0.4.1 written to /workspace/builds/worker-0-tc2/source/Cargo.toml
[INFO] crate crates.io crate debug3 0.4.1 already has a lockfile, it will not be regenerated
[INFO] running `Command { std: CARGO_HOME="/workspace/cargo-home" RUSTUP_HOME="/workspace/rustup-home" "/workspace/cargo-home/bin/cargo" "+nightly-2024-10-28" "fetch" "--manifest-path" "Cargo.toml", kill_on_drop: false }`
[INFO] running `Command { std: "docker" "create" "-v" "/var/lib/crater-agent-workspace/builds/worker-0-tc2/target:/opt/rustwide/target:rw,Z" "-v" "/var/lib/crater-agent-workspace/builds/worker-0-tc2/source:/opt/rustwide/workdir:ro,Z" "-v" "/var/lib/crater-agent-workspace/cargo-home:/opt/rustwide/cargo-home:ro,Z" "-v" "/var/lib/crater-agent-workspace/rustup-home:/opt/rustwide/rustup-home:ro,Z" "-e" "SOURCE_DIR=/opt/rustwide/workdir" "-e" "CARGO_TARGET_DIR=/opt/rustwide/target" "-e" "CARGO_HOME=/opt/rustwide/cargo-home" "-e" "RUSTUP_HOME=/opt/rustwide/rustup-home" "-w" "/opt/rustwide/workdir" "-m" "1610612736" "--user" "0:0" "--network" "none" "ghcr.io/rust-lang/crates-build-env/linux@sha256:4a844ea9eb2546a2d2c7022eacef16ef2e8229c7fbb2c7d4d55a9ceca922f72d" "/opt/rustwide/cargo-home/bin/cargo" "+nightly-2024-10-28" "metadata" "--no-deps" "--format-version=1", kill_on_drop: false }`
[INFO] [stdout] 290977d074db09950d3d559976382e8e1c63fb215194736c0cbac203406cc9dd
[INFO] running `Command { std: "docker" "start" "-a" "290977d074db09950d3d559976382e8e1c63fb215194736c0cbac203406cc9dd", kill_on_drop: false }`
[INFO] running `Command { std: "docker" "inspect" "290977d074db09950d3d559976382e8e1c63fb215194736c0cbac203406cc9dd", kill_on_drop: false }`
[INFO] running `Command { std: "docker" "rm" "-f" "290977d074db09950d3d559976382e8e1c63fb215194736c0cbac203406cc9dd", kill_on_drop: false }`
[INFO] [stdout] 290977d074db09950d3d559976382e8e1c63fb215194736c0cbac203406cc9dd
[INFO] running `Command { std: "docker" "create" "-v" "/var/lib/crater-agent-workspace/builds/worker-0-tc2/target:/opt/rustwide/target:rw,Z" "-v" "/var/lib/crater-agent-workspace/builds/worker-0-tc2/source:/opt/rustwide/workdir:ro,Z" "-v" "/var/lib/crater-agent-workspace/cargo-home:/opt/rustwide/cargo-home:ro,Z" "-v" "/var/lib/crater-agent-workspace/rustup-home:/opt/rustwide/rustup-home:ro,Z" "-e" "SOURCE_DIR=/opt/rustwide/workdir" "-e" "CARGO_TARGET_DIR=/opt/rustwide/target" "-e" "CARGO_INCREMENTAL=0" "-e" "RUST_BACKTRACE=full" "-e" "RUSTFLAGS=--cap-lints=forbid -Zrandomize-layout" "-e" "RUSTDOCFLAGS=--cap-lints=forbid" "-e" "CARGO_HOME=/opt/rustwide/cargo-home" "-e" "RUSTUP_HOME=/opt/rustwide/rustup-home" "-w" "/opt/rustwide/workdir" "-m" "1610612736" "--user" "0:0" "--network" "none" "ghcr.io/rust-lang/crates-build-env/linux@sha256:4a844ea9eb2546a2d2c7022eacef16ef2e8229c7fbb2c7d4d55a9ceca922f72d" "/opt/rustwide/cargo-home/bin/cargo" "+nightly-2024-10-28" "build" "--frozen" "--message-format=json", kill_on_drop: false }`
[INFO] [stdout] 1755e82ed6d5cf0f6c67408cdc181c207dea4ad3f56a92b5eedb460737dbbbad
[INFO] running `Command { std: "docker" "start" "-a" "1755e82ed6d5cf0f6c67408cdc181c207dea4ad3f56a92b5eedb460737dbbbad", kill_on_drop: false }`
[INFO] [stderr]    Compiling proc-macro2 v1.0.66
[INFO] [stderr]    Compiling unicode-ident v1.0.11
[INFO] [stderr]    Compiling unicode-xid v0.2.4
[INFO] [stderr]    Compiling quote v1.0.33
[INFO] [stderr]    Compiling syn v2.0.29
[INFO] [stderr]    Compiling synstructure v0.13.0
[INFO] [stderr]    Compiling debug3-derive v0.4.0
[INFO] [stderr]    Compiling debug3 v0.4.1 (/opt/rustwide/workdir)
[INFO] [stdout] warning: unexpected `cfg` condition name: `prettyplease_debug`
[INFO] [stdout]    --> src/algorithm.rs:298:17
[INFO] [stdout]     |
[INFO] [stdout] 298 |         if cfg!(prettyplease_debug) {
[INFO] [stdout]     |                 ^^^^^^^^^^^^^^^^^^
[INFO] [stdout]     |
[INFO] [stdout]     = help: expected names are: `clippy`, `debug_assertions`, `doc`, `docsrs`, `doctest`, `feature`, `fmt_debug`, `miri`, `overflow_checks`, `panic`, `proc_macro`, `relocation_model`, `rustfmt`, `sanitize`, `sanitizer_cfi_generalize_pointers`, `sanitizer_cfi_normalize_integers`, `target_abi`, `target_arch`, `target_endian`, `target_env`, `target_family`, `target_feature`, `target_has_atomic`, `target_has_atomic_equal_alignment`, `target_has_atomic_load_store`, `target_os`, `target_pointer_width`, `target_thread_local`, `target_vendor`, `test`, `ub_checks`, `unix`, and `windows`
[INFO] [stdout]     = help: consider using a Cargo feature instead
[INFO] [stdout]     = help: or consider adding in `Cargo.toml` the `check-cfg` lint config for the lint:
[INFO] [stdout]              [lints.rust]
[INFO] [stdout]              unexpected_cfgs = { level = "warn", check-cfg = ['cfg(prettyplease_debug)'] }
[INFO] [stdout]     = help: or consider adding `println!("cargo::rustc-check-cfg=cfg(prettyplease_debug)");` to the top of the `build.rs`
[INFO] [stdout]     = note: see <https://doc.rust-lang.org/nightly/rustc/check-cfg/cargo-specifics.html> for more information about checking conditional configuration
[INFO] [stdout]     = note: `#[warn(unexpected_cfgs)]` on by default
[INFO] [stdout] 
[INFO] [stdout] 
[INFO] [stdout] warning: unexpected `cfg` condition name: `prettyplease_debug_indent`
[INFO] [stdout]    --> src/algorithm.rs:303:21
[INFO] [stdout]     |
[INFO] [stdout] 303 |             if cfg!(prettyplease_debug_indent) {
[INFO] [stdout]     |                     ^^^^^^^^^^^^^^^^^^^^^^^^^
[INFO] [stdout]     |
[INFO] [stdout]     = help: consider using a Cargo feature instead
[INFO] [stdout]     = help: or consider adding in `Cargo.toml` the `check-cfg` lint config for the lint:
[INFO] [stdout]              [lints.rust]
[INFO] [stdout]              unexpected_cfgs = { level = "warn", check-cfg = ['cfg(prettyplease_debug_indent)'] }
[INFO] [stdout]     = help: or consider adding `println!("cargo::rustc-check-cfg=cfg(prettyplease_debug_indent)");` to the top of the `build.rs`
[INFO] [stdout]     = note: see <https://doc.rust-lang.org/nightly/rustc/check-cfg/cargo-specifics.html> for more information about checking conditional configuration
[INFO] [stdout] 
[INFO] [stdout] 
[INFO] [stdout] warning: unexpected `cfg` condition name: `prettyplease_debug`
[INFO] [stdout]    --> src/algorithm.rs:330:17
[INFO] [stdout]     |
[INFO] [stdout] 330 |         if cfg!(prettyplease_debug) {
[INFO] [stdout]     |                 ^^^^^^^^^^^^^^^^^^
[INFO] [stdout]     |
[INFO] [stdout]     = help: consider using a Cargo feature instead
[INFO] [stdout]     = help: or consider adding in `Cargo.toml` the `check-cfg` lint config for the lint:
[INFO] [stdout]              [lints.rust]
[INFO] [stdout]              unexpected_cfgs = { level = "warn", check-cfg = ['cfg(prettyplease_debug)'] }
[INFO] [stdout]     = help: or consider adding `println!("cargo::rustc-check-cfg=cfg(prettyplease_debug)");` to the top of the `build.rs`
[INFO] [stdout]     = note: see <https://doc.rust-lang.org/nightly/rustc/check-cfg/cargo-specifics.html> for more information about checking conditional configuration
[INFO] [stdout] 
[INFO] [stdout] 
[INFO] [stdout] warning: unexpected `cfg` condition name: `prettyplease_debug`
[INFO] [stdout]    --> src/algorithm.rs:352:21
[INFO] [stdout]     |
[INFO] [stdout] 352 |             if cfg!(prettyplease_debug) {
[INFO] [stdout]     |                     ^^^^^^^^^^^^^^^^^^
[INFO] [stdout]     |
[INFO] [stdout]     = help: consider using a Cargo feature instead
[INFO] [stdout]     = help: or consider adding in `Cargo.toml` the `check-cfg` lint config for the lint:
[INFO] [stdout]              [lints.rust]
[INFO] [stdout]              unexpected_cfgs = { level = "warn", check-cfg = ['cfg(prettyplease_debug)'] }
[INFO] [stdout]     = help: or consider adding `println!("cargo::rustc-check-cfg=cfg(prettyplease_debug)");` to the top of the `build.rs`
[INFO] [stdout]     = note: see <https://doc.rust-lang.org/nightly/rustc/check-cfg/cargo-specifics.html> for more information about checking conditional configuration
[INFO] [stdout] 
[INFO] [stdout] 
[INFO] [stdout] warning: unexpected `cfg` condition name: `prettyplease_debug`
[INFO] [stdout]    --> src/algorithm.rs:359:21
[INFO] [stdout]     |
[INFO] [stdout] 359 |             if cfg!(prettyplease_debug) {
[INFO] [stdout]     |                     ^^^^^^^^^^^^^^^^^^
[INFO] [stdout]     |
[INFO] [stdout]     = help: consider using a Cargo feature instead
[INFO] [stdout]     = help: or consider adding in `Cargo.toml` the `check-cfg` lint config for the lint:
[INFO] [stdout]              [lints.rust]
[INFO] [stdout]              unexpected_cfgs = { level = "warn", check-cfg = ['cfg(prettyplease_debug)'] }
[INFO] [stdout]     = help: or consider adding `println!("cargo::rustc-check-cfg=cfg(prettyplease_debug)");` to the top of the `build.rs`
[INFO] [stdout]     = note: see <https://doc.rust-lang.org/nightly/rustc/check-cfg/cargo-specifics.html> for more information about checking conditional configuration
[INFO] [stdout] 
[INFO] [stdout] 
[INFO] [stderr]     Finished `dev` profile [unoptimized + debuginfo] target(s) in 4.86s
[INFO] running `Command { std: "docker" "inspect" "1755e82ed6d5cf0f6c67408cdc181c207dea4ad3f56a92b5eedb460737dbbbad", kill_on_drop: false }`
[INFO] running `Command { std: "docker" "rm" "-f" "1755e82ed6d5cf0f6c67408cdc181c207dea4ad3f56a92b5eedb460737dbbbad", kill_on_drop: false }`
[INFO] [stdout] 1755e82ed6d5cf0f6c67408cdc181c207dea4ad3f56a92b5eedb460737dbbbad
[INFO] running `Command { std: "docker" "create" "-v" "/var/lib/crater-agent-workspace/builds/worker-0-tc2/target:/opt/rustwide/target:rw,Z" "-v" "/var/lib/crater-agent-workspace/builds/worker-0-tc2/source:/opt/rustwide/workdir:ro,Z" "-v" "/var/lib/crater-agent-workspace/cargo-home:/opt/rustwide/cargo-home:ro,Z" "-v" "/var/lib/crater-agent-workspace/rustup-home:/opt/rustwide/rustup-home:ro,Z" "-e" "SOURCE_DIR=/opt/rustwide/workdir" "-e" "CARGO_TARGET_DIR=/opt/rustwide/target" "-e" "CARGO_INCREMENTAL=0" "-e" "RUST_BACKTRACE=full" "-e" "RUSTFLAGS=--cap-lints=forbid -Zrandomize-layout" "-e" "RUSTDOCFLAGS=--cap-lints=forbid" "-e" "CARGO_HOME=/opt/rustwide/cargo-home" "-e" "RUSTUP_HOME=/opt/rustwide/rustup-home" "-w" "/opt/rustwide/workdir" "-m" "1610612736" "--user" "0:0" "--network" "none" "ghcr.io/rust-lang/crates-build-env/linux@sha256:4a844ea9eb2546a2d2c7022eacef16ef2e8229c7fbb2c7d4d55a9ceca922f72d" "/opt/rustwide/cargo-home/bin/cargo" "+nightly-2024-10-28" "test" "--frozen" "--no-run" "--message-format=json", kill_on_drop: false }`
[INFO] [stdout] 0849eca00a8228b1af85a0c7410edb16b7d436c336ff396ecf102fa75afc4131
[INFO] running `Command { std: "docker" "start" "-a" "0849eca00a8228b1af85a0c7410edb16b7d436c336ff396ecf102fa75afc4131", kill_on_drop: false }`
[INFO] [stderr]    Compiling serde v1.0.188
[INFO] [stderr]    Compiling serde_json v1.0.105
[INFO] [stderr]    Compiling rustversion v1.0.14
[INFO] [stderr]    Compiling once_cell v1.18.0
[INFO] [stderr]    Compiling ryu v1.0.15
[INFO] [stderr]    Compiling itoa v1.0.9
[INFO] [stderr]    Compiling trybuild v1.0.83
[INFO] [stderr]    Compiling serde_derive v1.0.188
[INFO] [stderr]    Compiling termcolor v1.2.0
[INFO] [stderr]    Compiling glob v0.3.1
[INFO] [stderr]    Compiling dissimilar v1.0.7
[INFO] [stderr]    Compiling byteorder v1.4.3
[INFO] [stdout] warning: unexpected `cfg` condition name: `prettyplease_debug`
[INFO] [stdout]    --> src/algorithm.rs:298:17
[INFO] [stdout]     |
[INFO] [stdout] 298 |         if cfg!(prettyplease_debug) {
[INFO] [stdout]     |                 ^^^^^^^^^^^^^^^^^^
[INFO] [stdout]     |
[INFO] [stdout]     = help: expected names are: `clippy`, `debug_assertions`, `doc`, `docsrs`, `doctest`, `feature`, `fmt_debug`, `miri`, `overflow_checks`, `panic`, `proc_macro`, `relocation_model`, `rustfmt`, `sanitize`, `sanitizer_cfi_generalize_pointers`, `sanitizer_cfi_normalize_integers`, `target_abi`, `target_arch`, `target_endian`, `target_env`, `target_family`, `target_feature`, `target_has_atomic`, `target_has_atomic_equal_alignment`, `target_has_atomic_load_store`, `target_os`, `target_pointer_width`, `target_thread_local`, `target_vendor`, `test`, `ub_checks`, `unix`, and `windows`
[INFO] [stdout]     = help: consider using a Cargo feature instead
[INFO] [stdout]     = help: or consider adding in `Cargo.toml` the `check-cfg` lint config for the lint:
[INFO] [stdout]              [lints.rust]
[INFO] [stdout]              unexpected_cfgs = { level = "warn", check-cfg = ['cfg(prettyplease_debug)'] }
[INFO] [stdout]     = help: or consider adding `println!("cargo::rustc-check-cfg=cfg(prettyplease_debug)");` to the top of the `build.rs`
[INFO] [stdout]     = note: see <https://doc.rust-lang.org/nightly/rustc/check-cfg/cargo-specifics.html> for more information about checking conditional configuration
[INFO] [stdout]     = note: `#[warn(unexpected_cfgs)]` on by default
[INFO] [stdout] 
[INFO] [stdout] 
[INFO] [stdout] warning: unexpected `cfg` condition name: `prettyplease_debug_indent`
[INFO] [stdout]    --> src/algorithm.rs:303:21
[INFO] [stdout]     |
[INFO] [stdout] 303 |             if cfg!(prettyplease_debug_indent) {
[INFO] [stdout]     |                     ^^^^^^^^^^^^^^^^^^^^^^^^^
[INFO] [stdout]     |
[INFO] [stdout]     = help: consider using a Cargo feature instead
[INFO] [stdout]     = help: or consider adding in `Cargo.toml` the `check-cfg` lint config for the lint:
[INFO] [stdout]              [lints.rust]
[INFO] [stdout]              unexpected_cfgs = { level = "warn", check-cfg = ['cfg(prettyplease_debug_indent)'] }
[INFO] [stdout]     = help: or consider adding `println!("cargo::rustc-check-cfg=cfg(prettyplease_debug_indent)");` to the top of the `build.rs`
[INFO] [stdout]     = note: see <https://doc.rust-lang.org/nightly/rustc/check-cfg/cargo-specifics.html> for more information about checking conditional configuration
[INFO] [stdout] 
[INFO] [stdout] 
[INFO] [stdout] warning: unexpected `cfg` condition name: `prettyplease_debug`
[INFO] [stdout]    --> src/algorithm.rs:330:17
[INFO] [stdout]     |
[INFO] [stdout] 330 |         if cfg!(prettyplease_debug) {
[INFO] [stdout]     |                 ^^^^^^^^^^^^^^^^^^
[INFO] [stdout]     |
[INFO] [stdout]     = help: consider using a Cargo feature instead
[INFO] [stdout]     = help: or consider adding in `Cargo.toml` the `check-cfg` lint config for the lint:
[INFO] [stdout]              [lints.rust]
[INFO] [stdout]              unexpected_cfgs = { level = "warn", check-cfg = ['cfg(prettyplease_debug)'] }
[INFO] [stdout]     = help: or consider adding `println!("cargo::rustc-check-cfg=cfg(prettyplease_debug)");` to the top of the `build.rs`
[INFO] [stdout]     = note: see <https://doc.rust-lang.org/nightly/rustc/check-cfg/cargo-specifics.html> for more information about checking conditional configuration
[INFO] [stdout] 
[INFO] [stdout] 
[INFO] [stdout] warning: unexpected `cfg` condition name: `prettyplease_debug`
[INFO] [stdout]    --> src/algorithm.rs:352:21
[INFO] [stdout]     |
[INFO] [stdout] 352 |             if cfg!(prettyplease_debug) {
[INFO] [stdout]     |                     ^^^^^^^^^^^^^^^^^^
[INFO] [stdout]     |
[INFO] [stdout]     = help: consider using a Cargo feature instead
[INFO] [stdout]     = help: or consider adding in `Cargo.toml` the `check-cfg` lint config for the lint:
[INFO] [stdout]              [lints.rust]
[INFO] [stdout]              unexpected_cfgs = { level = "warn", check-cfg = ['cfg(prettyplease_debug)'] }
[INFO] [stdout]     = help: or consider adding `println!("cargo::rustc-check-cfg=cfg(prettyplease_debug)");` to the top of the `build.rs`
[INFO] [stdout]     = note: see <https://doc.rust-lang.org/nightly/rustc/check-cfg/cargo-specifics.html> for more information about checking conditional configuration
[INFO] [stdout] 
[INFO] [stdout] 
[INFO] [stdout] warning: unexpected `cfg` condition name: `prettyplease_debug`
[INFO] [stdout]    --> src/algorithm.rs:359:21
[INFO] [stdout]     |
[INFO] [stdout] 359 |             if cfg!(prettyplease_debug) {
[INFO] [stdout]     |                     ^^^^^^^^^^^^^^^^^^
[INFO] [stdout]     |
[INFO] [stdout]     = help: consider using a Cargo feature instead
[INFO] [stdout]     = help: or consider adding in `Cargo.toml` the `check-cfg` lint config for the lint:
[INFO] [stdout]              [lints.rust]
[INFO] [stdout]              unexpected_cfgs = { level = "warn", check-cfg = ['cfg(prettyplease_debug)'] }
[INFO] [stdout]     = help: or consider adding `println!("cargo::rustc-check-cfg=cfg(prettyplease_debug)");` to the top of the `build.rs`
[INFO] [stdout]     = note: see <https://doc.rust-lang.org/nightly/rustc/check-cfg/cargo-specifics.html> for more information about checking conditional configuration
[INFO] [stdout] 
[INFO] [stdout] 
[INFO] [stderr]    Compiling fxhash v0.2.1
[INFO] [stderr]    Compiling expect-test v1.4.1
[INFO] [stderr]    Compiling basic-toml v0.1.4
[INFO] [stderr]    Compiling debug3 v0.4.1 (/opt/rustwide/workdir)
[INFO] [stdout] warning: unexpected `cfg` condition name: `prettyplease_debug`
[INFO] [stdout]    --> src/algorithm.rs:298:17
[INFO] [stdout]     |
[INFO] [stdout] 298 |         if cfg!(prettyplease_debug) {
[INFO] [stdout]     |                 ^^^^^^^^^^^^^^^^^^
[INFO] [stdout]     |
[INFO] [stdout]     = help: expected names are: `clippy`, `debug_assertions`, `doc`, `docsrs`, `doctest`, `feature`, `fmt_debug`, `miri`, `overflow_checks`, `panic`, `proc_macro`, `relocation_model`, `rustfmt`, `sanitize`, `sanitizer_cfi_generalize_pointers`, `sanitizer_cfi_normalize_integers`, `target_abi`, `target_arch`, `target_endian`, `target_env`, `target_family`, `target_feature`, `target_has_atomic`, `target_has_atomic_equal_alignment`, `target_has_atomic_load_store`, `target_os`, `target_pointer_width`, `target_thread_local`, `target_vendor`, `test`, `ub_checks`, `unix`, and `windows`
[INFO] [stdout]     = help: consider using a Cargo feature instead
[INFO] [stdout]     = help: or consider adding in `Cargo.toml` the `check-cfg` lint config for the lint:
[INFO] [stdout]              [lints.rust]
[INFO] [stdout]              unexpected_cfgs = { level = "warn", check-cfg = ['cfg(prettyplease_debug)'] }
[INFO] [stdout]     = help: or consider adding `println!("cargo::rustc-check-cfg=cfg(prettyplease_debug)");` to the top of the `build.rs`
[INFO] [stdout]     = note: see <https://doc.rust-lang.org/nightly/rustc/check-cfg/cargo-specifics.html> for more information about checking conditional configuration
[INFO] [stdout]     = note: `#[warn(unexpected_cfgs)]` on by default
[INFO] [stdout] 
[INFO] [stdout] 
[INFO] [stdout] warning: unexpected `cfg` condition name: `prettyplease_debug_indent`
[INFO] [stdout]    --> src/algorithm.rs:303:21
[INFO] [stdout]     |
[INFO] [stdout] 303 |             if cfg!(prettyplease_debug_indent) {
[INFO] [stdout]     |                     ^^^^^^^^^^^^^^^^^^^^^^^^^
[INFO] [stdout]     |
[INFO] [stdout]     = help: consider using a Cargo feature instead
[INFO] [stdout]     = help: or consider adding in `Cargo.toml` the `check-cfg` lint config for the lint:
[INFO] [stdout]              [lints.rust]
[INFO] [stdout]              unexpected_cfgs = { level = "warn", check-cfg = ['cfg(prettyplease_debug_indent)'] }
[INFO] [stdout]     = help: or consider adding `println!("cargo::rustc-check-cfg=cfg(prettyplease_debug_indent)");` to the top of the `build.rs`
[INFO] [stdout]     = note: see <https://doc.rust-lang.org/nightly/rustc/check-cfg/cargo-specifics.html> for more information about checking conditional configuration
[INFO] [stdout] 
[INFO] [stdout] 
[INFO] [stdout] warning: unexpected `cfg` condition name: `prettyplease_debug`
[INFO] [stdout]    --> src/algorithm.rs:330:17
[INFO] [stdout]     |
[INFO] [stdout] 330 |         if cfg!(prettyplease_debug) {
[INFO] [stdout]     |                 ^^^^^^^^^^^^^^^^^^
[INFO] [stdout]     |
[INFO] [stdout]     = help: consider using a Cargo feature instead
[INFO] [stdout]     = help: or consider adding in `Cargo.toml` the `check-cfg` lint config for the lint:
[INFO] [stdout]              [lints.rust]
[INFO] [stdout]              unexpected_cfgs = { level = "warn", check-cfg = ['cfg(prettyplease_debug)'] }
[INFO] [stdout]     = help: or consider adding `println!("cargo::rustc-check-cfg=cfg(prettyplease_debug)");` to the top of the `build.rs`
[INFO] [stdout]     = note: see <https://doc.rust-lang.org/nightly/rustc/check-cfg/cargo-specifics.html> for more information about checking conditional configuration
[INFO] [stdout] 
[INFO] [stdout] 
[INFO] [stdout] warning: unexpected `cfg` condition name: `prettyplease_debug`
[INFO] [stdout]    --> src/algorithm.rs:352:21
[INFO] [stdout]     |
[INFO] [stdout] 352 |             if cfg!(prettyplease_debug) {
[INFO] [stdout]     |                     ^^^^^^^^^^^^^^^^^^
[INFO] [stdout]     |
[INFO] [stdout]     = help: consider using a Cargo feature instead
[INFO] [stdout]     = help: or consider adding in `Cargo.toml` the `check-cfg` lint config for the lint:
[INFO] [stdout]              [lints.rust]
[INFO] [stdout]              unexpected_cfgs = { level = "warn", check-cfg = ['cfg(prettyplease_debug)'] }
[INFO] [stdout]     = help: or consider adding `println!("cargo::rustc-check-cfg=cfg(prettyplease_debug)");` to the top of the `build.rs`
[INFO] [stdout]     = note: see <https://doc.rust-lang.org/nightly/rustc/check-cfg/cargo-specifics.html> for more information about checking conditional configuration
[INFO] [stdout] 
[INFO] [stdout] 
[INFO] [stdout] warning: unexpected `cfg` condition name: `prettyplease_debug`
[INFO] [stdout]    --> src/algorithm.rs:359:21
[INFO] [stdout]     |
[INFO] [stdout] 359 |             if cfg!(prettyplease_debug) {
[INFO] [stdout]     |                     ^^^^^^^^^^^^^^^^^^
[INFO] [stdout]     |
[INFO] [stdout]     = help: consider using a Cargo feature instead
[INFO] [stdout]     = help: or consider adding in `Cargo.toml` the `check-cfg` lint config for the lint:
[INFO] [stdout]              [lints.rust]
[INFO] [stdout]              unexpected_cfgs = { level = "warn", check-cfg = ['cfg(prettyplease_debug)'] }
[INFO] [stdout]     = help: or consider adding `println!("cargo::rustc-check-cfg=cfg(prettyplease_debug)");` to the top of the `build.rs`
[INFO] [stdout]     = note: see <https://doc.rust-lang.org/nightly/rustc/check-cfg/cargo-specifics.html> for more information about checking conditional configuration
[INFO] [stdout] 
[INFO] [stdout] 
[INFO] [stdout] warning: non-local `impl` definition, `impl` blocks should be written at the same level as their item
[INFO] [stdout]  --> examples/derive.rs:1:10
[INFO] [stdout]   |
[INFO] [stdout] 1 | #[derive(debug3::Debug)]
[INFO] [stdout]   |          ^------------
[INFO] [stdout]   |          |
[INFO] [stdout]   |          `Debug` is not local
[INFO] [stdout]   |          move the `impl` block outside of this constant `_DERIVE_debug3_Debug_FOR_Foo`
[INFO] [stdout] 2 | struct Foo {
[INFO] [stdout]   |        --- `Foo` is not local
[INFO] [stdout]   |
[INFO] [stdout]   = note: the derive macro `debug3::Debug` defines the non-local `impl`, and may need to be changed
[INFO] [stdout]   = note: the derive macro `debug3::Debug` may come from an old version of the `debug3_derive` crate, try updating your dependency with `cargo update -p debug3_derive`
[INFO] [stdout]   = note: an `impl` is never scoped, even when it is nested inside an item, as it may impact type checking outside of that item, which can be the case if neither the trait or the self type are at the same nesting level as the `impl`
[INFO] [stdout]   = note: items in an anonymous const item (`const _: () = { ... }`) are treated as in the same scope as the anonymous const's declaration for the purpose of this lint
[INFO] [stdout]   = note: `#[warn(non_local_definitions)]` on by default
[INFO] [stdout]   = note: this warning originates in the derive macro `debug3::Debug` (in Nightly builds, run with -Z macro-backtrace for more info)
[INFO] [stdout] 
[INFO] [stdout] 
[INFO] [stdout] warning: unexpected `cfg` condition value: `rustdoc_types`
[INFO] [stdout]  --> tests/it/rustdoc_types.rs:1:8
[INFO] [stdout]   |
[INFO] [stdout] 1 | #![cfg(feature = "rustdoc_types")]
[INFO] [stdout]   |        ^^^^^^^^^^---------------
[INFO] [stdout]   |                  |
[INFO] [stdout]   |                  help: there is a expected value with a similar name: `"rustdoc-types"`
[INFO] [stdout]   |
[INFO] [stdout]   = note: expected values for `feature` are: `aws-sdk-ec2`, `aws-smithy-types`, `bytes`, `cid`, `dashmap`, `hashbrown`, `kdl`, `libipld-core`, `miette`, `proc-macro2`, `pulldown-cmark`, `rustdoc-types`, `serde_json`, `smallvec`, `syn`, and `ungrammar`
[INFO] [stdout]   = help: consider adding `rustdoc_types` as a feature in `Cargo.toml`
[INFO] [stdout]   = note: see <https://doc.rust-lang.org/nightly/rustc/check-cfg/cargo-specifics.html> for more information about checking conditional configuration
[INFO] [stdout]   = note: `#[warn(unexpected_cfgs)]` on by default
[INFO] [stdout] 
[INFO] [stdout] 
[INFO] [stdout] warning: non-local `impl` definition, `impl` blocks should be written at the same level as their item
[INFO] [stdout]  --> tests/it/algo.rs:5:14
[INFO] [stdout]   |
[INFO] [stdout] 5 |     #[derive(Debug)]
[INFO] [stdout]   |              ^----
[INFO] [stdout]   |              |
[INFO] [stdout]   |              `Debug` is not local
[INFO] [stdout]   |              move the `impl` block outside of this constant `_DERIVE_debug3_Debug_FOR_Basic` and up 2 bodies
[INFO] [stdout] 6 |     struct Basic {
[INFO] [stdout]   |            ----- `Basic` is not local
[INFO] [stdout]   |
[INFO] [stdout]   = note: the derive macro `Debug` defines the non-local `impl`, and may need to be changed
[INFO] [stdout]   = note: the derive macro `Debug` may come from an old version of the `debug3_derive` crate, try updating your dependency with `cargo update -p debug3_derive`
[INFO] [stdout]   = note: an `impl` is never scoped, even when it is nested inside an item, as it may impact type checking outside of that item, which can be the case if neither the trait or the self type are at the same nesting level as the `impl`
[INFO] [stdout]   = note: items in an anonymous const item (`const _: () = { ... }`) are treated as in the same scope as the anonymous const's declaration for the purpose of this lint
[INFO] [stdout]   = note: `#[warn(non_local_definitions)]` on by default
[INFO] [stdout]   = note: this warning originates in the derive macro `Debug` (in Nightly builds, run with -Z macro-backtrace for more info)
[INFO] [stdout] 
[INFO] [stdout] 
[INFO] [stdout] warning: non-local `impl` definition, `impl` blocks should be written at the same level as their item
[INFO] [stdout]   --> tests/it/algo.rs:34:14
[INFO] [stdout]    |
[INFO] [stdout] 34 |     #[derive(Debug)]
[INFO] [stdout]    |              ^----
[INFO] [stdout]    |              |
[INFO] [stdout]    |              `Debug` is not local
[INFO] [stdout]    |              move the `impl` block outside of this constant `_DERIVE_debug3_Debug_FOR_Empty` and up 2 bodies
[INFO] [stdout] 35 |     struct Empty {}
[INFO] [stdout]    |            ----- `Empty` is not local
[INFO] [stdout]    |
[INFO] [stdout]    = note: the derive macro `Debug` defines the non-local `impl`, and may need to be changed
[INFO] [stdout]    = note: the derive macro `Debug` may come from an old version of the `debug3_derive` crate, try updating your dependency with `cargo update -p debug3_derive`
[INFO] [stdout]    = note: an `impl` is never scoped, even when it is nested inside an item, as it may impact type checking outside of that item, which can be the case if neither the trait or the self type are at the same nesting level as the `impl`
[INFO] [stdout]    = note: items in an anonymous const item (`const _: () = { ... }`) are treated as in the same scope as the anonymous const's declaration for the purpose of this lint
[INFO] [stdout]    = note: this warning originates in the derive macro `Debug` (in Nightly builds, run with -Z macro-backtrace for more info)
[INFO] [stdout] 
[INFO] [stdout] 
[INFO] [stdout] warning: non-local `impl` definition, `impl` blocks should be written at the same level as their item
[INFO] [stdout]    --> tests/it/algo.rs:738:14
[INFO] [stdout]     |
[INFO] [stdout] 738 |     #[derive(Debug)]
[INFO] [stdout]     |              ^----
[INFO] [stdout]     |              |
[INFO] [stdout]     |              `Debug` is not local
[INFO] [stdout]     |              move the `impl` block outside of this constant `_DERIVE_debug3_Debug_FOR_Foo` and up 2 bodies
[INFO] [stdout] 739 |     enum Foo {
[INFO] [stdout]     |          --- `Foo` is not local
[INFO] [stdout]     |
[INFO] [stdout]     = note: the derive macro `Debug` defines the non-local `impl`, and may need to be changed
[INFO] [stdout]     = note: the derive macro `Debug` may come from an old version of the `debug3_derive` crate, try updating your dependency with `cargo update -p debug3_derive`
[INFO] [stdout]     = note: an `impl` is never scoped, even when it is nested inside an item, as it may impact type checking outside of that item, which can be the case if neither the trait or the self type are at the same nesting level as the `impl`
[INFO] [stdout]     = note: items in an anonymous const item (`const _: () = { ... }`) are treated as in the same scope as the anonymous const's declaration for the purpose of this lint
[INFO] [stdout]     = note: this warning originates in the derive macro `Debug` (in Nightly builds, run with -Z macro-backtrace for more info)
[INFO] [stdout] 
[INFO] [stdout] 
[INFO] [stdout] warning: non-local `impl` definition, `impl` blocks should be written at the same level as their item
[INFO] [stdout]  --> tests/it/derive.rs:5:10
[INFO] [stdout]   |
[INFO] [stdout] 5 | #[derive(Debug)]
[INFO] [stdout]   |          ^----
[INFO] [stdout]   |          |
[INFO] [stdout]   |          `Debug` is not local
[INFO] [stdout]   |          move the `impl` block outside of this constant `_DERIVE_debug3_Debug_FOR_Unit`
[INFO] [stdout] 6 | struct Unit;
[INFO] [stdout]   |        ---- `Unit` is not local
[INFO] [stdout]   |
[INFO] [stdout]   = note: the derive macro `Debug` defines the non-local `impl`, and may need to be changed
[INFO] [stdout]   = note: the derive macro `Debug` may come from an old version of the `debug3_derive` crate, try updating your dependency with `cargo update -p debug3_derive`
[INFO] [stdout]   = note: an `impl` is never scoped, even when it is nested inside an item, as it may impact type checking outside of that item, which can be the case if neither the trait or the self type are at the same nesting level as the `impl`
[INFO] [stdout]   = note: items in an anonymous const item (`const _: () = { ... }`) are treated as in the same scope as the anonymous const's declaration for the purpose of this lint
[INFO] [stdout]   = note: this warning originates in the derive macro `Debug` (in Nightly builds, run with -Z macro-backtrace for more info)
[INFO] [stdout] 
[INFO] [stdout] 
[INFO] [stdout] warning: non-local `impl` definition, `impl` blocks should be written at the same level as their item
[INFO] [stdout]  --> tests/it/derive.rs:8:10
[INFO] [stdout]   |
[INFO] [stdout] 8 | #[derive(Debug)]
[INFO] [stdout]   |          ^----
[INFO] [stdout]   |          |
[INFO] [stdout]   |          `Debug` is not local
[INFO] [stdout]   |          move the `impl` block outside of this constant `_DERIVE_debug3_Debug_FOR_Tuple`
[INFO] [stdout] 9 | struct Tuple(isize, usize);
[INFO] [stdout]   |        ----- `Tuple` is not local
[INFO] [stdout]   |
[INFO] [stdout]   = note: the derive macro `Debug` defines the non-local `impl`, and may need to be changed
[INFO] [stdout]   = note: the derive macro `Debug` may come from an old version of the `debug3_derive` crate, try updating your dependency with `cargo update -p debug3_derive`
[INFO] [stdout]   = note: an `impl` is never scoped, even when it is nested inside an item, as it may impact type checking outside of that item, which can be the case if neither the trait or the self type are at the same nesting level as the `impl`
[INFO] [stdout]   = note: items in an anonymous const item (`const _: () = { ... }`) are treated as in the same scope as the anonymous const's declaration for the purpose of this lint
[INFO] [stdout]   = note: this warning originates in the derive macro `Debug` (in Nightly builds, run with -Z macro-backtrace for more info)
[INFO] [stdout] 
[INFO] [stdout] 
[INFO] [stdout] warning: non-local `impl` definition, `impl` blocks should be written at the same level as their item
[INFO] [stdout]   --> tests/it/derive.rs:11:10
[INFO] [stdout]    |
[INFO] [stdout] 11 | #[derive(Debug)]
[INFO] [stdout]    |          ^----
[INFO] [stdout]    |          |
[INFO] [stdout]    |          `Debug` is not local
[INFO] [stdout]    |          move the `impl` block outside of this constant `_DERIVE_debug3_Debug_FOR_Struct`
[INFO] [stdout] 12 | struct Struct {
[INFO] [stdout]    |        ------ `Struct` is not local
[INFO] [stdout]    |
[INFO] [stdout]    = note: the derive macro `Debug` defines the non-local `impl`, and may need to be changed
[INFO] [stdout]    = note: the derive macro `Debug` may come from an old version of the `debug3_derive` crate, try updating your dependency with `cargo update -p debug3_derive`
[INFO] [stdout]    = note: an `impl` is never scoped, even when it is nested inside an item, as it may impact type checking outside of that item, which can be the case if neither the trait or the self type are at the same nesting level as the `impl`
[INFO] [stdout]    = note: items in an anonymous const item (`const _: () = { ... }`) are treated as in the same scope as the anonymous const's declaration for the purpose of this lint
[INFO] [stdout]    = note: this warning originates in the derive macro `Debug` (in Nightly builds, run with -Z macro-backtrace for more info)
[INFO] [stdout] 
[INFO] [stdout] 
[INFO] [stdout] warning: non-local `impl` definition, `impl` blocks should be written at the same level as their item
[INFO] [stdout]   --> tests/it/derive.rs:17:10
[INFO] [stdout]    |
[INFO] [stdout] 17 | #[derive(Debug)]
[INFO] [stdout]    |          ^----
[INFO] [stdout]    |          |
[INFO] [stdout]    |          `Debug` is not local
[INFO] [stdout]    |          move the `impl` block outside of this constant `_DERIVE_debug3_Debug_FOR_Enum`
[INFO] [stdout] 18 | enum Enum {
[INFO] [stdout]    |      ---- `Enum` is not local
[INFO] [stdout]    |
[INFO] [stdout]    = note: the derive macro `Debug` defines the non-local `impl`, and may need to be changed
[INFO] [stdout]    = note: the derive macro `Debug` may come from an old version of the `debug3_derive` crate, try updating your dependency with `cargo update -p debug3_derive`
[INFO] [stdout]    = note: an `impl` is never scoped, even when it is nested inside an item, as it may impact type checking outside of that item, which can be the case if neither the trait or the self type are at the same nesting level as the `impl`
[INFO] [stdout]    = note: items in an anonymous const item (`const _: () = { ... }`) are treated as in the same scope as the anonymous const's declaration for the purpose of this lint
[INFO] [stdout]    = note: this warning originates in the derive macro `Debug` (in Nightly builds, run with -Z macro-backtrace for more info)
[INFO] [stdout] 
[INFO] [stdout] 
[INFO] [stdout] warning: non-local `impl` definition, `impl` blocks should be written at the same level as their item
[INFO] [stdout]   --> tests/it/derive.rs:24:10
[INFO] [stdout]    |
[INFO] [stdout] 24 | #[derive(Debug)]
[INFO] [stdout]    |          ^----
[INFO] [stdout]    |          |
[INFO] [stdout]    |          `Debug` is not local
[INFO] [stdout]    |          move the `impl` block outside of this constant `_DERIVE_debug3_Debug_FOR_Pointers`
[INFO] [stdout] 25 | struct Pointers(*const dyn Send, *mut dyn Sync);
[INFO] [stdout]    |        -------- `Pointers` is not local
[INFO] [stdout]    |
[INFO] [stdout]    = note: the derive macro `Debug` defines the non-local `impl`, and may need to be changed
[INFO] [stdout]    = note: the derive macro `Debug` may come from an old version of the `debug3_derive` crate, try updating your dependency with `cargo update -p debug3_derive`
[INFO] [stdout]    = note: an `impl` is never scoped, even when it is nested inside an item, as it may impact type checking outside of that item, which can be the case if neither the trait or the self type are at the same nesting level as the `impl`
[INFO] [stdout]    = note: items in an anonymous const item (`const _: () = { ... }`) are treated as in the same scope as the anonymous const's declaration for the purpose of this lint
[INFO] [stdout]    = note: this warning originates in the derive macro `Debug` (in Nightly builds, run with -Z macro-backtrace for more info)
[INFO] [stdout] 
[INFO] [stdout] 
[INFO] [stdout] warning: non-local `impl` definition, `impl` blocks should be written at the same level as their item
[INFO] [stdout]   --> tests/it/derive.rs:49:10
[INFO] [stdout]    |
[INFO] [stdout] 49 | #[derive(Debug)]
[INFO] [stdout]    |          ^----
[INFO] [stdout]    |          |
[INFO] [stdout]    |          `Debug` is not local
[INFO] [stdout]    |          move the `impl` block outside of this constant `_DERIVE_debug3_Debug_FOR_A`
[INFO] [stdout] 50 | enum A {}
[INFO] [stdout]    |      - `A` is not local
[INFO] [stdout]    |
[INFO] [stdout]    = note: the derive macro `Debug` defines the non-local `impl`, and may need to be changed
[INFO] [stdout]    = note: the derive macro `Debug` may come from an old version of the `debug3_derive` crate, try updating your dependency with `cargo update -p debug3_derive`
[INFO] [stdout]    = note: an `impl` is never scoped, even when it is nested inside an item, as it may impact type checking outside of that item, which can be the case if neither the trait or the self type are at the same nesting level as the `impl`
[INFO] [stdout]    = note: items in an anonymous const item (`const _: () = { ... }`) are treated as in the same scope as the anonymous const's declaration for the purpose of this lint
[INFO] [stdout]    = note: this warning originates in the derive macro `Debug` (in Nightly builds, run with -Z macro-backtrace for more info)
[INFO] [stdout] 
[INFO] [stdout] 
[INFO] [stdout] warning: non-local `impl` definition, `impl` blocks should be written at the same level as their item
[INFO] [stdout]   --> tests/it/derive.rs:52:10
[INFO] [stdout]    |
[INFO] [stdout] 52 | #[derive(Debug)]
[INFO] [stdout]    |          ^----
[INFO] [stdout]    |          |
[INFO] [stdout]    |          `Debug` is not local
[INFO] [stdout]    |          move the `impl` block outside of this constant `_DERIVE_debug3_Debug_FOR_B`
[INFO] [stdout] 53 | enum B {
[INFO] [stdout]    |      - `B` is not local
[INFO] [stdout]    |
[INFO] [stdout]    = note: the derive macro `Debug` defines the non-local `impl`, and may need to be changed
[INFO] [stdout]    = note: the derive macro `Debug` may come from an old version of the `debug3_derive` crate, try updating your dependency with `cargo update -p debug3_derive`
[INFO] [stdout]    = note: an `impl` is never scoped, even when it is nested inside an item, as it may impact type checking outside of that item, which can be the case if neither the trait or the self type are at the same nesting level as the `impl`
[INFO] [stdout]    = note: items in an anonymous const item (`const _: () = { ... }`) are treated as in the same scope as the anonymous const's declaration for the purpose of this lint
[INFO] [stdout]    = note: this warning originates in the derive macro `Debug` (in Nightly builds, run with -Z macro-backtrace for more info)
[INFO] [stdout] 
[INFO] [stdout] 
[INFO] [stdout] warning: non-local `impl` definition, `impl` blocks should be written at the same level as their item
[INFO] [stdout]   --> tests/it/derive.rs:58:10
[INFO] [stdout]    |
[INFO] [stdout] 58 | #[derive(Debug)]
[INFO] [stdout]    |          ^----
[INFO] [stdout]    |          |
[INFO] [stdout]    |          `Debug` is not local
[INFO] [stdout]    |          move the `impl` block outside of this constant `_DERIVE_debug3_Debug_FOR_C`
[INFO] [stdout] 59 | enum C {
[INFO] [stdout]    |      - `C` is not local
[INFO] [stdout]    |
[INFO] [stdout]    = note: the derive macro `Debug` defines the non-local `impl`, and may need to be changed
[INFO] [stdout]    = note: the derive macro `Debug` may come from an old version of the `debug3_derive` crate, try updating your dependency with `cargo update -p debug3_derive`
[INFO] [stdout]    = note: an `impl` is never scoped, even when it is nested inside an item, as it may impact type checking outside of that item, which can be the case if neither the trait or the self type are at the same nesting level as the `impl`
[INFO] [stdout]    = note: items in an anonymous const item (`const _: () = { ... }`) are treated as in the same scope as the anonymous const's declaration for the purpose of this lint
[INFO] [stdout]    = note: this warning originates in the derive macro `Debug` (in Nightly builds, run with -Z macro-backtrace for more info)
[INFO] [stdout] 
[INFO] [stdout] 
[INFO] [stdout] warning: non-local `impl` definition, `impl` blocks should be written at the same level as their item
[INFO] [stdout]   --> tests/it/derive.rs:64:10
[INFO] [stdout]    |
[INFO] [stdout] 64 | #[derive(Debug)]
[INFO] [stdout]    |          ^----
[INFO] [stdout]    |          |
[INFO] [stdout]    |          `Debug` is not local
[INFO] [stdout]    |          move the `impl` block outside of this constant `_DERIVE_debug3_Debug_FOR_D`
[INFO] [stdout] 65 | enum D {
[INFO] [stdout]    |      - `D` is not local
[INFO] [stdout]    |
[INFO] [stdout]    = note: the derive macro `Debug` defines the non-local `impl`, and may need to be changed
[INFO] [stdout]    = note: the derive macro `Debug` may come from an old version of the `debug3_derive` crate, try updating your dependency with `cargo update -p debug3_derive`
[INFO] [stdout]    = note: an `impl` is never scoped, even when it is nested inside an item, as it may impact type checking outside of that item, which can be the case if neither the trait or the self type are at the same nesting level as the `impl`
[INFO] [stdout]    = note: items in an anonymous const item (`const _: () = { ... }`) are treated as in the same scope as the anonymous const's declaration for the purpose of this lint
[INFO] [stdout]    = note: this warning originates in the derive macro `Debug` (in Nightly builds, run with -Z macro-backtrace for more info)
[INFO] [stdout] 
[INFO] [stdout] 
[INFO] [stdout] warning: non-local `impl` definition, `impl` blocks should be written at the same level as their item
[INFO] [stdout]   --> tests/it/derive.rs:68:10
[INFO] [stdout]    |
[INFO] [stdout] 68 | #[derive(Debug)]
[INFO] [stdout]    |          ^----
[INFO] [stdout]    |          |
[INFO] [stdout]    |          `Debug` is not local
[INFO] [stdout]    |          move the `impl` block outside of this constant `_DERIVE_debug3_Debug_FOR_E`
[INFO] [stdout] 69 | struct E;
[INFO] [stdout]    |        - `E` is not local
[INFO] [stdout]    |
[INFO] [stdout]    = note: the derive macro `Debug` defines the non-local `impl`, and may need to be changed
[INFO] [stdout]    = note: the derive macro `Debug` may come from an old version of the `debug3_derive` crate, try updating your dependency with `cargo update -p debug3_derive`
[INFO] [stdout]    = note: an `impl` is never scoped, even when it is nested inside an item, as it may impact type checking outside of that item, which can be the case if neither the trait or the self type are at the same nesting level as the `impl`
[INFO] [stdout]    = note: items in an anonymous const item (`const _: () = { ... }`) are treated as in the same scope as the anonymous const's declaration for the purpose of this lint
[INFO] [stdout]    = note: this warning originates in the derive macro `Debug` (in Nightly builds, run with -Z macro-backtrace for more info)
[INFO] [stdout] 
[INFO] [stdout] 
[INFO] [stdout] warning: non-local `impl` definition, `impl` blocks should be written at the same level as their item
[INFO] [stdout]   --> tests/it/derive.rs:70:10
[INFO] [stdout]    |
[INFO] [stdout] 70 | #[derive(Debug)]
[INFO] [stdout]    |          ^----
[INFO] [stdout]    |          |
[INFO] [stdout]    |          `Debug` is not local
[INFO] [stdout]    |          move the `impl` block outside of this constant `_DERIVE_debug3_Debug_FOR_F`
[INFO] [stdout] 71 | struct F(isize);
[INFO] [stdout]    |        - `F` is not local
[INFO] [stdout]    |
[INFO] [stdout]    = note: the derive macro `Debug` defines the non-local `impl`, and may need to be changed
[INFO] [stdout]    = note: the derive macro `Debug` may come from an old version of the `debug3_derive` crate, try updating your dependency with `cargo update -p debug3_derive`
[INFO] [stdout]    = note: an `impl` is never scoped, even when it is nested inside an item, as it may impact type checking outside of that item, which can be the case if neither the trait or the self type are at the same nesting level as the `impl`
[INFO] [stdout]    = note: items in an anonymous const item (`const _: () = { ... }`) are treated as in the same scope as the anonymous const's declaration for the purpose of this lint
[INFO] [stdout]    = note: this warning originates in the derive macro `Debug` (in Nightly builds, run with -Z macro-backtrace for more info)
[INFO] [stdout] 
[INFO] [stdout] 
[INFO] [stdout] warning: non-local `impl` definition, `impl` blocks should be written at the same level as their item
[INFO] [stdout]   --> tests/it/derive.rs:72:10
[INFO] [stdout]    |
[INFO] [stdout] 72 | #[derive(Debug)]
[INFO] [stdout]    |          ^----
[INFO] [stdout]    |          |
[INFO] [stdout]    |          `Debug` is not local
[INFO] [stdout]    |          move the `impl` block outside of this constant `_DERIVE_debug3_Debug_FOR_G`
[INFO] [stdout] 73 | struct G(isize, isize);
[INFO] [stdout]    |        - `G` is not local
[INFO] [stdout]    |
[INFO] [stdout]    = note: the derive macro `Debug` defines the non-local `impl`, and may need to be changed
[INFO] [stdout]    = note: the derive macro `Debug` may come from an old version of the `debug3_derive` crate, try updating your dependency with `cargo update -p debug3_derive`
[INFO] [stdout]    = note: an `impl` is never scoped, even when it is nested inside an item, as it may impact type checking outside of that item, which can be the case if neither the trait or the self type are at the same nesting level as the `impl`
[INFO] [stdout]    = note: items in an anonymous const item (`const _: () = { ... }`) are treated as in the same scope as the anonymous const's declaration for the purpose of this lint
[INFO] [stdout]    = note: this warning originates in the derive macro `Debug` (in Nightly builds, run with -Z macro-backtrace for more info)
[INFO] [stdout] 
[INFO] [stdout] 
[INFO] [stdout] warning: non-local `impl` definition, `impl` blocks should be written at the same level as their item
[INFO] [stdout]   --> tests/it/derive.rs:74:10
[INFO] [stdout]    |
[INFO] [stdout] 74 | #[derive(Debug)]
[INFO] [stdout]    |          ^----
[INFO] [stdout]    |          |
[INFO] [stdout]    |          `Debug` is not local
[INFO] [stdout]    |          move the `impl` block outside of this constant `_DERIVE_debug3_Debug_FOR_H`
[INFO] [stdout] 75 | struct H {
[INFO] [stdout]    |        - `H` is not local
[INFO] [stdout]    |
[INFO] [stdout]    = note: the derive macro `Debug` defines the non-local `impl`, and may need to be changed
[INFO] [stdout]    = note: the derive macro `Debug` may come from an old version of the `debug3_derive` crate, try updating your dependency with `cargo update -p debug3_derive`
[INFO] [stdout]    = note: an `impl` is never scoped, even when it is nested inside an item, as it may impact type checking outside of that item, which can be the case if neither the trait or the self type are at the same nesting level as the `impl`
[INFO] [stdout]    = note: items in an anonymous const item (`const _: () = { ... }`) are treated as in the same scope as the anonymous const's declaration for the purpose of this lint
[INFO] [stdout]    = note: this warning originates in the derive macro `Debug` (in Nightly builds, run with -Z macro-backtrace for more info)
[INFO] [stdout] 
[INFO] [stdout] 
[INFO] [stdout] warning: non-local `impl` definition, `impl` blocks should be written at the same level as their item
[INFO] [stdout]   --> tests/it/derive.rs:78:10
[INFO] [stdout]    |
[INFO] [stdout] 78 | #[derive(Debug)]
[INFO] [stdout]    |          ^----
[INFO] [stdout]    |          |
[INFO] [stdout]    |          `Debug` is not local
[INFO] [stdout]    |          move the `impl` block outside of this constant `_DERIVE_debug3_Debug_FOR_I`
[INFO] [stdout] 79 | struct I {
[INFO] [stdout]    |        - `I` is not local
[INFO] [stdout]    |
[INFO] [stdout]    = note: the derive macro `Debug` defines the non-local `impl`, and may need to be changed
[INFO] [stdout]    = note: the derive macro `Debug` may come from an old version of the `debug3_derive` crate, try updating your dependency with `cargo update -p debug3_derive`
[INFO] [stdout]    = note: an `impl` is never scoped, even when it is nested inside an item, as it may impact type checking outside of that item, which can be the case if neither the trait or the self type are at the same nesting level as the `impl`
[INFO] [stdout]    = note: items in an anonymous const item (`const _: () = { ... }`) are treated as in the same scope as the anonymous const's declaration for the purpose of this lint
[INFO] [stdout]    = note: this warning originates in the derive macro `Debug` (in Nightly builds, run with -Z macro-backtrace for more info)
[INFO] [stdout] 
[INFO] [stdout] 
[INFO] [stdout] warning: non-local `impl` definition, `impl` blocks should be written at the same level as their item
[INFO] [stdout]   --> tests/it/derive.rs:83:10
[INFO] [stdout]    |
[INFO] [stdout] 83 | #[derive(Debug)]
[INFO] [stdout]    |          ^----
[INFO] [stdout]    |          |
[INFO] [stdout]    |          `Debug` is not local
[INFO] [stdout]    |          move the `impl` block outside of this constant `_DERIVE_debug3_Debug_FOR_J`
[INFO] [stdout] 84 | struct J(Custom);
[INFO] [stdout]    |        - `J` is not local
[INFO] [stdout]    |
[INFO] [stdout]    = note: the derive macro `Debug` defines the non-local `impl`, and may need to be changed
[INFO] [stdout]    = note: the derive macro `Debug` may come from an old version of the `debug3_derive` crate, try updating your dependency with `cargo update -p debug3_derive`
[INFO] [stdout]    = note: an `impl` is never scoped, even when it is nested inside an item, as it may impact type checking outside of that item, which can be the case if neither the trait or the self type are at the same nesting level as the `impl`
[INFO] [stdout]    = note: items in an anonymous const item (`const _: () = { ... }`) are treated as in the same scope as the anonymous const's declaration for the purpose of this lint
[INFO] [stdout]    = note: this warning originates in the derive macro `Debug` (in Nightly builds, run with -Z macro-backtrace for more info)
[INFO] [stdout] 
[INFO] [stdout] 
[INFO] [stdout] warning: non-local `impl` definition, `impl` blocks should be written at the same level as their item
[INFO] [stdout]   --> tests/it/motivating.rs:77:10
[INFO] [stdout]    |
[INFO] [stdout] 77 | #[derive(Debug)]
[INFO] [stdout]    |          ^----
[INFO] [stdout]    |          |
[INFO] [stdout]    |          `Debug` is not local
[INFO] [stdout]    |          move the `impl` block outside of this constant `_DERIVE_debug3_Debug_FOR_Instr`
[INFO] [stdout] 78 | enum Instr {
[INFO] [stdout]    |      ----- `Instr` is not local
[INFO] [stdout]    |
[INFO] [stdout]    = note: the derive macro `Debug` defines the non-local `impl`, and may need to be changed
[INFO] [stdout]    = note: the derive macro `Debug` may come from an old version of the `debug3_derive` crate, try updating your dependency with `cargo update -p debug3_derive`
[INFO] [stdout]    = note: an `impl` is never scoped, even when it is nested inside an item, as it may impact type checking outside of that item, which can be the case if neither the trait or the self type are at the same nesting level as the `impl`
[INFO] [stdout]    = note: items in an anonymous const item (`const _: () = { ... }`) are treated as in the same scope as the anonymous const's declaration for the purpose of this lint
[INFO] [stdout]    = note: this warning originates in the derive macro `Debug` (in Nightly builds, run with -Z macro-backtrace for more info)
[INFO] [stdout] 
[INFO] [stdout] 
[INFO] [stdout] warning: non-local `impl` definition, `impl` blocks should be written at the same level as their item
[INFO] [stdout]   --> tests/it/motivating.rs:84:10
[INFO] [stdout]    |
[INFO] [stdout] 84 | #[derive(Debug)]
[INFO] [stdout]    |          ^----
[INFO] [stdout]    |          |
[INFO] [stdout]    |          `Debug` is not local
[INFO] [stdout]    |          move the `impl` block outside of this constant `_DERIVE_debug3_Debug_FOR_BinOp`
[INFO] [stdout] 85 | enum BinOp {
[INFO] [stdout]    |      ----- `BinOp` is not local
[INFO] [stdout]    |
[INFO] [stdout]    = note: the derive macro `Debug` defines the non-local `impl`, and may need to be changed
[INFO] [stdout]    = note: the derive macro `Debug` may come from an old version of the `debug3_derive` crate, try updating your dependency with `cargo update -p debug3_derive`
[INFO] [stdout]    = note: an `impl` is never scoped, even when it is nested inside an item, as it may impact type checking outside of that item, which can be the case if neither the trait or the self type are at the same nesting level as the `impl`
[INFO] [stdout]    = note: items in an anonymous const item (`const _: () = { ... }`) are treated as in the same scope as the anonymous const's declaration for the purpose of this lint
[INFO] [stdout]    = note: this warning originates in the derive macro `Debug` (in Nightly builds, run with -Z macro-backtrace for more info)
[INFO] [stdout] 
[INFO] [stdout] 
[INFO] [stdout] warning: non-local `impl` definition, `impl` blocks should be written at the same level as their item
[INFO] [stdout]   --> tests/it/motivating.rs:92:10
[INFO] [stdout]    |
[INFO] [stdout] 92 | #[derive(Debug)]
[INFO] [stdout]    |          ^----
[INFO] [stdout]    |          |
[INFO] [stdout]    |          `Debug` is not local
[INFO] [stdout]    |          move the `impl` block outside of this constant `_DERIVE_debug3_Debug_FOR_UnOp`
[INFO] [stdout] 93 | enum UnOp {
[INFO] [stdout]    |      ---- `UnOp` is not local
[INFO] [stdout]    |
[INFO] [stdout]    = note: the derive macro `Debug` defines the non-local `impl`, and may need to be changed
[INFO] [stdout]    = note: the derive macro `Debug` may come from an old version of the `debug3_derive` crate, try updating your dependency with `cargo update -p debug3_derive`
[INFO] [stdout]    = note: an `impl` is never scoped, even when it is nested inside an item, as it may impact type checking outside of that item, which can be the case if neither the trait or the self type are at the same nesting level as the `impl`
[INFO] [stdout]    = note: items in an anonymous const item (`const _: () = { ... }`) are treated as in the same scope as the anonymous const's declaration for the purpose of this lint
[INFO] [stdout]    = note: this warning originates in the derive macro `Debug` (in Nightly builds, run with -Z macro-backtrace for more info)
[INFO] [stdout] 
[INFO] [stdout] 
[INFO] [stdout] warning: non-local `impl` definition, `impl` blocks should be written at the same level as their item
[INFO] [stdout]    --> tests/it/motivating.rs:142:10
[INFO] [stdout]     |
[INFO] [stdout] 142 | #[derive(Debug)]
[INFO] [stdout]     |          ^----
[INFO] [stdout]     |          |
[INFO] [stdout]     |          `Debug` is not local
[INFO] [stdout]     |          move the `impl` block outside of this constant `_DERIVE_debug3_Debug_FOR_LinkedList`
[INFO] [stdout] 143 | enum LinkedList<T> {
[INFO] [stdout]     |      ---------- `LinkedList` is not local
[INFO] [stdout]     |
[INFO] [stdout]     = note: the derive macro `Debug` defines the non-local `impl`, and may need to be changed
[INFO] [stdout]     = note: the derive macro `Debug` may come from an old version of the `debug3_derive` crate, try updating your dependency with `cargo update -p debug3_derive`
[INFO] [stdout]     = note: an `impl` is never scoped, even when it is nested inside an item, as it may impact type checking outside of that item, which can be the case if neither the trait or the self type are at the same nesting level as the `impl`
[INFO] [stdout]     = note: items in an anonymous const item (`const _: () = { ... }`) are treated as in the same scope as the anonymous const's declaration for the purpose of this lint
[INFO] [stdout]     = note: this warning originates in the derive macro `Debug` (in Nightly builds, run with -Z macro-backtrace for more info)
[INFO] [stdout] 
[INFO] [stdout] 
[INFO] [stdout] warning: non-local `impl` definition, `impl` blocks should be written at the same level as their item
[INFO] [stdout]   --> tests/it/std.rs:54:10
[INFO] [stdout]    |
[INFO] [stdout] 54 | #[derive(Debug)]
[INFO] [stdout]    |          ^----
[INFO] [stdout]    |          |
[INFO] [stdout]    |          `Debug` is not local
[INFO] [stdout]    |          move the `impl` block outside of this constant `_DERIVE_debug3_Debug_FOR_Ref`
[INFO] [stdout] 55 | struct Ref<'a, T: ?Sized> {
[INFO] [stdout]    |        --- `Ref` is not local
[INFO] [stdout]    |
[INFO] [stdout]    = note: the derive macro `Debug` defines the non-local `impl`, and may need to be changed
[INFO] [stdout]    = note: the derive macro `Debug` may come from an old version of the `debug3_derive` crate, try updating your dependency with `cargo update -p debug3_derive`
[INFO] [stdout]    = note: an `impl` is never scoped, even when it is nested inside an item, as it may impact type checking outside of that item, which can be the case if neither the trait or the self type are at the same nesting level as the `impl`
[INFO] [stdout]    = note: items in an anonymous const item (`const _: () = { ... }`) are treated as in the same scope as the anonymous const's declaration for the purpose of this lint
[INFO] [stdout]    = note: this warning originates in the derive macro `Debug` (in Nightly builds, run with -Z macro-backtrace for more info)
[INFO] [stdout] 
[INFO] [stdout] 
[INFO] [stderr]     Finished `test` profile [unoptimized + debuginfo] target(s) in 10.48s
[INFO] running `Command { std: "docker" "inspect" "0849eca00a8228b1af85a0c7410edb16b7d436c336ff396ecf102fa75afc4131", kill_on_drop: false }`
[INFO] running `Command { std: "docker" "rm" "-f" "0849eca00a8228b1af85a0c7410edb16b7d436c336ff396ecf102fa75afc4131", kill_on_drop: false }`
[INFO] [stdout] 0849eca00a8228b1af85a0c7410edb16b7d436c336ff396ecf102fa75afc4131
[INFO] running `Command { std: "docker" "create" "-v" "/var/lib/crater-agent-workspace/builds/worker-0-tc2/target:/opt/rustwide/target:rw,Z" "-v" "/var/lib/crater-agent-workspace/builds/worker-0-tc2/source:/opt/rustwide/workdir:ro,Z" "-v" "/var/lib/crater-agent-workspace/cargo-home:/opt/rustwide/cargo-home:ro,Z" "-v" "/var/lib/crater-agent-workspace/rustup-home:/opt/rustwide/rustup-home:ro,Z" "-e" "SOURCE_DIR=/opt/rustwide/workdir" "-e" "CARGO_TARGET_DIR=/opt/rustwide/target" "-e" "CARGO_INCREMENTAL=0" "-e" "RUST_BACKTRACE=full" "-e" "RUSTFLAGS=--cap-lints=forbid -Zrandomize-layout" "-e" "RUSTDOCFLAGS=--cap-lints=forbid" "-e" "CARGO_HOME=/opt/rustwide/cargo-home" "-e" "RUSTUP_HOME=/opt/rustwide/rustup-home" "-w" "/opt/rustwide/workdir" "-m" "1610612736" "--user" "0:0" "--network" "none" "ghcr.io/rust-lang/crates-build-env/linux@sha256:4a844ea9eb2546a2d2c7022eacef16ef2e8229c7fbb2c7d4d55a9ceca922f72d" "/opt/rustwide/cargo-home/bin/cargo" "+nightly-2024-10-28" "test" "--frozen", kill_on_drop: false }`
[INFO] [stdout] 4d62e17c5ef714826a3feef65c92d4d9631371bc2fa4c46b572f97655e4e2f46
[INFO] running `Command { std: "docker" "start" "-a" "4d62e17c5ef714826a3feef65c92d4d9631371bc2fa4c46b572f97655e4e2f46", kill_on_drop: false }`
[INFO] [stderr] warning: unexpected `cfg` condition name: `prettyplease_debug`
[INFO] [stderr]    --> src/algorithm.rs:298:17
[INFO] [stderr]     |
[INFO] [stderr] 298 |         if cfg!(prettyplease_debug) {
[INFO] [stderr]     |                 ^^^^^^^^^^^^^^^^^^
[INFO] [stderr]     |
[INFO] [stderr]     = help: expected names are: `clippy`, `debug_assertions`, `doc`, `docsrs`, `doctest`, `feature`, `fmt_debug`, `miri`, `overflow_checks`, `panic`, `proc_macro`, `relocation_model`, `rustfmt`, `sanitize`, `sanitizer_cfi_generalize_pointers`, `sanitizer_cfi_normalize_integers`, `target_abi`, `target_arch`, `target_endian`, `target_env`, `target_family`, `target_feature`, `target_has_atomic`, `target_has_atomic_equal_alignment`, `target_has_atomic_load_store`, `target_os`, `target_pointer_width`, `target_thread_local`, `target_vendor`, `test`, `ub_checks`, `unix`, and `windows`
[INFO] [stderr]     = help: consider using a Cargo feature instead
[INFO] [stderr]     = help: or consider adding in `Cargo.toml` the `check-cfg` lint config for the lint:
[INFO] [stderr]              [lints.rust]
[INFO] [stderr]              unexpected_cfgs = { level = "warn", check-cfg = ['cfg(prettyplease_debug)'] }
[INFO] [stderr]     = help: or consider adding `println!("cargo::rustc-check-cfg=cfg(prettyplease_debug)");` to the top of the `build.rs`
[INFO] [stderr]     = note: see <https://doc.rust-lang.org/nightly/rustc/check-cfg/cargo-specifics.html> for more information about checking conditional configuration
[INFO] [stderr]     = note: `#[warn(unexpected_cfgs)]` on by default
[INFO] [stderr] 
[INFO] [stderr] warning: unexpected `cfg` condition name: `prettyplease_debug_indent`
[INFO] [stderr]    --> src/algorithm.rs:303:21
[INFO] [stderr]     |
[INFO] [stderr] 303 |             if cfg!(prettyplease_debug_indent) {
[INFO] [stderr]     |                     ^^^^^^^^^^^^^^^^^^^^^^^^^
[INFO] [stderr]     |
[INFO] [stderr]     = help: consider using a Cargo feature instead
[INFO] [stderr]     = help: or consider adding in `Cargo.toml` the `check-cfg` lint config for the lint:
[INFO] [stderr]              [lints.rust]
[INFO] [stderr]              unexpected_cfgs = { level = "warn", check-cfg = ['cfg(prettyplease_debug_indent)'] }
[INFO] [stderr]     = help: or consider adding `println!("cargo::rustc-check-cfg=cfg(prettyplease_debug_indent)");` to the top of the `build.rs`
[INFO] [stderr]     = note: see <https://doc.rust-lang.org/nightly/rustc/check-cfg/cargo-specifics.html> for more information about checking conditional configuration
[INFO] [stderr] 
[INFO] [stderr] warning: unexpected `cfg` condition name: `prettyplease_debug`
[INFO] [stderr]    --> src/algorithm.rs:330:17
[INFO] [stderr]     |
[INFO] [stderr] 330 |         if cfg!(prettyplease_debug) {
[INFO] [stderr]     |                 ^^^^^^^^^^^^^^^^^^
[INFO] [stderr]     |
[INFO] [stderr]     = help: consider using a Cargo feature instead
[INFO] [stderr]     = help: or consider adding in `Cargo.toml` the `check-cfg` lint config for the lint:
[INFO] [stderr]              [lints.rust]
[INFO] [stderr]              unexpected_cfgs = { level = "warn", check-cfg = ['cfg(prettyplease_debug)'] }
[INFO] [stderr]     = help: or consider adding `println!("cargo::rustc-check-cfg=cfg(prettyplease_debug)");` to the top of the `build.rs`
[INFO] [stderr]     = note: see <https://doc.rust-lang.org/nightly/rustc/check-cfg/cargo-specifics.html> for more information about checking conditional configuration
[INFO] [stderr] 
[INFO] [stderr] warning: unexpected `cfg` condition name: `prettyplease_debug`
[INFO] [stderr]    --> src/algorithm.rs:352:21
[INFO] [stderr]     |
[INFO] [stderr] 352 |             if cfg!(prettyplease_debug) {
[INFO] [stderr]     |                     ^^^^^^^^^^^^^^^^^^
[INFO] [stderr]     |
[INFO] [stderr]     = help: consider using a Cargo feature instead
[INFO] [stderr]     = help: or consider adding in `Cargo.toml` the `check-cfg` lint config for the lint:
[INFO] [stderr]              [lints.rust]
[INFO] [stderr]              unexpected_cfgs = { level = "warn", check-cfg = ['cfg(prettyplease_debug)'] }
[INFO] [stderr]     = help: or consider adding `println!("cargo::rustc-check-cfg=cfg(prettyplease_debug)");` to the top of the `build.rs`
[INFO] [stderr]     = note: see <https://doc.rust-lang.org/nightly/rustc/check-cfg/cargo-specifics.html> for more information about checking conditional configuration
[INFO] [stderr] 
[INFO] [stderr] warning: unexpected `cfg` condition name: `prettyplease_debug`
[INFO] [stderr]    --> src/algorithm.rs:359:21
[INFO] [stderr]     |
[INFO] [stderr] 359 |             if cfg!(prettyplease_debug) {
[INFO] [stderr]     |                     ^^^^^^^^^^^^^^^^^^
[INFO] [stderr]     |
[INFO] [stderr]     = help: consider using a Cargo feature instead
[INFO] [stderr]     = help: or consider adding in `Cargo.toml` the `check-cfg` lint config for the lint:
[INFO] [stderr]              [lints.rust]
[INFO] [stderr]              unexpected_cfgs = { level = "warn", check-cfg = ['cfg(prettyplease_debug)'] }
[INFO] [stderr]     = help: or consider adding `println!("cargo::rustc-check-cfg=cfg(prettyplease_debug)");` to the top of the `build.rs`
[INFO] [stderr]     = note: see <https://doc.rust-lang.org/nightly/rustc/check-cfg/cargo-specifics.html> for more information about checking conditional configuration
[INFO] [stderr] 
[INFO] [stderr] warning: `debug3` (lib) generated 5 warnings
[INFO] [stderr] warning: `debug3` (lib test) generated 5 warnings (5 duplicates)
[INFO] [stderr] warning: unexpected `cfg` condition value: `rustdoc_types`
[INFO] [stderr]  --> tests/it/rustdoc_types.rs:1:8
[INFO] [stderr]   |
[INFO] [stderr] 1 | #![cfg(feature = "rustdoc_types")]
[INFO] [stderr]   |        ^^^^^^^^^^---------------
[INFO] [stderr]   |                  |
[INFO] [stderr]   |                  help: there is a expected value with a similar name: `"rustdoc-types"`
[INFO] [stderr]   |
[INFO] [stderr]   = note: expected values for `feature` are: `aws-sdk-ec2`, `aws-smithy-types`, `bytes`, `cid`, `dashmap`, `hashbrown`, `kdl`, `libipld-core`, `miette`, `proc-macro2`, `pulldown-cmark`, `rustdoc-types`, `serde_json`, `smallvec`, `syn`, and `ungrammar`
[INFO] [stderr]   = help: consider adding `rustdoc_types` as a feature in `Cargo.toml`
[INFO] [stderr]   = note: see <https://doc.rust-lang.org/nightly/rustc/check-cfg/cargo-specifics.html> for more information about checking conditional configuration
[INFO] [stderr]   = note: `#[warn(unexpected_cfgs)]` on by default
[INFO] [stderr] 
[INFO] [stderr] warning: non-local `impl` definition, `impl` blocks should be written at the same level as their item
[INFO] [stderr]  --> tests/it/algo.rs:5:14
[INFO] [stderr]   |
[INFO] [stderr] 5 |     #[derive(Debug)]
[INFO] [stderr]   |              ^----
[INFO] [stderr]   |              |
[INFO] [stderr]   |              `Debug` is not local
[INFO] [stderr]   |              move the `impl` block outside of this constant `_DERIVE_debug3_Debug_FOR_Basic` and up 2 bodies
[INFO] [stderr] 6 |     struct Basic {
[INFO] [stderr]   |            ----- `Basic` is not local
[INFO] [stderr]   |
[INFO] [stderr]   = note: the derive macro `Debug` defines the non-local `impl`, and may need to be changed
[INFO] [stderr]   = note: the derive macro `Debug` may come from an old version of the `debug3_derive` crate, try updating your dependency with `cargo update -p debug3_derive`
[INFO] [stderr]   = note: an `impl` is never scoped, even when it is nested inside an item, as it may impact type checking outside of that item, which can be the case if neither the trait or the self type are at the same nesting level as the `impl`
[INFO] [stderr]   = note: items in an anonymous const item (`const _: () = { ... }`) are treated as in the same scope as the anonymous const's declaration for the purpose of this lint
[INFO] [stderr]   = note: `#[warn(non_local_definitions)]` on by default
[INFO] [stderr]   = note: this warning originates in the derive macro `Debug` (in Nightly builds, run with -Z macro-backtrace for more info)
[INFO] [stderr] 
[INFO] [stderr] warning: non-local `impl` definition, `impl` blocks should be written at the same level as their item
[INFO] [stderr]   --> tests/it/algo.rs:34:14
[INFO] [stderr]    |
[INFO] [stderr] 34 |     #[derive(Debug)]
[INFO] [stderr]    |              ^----
[INFO] [stderr]    |              |
[INFO] [stderr]    |              `Debug` is not local
[INFO] [stderr]    |              move the `impl` block outside of this constant `_DERIVE_debug3_Debug_FOR_Empty` and up 2 bodies
[INFO] [stderr] 35 |     struct Empty {}
[INFO] [stderr]    |            ----- `Empty` is not local
[INFO] [stderr]    |
[INFO] [stderr]    = note: the derive macro `Debug` defines the non-local `impl`, and may need to be changed
[INFO] [stderr]    = note: the derive macro `Debug` may come from an old version of the `debug3_derive` crate, try updating your dependency with `cargo update -p debug3_derive`
[INFO] [stderr]    = note: an `impl` is never scoped, even when it is nested inside an item, as it may impact type checking outside of that item, which can be the case if neither the trait or the self type are at the same nesting level as the `impl`
[INFO] [stderr]    = note: items in an anonymous const item (`const _: () = { ... }`) are treated as in the same scope as the anonymous const's declaration for the purpose of this lint
[INFO] [stderr]    = note: this warning originates in the derive macro `Debug` (in Nightly builds, run with -Z macro-backtrace for more info)
[INFO] [stderr] 
[INFO] [stderr] warning: non-local `impl` definition, `impl` blocks should be written at the same level as their item
[INFO] [stderr]    --> tests/it/algo.rs:738:14
[INFO] [stderr]     |
[INFO] [stderr] 738 |     #[derive(Debug)]
[INFO] [stderr]     |              ^----
[INFO] [stderr]     |              |
[INFO] [stderr]     |              `Debug` is not local
[INFO] [stderr]     |              move the `impl` block outside of this constant `_DERIVE_debug3_Debug_FOR_Foo` and up 2 bodies
[INFO] [stderr] 739 |     enum Foo {
[INFO] [stderr]     |          --- `Foo` is not local
[INFO] [stderr]     |
[INFO] [stderr]     = note: the derive macro `Debug` defines the non-local `impl`, and may need to be changed
[INFO] [stderr]     = note: the derive macro `Debug` may come from an old version of the `debug3_derive` crate, try updating your dependency with `cargo update -p debug3_derive`
[INFO] [stderr]     = note: an `impl` is never scoped, even when it is nested inside an item, as it may impact type checking outside of that item, which can be the case if neither the trait or the self type are at the same nesting level as the `impl`
[INFO] [stderr]     = note: items in an anonymous const item (`const _: () = { ... }`) are treated as in the same scope as the anonymous const's declaration for the purpose of this lint
[INFO] [stderr]     = note: this warning originates in the derive macro `Debug` (in Nightly builds, run with -Z macro-backtrace for more info)
[INFO] [stderr] 
[INFO] [stderr] warning: non-local `impl` definition, `impl` blocks should be written at the same level as their item
[INFO] [stderr]  --> tests/it/derive.rs:5:10
[INFO] [stderr]   |
[INFO] [stderr] 5 | #[derive(Debug)]
[INFO] [stderr]   |          ^----
[INFO] [stderr]   |          |
[INFO] [stderr]   |          `Debug` is not local
[INFO] [stderr]   |          move the `impl` block outside of this constant `_DERIVE_debug3_Debug_FOR_Unit`
[INFO] [stderr] 6 | struct Unit;
[INFO] [stderr]   |        ---- `Unit` is not local
[INFO] [stderr]   |
[INFO] [stderr]   = note: the derive macro `Debug` defines the non-local `impl`, and may need to be changed
[INFO] [stderr]   = note: the derive macro `Debug` may come from an old version of the `debug3_derive` crate, try updating your dependency with `cargo update -p debug3_derive`
[INFO] [stderr]   = note: an `impl` is never scoped, even when it is nested inside an item, as it may impact type checking outside of that item, which can be the case if neither the trait or the self type are at the same nesting level as the `impl`
[INFO] [stderr]   = note: items in an anonymous const item (`const _: () = { ... }`) are treated as in the same scope as the anonymous const's declaration for the purpose of this lint
[INFO] [stderr]   = note: this warning originates in the derive macro `Debug` (in Nightly builds, run with -Z macro-backtrace for more info)
[INFO] [stderr] 
[INFO] [stderr] warning: non-local `impl` definition, `impl` blocks should be written at the same level as their item
[INFO] [stderr]  --> tests/it/derive.rs:8:10
[INFO] [stderr]   |
[INFO] [stderr] 8 | #[derive(Debug)]
[INFO] [stderr]   |          ^----
[INFO] [stderr]   |          |
[INFO] [stderr]   |          `Debug` is not local
[INFO] [stderr]   |          move the `impl` block outside of this constant `_DERIVE_debug3_Debug_FOR_Tuple`
[INFO] [stderr] 9 | struct Tuple(isize, usize);
[INFO] [stderr]   |        ----- `Tuple` is not local
[INFO] [stderr]   |
[INFO] [stderr]   = note: the derive macro `Debug` defines the non-local `impl`, and may need to be changed
[INFO] [stderr]   = note: the derive macro `Debug` may come from an old version of the `debug3_derive` crate, try updating your dependency with `cargo update -p debug3_derive`
[INFO] [stderr]   = note: an `impl` is never scoped, even when it is nested inside an item, as it may impact type checking outside of that item, which can be the case if neither the trait or the self type are at the same nesting level as the `impl`
[INFO] [stderr]   = note: items in an anonymous const item (`const _: () = { ... }`) are treated as in the same scope as the anonymous const's declaration for the purpose of this lint
[INFO] [stderr]   = note: this warning originates in the derive macro `Debug` (in Nightly builds, run with -Z macro-backtrace for more info)
[INFO] [stderr] 
[INFO] [stderr] warning: non-local `impl` definition, `impl` blocks should be written at the same level as their item
[INFO] [stderr]   --> tests/it/derive.rs:11:10
[INFO] [stderr]    |
[INFO] [stderr] 11 | #[derive(Debug)]
[INFO] [stderr]    |          ^----
[INFO] [stderr]    |          |
[INFO] [stderr]    |          `Debug` is not local
[INFO] [stderr]    |          move the `impl` block outside of this constant `_DERIVE_debug3_Debug_FOR_Struct`
[INFO] [stderr] 12 | struct Struct {
[INFO] [stderr]    |        ------ `Struct` is not local
[INFO] [stderr]    |
[INFO] [stderr]    = note: the derive macro `Debug` defines the non-local `impl`, and may need to be changed
[INFO] [stderr]    = note: the derive macro `Debug` may come from an old version of the `debug3_derive` crate, try updating your dependency with `cargo update -p debug3_derive`
[INFO] [stderr]    = note: an `impl` is never scoped, even when it is nested inside an item, as it may impact type checking outside of that item, which can be the case if neither the trait or the self type are at the same nesting level as the `impl`
[INFO] [stderr]    = note: items in an anonymous const item (`const _: () = { ... }`) are treated as in the same scope as the anonymous const's declaration for the purpose of this lint
[INFO] [stderr]    = note: this warning originates in the derive macro `Debug` (in Nightly builds, run with -Z macro-backtrace for more info)
[INFO] [stderr] 
[INFO] [stderr] warning: non-local `impl` definition, `impl` blocks should be written at the same level as their item
[INFO] [stderr]   --> tests/it/derive.rs:17:10
[INFO] [stderr]    |
[INFO] [stderr] 17 | #[derive(Debug)]
[INFO] [stderr]    |          ^----
[INFO] [stderr]    |          |
[INFO] [stderr]    |          `Debug` is not local
[INFO] [stderr]    |          move the `impl` block outside of this constant `_DERIVE_debug3_Debug_FOR_Enum`
[INFO] [stderr] 18 | enum Enum {
[INFO] [stderr]    |      ---- `Enum` is not local
[INFO] [stderr]    |
[INFO] [stderr]    = note: the derive macro `Debug` defines the non-local `impl`, and may need to be changed
[INFO] [stderr]    = note: the derive macro `Debug` may come from an old version of the `debug3_derive` crate, try updating your dependency with `cargo update -p debug3_derive`
[INFO] [stderr]    = note: an `impl` is never scoped, even when it is nested inside an item, as it may impact type checking outside of that item, which can be the case if neither the trait or the self type are at the same nesting level as the `impl`
[INFO] [stderr]    = note: items in an anonymous const item (`const _: () = { ... }`) are treated as in the same scope as the anonymous const's declaration for the purpose of this lint
[INFO] [stderr]    = note: this warning originates in the derive macro `Debug` (in Nightly builds, run with -Z macro-backtrace for more info)
[INFO] [stderr] 
[INFO] [stderr] warning: non-local `impl` definition, `impl` blocks should be written at the same level as their item
[INFO] [stderr]   --> tests/it/derive.rs:24:10
[INFO] [stderr]    |
[INFO] [stderr] 24 | #[derive(Debug)]
[INFO] [stderr]    |          ^----
[INFO] [stderr]    |          |
[INFO] [stderr]    |          `Debug` is not local
[INFO] [stderr]    |          move the `impl` block outside of this constant `_DERIVE_debug3_Debug_FOR_Pointers`
[INFO] [stderr] 25 | struct Pointers(*const dyn Send, *mut dyn Sync);
[INFO] [stderr]    |        -------- `Pointers` is not local
[INFO] [stderr]    |
[INFO] [stderr]    = note: the derive macro `Debug` defines the non-local `impl`, and may need to be changed
[INFO] [stderr]    = note: the derive macro `Debug` may come from an old version of the `debug3_derive` crate, try updating your dependency with `cargo update -p debug3_derive`
[INFO] [stderr]    = note: an `impl` is never scoped, even when it is nested inside an item, as it may impact type checking outside of that item, which can be the case if neither the trait or the self type are at the same nesting level as the `impl`
[INFO] [stderr]    = note: items in an anonymous const item (`const _: () = { ... }`) are treated as in the same scope as the anonymous const's declaration for the purpose of this lint
[INFO] [stderr]    = note: this warning originates in the derive macro `Debug` (in Nightly builds, run with -Z macro-backtrace for more info)
[INFO] [stderr] 
[INFO] [stderr] warning: non-local `impl` definition, `impl` blocks should be written at the same level as their item
[INFO] [stderr]   --> tests/it/derive.rs:49:10
[INFO] [stderr]    |
[INFO] [stderr] 49 | #[derive(Debug)]
[INFO] [stderr]    |          ^----
[INFO] [stderr]    |          |
[INFO] [stderr]    |          `Debug` is not local
[INFO] [stderr]    |          move the `impl` block outside of this constant `_DERIVE_debug3_Debug_FOR_A`
[INFO] [stderr] 50 | enum A {}
[INFO] [stderr]    |      - `A` is not local
[INFO] [stderr]    |
[INFO] [stderr]    = note: the derive macro `Debug` defines the non-local `impl`, and may need to be changed
[INFO] [stderr]    = note: the derive macro `Debug` may come from an old version of the `debug3_derive` crate, try updating your dependency with `cargo update -p debug3_derive`
[INFO] [stderr]    = note: an `impl` is never scoped, even when it is nested inside an item, as it may impact type checking outside of that item, which can be the case if neither the trait or the self type are at the same nesting level as the `impl`
[INFO] [stderr]    = note: items in an anonymous const item (`const _: () = { ... }`) are treated as in the same scope as the anonymous const's declaration for the purpose of this lint
[INFO] [stderr]    = note: this warning originates in the derive macro `Debug` (in Nightly builds, run with -Z macro-backtrace for more info)
[INFO] [stderr] 
[INFO] [stderr] warning: non-local `impl` definition, `impl` blocks should be written at the same level as their item
[INFO] [stderr]   --> tests/it/derive.rs:52:10
[INFO] [stderr]    |
[INFO] [stderr] 52 | #[derive(Debug)]
[INFO] [stderr]    |          ^----
[INFO] [stderr]    |          |
[INFO] [stderr]    |          `Debug` is not local
[INFO] [stderr]    |          move the `impl` block outside of this constant `_DERIVE_debug3_Debug_FOR_B`
[INFO] [stderr] 53 | enum B {
[INFO] [stderr]    |      - `B` is not local
[INFO] [stderr]    |
[INFO] [stderr]    = note: the derive macro `Debug` defines the non-local `impl`, and may need to be changed
[INFO] [stderr]    = note: the derive macro `Debug` may come from an old version of the `debug3_derive` crate, try updating your dependency with `cargo update -p debug3_derive`
[INFO] [stderr]    = note: an `impl` is never scoped, even when it is nested inside an item, as it may impact type checking outside of that item, which can be the case if neither the trait or the self type are at the same nesting level as the `impl`
[INFO] [stderr]    = note: items in an anonymous const item (`const _: () = { ... }`) are treated as in the same scope as the anonymous const's declaration for the purpose of this lint
[INFO] [stderr]    = note: this warning originates in the derive macro `Debug` (in Nightly builds, run with -Z macro-backtrace for more info)
[INFO] [stderr] 
[INFO] [stderr] warning: non-local `impl` definition, `impl` blocks should be written at the same level as their item
[INFO] [stderr]   --> tests/it/derive.rs:58:10
[INFO] [stderr]    |
[INFO] [stderr] 58 | #[derive(Debug)]
[INFO] [stderr]    |          ^----
[INFO] [stderr]    |          |
[INFO] [stderr]    |          `Debug` is not local
[INFO] [stderr]    |          move the `impl` block outside of this constant `_DERIVE_debug3_Debug_FOR_C`
[INFO] [stderr] 59 | enum C {
[INFO] [stderr]    |      - `C` is not local
[INFO] [stderr]    |
[INFO] [stderr]    = note: the derive macro `Debug` defines the non-local `impl`, and may need to be changed
[INFO] [stderr]    = note: the derive macro `Debug` may come from an old version of the `debug3_derive` crate, try updating your dependency with `cargo update -p debug3_derive`
[INFO] [stderr]    = note: an `impl` is never scoped, even when it is nested inside an item, as it may impact type checking outside of that item, which can be the case if neither the trait or the self type are at the same nesting level as the `impl`
[INFO] [stderr]    = note: items in an anonymous const item (`const _: () = { ... }`) are treated as in the same scope as the anonymous const's declaration for the purpose of this lint
[INFO] [stderr]    = note: this warning originates in the derive macro `Debug` (in Nightly builds, run with -Z macro-backtrace for more info)
[INFO] [stderr] 
[INFO] [stderr] warning: non-local `impl` definition, `impl` blocks should be written at the same level as their item
[INFO] [stderr]   --> tests/it/derive.rs:64:10
[INFO] [stderr]    |
[INFO] [stderr] 64 | #[derive(Debug)]
[INFO] [stderr]    |          ^----
[INFO] [stderr]    |          |
[INFO] [stderr]    |          `Debug` is not local
[INFO] [stderr]    |          move the `impl` block outside of this constant `_DERIVE_debug3_Debug_FOR_D`
[INFO] [stderr] 65 | enum D {
[INFO] [stderr]    |      - `D` is not local
[INFO] [stderr]    |
[INFO] [stderr]    = note: the derive macro `Debug` defines the non-local `impl`, and may need to be changed
[INFO] [stderr]    = note: the derive macro `Debug` may come from an old version of the `debug3_derive` crate, try updating your dependency with `cargo update -p debug3_derive`
[INFO] [stderr]    = note: an `impl` is never scoped, even when it is nested inside an item, as it may impact type checking outside of that item, which can be the case if neither the trait or the self type are at the same nesting level as the `impl`
[INFO] [stderr]    = note: items in an anonymous const item (`const _: () = { ... }`) are treated as in the same scope as the anonymous const's declaration for the purpose of this lint
[INFO] [stderr]    = note: this warning originates in the derive macro `Debug` (in Nightly builds, run with -Z macro-backtrace for more info)
[INFO] [stderr] 
[INFO] [stderr] warning: non-local `impl` definition, `impl` blocks should be written at the same level as their item
[INFO] [stderr]   --> tests/it/derive.rs:68:10
[INFO] [stderr]    |
[INFO] [stderr] 68 | #[derive(Debug)]
[INFO] [stderr]    |          ^----
[INFO] [stderr]    |          |
[INFO] [stderr]    |          `Debug` is not local
[INFO] [stderr]    |          move the `impl` block outside of this constant `_DERIVE_debug3_Debug_FOR_E`
[INFO] [stderr] 69 | struct E;
[INFO] [stderr]    |        - `E` is not local
[INFO] [stderr]    |
[INFO] [stderr]    = note: the derive macro `Debug` defines the non-local `impl`, and may need to be changed
[INFO] [stderr]    = note: the derive macro `Debug` may come from an old version of the `debug3_derive` crate, try updating your dependency with `cargo update -p debug3_derive`
[INFO] [stderr]    = note: an `impl` is never scoped, even when it is nested inside an item, as it may impact type checking outside of that item, which can be the case if neither the trait or the self type are at the same nesting level as the `impl`
[INFO] [stderr]    = note: items in an anonymous const item (`const _: () = { ... }`) are treated as in the same scope as the anonymous const's declaration for the purpose of this lint
[INFO] [stderr]    = note: this warning originates in the derive macro `Debug` (in Nightly builds, run with -Z macro-backtrace for more info)
[INFO] [stderr] 
[INFO] [stderr] warning: non-local `impl` definition, `impl` blocks should be written at the same level as their item
[INFO] [stderr]   --> tests/it/derive.rs:70:10
[INFO] [stderr]    |
[INFO] [stderr] 70 | #[derive(Debug)]
[INFO] [stderr]    |          ^----
[INFO] [stderr]    |          |
[INFO] [stderr]    |          `Debug` is not local
[INFO] [stderr]    |          move the `impl` block outside of this constant `_DERIVE_debug3_Debug_FOR_F`
[INFO] [stderr] 71 | struct F(isize);
[INFO] [stderr]    |        - `F` is not local
[INFO] [stderr]    |
[INFO] [stderr]    = note: the derive macro `Debug` defines the non-local `impl`, and may need to be changed
[INFO] [stderr]    = note: the derive macro `Debug` may come from an old version of the `debug3_derive` crate, try updating your dependency with `cargo update -p debug3_derive`
[INFO] [stderr]    = note: an `impl` is never scoped, even when it is nested inside an item, as it may impact type checking outside of that item, which can be the case if neither the trait or the self type are at the same nesting level as the `impl`
[INFO] [stderr]    = note: items in an anonymous const item (`const _: () = { ... }`) are treated as in the same scope as the anonymous const's declaration for the purpose of this lint
[INFO] [stderr]    = note: this warning originates in the derive macro `Debug` (in Nightly builds, run with -Z macro-backtrace for more info)
[INFO] [stderr] 
[INFO] [stderr] warning: non-local `impl` definition, `impl` blocks should be written at the same level as their item
[INFO] [stderr]   --> tests/it/derive.rs:72:10
[INFO] [stderr]    |
[INFO] [stderr] 72 | #[derive(Debug)]
[INFO] [stderr]    |          ^----
[INFO] [stderr]    |          |
[INFO] [stderr]    |          `Debug` is not local
[INFO] [stderr]    |          move the `impl` block outside of this constant `_DERIVE_debug3_Debug_FOR_G`
[INFO] [stderr] 73 | struct G(isize, isize);
[INFO] [stderr]    |        - `G` is not local
[INFO] [stderr]    |
[INFO] [stderr]    = note: the derive macro `Debug` defines the non-local `impl`, and may need to be changed
[INFO] [stderr]    = note: the derive macro `Debug` may come from an old version of the `debug3_derive` crate, try updating your dependency with `cargo update -p debug3_derive`
[INFO] [stderr]    = note: an `impl` is never scoped, even when it is nested inside an item, as it may impact type checking outside of that item, which can be the case if neither the trait or the self type are at the same nesting level as the `impl`
[INFO] [stderr]    = note: items in an anonymous const item (`const _: () = { ... }`) are treated as in the same scope as the anonymous const's declaration for the purpose of this lint
[INFO] [stderr]    = note: this warning originates in the derive macro `Debug` (in Nightly builds, run with -Z macro-backtrace for more info)
[INFO] [stderr] 
[INFO] [stderr] warning: non-local `impl` definition, `impl` blocks should be written at the same level as their item
[INFO] [stderr]   --> tests/it/derive.rs:74:10
[INFO] [stderr]    |
[INFO] [stderr] 74 | #[derive(Debug)]
[INFO] [stderr]    |          ^----
[INFO] [stderr]    |          |
[INFO] [stderr]    |          `Debug` is not local
[INFO] [stderr]    |          move the `impl` block outside of this constant `_DERIVE_debug3_Debug_FOR_H`
[INFO] [stderr] 75 | struct H {
[INFO] [stderr]    |        - `H` is not local
[INFO] [stderr]    |
[INFO] [stderr]    = note: the derive macro `Debug` defines the non-local `impl`, and may need to be changed
[INFO] [stderr]    = note: the derive macro `Debug` may come from an old version of the `debug3_derive` crate, try updating your dependency with `cargo update -p debug3_derive`
[INFO] [stderr]    = note: an `impl` is never scoped, even when it is nested inside an item, as it may impact type checking outside of that item, which can be the case if neither the trait or the self type are at the same nesting level as the `impl`
[INFO] [stderr]    = note: items in an anonymous const item (`const _: () = { ... }`) are treated as in the same scope as the anonymous const's declaration for the purpose of this lint
[INFO] [stderr]    = note: this warning originates in the derive macro `Debug` (in Nightly builds, run with -Z macro-backtrace for more info)
[INFO] [stderr] 
[INFO] [stderr] warning: non-local `impl` definition, `impl` blocks should be written at the same level as their item
[INFO] [stderr]   --> tests/it/derive.rs:78:10
[INFO] [stderr]    |
[INFO] [stderr] 78 | #[derive(Debug)]
[INFO] [stderr]    |          ^----
[INFO] [stderr]    |          |
[INFO] [stderr]    |          `Debug` is not local
[INFO] [stderr]    |          move the `impl` block outside of this constant `_DERIVE_debug3_Debug_FOR_I`
[INFO] [stderr] 79 | struct I {
[INFO] [stderr]    |        - `I` is not local
[INFO] [stderr]    |
[INFO] [stderr]    = note: the derive macro `Debug` defines the non-local `impl`, and may need to be changed
[INFO] [stderr]    = note: the derive macro `Debug` may come from an old version of the `debug3_derive` crate, try updating your dependency with `cargo update -p debug3_derive`
[INFO] [stderr]    = note: an `impl` is never scoped, even when it is nested inside an item, as it may impact type checking outside of that item, which can be the case if neither the trait or the self type are at the same nesting level as the `impl`
[INFO] [stderr]    = note: items in an anonymous const item (`const _: () = { ... }`) are treated as in the same scope as the anonymous const's declaration for the purpose of this lint
[INFO] [stderr]    = note: this warning originates in the derive macro `Debug` (in Nightly builds, run with -Z macro-backtrace for more info)
[INFO] [stderr] 
[INFO] [stderr] warning: non-local `impl` definition, `impl` blocks should be written at the same level as their item
[INFO] [stderr]   --> tests/it/derive.rs:83:10
[INFO] [stderr]    |
[INFO] [stderr] 83 | #[derive(Debug)]
[INFO] [stderr]    |          ^----
[INFO] [stderr]    |          |
[INFO] [stderr]    |          `Debug` is not local
[INFO] [stderr]    |          move the `impl` block outside of this constant `_DERIVE_debug3_Debug_FOR_J`
[INFO] [stderr] 84 | struct J(Custom);
[INFO] [stderr]    |        - `J` is not local
[INFO] [stderr]    |
[INFO] [stderr]    = note: the derive macro `Debug` defines the non-local `impl`, and may need to be changed
[INFO] [stderr]    = note: the derive macro `Debug` may come from an old version of the `debug3_derive` crate, try updating your dependency with `cargo update -p debug3_derive`
[INFO] [stderr]    = note: an `impl` is never scoped, even when it is nested inside an item, as it may impact type checking outside of that item, which can be the case if neither the trait or the self type are at the same nesting level as the `impl`
[INFO] [stderr]    = note: items in an anonymous const item (`const _: () = { ... }`) are treated as in the same scope as the anonymous const's declaration for the purpose of this lint
[INFO] [stderr]    = note: this warning originates in the derive macro `Debug` (in Nightly builds, run with -Z macro-backtrace for more info)
[INFO] [stderr] 
[INFO] [stderr] warning: non-local `impl` definition, `impl` blocks should be written at the same level as their item
[INFO] [stderr]   --> tests/it/motivating.rs:77:10
[INFO] [stderr]    |
[INFO] [stderr] 77 | #[derive(Debug)]
[INFO] [stderr]    |          ^----
[INFO] [stderr]    |          |
[INFO] [stderr]    |          `Debug` is not local
[INFO] [stderr]    |          move the `impl` block outside of this constant `_DERIVE_debug3_Debug_FOR_Instr`
[INFO] [stderr] 78 | enum Instr {
[INFO] [stderr]    |      ----- `Instr` is not local
[INFO] [stderr]    |
[INFO] [stderr]    = note: the derive macro `Debug` defines the non-local `impl`, and may need to be changed
[INFO] [stderr]    = note: the derive macro `Debug` may come from an old version of the `debug3_derive` crate, try updating your dependency with `cargo update -p debug3_derive`
[INFO] [stderr]    = note: an `impl` is never scoped, even when it is nested inside an item, as it may impact type checking outside of that item, which can be the case if neither the trait or the self type are at the same nesting level as the `impl`
[INFO] [stderr]    = note: items in an anonymous const item (`const _: () = { ... }`) are treated as in the same scope as the anonymous const's declaration for the purpose of this lint
[INFO] [stderr]    = note: this warning originates in the derive macro `Debug` (in Nightly builds, run with -Z macro-backtrace for more info)
[INFO] [stderr] 
[INFO] [stderr] warning: non-local `impl` definition, `impl` blocks should be written at the same level as their item
[INFO] [stderr]   --> tests/it/motivating.rs:84:10
[INFO] [stderr]    |
[INFO] [stderr] 84 | #[derive(Debug)]
[INFO] [stderr]    |          ^----
[INFO] [stderr]    |          |
[INFO] [stderr]    |          `Debug` is not local
[INFO] [stderr]    |          move the `impl` block outside of this constant `_DERIVE_debug3_Debug_FOR_BinOp`
[INFO] [stderr] 85 | enum BinOp {
[INFO] [stderr]    |      ----- `BinOp` is not local
[INFO] [stderr]    |
[INFO] [stderr]    = note: the derive macro `Debug` defines the non-local `impl`, and may need to be changed
[INFO] [stderr]    = note: the derive macro `Debug` may come from an old version of the `debug3_derive` crate, try updating your dependency with `cargo update -p debug3_derive`
[INFO] [stderr]    = note: an `impl` is never scoped, even when it is nested inside an item, as it may impact type checking outside of that item, which can be the case if neither the trait or the self type are at the same nesting level as the `impl`
[INFO] [stderr]    = note: items in an anonymous const item (`const _: () = { ... }`) are treated as in the same scope as the anonymous const's declaration for the purpose of this lint
[INFO] [stderr]    = note: this warning originates in the derive macro `Debug` (in Nightly builds, run with -Z macro-backtrace for more info)
[INFO] [stderr] 
[INFO] [stderr] warning: non-local `impl` definition, `impl` blocks should be written at the same level as their item
[INFO] [stderr]   --> tests/it/motivating.rs:92:10
[INFO] [stderr]    |
[INFO] [stderr] 92 | #[derive(Debug)]
[INFO] [stderr]    |          ^----
[INFO] [stderr]    |          |
[INFO] [stderr]    |          `Debug` is not local
[INFO] [stderr]    |          move the `impl` block outside of this constant `_DERIVE_debug3_Debug_FOR_UnOp`
[INFO] [stderr] 93 | enum UnOp {
[INFO] [stderr]    |      ---- `UnOp` is not local
[INFO] [stderr]    |
[INFO] [stderr]    = note: the derive macro `Debug` defines the non-local `impl`, and may need to be changed
[INFO] [stderr]    = note: the derive macro `Debug` may come from an old version of the `debug3_derive` crate, try updating your dependency with `cargo update -p debug3_derive`
[INFO] [stderr]    = note: an `impl` is never scoped, even when it is nested inside an item, as it may impact type checking outside of that item, which can be the case if neither the trait or the self type are at the same nesting level as the `impl`
[INFO] [stderr]    = note: items in an anonymous const item (`const _: () = { ... }`) are treated as in the same scope as the anonymous const's declaration for the purpose of this lint
[INFO] [stderr]    = note: this warning originates in the derive macro `Debug` (in Nightly builds, run with -Z macro-backtrace for more info)
[INFO] [stderr] 
[INFO] [stderr] warning: non-local `impl` definition, `impl` blocks should be written at the same level as their item
[INFO] [stderr]    --> tests/it/motivating.rs:142:10
[INFO] [stderr]     |
[INFO] [stderr] 142 | #[derive(Debug)]
[INFO] [stderr]     |          ^----
[INFO] [stderr]     |          |
[INFO] [stderr]     |          `Debug` is not local
[INFO] [stderr]     |          move the `impl` block outside of this constant `_DERIVE_debug3_Debug_FOR_LinkedList`
[INFO] [stderr] 143 | enum LinkedList<T> {
[INFO] [stderr]     |      ---------- `LinkedList` is not local
[INFO] [stderr]     |
[INFO] [stderr]     = note: the derive macro `Debug` defines the non-local `impl`, and may need to be changed
[INFO] [stderr]     = note: the derive macro `Debug` may come from an old version of the `debug3_derive` crate, try updating your dependency with `cargo update -p debug3_derive`
[INFO] [stderr]     = note: an `impl` is never scoped, even when it is nested inside an item, as it may impact type checking outside of that item, which can be the case if neither the trait or the self type are at the same nesting level as the `impl`
[INFO] [stderr]     = note: items in an anonymous const item (`const _: () = { ... }`) are treated as in the same scope as the anonymous const's declaration for the purpose of this lint
[INFO] [stderr]     = note: this warning originates in the derive macro `Debug` (in Nightly builds, run with -Z macro-backtrace for more info)
[INFO] [stderr] 
[INFO] [stderr] warning: non-local `impl` definition, `impl` blocks should be written at the same level as their item
[INFO] [stderr]   --> tests/it/std.rs:54:10
[INFO] [stderr]    |
[INFO] [stderr] 54 | #[derive(Debug)]
[INFO] [stderr]    |          ^----
[INFO] [stderr]    |          |
[INFO] [stderr]    |          `Debug` is not local
[INFO] [stderr]    |          move the `impl` block outside of this constant `_DERIVE_debug3_Debug_FOR_Ref`
[INFO] [stderr] 55 | struct Ref<'a, T: ?Sized> {
[INFO] [stderr]    |        --- `Ref` is not local
[INFO] [stderr]    |
[INFO] [stderr]    = note: the derive macro `Debug` defines the non-local `impl`, and may need to be changed
[INFO] [stderr]    = note: the derive macro `Debug` may come from an old version of the `debug3_derive` crate, try updating your dependency with `cargo update -p debug3_derive`
[INFO] [stderr]    = note: an `impl` is never scoped, even when it is nested inside an item, as it may impact type checking outside of that item, which can be the case if neither the trait or the self type are at the same nesting level as the `impl`
[INFO] [stderr]    = note: items in an anonymous const item (`const _: () = { ... }`) are treated as in the same scope as the anonymous const's declaration for the purpose of this lint
[INFO] [stderr]    = note: this warning originates in the derive macro `Debug` (in Nightly builds, run with -Z macro-backtrace for more info)
[INFO] [stderr] 
[INFO] [stderr] warning: non-local `impl` definition, `impl` blocks should be written at the same level as their item
[INFO] [stderr]  --> examples/derive.rs:1:10
[INFO] [stderr]   |
[INFO] [stderr] 1 | #[derive(debug3::Debug)]
[INFO] [stderr]   |          ^------------
[INFO] [stderr]   |          |
[INFO] [stderr]   |          `Debug` is not local
[INFO] [stderr]   |          move the `impl` block outside of this constant `_DERIVE_debug3_Debug_FOR_Foo`
[INFO] [stderr] 2 | struct Foo {
[INFO] [stderr]   |        --- `Foo` is not local
[INFO] [stderr]   |
[INFO] [stderr]   = note: the derive macro `debug3::Debug` defines the non-local `impl`, and may need to be changed
[INFO] [stderr]   = note: the derive macro `debug3::Debug` may come from an old version of the `debug3_derive` crate, try updating your dependency with `cargo update -p debug3_derive`
[INFO] [stderr]   = note: an `impl` is never scoped, even when it is nested inside an item, as it may impact type checking outside of that item, which can be the case if neither the trait or the self type are at the same nesting level as the `impl`
[INFO] [stderr]   = note: items in an anonymous const item (`const _: () = { ... }`) are treated as in the same scope as the anonymous const's declaration for the purpose of this lint
[INFO] [stderr]   = note: `#[warn(non_local_definitions)]` on by default
[INFO] [stderr]   = note: this warning originates in the derive macro `debug3::Debug` (in Nightly builds, run with -Z macro-backtrace for more info)
[INFO] [stderr] 
[INFO] [stderr] warning: `debug3` (test "it") generated 24 warnings
[INFO] [stderr] warning: `debug3` (example "derive") generated 1 warning
[INFO] [stderr]     Finished `test` profile [unoptimized + debuginfo] target(s) in 0.11s
[INFO] [stderr]      Running unittests src/lib.rs (/opt/rustwide/target/debug/deps/debug3-2063c2860b01d529)
[INFO] [stdout] 
[INFO] [stdout] running 0 tests
[INFO] [stdout] 
[INFO] [stdout] test result: ok. 0 passed; 0 failed; 0 ignored; 0 measured; 0 filtered out; finished in 0.00s
[INFO] [stdout] 
[INFO] [stderr]      Running tests/it/main.rs (/opt/rustwide/target/debug/deps/it-81233372846300ae)
[INFO] [stdout] 
[INFO] [stdout] running 81 tests
[INFO] [stdout] test algo::big_map ... ok
[INFO] [stdout] test algo::debug_list::test_empty ... ok
[INFO] [stdout] test algo::debug_list::test_nested ... ok
[INFO] [stdout] test algo::debug_list::test_single ... ok
[INFO] [stdout] test algo::debug_map::test_empty ... ok
[INFO] [stdout] test algo::debug_map::test_multiple ... ok
[INFO] [stdout] test algo::debug_map::test_nested ... ok
[INFO] [stdout] test algo::debug_map::test_single ... ok
[INFO] [stdout] test algo::debug_set::test_empty ... ok
[INFO] [stdout] test algo::debug_set::test_multiple ... ok
[INFO] [stdout] test algo::binary_typle ... ok
[INFO] [stdout] test algo::debug_list::test_multiple ... ok
[INFO] [stdout] test algo::debug_set::test_nested ... ok
[INFO] [stdout] test algo::debug_struct::test_empty ... ok
[INFO] [stdout] test algo::debug_struct::test_multiple ... ok
[INFO] [stdout] test algo::debug_struct::test_multiple_and_non_exhaustive ... ok
[INFO] [stdout] test algo::debug_struct::test_nested ... ok
[INFO] [stdout] test algo::debug_struct::test_nested_non_exhaustive ... ok
[INFO] [stdout] test algo::debug_struct::test_only_non_exhaustive ... ok
[INFO] [stdout] test algo::debug_struct::test_single ... ok
[INFO] [stdout] test algo::debug_tuple::test_empty ... ok
[INFO] [stdout] test algo::debug_tuple::test_multiple ... ok
[INFO] [stdout] test algo::debug_tuple::test_nested ... ok
[INFO] [stdout] test algo::debug_set::test_single ... ok
[INFO] [stdout] test algo::debug_tuple::test_single ... ok
[INFO] [stdout] test algo::empty_tuple ... ok
[INFO] [stdout] test algo::enum_many_ways ... ok
[INFO] [stdout] test algo::non_exaustive ... ok
[INFO] [stdout] test algo::tuple_break ... ok
[INFO] [stdout] test algo::unary_tuple ... ok
[INFO] [stdout] test algo::works ... ok
[INFO] [stdout] test builder::debug_list::test_multiple ... ok
[INFO] [stdout] test builder::debug_list::test_nested ... ok
[INFO] [stdout] test builder::debug_list::test_single ... ok
[INFO] [stdout] test builder::debug_map::test_empty ... ok
[INFO] [stdout] test algo::empty_struct ... ok
[INFO] [stdout] test algo::non_exaustive_empty ... ok
[INFO] [stdout] test algo::list_many ... ok
[INFO] [stdout] test builder::debug_list::test_empty ... ok
[INFO] [stdout] test builder::debug_map::test_nested ... ok
[INFO] [stdout] test builder::debug_map::test_multiple ... ok
[INFO] [stdout] test builder::debug_map::test_single ... ok
[INFO] [stdout] test builder::debug_named_list::test_empty ... ok
[INFO] [stdout] test builder::debug_named_list::test_multiple ... ok
[INFO] [stdout] test builder::debug_named_list::test_nested ... ok
[INFO] [stdout] test builder::debug_named_list::test_single ... ok
[INFO] [stdout] test builder::debug_set::test_empty ... ok
[INFO] [stdout] test builder::debug_set::test_multiple ... ok
[INFO] [stdout] test builder::debug_set::test_nested ... ok
[INFO] [stdout] test builder::debug_set::test_single ... ok
[INFO] [stdout] test builder::debug_struct::test_empty ... ok
[INFO] [stdout] test builder::debug_struct::test_multiple ... ok
[INFO] [stdout] test builder::debug_struct::test_multiple_and_non_exhaustive ... ok
[INFO] [stdout] test builder::debug_struct::test_nested ... ok
[INFO] [stdout] test builder::debug_struct::test_nested_non_exhaustive ... ok
[INFO] [stdout] test builder::debug_struct::test_only_non_exhaustive ... ok
[INFO] [stdout] test builder::debug_struct::test_single ... ok
[INFO] [stdout] test builder::debug_tuple::test_empty ... ok
[INFO] [stdout] test builder::debug_tuple::test_nested ... ok
[INFO] [stdout] test builder::debug_tuple::test_single ... ok
[INFO] [stdout] test derive::derive1 ... ok
[INFO] [stdout] test derive::derive2 ... ok
[INFO] [stdout] test fxhash::can_use_custom_hash_set ... ok
[INFO] [stdout] test fxhash::can_use_custom_map ... ok
[INFO] [stdout] test algo::debug_map::test_invalid_value_before_key - should panic ... ok
[INFO] [stdout] test algo::debug_map::test_invalid_key_when_entry_is_incomplete - should panic ... ok
[INFO] [stdout] test builder::debug_map::test_invalid_finish_incomplete_entry - should panic ... ok
[INFO] [stdout] test motivating::motivating ... ok
[INFO] [stdout] test motivating::quadratic_form ... ok
[INFO] [stdout] test builder::debug_map::test_invalid_value_before_key - should panic ... ok
[INFO] [stdout] test std::nonzero ... ok
[INFO] [stdout] test builder::debug_tuple::test_multiple ... ok
[INFO] [stdout] test std::range ... ok
[INFO] [stdout] test std::mutex ... ok
[INFO] [stdout] test std::range_big ... ok
[INFO] [stdout] test builder::debug_map::test_invalid_key_when_entry_is_incomplete - should panic ... ok
[INFO] [stdout] test std::refcell ... ok
[INFO] [stdout] test std::unsized_ref ... ok
[INFO] [stdout] test algo::debug_map::test_invalid_finish_incomplete_entry - should panic ... ok
[INFO] [stdout] test motivating::deeply_nested ... ok
[INFO] [stderr]    Compiling proc-macro2 v1.0.66
[INFO] [stderr]    Compiling unicode-ident v1.0.11
[INFO] [stderr]    Compiling unicode-xid v0.2.4
[INFO] [stderr]    Compiling serde v1.0.188
[INFO] [stderr]    Compiling rustversion v1.0.14
[INFO] [stderr]    Compiling serde_json v1.0.105
[INFO] [stderr]     Checking once_cell v1.18.0
[INFO] [stderr]     Checking dissimilar v1.0.7
[INFO] [stderr]     Checking byteorder v1.4.3
[INFO] [stderr]     Checking itoa v1.0.9
[INFO] [stderr]     Checking ryu v1.0.15
[INFO] [stderr]     Checking expect-test v1.4.1
[INFO] [stderr]     Checking fxhash v0.2.1
[INFO] [stderr]    Compiling quote v1.0.33
[INFO] [stderr]    Compiling syn v2.0.29
[INFO] [stderr]    Compiling synstructure v0.13.0
[INFO] [stderr]    Compiling debug3-derive v0.4.0
[INFO] [stderr]     Checking debug3 v0.4.1 (/opt/rustwide/workdir)
[INFO] [stderr] warning: unexpected `cfg` condition name: `prettyplease_debug`
[INFO] [stderr]    --> /opt/rustwide/workdir/src/algorithm.rs:298:17
[INFO] [stderr]     |
[INFO] [stderr] 298 |         if cfg!(prettyplease_debug) {
[INFO] [stderr]     |                 ^^^^^^^^^^^^^^^^^^
[INFO] [stderr]     |
[INFO] [stderr]     = help: expected names are: `clippy`, `debug_assertions`, `doc`, `docsrs`, `doctest`, `feature`, `fmt_debug`, `miri`, `overflow_checks`, `panic`, `proc_macro`, `relocation_model`, `rustfmt`, `sanitize`, `sanitizer_cfi_generalize_pointers`, `sanitizer_cfi_normalize_integers`, `target_abi`, `target_arch`, `target_endian`, `target_env`, `target_family`, `target_feature`, `target_has_atomic`, `target_has_atomic_equal_alignment`, `target_has_atomic_load_store`, `target_os`, `target_pointer_width`, `target_thread_local`, `target_vendor`, `test`, `ub_checks`, `unix`, and `windows`
[INFO] [stderr]     = help: consider using a Cargo feature instead
[INFO] [stderr]     = help: or consider adding in `Cargo.toml` the `check-cfg` lint config for the lint:
[INFO] [stderr]              [lints.rust]
[INFO] [stderr]              unexpected_cfgs = { level = "warn", check-cfg = ['cfg(prettyplease_debug)'] }
[INFO] [stderr]     = help: or consider adding `println!("cargo::rustc-check-cfg=cfg(prettyplease_debug)");` to the top of the `build.rs`
[INFO] [stderr]     = note: see <https://doc.rust-lang.org/nightly/rustc/check-cfg/cargo-specifics.html> for more information about checking conditional configuration
[INFO] [stderr]     = note: `#[warn(unexpected_cfgs)]` on by default
[INFO] [stderr] 
[INFO] [stderr] warning: unexpected `cfg` condition name: `prettyplease_debug_indent`
[INFO] [stderr]    --> /opt/rustwide/workdir/src/algorithm.rs:303:21
[INFO] [stderr]     |
[INFO] [stderr] 303 |             if cfg!(prettyplease_debug_indent) {
[INFO] [stderr]     |                     ^^^^^^^^^^^^^^^^^^^^^^^^^
[INFO] [stderr]     |
[INFO] [stderr]     = help: consider using a Cargo feature instead
[INFO] [stderr]     = help: or consider adding in `Cargo.toml` the `check-cfg` lint config for the lint:
[INFO] [stderr]              [lints.rust]
[INFO] [stderr]              unexpected_cfgs = { level = "warn", check-cfg = ['cfg(prettyplease_debug_indent)'] }
[INFO] [stderr]     = help: or consider adding `println!("cargo::rustc-check-cfg=cfg(prettyplease_debug_indent)");` to the top of the `build.rs`
[INFO] [stderr]     = note: see <https://doc.rust-lang.org/nightly/rustc/check-cfg/cargo-specifics.html> for more information about checking conditional configuration
[INFO] [stderr] 
[INFO] [stderr] warning: unexpected `cfg` condition name: `prettyplease_debug`
[INFO] [stderr]    --> /opt/rustwide/workdir/src/algorithm.rs:330:17
[INFO] [stderr]     |
[INFO] [stderr] 330 |         if cfg!(prettyplease_debug) {
[INFO] [stderr]     |                 ^^^^^^^^^^^^^^^^^^
[INFO] [stderr]     |
[INFO] [stderr]     = help: consider using a Cargo feature instead
[INFO] [stderr]     = help: or consider adding in `Cargo.toml` the `check-cfg` lint config for the lint:
[INFO] [stderr]              [lints.rust]
[INFO] [stderr]              unexpected_cfgs = { level = "warn", check-cfg = ['cfg(prettyplease_debug)'] }
[INFO] [stderr]     = help: or consider adding `println!("cargo::rustc-check-cfg=cfg(prettyplease_debug)");` to the top of the `build.rs`
[INFO] [stderr]     = note: see <https://doc.rust-lang.org/nightly/rustc/check-cfg/cargo-specifics.html> for more information about checking conditional configuration
[INFO] [stderr] 
[INFO] [stderr] warning: unexpected `cfg` condition name: `prettyplease_debug`
[INFO] [stderr]    --> /opt/rustwide/workdir/src/algorithm.rs:352:21
[INFO] [stderr]     |
[INFO] [stderr] 352 |             if cfg!(prettyplease_debug) {
[INFO] [stderr]     |                     ^^^^^^^^^^^^^^^^^^
[INFO] [stderr]     |
[INFO] [stderr]     = help: consider using a Cargo feature instead
[INFO] [stderr]     = help: or consider adding in `Cargo.toml` the `check-cfg` lint config for the lint:
[INFO] [stderr]              [lints.rust]
[INFO] [stderr]              unexpected_cfgs = { level = "warn", check-cfg = ['cfg(prettyplease_debug)'] }
[INFO] [stderr]     = help: or consider adding `println!("cargo::rustc-check-cfg=cfg(prettyplease_debug)");` to the top of the `build.rs`
[INFO] [stderr]     = note: see <https://doc.rust-lang.org/nightly/rustc/check-cfg/cargo-specifics.html> for more information about checking conditional configuration
[INFO] [stderr] 
[INFO] [stderr] warning: unexpected `cfg` condition name: `prettyplease_debug`
[INFO] [stderr]    --> /opt/rustwide/workdir/src/algorithm.rs:359:21
[INFO] [stderr]     |
[INFO] [stderr] 359 |             if cfg!(prettyplease_debug) {
[INFO] [stderr]     |                     ^^^^^^^^^^^^^^^^^^
[INFO] [stderr]     |
[INFO] [stderr]     = help: consider using a Cargo feature instead
[INFO] [stderr]     = help: or consider adding in `Cargo.toml` the `check-cfg` lint config for the lint:
[INFO] [stderr]              [lints.rust]
[INFO] [stderr]              unexpected_cfgs = { level = "warn", check-cfg = ['cfg(prettyplease_debug)'] }
[INFO] [stderr]     = help: or consider adding `println!("cargo::rustc-check-cfg=cfg(prettyplease_debug)");` to the top of the `build.rs`
[INFO] [stderr]     = note: see <https://doc.rust-lang.org/nightly/rustc/check-cfg/cargo-specifics.html> for more information about checking conditional configuration
[INFO] [stderr] 
[INFO] [stderr] warning: `debug3` (lib) generated 5 warnings
[INFO] [stderr]     Checking debug3-tests v0.0.0 (/opt/rustwide/target/tests/trybuild/debug3)
[INFO] [stderr]     Finished `dev` profile [unoptimized + debuginfo] target(s) in 6.66s
[INFO] [stderr] 
[INFO] [stderr] 
[INFO] [stderr] test tests/it/ui/debug_not_field.rs ... mismatch
[INFO] [stderr] 
[INFO] [stderr] EXPECTED:
[INFO] [stderr] ┈┈┈┈┈┈┈┈┈┈┈┈┈┈┈┈┈┈┈┈┈┈┈┈┈┈┈┈┈┈┈┈┈┈┈┈┈┈┈┈┈┈┈┈┈┈┈┈┈┈┈┈┈┈┈┈┈┈┈┈
[INFO] [stderr] error[E0277]: the trait bound `NoDebug: debug3::Debug` is not satisfied
[INFO] [stderr]  --> tests/it/ui/debug_not_field.rs:3:10
[INFO] [stderr]   |
[INFO] [stderr] 3 | #[derive(debug3::Debug)]
[INFO] [stderr]   |          ^^^^^^^^^^^^^ the trait `debug3::Debug` is not implemented for `NoDebug`
[INFO] [stderr]   |
[INFO] [stderr]   = help: the following other types implement trait `debug3::Debug`:
[INFO] [stderr]             bool
[INFO] [stderr]             char
[INFO] [stderr]             isize
[INFO] [stderr]             i8
[INFO] [stderr]             i16
[INFO] [stderr]             i32
[INFO] [stderr]             i64
[INFO] [stderr]             i128
[INFO] [stderr]           and $N others
[INFO] [stderr]   = note: required for the cast from `&NoDebug` to `&dyn debug3::Debug`
[INFO] [stderr]   = note: this error originates in the derive macro `debug3::Debug` (in Nightly builds, run with -Z macro-backtrace for more info)
[INFO] [stderr] ┈┈┈┈┈┈┈┈┈┈┈┈┈┈┈┈┈┈┈┈┈┈┈┈┈┈┈┈┈┈┈┈┈┈┈┈┈┈┈┈┈┈┈┈┈┈┈┈┈┈┈┈┈┈┈┈┈┈┈┈
[INFO] [stderr] 
[INFO] [stderr] ACTUAL OUTPUT:
[INFO] [stderr] ┈┈┈┈┈┈┈┈┈┈┈┈┈┈┈┈┈┈┈┈┈┈┈┈┈┈┈┈┈┈┈┈┈┈┈┈┈┈┈┈┈┈┈┈┈┈┈┈┈┈┈┈┈┈┈┈┈┈┈┈
[INFO] [stderr] error[E0277]: the trait bound `NoDebug: debug3::Debug` is not satisfied
[INFO] [stderr]  --> tests/it/ui/debug_not_field.rs:3:10
[INFO] [stderr]   |
[INFO] [stderr] 3 | #[derive(debug3::Debug)]
[INFO] [stderr]   |          ^^^^^^^^^^^^^ the trait `debug3::Debug` is not implemented for `NoDebug`
[INFO] [stderr]   |
[INFO] [stderr]   = help: the following other types implement trait `debug3::Debug`:
[INFO] [stderr]             &T
[INFO] [stderr]             &mut T
[INFO] [stderr]             ()
[INFO] [stderr]             (T0, T1, T2, T3, T4, T5, T6, T7, T8, T9, T10, T11)
[INFO] [stderr]             (T1, T2, T3, T4, T5, T6, T7, T8, T9, T10, T11)
[INFO] [stderr]             (T10, T11)
[INFO] [stderr]             (T11,)
[INFO] [stderr]             (T2, T3, T4, T5, T6, T7, T8, T9, T10, T11)
[INFO] [stderr]           and $N others
[INFO] [stderr]   = note: required for the cast from `&NoDebug` to `&dyn debug3::Debug`
[INFO] [stderr]   = note: this error originates in the derive macro `debug3::Debug` (in Nightly builds, run with -Z macro-backtrace for more info)
[INFO] [stderr] ┈┈┈┈┈┈┈┈┈┈┈┈┈┈┈┈┈┈┈┈┈┈┈┈┈┈┈┈┈┈┈┈┈┈┈┈┈┈┈┈┈┈┈┈┈┈┈┈┈┈┈┈┈┈┈┈┈┈┈┈
[INFO] [stderr] note: If the actual output is the correct output you can bless it by rerunning
[INFO] [stderr]       your test with the environment variable TRYBUILD=overwrite
[INFO] [stderr] 
[INFO] [stderr] test tests/it/ui/no_generic.rs ... mismatch
[INFO] [stderr] 
[INFO] [stderr] EXPECTED:
[INFO] [stderr] ┈┈┈┈┈┈┈┈┈┈┈┈┈┈┈┈┈┈┈┈┈┈┈┈┈┈┈┈┈┈┈┈┈┈┈┈┈┈┈┈┈┈┈┈┈┈┈┈┈┈┈┈┈┈┈┈┈┈┈┈
[INFO] [stderr] error[E0277]: the trait bound `NoDebug: debug3::Debug` is not satisfied
[INFO] [stderr]   --> tests/it/ui/no_generic.rs:16:12
[INFO] [stderr]    |
[INFO] [stderr] 13 |     pprint(Triple {
[INFO] [stderr]    |     ------ required by a bound introduced by this call
[INFO] [stderr] ...
[INFO] [stderr] 16 |         z: NoDebug,
[INFO] [stderr]    |            ^^^^^^^ the trait `debug3::Debug` is not implemented for `NoDebug`
[INFO] [stderr]    |
[INFO] [stderr]    = help: the following other types implement trait `debug3::Debug`:
[INFO] [stderr]              bool
[INFO] [stderr]              char
[INFO] [stderr]              isize
[INFO] [stderr]              i8
[INFO] [stderr]              i16
[INFO] [stderr]              i32
[INFO] [stderr]              i64
[INFO] [stderr]              i128
[INFO] [stderr]            and $N others
[INFO] [stderr] note: required for `Triple<u8, u16, NoDebug>` to implement `debug3::Debug`
[INFO] [stderr]   --> tests/it/ui/no_generic.rs:3:10
[INFO] [stderr]    |
[INFO] [stderr] 3  | #[derive(Debug)]
[INFO] [stderr]    |          ^^^^^ unsatisfied trait bound introduced in this `derive` macro
[INFO] [stderr] 4  | struct Triple<X, Y, Z> {
[INFO] [stderr]    |        ^^^^^^^^^^^^^^^
[INFO] [stderr] note: required by a bound in `pprint`
[INFO] [stderr]   --> src/lib.rs
[INFO] [stderr]    |
[INFO] [stderr]    | pub fn pprint<T: Debug>(x: T) -> String {
[INFO] [stderr]    |                  ^^^^^ required by this bound in `pprint`
[INFO] [stderr]    = note: this error originates in the derive macro `Debug` (in Nightly builds, run with -Z macro-backtrace for more info)
[INFO] [stderr] ┈┈┈┈┈┈┈┈┈┈┈┈┈┈┈┈┈┈┈┈┈┈┈┈┈┈┈┈┈┈┈┈┈┈┈┈┈┈┈┈┈┈┈┈┈┈┈┈┈┈┈┈┈┈┈┈┈┈┈┈
[INFO] [stderr] 
[INFO] [stderr] ACTUAL OUTPUT:
[INFO] [stderr] ┈┈┈┈┈┈┈┈┈┈┈┈┈┈┈┈┈┈┈┈┈┈┈┈┈┈┈┈┈┈┈┈┈┈┈┈┈┈┈┈┈┈┈┈┈┈┈┈┈┈┈┈┈┈┈┈┈┈┈┈
[INFO] [stderr] error[E0277]: the trait bound `NoDebug: debug3::Debug` is not satisfied
[INFO] [stderr]   --> tests/it/ui/no_generic.rs:16:12
[INFO] [stderr]    |
[INFO] [stderr] 13 |     pprint(Triple {
[INFO] [stderr]    |     ------ required by a bound introduced by this call
[INFO] [stderr] ...
[INFO] [stderr] 16 |         z: NoDebug,
[INFO] [stderr]    |            ^^^^^^^ the trait `debug3::Debug` is not implemented for `NoDebug`, which is required by `Triple<u8, u16, NoDebug>: debug3::Debug`
[INFO] [stderr]    |
[INFO] [stderr]    = help: the following other types implement trait `debug3::Debug`:
[INFO] [stderr]              &T
[INFO] [stderr]              &mut T
[INFO] [stderr]              ()
[INFO] [stderr]              (T0, T1, T2, T3, T4, T5, T6, T7, T8, T9, T10, T11)
[INFO] [stderr]              (T1, T2, T3, T4, T5, T6, T7, T8, T9, T10, T11)
[INFO] [stderr]              (T10, T11)
[INFO] [stderr]              (T11,)
[INFO] [stderr]              (T2, T3, T4, T5, T6, T7, T8, T9, T10, T11)
[INFO] [stderr]            and $N others
[INFO] [stderr] note: required for `Triple<u8, u16, NoDebug>` to implement `debug3::Debug`
[INFO] [stderr]   --> tests/it/ui/no_generic.rs:3:10
[INFO] [stderr]    |
[INFO] [stderr] 3  | #[derive(Debug)]
[INFO] [stderr]    |          ^^^^^ unsatisfied trait bound introduced in this `derive` macro
[INFO] [stderr] 4  | struct Triple<X, Y, Z> {
[INFO] [stderr]    |        ^^^^^^^^^^^^^^^
[INFO] [stderr] note: required by a bound in `pprint`
[INFO] [stderr]   --> src/lib.rs
[INFO] [stderr]    |
[INFO] [stderr]    | pub fn pprint<T: Debug>(x: T) -> String {
[INFO] [stderr]    |                  ^^^^^ required by this bound in `pprint`
[INFO] [stderr]    = note: this error originates in the derive macro `Debug` (in Nightly builds, run with -Z macro-backtrace for more info)
[INFO] [stderr] ┈┈┈┈┈┈┈┈┈┈┈┈┈┈┈┈┈┈┈┈┈┈┈┈┈┈┈┈┈┈┈┈┈┈┈┈┈┈┈┈┈┈┈┈┈┈┈┈┈┈┈┈┈┈┈┈┈┈┈┈
[INFO] [stderr] note: If the actual output is the correct output you can bless it by rerunning
[INFO] [stderr]       your test with the environment variable TRYBUILD=overwrite
[INFO] [stderr] 
[INFO] [stderr] test tests/it/ui/unused_fields.rs ... ok
[INFO] [stderr] 
[INFO] [stderr] 
[INFO] [stdout] test ui::ui ... FAILED
[INFO] [stdout] 
[INFO] [stdout] failures:
[INFO] [stdout] 
[INFO] [stdout] ---- ui::ui stdout ----
[INFO] [stdout] thread 'ui::ui' panicked at /opt/rustwide/cargo-home/registry/src/index.crates.io-6f17d22bba15001f/trybuild-1.0.83/src/run.rs:101:13:
[INFO] [stdout] 2 of 3 tests failed
[INFO] [stdout] stack backtrace:
[INFO] [stdout]    0:     0x6065bcdb580a - std::backtrace_rs::backtrace::libunwind::trace::h207520d6e9873551
[INFO] [stdout]                                at /rustc/df4ca44d3fbc9301ee17f30f4d474e6ae4b05252/library/std/src/../../backtrace/src/backtrace/libunwind.rs:116:5
[INFO] [stdout]    1:     0x6065bcdb580a - std::backtrace_rs::backtrace::trace_unsynchronized::h2ed7433f370e3eca
[INFO] [stdout]                                at /rustc/df4ca44d3fbc9301ee17f30f4d474e6ae4b05252/library/std/src/../../backtrace/src/backtrace/mod.rs:66:5
[INFO] [stdout]    2:     0x6065bcdb580a - std::sys::backtrace::_print_fmt::h916fac51166b18d7
[INFO] [stdout]                                at /rustc/df4ca44d3fbc9301ee17f30f4d474e6ae4b05252/library/std/src/sys/backtrace.rs:66:9
[INFO] [stdout]    3:     0x6065bcdb580a - <std::sys::backtrace::BacktraceLock::print::DisplayBacktrace as core::fmt::Display>::fmt::ha0a4c9b8ce3802e6
[INFO] [stdout]                                at /rustc/df4ca44d3fbc9301ee17f30f4d474e6ae4b05252/library/std/src/sys/backtrace.rs:39:26
[INFO] [stdout]    4:     0x6065bcddea83 - core::fmt::rt::Argument::fmt::h4cfc8587d52b3eb5
[INFO] [stdout]                                at /rustc/df4ca44d3fbc9301ee17f30f4d474e6ae4b05252/library/core/src/fmt/rt.rs:177:76
[INFO] [stdout]    5:     0x6065bcddea83 - core::fmt::write::h522cc39e5b36ae9f
[INFO] [stdout]                                at /rustc/df4ca44d3fbc9301ee17f30f4d474e6ae4b05252/library/core/src/fmt/mod.rs:1190:21
[INFO] [stdout]    6:     0x6065bcdb1813 - std::io::Write::write_fmt::h7d3c26752da97734
[INFO] [stdout]                                at /rustc/df4ca44d3fbc9301ee17f30f4d474e6ae4b05252/library/std/src/io/mod.rs:1839:15
[INFO] [stdout]    7:     0x6065bcdb5652 - std::sys::backtrace::BacktraceLock::print::h4b9e00b29e9c0942
[INFO] [stdout]                                at /rustc/df4ca44d3fbc9301ee17f30f4d474e6ae4b05252/library/std/src/sys/backtrace.rs:42:9
[INFO] [stdout]    8:     0x6065bcdb6c9a - std::panicking::default_hook::{{closure}}::hb59b88280d0324d9
[INFO] [stdout]                                at /rustc/df4ca44d3fbc9301ee17f30f4d474e6ae4b05252/library/std/src/panicking.rs:268:22
[INFO] [stdout]    9:     0x6065bcdb6aa4 - std::panicking::default_hook::he1dd496665be4a29
[INFO] [stdout]                                at /rustc/df4ca44d3fbc9301ee17f30f4d474e6ae4b05252/library/std/src/panicking.rs:292:9
[INFO] [stdout]   10:     0x6065bcd37b99 - <alloc::boxed::Box<F,A> as core::ops::function::Fn<Args>>::call::h4ff71de18744e1dc
[INFO] [stdout]                                at /rustc/df4ca44d3fbc9301ee17f30f4d474e6ae4b05252/library/alloc/src/boxed.rs:2468:9
[INFO] [stdout]   11:     0x6065bcd37b99 - test::test_main::{{closure}}::hcf7c055ce117aa81
[INFO] [stdout]                                at /rustc/df4ca44d3fbc9301ee17f30f4d474e6ae4b05252/library/test/src/lib.rs:133:21
[INFO] [stdout]   12:     0x6065bcdb7398 - <alloc::boxed::Box<F,A> as core::ops::function::Fn<Args>>::call::h1d66c6bbd60c9692
[INFO] [stdout]                                at /rustc/df4ca44d3fbc9301ee17f30f4d474e6ae4b05252/library/alloc/src/boxed.rs:2468:9
[INFO] [stdout]   13:     0x6065bcdb7398 - std::panicking::rust_panic_with_hook::h2ff17fe8f26dfcf8
[INFO] [stdout]                                at /rustc/df4ca44d3fbc9301ee17f30f4d474e6ae4b05252/library/std/src/panicking.rs:809:13
[INFO] [stdout]   14:     0x6065bcdb715a - std::panicking::begin_panic_handler::{{closure}}::h4fad77951c07e101
[INFO] [stdout]                                at /rustc/df4ca44d3fbc9301ee17f30f4d474e6ae4b05252/library/std/src/panicking.rs:674:13
[INFO] [stdout]   15:     0x6065bcdb5ce9 - std::sys::backtrace::__rust_end_short_backtrace::hb1a25b3da5d0ea08
[INFO] [stdout]                                at /rustc/df4ca44d3fbc9301ee17f30f4d474e6ae4b05252/library/std/src/sys/backtrace.rs:170:18
[INFO] [stdout]   16:     0x6065bcdb6dec - rust_begin_unwind
[INFO] [stdout]                                at /rustc/df4ca44d3fbc9301ee17f30f4d474e6ae4b05252/library/std/src/panicking.rs:665:5
[INFO] [stdout]   17:     0x6065bcddd460 - core::panicking::panic_fmt::ha9db07b529f9b256
[INFO] [stdout]                                at /rustc/df4ca44d3fbc9301ee17f30f4d474e6ae4b05252/library/core/src/panicking.rs:75:14
[INFO] [stdout]   18:     0x6065bcb91dc7 - trybuild::run::<impl trybuild::Runner>::run::h2b16a3fe9f9826be
[INFO] [stdout]                                at /opt/rustwide/cargo-home/registry/src/index.crates.io-6f17d22bba15001f/trybuild-1.0.83/src/run.rs:101:13
[INFO] [stdout]   19:     0x6065bcb97408 - <trybuild::TestCases as core::ops::drop::Drop>::drop::hca1ec216131ace55
[INFO] [stdout]                                at /opt/rustwide/cargo-home/registry/src/index.crates.io-6f17d22bba15001f/trybuild-1.0.83/src/lib.rs:315:13
[INFO] [stdout]   20:     0x6065bcb13a97 - core::ptr::drop_in_place<trybuild::TestCases>::hbe5f726252c80e6d
[INFO] [stdout]                                at /rustc/df4ca44d3fbc9301ee17f30f4d474e6ae4b05252/library/core/src/ptr/mod.rs:521:1
[INFO] [stdout]   21:     0x6065bcb28593 - it::ui::ui::ha2be136ac50989e9
[INFO] [stdout]                                at /opt/rustwide/workdir/tests/it/ui.rs:6:1
[INFO] [stdout]   22:     0x6065bcb28527 - it::ui::ui::{{closure}}::h4004bd8c8d820d78
[INFO] [stdout]                                at /opt/rustwide/workdir/tests/it/ui.rs:3:8
[INFO] [stdout]   23:     0x6065bcb12386 - core::ops::function::FnOnce::call_once::h09f6677536ef67e9
[INFO] [stdout]                                at /rustc/df4ca44d3fbc9301ee17f30f4d474e6ae4b05252/library/core/src/ops/function.rs:250:5
[INFO] [stdout]   24:     0x6065bcd3c46b - core::ops::function::FnOnce::call_once::h22c3ba5715e93f05
[INFO] [stdout]                                at /rustc/df4ca44d3fbc9301ee17f30f4d474e6ae4b05252/library/core/src/ops/function.rs:250:5
[INFO] [stdout]   25:     0x6065bcd3c46b - test::__rust_begin_short_backtrace::h8e82d8113d0da17f
[INFO] [stdout]                                at /rustc/df4ca44d3fbc9301ee17f30f4d474e6ae4b05252/library/test/src/lib.rs:621:18
[INFO] [stdout]   26:     0x6065bcd3bde7 - test::run_test_in_process::{{closure}}::h33235f4f20b7b7c7
[INFO] [stdout]                                at /rustc/df4ca44d3fbc9301ee17f30f4d474e6ae4b05252/library/test/src/lib.rs:644:60
[INFO] [stdout]   27:     0x6065bcd3bde7 - <core::panic::unwind_safe::AssertUnwindSafe<F> as core::ops::function::FnOnce<()>>::call_once::hb5043206310c586f
[INFO] [stdout]                                at /rustc/df4ca44d3fbc9301ee17f30f4d474e6ae4b05252/library/core/src/panic/unwind_safe.rs:272:9
[INFO] [stdout]   28:     0x6065bcd3bde7 - std::panicking::try::do_call::h9ad4731a60ab23e2
[INFO] [stdout]                                at /rustc/df4ca44d3fbc9301ee17f30f4d474e6ae4b05252/library/std/src/panicking.rs:557:40
[INFO] [stdout]   29:     0x6065bcd3bde7 - std::panicking::try::h3824d23db772a716
[INFO] [stdout]                                at /rustc/df4ca44d3fbc9301ee17f30f4d474e6ae4b05252/library/std/src/panicking.rs:520:19
[INFO] [stdout]   30:     0x6065bcd3bde7 - std::panic::catch_unwind::h5afd514605fde46b
[INFO] [stdout]                                at /rustc/df4ca44d3fbc9301ee17f30f4d474e6ae4b05252/library/std/src/panic.rs:358:14
[INFO] [stdout]   31:     0x6065bcd3bde7 - test::run_test_in_process::h0d5cbfa7067d1720
[INFO] [stdout]                                at /rustc/df4ca44d3fbc9301ee17f30f4d474e6ae4b05252/library/test/src/lib.rs:644:27
[INFO] [stdout]   32:     0x6065bcd3bde7 - test::run_test::{{closure}}::h708eb8872708115d
[INFO] [stdout]                                at /rustc/df4ca44d3fbc9301ee17f30f4d474e6ae4b05252/library/test/src/lib.rs:565:43
[INFO] [stdout]   33:     0x6065bccff504 - test::run_test::{{closure}}::h392c51cee94713ab
[INFO] [stdout]                                at /rustc/df4ca44d3fbc9301ee17f30f4d474e6ae4b05252/library/test/src/lib.rs:595:41
[INFO] [stdout]   34:     0x6065bccff504 - std::sys::backtrace::__rust_begin_short_backtrace::h2f40290710935a8b
[INFO] [stdout]                                at /rustc/df4ca44d3fbc9301ee17f30f4d474e6ae4b05252/library/std/src/sys/backtrace.rs:154:18
[INFO] [stdout]   35:     0x6065bcd02cae - std::thread::Builder::spawn_unchecked_::{{closure}}::{{closure}}::h3fd968d89053a903
[INFO] [stdout]                                at /rustc/df4ca44d3fbc9301ee17f30f4d474e6ae4b05252/library/std/src/thread/mod.rs:541:17
[INFO] [stdout]   36:     0x6065bcd02cae - <core::panic::unwind_safe::AssertUnwindSafe<F> as core::ops::function::FnOnce<()>>::call_once::h743f637ba4229880
[INFO] [stdout]                                at /rustc/df4ca44d3fbc9301ee17f30f4d474e6ae4b05252/library/core/src/panic/unwind_safe.rs:272:9
[INFO] [stdout]   37:     0x6065bcd02cae - std::panicking::try::do_call::h07440897322525a6
[INFO] [stdout]                                at /rustc/df4ca44d3fbc9301ee17f30f4d474e6ae4b05252/library/std/src/panicking.rs:557:40
[INFO] [stdout]   38:     0x6065bcd02cae - std::panicking::try::he5a2e00188156637
[INFO] [stdout]                                at /rustc/df4ca44d3fbc9301ee17f30f4d474e6ae4b05252/library/std/src/panicking.rs:520:19
[INFO] [stdout]   39:     0x6065bcd02cae - std::panic::catch_unwind::hbaf3cae49b3c6433
[INFO] [stdout]                                at /rustc/df4ca44d3fbc9301ee17f30f4d474e6ae4b05252/library/std/src/panic.rs:358:14
[INFO] [stdout]   40:     0x6065bcd02cae - std::thread::Builder::spawn_unchecked_::{{closure}}::h8e141ea224820bce
[INFO] [stdout]                                at /rustc/df4ca44d3fbc9301ee17f30f4d474e6ae4b05252/library/std/src/thread/mod.rs:540:30
[INFO] [stdout]   41:     0x6065bcd02cae - core::ops::function::FnOnce::call_once{{vtable.shim}}::h90d312fedd7b8ea8
[INFO] [stdout]                                at /rustc/df4ca44d3fbc9301ee17f30f4d474e6ae4b05252/library/core/src/ops/function.rs:250:5
[INFO] [stdout]   42:     0x6065bcdbc25b - <alloc::boxed::Box<F,A> as core::ops::function::FnOnce<Args>>::call_once::h69aa08ddb6adb8b6
[INFO] [stdout]                                at /rustc/df4ca44d3fbc9301ee17f30f4d474e6ae4b05252/library/alloc/src/boxed.rs:2454:9
[INFO] [stdout]   43:     0x6065bcdbc25b - <alloc::boxed::Box<F,A> as core::ops::function::FnOnce<Args>>::call_once::h5aa36efdb79c806f
[INFO] [stdout]                                at /rustc/df4ca44d3fbc9301ee17f30f4d474e6ae4b05252/library/alloc/src/boxed.rs:2454:9
[INFO] [stdout]   44:     0x6065bcdbc25b - std::sys::pal::unix::thread::Thread::new::thread_start::h6cd80a1b4be5158d
[INFO] [stdout]                                at /rustc/df4ca44d3fbc9301ee17f30f4d474e6ae4b05252/library/std/src/sys/pal/unix/thread.rs:105:17
[INFO] [stdout]   45:     0x7f3f45d38ac3 - <unknown>
[INFO] [stdout]   46:     0x7f3f45dc9a04 - clone
[INFO] [stdout]   47:                0x0 - <unknown>
[INFO] [stdout] 
[INFO] [stdout] 
[INFO] [stdout] failures:
[INFO] [stdout]     ui::ui
[INFO] [stdout] 
[INFO] [stdout] test result: FAILED. 80 passed; 1 failed; 0 ignored; 0 measured; 0 filtered out; finished in 7.21s
[INFO] [stdout] 
[INFO] [stderr] error: test failed, to rerun pass `--test it`
[INFO] running `Command { std: "docker" "inspect" "4d62e17c5ef714826a3feef65c92d4d9631371bc2fa4c46b572f97655e4e2f46", kill_on_drop: false }`
[INFO] running `Command { std: "docker" "rm" "-f" "4d62e17c5ef714826a3feef65c92d4d9631371bc2fa4c46b572f97655e4e2f46", kill_on_drop: false }`
[INFO] [stdout] 4d62e17c5ef714826a3feef65c92d4d9631371bc2fa4c46b572f97655e4e2f46
