[INFO] fetching crate deadpool-redis 0.18.0...
[INFO] testing deadpool-redis-0.18.0 against nightly-2024-10-28+rustflags=-Zrandomize-layout for randomize-layout
[INFO] extracting crate deadpool-redis 0.18.0 into /workspace/builds/worker-1-tc2/source
[INFO] validating manifest of crates.io crate deadpool-redis 0.18.0 on toolchain nightly-2024-10-28
[INFO] running `Command { std: CARGO_HOME="/workspace/cargo-home" RUSTUP_HOME="/workspace/rustup-home" "/workspace/cargo-home/bin/cargo" "+nightly-2024-10-28" "metadata" "--manifest-path" "Cargo.toml" "--no-deps", kill_on_drop: false }`
[INFO] started tweaking crates.io crate deadpool-redis 0.18.0
[INFO] removed 0 missing tests
[INFO] finished tweaking crates.io crate deadpool-redis 0.18.0
[INFO] tweaked toml for crates.io crate deadpool-redis 0.18.0 written to /workspace/builds/worker-1-tc2/source/Cargo.toml
[INFO] running `Command { std: CARGO_HOME="/workspace/cargo-home" RUSTUP_HOME="/workspace/rustup-home" "/workspace/cargo-home/bin/cargo" "+nightly-2024-10-28" "generate-lockfile" "--manifest-path" "Cargo.toml", kill_on_drop: false }`
[INFO] [stderr]     Updating crates.io index
[INFO] [stderr]      Locking 169 packages to latest compatible versions
[INFO] running `Command { std: CARGO_HOME="/workspace/cargo-home" RUSTUP_HOME="/workspace/rustup-home" "/workspace/cargo-home/bin/cargo" "+nightly-2024-10-28" "fetch" "--manifest-path" "Cargo.toml", kill_on_drop: false }`
[INFO] running `Command { std: "docker" "create" "-v" "/var/lib/crater-agent-workspace/builds/worker-1-tc2/target:/opt/rustwide/target:rw,Z" "-v" "/var/lib/crater-agent-workspace/builds/worker-1-tc2/source:/opt/rustwide/workdir:ro,Z" "-v" "/var/lib/crater-agent-workspace/cargo-home:/opt/rustwide/cargo-home:ro,Z" "-v" "/var/lib/crater-agent-workspace/rustup-home:/opt/rustwide/rustup-home:ro,Z" "-e" "SOURCE_DIR=/opt/rustwide/workdir" "-e" "CARGO_TARGET_DIR=/opt/rustwide/target" "-e" "CARGO_HOME=/opt/rustwide/cargo-home" "-e" "RUSTUP_HOME=/opt/rustwide/rustup-home" "-w" "/opt/rustwide/workdir" "-m" "1610612736" "--user" "0:0" "--network" "none" "ghcr.io/rust-lang/crates-build-env/linux@sha256:4a844ea9eb2546a2d2c7022eacef16ef2e8229c7fbb2c7d4d55a9ceca922f72d" "/opt/rustwide/cargo-home/bin/cargo" "+nightly-2024-10-28" "metadata" "--no-deps" "--format-version=1", kill_on_drop: false }`
[INFO] [stdout] 20a24eaa28177071cfd6bb98d759ed572ee2ade8ebac6f0bc8d81059e9ee9c0c
[INFO] running `Command { std: "docker" "start" "-a" "20a24eaa28177071cfd6bb98d759ed572ee2ade8ebac6f0bc8d81059e9ee9c0c", kill_on_drop: false }`
[INFO] running `Command { std: "docker" "inspect" "20a24eaa28177071cfd6bb98d759ed572ee2ade8ebac6f0bc8d81059e9ee9c0c", kill_on_drop: false }`
[INFO] running `Command { std: "docker" "rm" "-f" "20a24eaa28177071cfd6bb98d759ed572ee2ade8ebac6f0bc8d81059e9ee9c0c", kill_on_drop: false }`
[INFO] [stdout] 20a24eaa28177071cfd6bb98d759ed572ee2ade8ebac6f0bc8d81059e9ee9c0c
[INFO] running `Command { std: "docker" "create" "-v" "/var/lib/crater-agent-workspace/builds/worker-1-tc2/target:/opt/rustwide/target:rw,Z" "-v" "/var/lib/crater-agent-workspace/builds/worker-1-tc2/source:/opt/rustwide/workdir:ro,Z" "-v" "/var/lib/crater-agent-workspace/cargo-home:/opt/rustwide/cargo-home:ro,Z" "-v" "/var/lib/crater-agent-workspace/rustup-home:/opt/rustwide/rustup-home:ro,Z" "-e" "SOURCE_DIR=/opt/rustwide/workdir" "-e" "CARGO_TARGET_DIR=/opt/rustwide/target" "-e" "CARGO_INCREMENTAL=0" "-e" "RUST_BACKTRACE=full" "-e" "RUSTFLAGS=--cap-lints=forbid -Zrandomize-layout" "-e" "RUSTDOCFLAGS=--cap-lints=forbid" "-e" "CARGO_HOME=/opt/rustwide/cargo-home" "-e" "RUSTUP_HOME=/opt/rustwide/rustup-home" "-w" "/opt/rustwide/workdir" "-m" "1610612736" "--user" "0:0" "--network" "none" "ghcr.io/rust-lang/crates-build-env/linux@sha256:4a844ea9eb2546a2d2c7022eacef16ef2e8229c7fbb2c7d4d55a9ceca922f72d" "/opt/rustwide/cargo-home/bin/cargo" "+nightly-2024-10-28" "build" "--frozen" "--message-format=json", kill_on_drop: false }`
[INFO] [stdout] 9d8f2dcf659fbf27604444d318a39c04b270a033b7548a18e43c2279fdf5724d
[INFO] running `Command { std: "docker" "start" "-a" "9d8f2dcf659fbf27604444d318a39c04b270a033b7548a18e43c2279fdf5724d", kill_on_drop: false }`
[INFO] [stderr]    Compiling futures-sink v0.3.31
[INFO] [stderr]    Compiling unicode-bidi v0.3.17
[INFO] [stderr]    Compiling futures-task v0.3.31
[INFO] [stderr]    Compiling arc-swap v1.7.1
[INFO] [stderr]    Compiling tinyvec v1.8.0
[INFO] [stderr]    Compiling num_cpus v1.16.0
[INFO] [stderr]    Compiling tokio v1.41.0
[INFO] [stderr]    Compiling syn v2.0.86
[INFO] [stderr]    Compiling num-bigint v0.4.6
[INFO] [stderr]    Compiling futures-util v0.3.31
[INFO] [stderr]    Compiling unicode-normalization v0.1.24
[INFO] [stderr]    Compiling idna v0.5.0
[INFO] [stderr]    Compiling url v2.5.2
[INFO] [stderr]    Compiling async-trait v0.1.83
[INFO] [stderr]    Compiling tokio-util v0.7.12
[INFO] [stderr]    Compiling deadpool-runtime v0.1.4
[INFO] [stderr]    Compiling deadpool v0.12.1
[INFO] [stderr]    Compiling combine v4.6.7
[INFO] [stderr]    Compiling redis v0.27.5
[INFO] [stderr]    Compiling deadpool-redis v0.18.0 (/opt/rustwide/workdir)
[INFO] [stderr]     Finished `dev` profile [unoptimized + debuginfo] target(s) in 17.82s
[INFO] running `Command { std: "docker" "inspect" "9d8f2dcf659fbf27604444d318a39c04b270a033b7548a18e43c2279fdf5724d", kill_on_drop: false }`
[INFO] running `Command { std: "docker" "rm" "-f" "9d8f2dcf659fbf27604444d318a39c04b270a033b7548a18e43c2279fdf5724d", kill_on_drop: false }`
[INFO] [stdout] 9d8f2dcf659fbf27604444d318a39c04b270a033b7548a18e43c2279fdf5724d
[INFO] running `Command { std: "docker" "create" "-v" "/var/lib/crater-agent-workspace/builds/worker-1-tc2/target:/opt/rustwide/target:rw,Z" "-v" "/var/lib/crater-agent-workspace/builds/worker-1-tc2/source:/opt/rustwide/workdir:ro,Z" "-v" "/var/lib/crater-agent-workspace/cargo-home:/opt/rustwide/cargo-home:ro,Z" "-v" "/var/lib/crater-agent-workspace/rustup-home:/opt/rustwide/rustup-home:ro,Z" "-e" "SOURCE_DIR=/opt/rustwide/workdir" "-e" "CARGO_TARGET_DIR=/opt/rustwide/target" "-e" "CARGO_INCREMENTAL=0" "-e" "RUST_BACKTRACE=full" "-e" "RUSTFLAGS=--cap-lints=forbid -Zrandomize-layout" "-e" "RUSTDOCFLAGS=--cap-lints=forbid" "-e" "CARGO_HOME=/opt/rustwide/cargo-home" "-e" "RUSTUP_HOME=/opt/rustwide/rustup-home" "-w" "/opt/rustwide/workdir" "-m" "1610612736" "--user" "0:0" "--network" "none" "ghcr.io/rust-lang/crates-build-env/linux@sha256:4a844ea9eb2546a2d2c7022eacef16ef2e8229c7fbb2c7d4d55a9ceca922f72d" "/opt/rustwide/cargo-home/bin/cargo" "+nightly-2024-10-28" "test" "--frozen" "--no-run" "--message-format=json", kill_on_drop: false }`
[INFO] [stdout] 7b7d00a20fdd9443ada618df217f2be7c7d221964933d393dafafddbbb4c685d
[INFO] running `Command { std: "docker" "start" "-a" "7b7d00a20fdd9443ada618df217f2be7c7d221964933d393dafafddbbb4c685d", kill_on_drop: false }`
[INFO] [stderr]    Compiling once_cell v1.20.2
[INFO] [stderr]    Compiling crunchy v0.2.2
[INFO] [stderr]    Compiling libc v0.2.161
[INFO] [stderr]    Compiling tiny-keccak v2.0.2
[INFO] [stderr]    Compiling ahash v0.8.11
[INFO] [stderr]    Compiling slab v0.4.9
[INFO] [stderr]    Compiling zerocopy v0.7.35
[INFO] [stderr]    Compiling allocator-api2 v0.2.18
[INFO] [stderr]    Compiling futures-channel v0.3.31
[INFO] [stderr]    Compiling futures-task v0.3.31
[INFO] [stderr]    Compiling futures-io v0.3.31
[INFO] [stderr]    Compiling syn v2.0.86
[INFO] [stderr]    Compiling encoding_rs v0.8.35
[INFO] [stderr]    Compiling unicode-segmentation v1.12.0
[INFO] [stderr]    Compiling arraydeque v0.5.1
[INFO] [stderr]    Compiling dotenvy v0.15.7
[INFO] [stderr]    Compiling convert_case v0.6.0
[INFO] [stderr]    Compiling hashbrown v0.14.5
[INFO] [stderr]    Compiling getrandom v0.2.15
[INFO] [stderr]    Compiling const-random-macro v0.1.16
[INFO] [stderr]    Compiling hashlink v0.8.4
[INFO] [stderr]    Compiling const-random v0.1.18
[INFO] [stderr]    Compiling dlv-list v0.5.2
[INFO] [stderr]    Compiling yaml-rust2 v0.8.1
[INFO] [stderr]    Compiling ordered-multimap v0.7.3
[INFO] [stderr]    Compiling rust-ini v0.20.0
[INFO] [stderr]    Compiling serde_derive v1.0.214
[INFO] [stderr]    Compiling thiserror-impl v1.0.66
[INFO] [stderr]    Compiling tokio-macros v2.4.0
[INFO] [stderr]    Compiling futures-macro v0.3.31
[INFO] [stderr]    Compiling async-trait v0.1.83
[INFO] [stderr]    Compiling tokio v1.41.0
[INFO] [stderr]    Compiling futures-util v0.3.31
[INFO] [stderr]    Compiling thiserror v1.0.66
[INFO] [stderr]    Compiling pest v2.7.14
[INFO] [stderr]    Compiling pest_meta v2.7.14
[INFO] [stderr]    Compiling serde v1.0.214
[INFO] [stderr]    Compiling pest_generator v2.7.14
[INFO] [stderr]    Compiling futures-executor v0.3.31
[INFO] [stderr]    Compiling futures v0.3.31
[INFO] [stderr]    Compiling pest_derive v2.7.14
[INFO] [stderr]    Compiling tokio-util v0.7.12
[INFO] [stderr]    Compiling deadpool-runtime v0.1.4
[INFO] [stderr]    Compiling deadpool v0.12.1
[INFO] [stderr]    Compiling combine v4.6.7
[INFO] [stderr]    Compiling serde_spanned v0.6.8
[INFO] [stderr]    Compiling toml_datetime v0.6.8
[INFO] [stderr]    Compiling bitflags v2.6.0
[INFO] [stderr]    Compiling json5 v0.4.1
[INFO] [stderr]    Compiling serde_json v1.0.132
[INFO] [stderr]    Compiling ron v0.8.1
[INFO] [stderr]    Compiling toml_edit v0.22.22
[INFO] [stderr]    Compiling toml v0.8.19
[INFO] [stderr]    Compiling config v0.14.1
[INFO] [stderr]    Compiling redis v0.27.5
[INFO] [stderr]    Compiling deadpool-redis v0.18.0 (/opt/rustwide/workdir)
[INFO] [stderr]     Finished `test` profile [unoptimized + debuginfo] target(s) in 14.42s
[INFO] running `Command { std: "docker" "inspect" "7b7d00a20fdd9443ada618df217f2be7c7d221964933d393dafafddbbb4c685d", kill_on_drop: false }`
[INFO] running `Command { std: "docker" "rm" "-f" "7b7d00a20fdd9443ada618df217f2be7c7d221964933d393dafafddbbb4c685d", kill_on_drop: false }`
[INFO] [stdout] 7b7d00a20fdd9443ada618df217f2be7c7d221964933d393dafafddbbb4c685d
[INFO] running `Command { std: "docker" "create" "-v" "/var/lib/crater-agent-workspace/builds/worker-1-tc2/target:/opt/rustwide/target:rw,Z" "-v" "/var/lib/crater-agent-workspace/builds/worker-1-tc2/source:/opt/rustwide/workdir:ro,Z" "-v" "/var/lib/crater-agent-workspace/cargo-home:/opt/rustwide/cargo-home:ro,Z" "-v" "/var/lib/crater-agent-workspace/rustup-home:/opt/rustwide/rustup-home:ro,Z" "-e" "SOURCE_DIR=/opt/rustwide/workdir" "-e" "CARGO_TARGET_DIR=/opt/rustwide/target" "-e" "CARGO_INCREMENTAL=0" "-e" "RUST_BACKTRACE=full" "-e" "RUSTFLAGS=--cap-lints=forbid -Zrandomize-layout" "-e" "RUSTDOCFLAGS=--cap-lints=forbid" "-e" "CARGO_HOME=/opt/rustwide/cargo-home" "-e" "RUSTUP_HOME=/opt/rustwide/rustup-home" "-w" "/opt/rustwide/workdir" "-m" "1610612736" "--user" "0:0" "--network" "none" "ghcr.io/rust-lang/crates-build-env/linux@sha256:4a844ea9eb2546a2d2c7022eacef16ef2e8229c7fbb2c7d4d55a9ceca922f72d" "/opt/rustwide/cargo-home/bin/cargo" "+nightly-2024-10-28" "test" "--frozen", kill_on_drop: false }`
[INFO] [stdout] 2aa3b2f4f146a099fa55b3fb29e9042a66aab79fb15e008743335c65a79ac63b
[INFO] running `Command { std: "docker" "start" "-a" "2aa3b2f4f146a099fa55b3fb29e9042a66aab79fb15e008743335c65a79ac63b", kill_on_drop: false }`
[INFO] [stderr]     Finished `test` profile [unoptimized + debuginfo] target(s) in 0.08s
[INFO] [stderr]      Running unittests src/lib.rs (/opt/rustwide/target/debug/deps/deadpool_redis-eb8044f7850aa3bb)
[INFO] [stdout] 
[INFO] [stdout] running 0 tests
[INFO] [stdout] 
[INFO] [stdout] test result: ok. 0 passed; 0 failed; 0 ignored; 0 measured; 0 filtered out; finished in 0.00s
[INFO] [stdout] 
[INFO] [stderr]      Running tests/redis.rs (/opt/rustwide/target/debug/deps/redis-1c3f8a89c316362a)
[INFO] [stdout] 
[INFO] [stdout] running 0 tests
[INFO] [stdout] 
[INFO] [stdout] test result: ok. 0 passed; 0 failed; 0 ignored; 0 measured; 0 filtered out; finished in 0.00s
[INFO] [stdout] 
[INFO] [stderr]      Running tests/redis_cluster.rs (/opt/rustwide/target/debug/deps/redis_cluster-cfa5cd078362d0dc)
[INFO] [stdout] 
[INFO] [stdout] running 0 tests
[INFO] [stdout] 
[INFO] [stdout] test result: ok. 0 passed; 0 failed; 0 ignored; 0 measured; 0 filtered out; finished in 0.00s
[INFO] [stdout] 
[INFO] [stderr]      Running tests/redis_sentinel.rs (/opt/rustwide/target/debug/deps/redis_sentinel-440c1b3a4a2da290)
[INFO] [stdout] 
[INFO] [stdout] running 0 tests
[INFO] [stdout] 
[INFO] [stdout] test result: ok. 0 passed; 0 failed; 0 ignored; 0 measured; 0 filtered out; finished in 0.00s
[INFO] [stdout] 
[INFO] [stderr]    Doc-tests deadpool_redis
[INFO] [stdout] 
[INFO] [stdout] running 5 tests
[INFO] [stdout] test src/../README.md - (line 93) ... FAILED
[INFO] [stdout] test src/config.rs - config::Config (line 21) ... FAILED
[INFO] [stdout] test src/../README.md - (line 49) ... FAILED
[INFO] [stdout] test src/../README.md - (line 127) ... FAILED
[INFO] [stdout] test src/../README.md - (line 20) ... FAILED
[INFO] [stdout] 
[INFO] [stdout] failures:
[INFO] [stdout] 
[INFO] [stdout] ---- src/../README.md - (line 93) stdout ----
[INFO] [stdout] error[E0432]: unresolved import `deadpool_redis::cluster`
[INFO] [stdout]   --> src/../README.md:97:21
[INFO] [stdout]    |
[INFO] [stdout] 6  | use deadpool_redis::cluster::{Config, Runtime};
[INFO] [stdout]    |                     ^^^^^^^ could not find `cluster` in `deadpool_redis`
[INFO] [stdout]    |
[INFO] [stdout] note: found an item that was configured out
[INFO] [stdout]   --> /opt/rustwide/workdir/src/lib.rs:25:9
[INFO] [stdout]    |
[INFO] [stdout] 25 | pub mod cluster;
[INFO] [stdout]    |         ^^^^^^^
[INFO] [stdout] note: the item is gated behind the `cluster` feature
[INFO] [stdout]   --> /opt/rustwide/workdir/src/lib.rs:24:7
[INFO] [stdout]    |
[INFO] [stdout] 24 | #[cfg(feature = "cluster")]
[INFO] [stdout]    |       ^^^^^^^^^^^^^^^^^^^
[INFO] [stdout] 
[INFO] [stdout] error: aborting due to 1 previous error
[INFO] [stdout] 
[INFO] [stdout] For more information about this error, try `rustc --explain E0432`.
[INFO] [stdout] Couldn't compile the test.
[INFO] [stdout] ---- src/config.rs - config::Config (line 21) stdout ----
[INFO] [stdout] error[E0433]: failed to resolve: use of undeclared crate or module `serde`
[INFO] [stdout]  --> src/config.rs:23:10
[INFO] [stdout]   |
[INFO] [stdout] 5 | #[derive(serde::Deserialize)]
[INFO] [stdout]   |          ^^^^^ use of undeclared crate or module `serde`
[INFO] [stdout] 
[INFO] [stdout] error[E0277]: the trait bound `_doctest_main_src_config_rs_21_0::Config: serde::de::Deserialize<'_>` is not satisfied
[INFO] [stdout]    --> src/config.rs:33:16
[INFO] [stdout]     |
[INFO] [stdout] 15  |            cfg.try_deserialize()
[INFO] [stdout]     |                ^^^^^^^^^^^^^^^ the trait `serde::de::Deserialize<'_>` is not implemented for `_doctest_main_src_config_rs_21_0::Config`
[INFO] [stdout]     |
[INFO] [stdout]     = note: for local types consider adding `#[derive(serde::Deserialize)]` to your `_doctest_main_src_config_rs_21_0::Config` type
[INFO] [stdout]     = note: for types from other crates check whether the crate offers a `serde` feature flag
[INFO] [stdout]     = help: the following other types implement trait `serde::de::Deserialize<'de>`:
[INFO] [stdout]               &'a Path
[INFO] [stdout]               &'a [u8]
[INFO] [stdout]               &'a str
[INFO] [stdout]               ()
[INFO] [stdout]               (T,)
[INFO] [stdout]               (T0, T1)
[INFO] [stdout]               (T0, T1, T2)
[INFO] [stdout]               (T0, T1, T2, T3)
[INFO] [stdout]             and 157 others
[INFO] [stdout] note: required by a bound in `config::Config::try_deserialize`
[INFO] [stdout]    --> /opt/rustwide/cargo-home/registry/src/index.crates.io-6f17d22bba15001f/config-0.14.1/src/config.rs:203:36
[INFO] [stdout]     |
[INFO] [stdout] 203 |     pub fn try_deserialize<'de, T: Deserialize<'de>>(self) -> Result<T> {
[INFO] [stdout]     |                                    ^^^^^^^^^^^^^^^^ required by this bound in `Config::try_deserialize`
[INFO] [stdout] 
[INFO] [stdout] error: aborting due to 2 previous errors
[INFO] [stdout] 
[INFO] [stdout] Some errors have detailed explanations: E0277, E0433.
[INFO] [stdout] For more information about an error, try `rustc --explain E0277`.
[INFO] [stdout] Couldn't compile the test.
[INFO] [stdout] ---- src/../README.md - (line 49) stdout ----
[INFO] [stdout] error[E0433]: failed to resolve: use of undeclared crate or module `serde`
[INFO] [stdout]  --> src/../README.md:54:17
[INFO] [stdout]   |
[INFO] [stdout] 7 | #[derive(Debug, serde::Deserialize)]
[INFO] [stdout]   |                 ^^^^^ use of undeclared crate or module `serde`
[INFO] [stdout] 
[INFO] [stdout] error: cannot find attribute `serde` in this scope
[INFO] [stdout]  --> src/../README.md:56:7
[INFO] [stdout]   |
[INFO] [stdout] 9 |     #[serde(default)]
[INFO] [stdout]   |       ^^^^^
[INFO] [stdout] 
[INFO] [stdout] error[E0277]: the trait bound `Config: serde::de::Deserialize<'_>` is not satisfied
[INFO] [stdout]    --> src/../README.md:65:14
[INFO] [stdout]     |
[INFO] [stdout] 18  |             .try_deserialize()
[INFO] [stdout]     |              ^^^^^^^^^^^^^^^ the trait `serde::de::Deserialize<'_>` is not implemented for `Config`
[INFO] [stdout]     |
[INFO] [stdout]     = note: for local types consider adding `#[derive(serde::Deserialize)]` to your `Config` type
[INFO] [stdout]     = note: for types from other crates check whether the crate offers a `serde` feature flag
[INFO] [stdout]     = help: the following other types implement trait `serde::de::Deserialize<'de>`:
[INFO] [stdout]               &'a Path
[INFO] [stdout]               &'a [u8]
[INFO] [stdout]               &'a str
[INFO] [stdout]               ()
[INFO] [stdout]               (T,)
[INFO] [stdout]               (T0, T1)
[INFO] [stdout]               (T0, T1, T2)
[INFO] [stdout]               (T0, T1, T2, T3)
[INFO] [stdout]             and 157 others
[INFO] [stdout] note: required by a bound in `config::Config::try_deserialize`
[INFO] [stdout]    --> /opt/rustwide/cargo-home/registry/src/index.crates.io-6f17d22bba15001f/config-0.14.1/src/config.rs:203:36
[INFO] [stdout]     |
[INFO] [stdout] 203 |     pub fn try_deserialize<'de, T: Deserialize<'de>>(self) -> Result<T> {
[INFO] [stdout]     |                                    ^^^^^^^^^^^^^^^^ required by this bound in `Config::try_deserialize`
[INFO] [stdout] 
[INFO] [stdout] error: aborting due to 3 previous errors
[INFO] [stdout] 
[INFO] [stdout] Some errors have detailed explanations: E0277, E0433.
[INFO] [stdout] For more information about an error, try `rustc --explain E0277`.
[INFO] [stdout] Couldn't compile the test.
[INFO] [stdout] ---- src/../README.md - (line 127) stdout ----
[INFO] [stdout] error[E0432]: unresolved import `deadpool_redis::cluster`
[INFO] [stdout]   --> src/../README.md:130:21
[INFO] [stdout]    |
[INFO] [stdout] 5  | use deadpool_redis::cluster::{Runtime};
[INFO] [stdout]    |                     ^^^^^^^ could not find `cluster` in `deadpool_redis`
[INFO] [stdout]    |
[INFO] [stdout] note: found an item that was configured out
[INFO] [stdout]   --> /opt/rustwide/workdir/src/lib.rs:25:9
[INFO] [stdout]    |
[INFO] [stdout] 25 | pub mod cluster;
[INFO] [stdout]    |         ^^^^^^^
[INFO] [stdout] note: the item is gated behind the `cluster` feature
[INFO] [stdout]   --> /opt/rustwide/workdir/src/lib.rs:24:7
[INFO] [stdout]    |
[INFO] [stdout] 24 | #[cfg(feature = "cluster")]
[INFO] [stdout]    |       ^^^^^^^^^^^^^^^^^^^
[INFO] [stdout] 
[INFO] [stdout] error[E0433]: failed to resolve: use of undeclared crate or module `serde`
[INFO] [stdout]  --> src/../README.md:133:17
[INFO] [stdout]   |
[INFO] [stdout] 8 | #[derive(Debug, serde::Deserialize)]
[INFO] [stdout]   |                 ^^^^^ use of undeclared crate or module `serde`
[INFO] [stdout] 
[INFO] [stdout] error: cannot find attribute `serde` in this scope
[INFO] [stdout]   --> src/../README.md:135:7
[INFO] [stdout]    |
[INFO] [stdout] 10 |     #[serde(default)]
[INFO] [stdout]    |       ^^^^^
[INFO] [stdout] 
[INFO] [stdout] error[E0433]: failed to resolve: could not find `cluster` in `deadpool_redis`
[INFO] [stdout]   --> src/../README.md:136:36
[INFO] [stdout]    |
[INFO] [stdout] 11 |     redis_cluster: deadpool_redis::cluster::Config
[INFO] [stdout]    |                                    ^^^^^^^ could not find `cluster` in `deadpool_redis`
[INFO] [stdout]    |
[INFO] [stdout] note: found an item that was configured out
[INFO] [stdout]   --> /opt/rustwide/workdir/src/lib.rs:25:9
[INFO] [stdout]    |
[INFO] [stdout] 25 | pub mod cluster;
[INFO] [stdout]    |         ^^^^^^^
[INFO] [stdout] note: the item is gated behind the `cluster` feature
[INFO] [stdout]   --> /opt/rustwide/workdir/src/lib.rs:24:7
[INFO] [stdout]    |
[INFO] [stdout] 24 | #[cfg(feature = "cluster")]
[INFO] [stdout]    |       ^^^^^^^^^^^^^^^^^^^
[INFO] [stdout] 
[INFO] [stdout] error[E0277]: the trait bound `Config: serde::de::Deserialize<'_>` is not satisfied
[INFO] [stdout]    --> src/../README.md:149:14
[INFO] [stdout]     |
[INFO] [stdout] 24  |             .try_deserialize()
[INFO] [stdout]     |              ^^^^^^^^^^^^^^^ the trait `serde::de::Deserialize<'_>` is not implemented for `Config`
[INFO] [stdout]     |
[INFO] [stdout]     = note: for local types consider adding `#[derive(serde::Deserialize)]` to your `Config` type
[INFO] [stdout]     = note: for types from other crates check whether the crate offers a `serde` feature flag
[INFO] [stdout]     = help: the following other types implement trait `serde::de::Deserialize<'de>`:
[INFO] [stdout]               &'a Path
[INFO] [stdout]               &'a [u8]
[INFO] [stdout]               &'a str
[INFO] [stdout]               ()
[INFO] [stdout]               (T,)
[INFO] [stdout]               (T0, T1)
[INFO] [stdout]               (T0, T1, T2)
[INFO] [stdout]               (T0, T1, T2, T3)
[INFO] [stdout]             and 157 others
[INFO] [stdout] note: required by a bound in `config::Config::try_deserialize`
[INFO] [stdout]    --> /opt/rustwide/cargo-home/registry/src/index.crates.io-6f17d22bba15001f/config-0.14.1/src/config.rs:203:36
[INFO] [stdout]     |
[INFO] [stdout] 203 |     pub fn try_deserialize<'de, T: Deserialize<'de>>(self) -> Result<T> {
[INFO] [stdout]     |                                    ^^^^^^^^^^^^^^^^ required by this bound in `Config::try_deserialize`
[INFO] [stdout] 
[INFO] [stdout] error[E0599]: the method `unwrap` exists for enum `Result<Config, ConfigError>`, but its trait bounds were not satisfied
[INFO] [stdout]   --> src/../README.md:156:34
[INFO] [stdout]    |
[INFO] [stdout] 9  | struct Config {
[INFO] [stdout]    | ------------- doesn't satisfy `Config: Sized`
[INFO] [stdout] ...
[INFO] [stdout] 31 |     let cfg = Config::from_env().unwrap();
[INFO] [stdout]    |                                  ^^^^^^ method cannot be called on `Result<Config, ConfigError>` due to unsatisfied trait bounds
[INFO] [stdout]    |
[INFO] [stdout]    = note: the following trait bounds were not satisfied:
[INFO] [stdout]            `{type error}: Sized`
[INFO] [stdout]            which is required by `Config: Sized`
[INFO] [stdout] 
[INFO] [stdout] error: aborting due to 6 previous errors
[INFO] [stdout] 
[INFO] [stdout] Some errors have detailed explanations: E0277, E0432, E0433, E0599.
[INFO] [stdout] For more information about an error, try `rustc --explain E0277`.
[INFO] [stdout] Couldn't compile the test.
[INFO] [stdout] ---- src/../README.md - (line 20) stdout ----
[INFO] [stdout] Test executable failed (exit status: 101).
[INFO] [stdout] 
[INFO] [stdout] stderr:
[INFO] [stdout] thread 'main' panicked at src/../README.md:10:59:
[INFO] [stdout] called `Result::unwrap()` on an `Err` value: NotPresent
[INFO] [stdout] stack backtrace:
[INFO] [stdout]    0:     0x5cfc9fa7edca - std::backtrace_rs::backtrace::libunwind::trace::h207520d6e9873551
[INFO] [stdout]                                at /rustc/df4ca44d3fbc9301ee17f30f4d474e6ae4b05252/library/std/src/../../backtrace/src/backtrace/libunwind.rs:116:5
[INFO] [stdout]    1:     0x5cfc9fa7edca - std::backtrace_rs::backtrace::trace_unsynchronized::h2ed7433f370e3eca
[INFO] [stdout]                                at /rustc/df4ca44d3fbc9301ee17f30f4d474e6ae4b05252/library/std/src/../../backtrace/src/backtrace/mod.rs:66:5
[INFO] [stdout]    2:     0x5cfc9fa7edca - std::sys::backtrace::_print_fmt::h916fac51166b18d7
[INFO] [stdout]                                at /rustc/df4ca44d3fbc9301ee17f30f4d474e6ae4b05252/library/std/src/sys/backtrace.rs:66:9
[INFO] [stdout]    3:     0x5cfc9fa7edca - <std::sys::backtrace::BacktraceLock::print::DisplayBacktrace as core::fmt::Display>::fmt::ha0a4c9b8ce3802e6
[INFO] [stdout]                                at /rustc/df4ca44d3fbc9301ee17f30f4d474e6ae4b05252/library/std/src/sys/backtrace.rs:39:26
[INFO] [stdout]    4:     0x5cfc9faa4dd3 - core::fmt::rt::Argument::fmt::h4cfc8587d52b3eb5
[INFO] [stdout]                                at /rustc/df4ca44d3fbc9301ee17f30f4d474e6ae4b05252/library/core/src/fmt/rt.rs:177:76
[INFO] [stdout]    5:     0x5cfc9faa4dd3 - core::fmt::write::h522cc39e5b36ae9f
[INFO] [stdout]                                at /rustc/df4ca44d3fbc9301ee17f30f4d474e6ae4b05252/library/core/src/fmt/mod.rs:1190:21
[INFO] [stdout]    6:     0x5cfc9fa7b613 - std::io::Write::write_fmt::hf1c1dcc8cc1287f0
[INFO] [stdout]                                at /rustc/df4ca44d3fbc9301ee17f30f4d474e6ae4b05252/library/std/src/io/mod.rs:1839:15
[INFO] [stdout]    7:     0x5cfc9fa7ec12 - std::sys::backtrace::BacktraceLock::print::h4b9e00b29e9c0942
[INFO] [stdout]                                at /rustc/df4ca44d3fbc9301ee17f30f4d474e6ae4b05252/library/std/src/sys/backtrace.rs:42:9
[INFO] [stdout]    8:     0x5cfc9fa7fd1c - std::panicking::default_hook::{{closure}}::hb59b88280d0324d9
[INFO] [stdout]                                at /rustc/df4ca44d3fbc9301ee17f30f4d474e6ae4b05252/library/std/src/panicking.rs:268:22
[INFO] [stdout]    9:     0x5cfc9fa7fb62 - std::panicking::default_hook::he1dd496665be4a29
[INFO] [stdout]                                at /rustc/df4ca44d3fbc9301ee17f30f4d474e6ae4b05252/library/std/src/panicking.rs:295:9
[INFO] [stdout]   10:     0x5cfc9fa80357 - std::panicking::rust_panic_with_hook::h2ff17fe8f26dfcf8
[INFO] [stdout]                                at /rustc/df4ca44d3fbc9301ee17f30f4d474e6ae4b05252/library/std/src/panicking.rs:801:13
[INFO] [stdout]   11:     0x5cfc9fa801ea - std::panicking::begin_panic_handler::{{closure}}::h4fad77951c07e101
[INFO] [stdout]                                at /rustc/df4ca44d3fbc9301ee17f30f4d474e6ae4b05252/library/std/src/panicking.rs:674:13
[INFO] [stdout]   12:     0x5cfc9fa7f2a9 - std::sys::backtrace::__rust_end_short_backtrace::hb1a25b3da5d0ea08
[INFO] [stdout]                                at /rustc/df4ca44d3fbc9301ee17f30f4d474e6ae4b05252/library/std/src/sys/backtrace.rs:170:18
[INFO] [stdout]   13:     0x5cfc9fa7fe7c - rust_begin_unwind
[INFO] [stdout]                                at /rustc/df4ca44d3fbc9301ee17f30f4d474e6ae4b05252/library/std/src/panicking.rs:665:5
[INFO] [stdout]   14:     0x5cfc9faa3290 - core::panicking::panic_fmt::ha9db07b529f9b256
[INFO] [stdout]                                at /rustc/df4ca44d3fbc9301ee17f30f4d474e6ae4b05252/library/core/src/panicking.rs:75:14
[INFO] [stdout]   15:     0x5cfc9faa3736 - core::result::unwrap_failed::h5e8218e4d4338b8a
[INFO] [stdout]                                at /rustc/df4ca44d3fbc9301ee17f30f4d474e6ae4b05252/library/core/src/result.rs:1698:5
[INFO] [stdout]   16:     0x5cfc9f8c60aa - rust_out::main::{{closure}}::h6aa186353edbc990
[INFO] [stdout]   17:     0x5cfc9f8bdd66 - <core::pin::Pin<P> as core::future::future::Future>::poll::h8ededd1abf40da2a
[INFO] [stdout]   18:     0x5cfc9f8ae415 - tokio::runtime::park::CachedParkThread::block_on::{{closure}}::h395ae37e4f9e789d
[INFO] [stdout]   19:     0x5cfc9f8ad754 - tokio::runtime::park::CachedParkThread::block_on::h056f5022034061ea
[INFO] [stdout]   20:     0x5cfc9f8b687b - tokio::runtime::context::blocking::BlockingRegionGuard::block_on::h9c756e698e7f6b48
[INFO] [stdout]   21:     0x5cfc9f8b6f91 - tokio::runtime::scheduler::multi_thread::MultiThread::block_on::{{closure}}::hd3e58ad3de67ea31
[INFO] [stdout]   22:     0x5cfc9f8b5a88 - tokio::runtime::context::runtime::enter_runtime::h6a2dca7ec5e3bd0a
[INFO] [stdout]   23:     0x5cfc9f8b6f1d - tokio::runtime::scheduler::multi_thread::MultiThread::block_on::h5ba0f8a0c3328de6
[INFO] [stdout]   24:     0x5cfc9f8b6c04 - tokio::runtime::runtime::Runtime::block_on_inner::hce742ca0c0e043f0
[INFO] [stdout]   25:     0x5cfc9f8b6ebd - tokio::runtime::runtime::Runtime::block_on::hca6231864bfddf48
[INFO] [stdout]   26:     0x5cfc9f8c5e3a - rust_out::main::ha213a30daa5df4da
[INFO] [stdout]   27:     0x5cfc9f89adb3 - core::ops::function::FnOnce::call_once::hf7edf7132571051c
[INFO] [stdout]   28:     0x5cfc9f8972e6 - std::sys::backtrace::__rust_begin_short_backtrace::h32fd822fd2ba4079
[INFO] [stdout]   29:     0x5cfc9f8972c9 - std::rt::lang_start::{{closure}}::h4039a1c394ed4f7c
[INFO] [stdout]   30:     0x5cfc9fa76c57 - core::ops::function::impls::<impl core::ops::function::FnOnce<A> for &F>::call_once::hd87d66b906e0ccaf
[INFO] [stdout]                                at /rustc/df4ca44d3fbc9301ee17f30f4d474e6ae4b05252/library/core/src/ops/function.rs:284:13
[INFO] [stdout]   31:     0x5cfc9fa76c57 - std::panicking::try::do_call::hae3703de71fc9e3a
[INFO] [stdout]                                at /rustc/df4ca44d3fbc9301ee17f30f4d474e6ae4b05252/library/std/src/panicking.rs:557:40
[INFO] [stdout]   32:     0x5cfc9fa76c57 - std::panicking::try::h1178330e9a2b2645
[INFO] [stdout]                                at /rustc/df4ca44d3fbc9301ee17f30f4d474e6ae4b05252/library/std/src/panicking.rs:520:19
[INFO] [stdout]   33:     0x5cfc9fa76c57 - std::panic::catch_unwind::h0acf49d2305d32ad
[INFO] [stdout]                                at /rustc/df4ca44d3fbc9301ee17f30f4d474e6ae4b05252/library/std/src/panic.rs:358:14
[INFO] [stdout]   34:     0x5cfc9fa76c57 - std::rt::lang_start_internal::{{closure}}::h2d95182d798177be
[INFO] [stdout]                                at /rustc/df4ca44d3fbc9301ee17f30f4d474e6ae4b05252/library/std/src/rt.rs:174:48
[INFO] [stdout]   35:     0x5cfc9fa76c57 - std::panicking::try::do_call::hb506f5bfe11fd30c
[INFO] [stdout]                                at /rustc/df4ca44d3fbc9301ee17f30f4d474e6ae4b05252/library/std/src/panicking.rs:557:40
[INFO] [stdout]   36:     0x5cfc9fa76c57 - std::panicking::try::h54d825c46bd0fa95
[INFO] [stdout]                                at /rustc/df4ca44d3fbc9301ee17f30f4d474e6ae4b05252/library/std/src/panicking.rs:520:19
[INFO] [stdout]   37:     0x5cfc9fa76c57 - std::panic::catch_unwind::hffbb0ad20c4e9fac
[INFO] [stdout]                                at /rustc/df4ca44d3fbc9301ee17f30f4d474e6ae4b05252/library/std/src/panic.rs:358:14
[INFO] [stdout]   38:     0x5cfc9fa76c57 - std::rt::lang_start_internal::h52c291ef1962c925
[INFO] [stdout]                                at /rustc/df4ca44d3fbc9301ee17f30f4d474e6ae4b05252/library/std/src/rt.rs:174:20
[INFO] [stdout]   39:     0x5cfc9f8972a7 - std::rt::lang_start::h8c6075cd6f225ba1
[INFO] [stdout]   40:     0x5cfc9f8c7025 - main
[INFO] [stdout]   41:     0x71ed6e60ad90 - <unknown>
[INFO] [stdout]   42:     0x71ed6e60ae40 - __libc_start_main
[INFO] [stdout]   43:     0x5cfc9f8921c5 - _start
[INFO] [stdout]   44:                0x0 - <unknown>
[INFO] [stdout] 
[INFO] [stdout] 
[INFO] [stdout] 
[INFO] [stdout] failures:
[INFO] [stdout]     src/../README.md - (line 127)
[INFO] [stdout]     src/../README.md - (line 20)
[INFO] [stdout]     src/../README.md - (line 49)
[INFO] [stdout]     src/../README.md - (line 93)
[INFO] [stdout]     src/config.rs - config::Config (line 21)
[INFO] [stdout] 
[INFO] [stdout] test result: FAILED. 0 passed; 5 failed; 0 ignored; 0 measured; 0 filtered out; finished in 0.53s
[INFO] [stdout] 
[INFO] [stderr] error: doctest failed, to rerun pass `--doc`
[INFO] running `Command { std: "docker" "inspect" "2aa3b2f4f146a099fa55b3fb29e9042a66aab79fb15e008743335c65a79ac63b", kill_on_drop: false }`
[INFO] running `Command { std: "docker" "rm" "-f" "2aa3b2f4f146a099fa55b3fb29e9042a66aab79fb15e008743335c65a79ac63b", kill_on_drop: false }`
[INFO] [stdout] 2aa3b2f4f146a099fa55b3fb29e9042a66aab79fb15e008743335c65a79ac63b
