[INFO] fetching crate deadpool-redis-cluster 0.1.1...
[INFO] testing deadpool-redis-cluster-0.1.1 against nightly-2024-10-28 for randomize-layout
[INFO] extracting crate deadpool-redis-cluster 0.1.1 into /workspace/builds/worker-1-tc1/source
[INFO] validating manifest of crates.io crate deadpool-redis-cluster 0.1.1 on toolchain nightly-2024-10-28
[INFO] running `Command { std: CARGO_HOME="/workspace/cargo-home" RUSTUP_HOME="/workspace/rustup-home" "/workspace/cargo-home/bin/cargo" "+nightly-2024-10-28" "metadata" "--manifest-path" "Cargo.toml" "--no-deps", kill_on_drop: false }`
[INFO] started tweaking crates.io crate deadpool-redis-cluster 0.1.1
[INFO] finished tweaking crates.io crate deadpool-redis-cluster 0.1.1
[INFO] tweaked toml for crates.io crate deadpool-redis-cluster 0.1.1 written to /workspace/builds/worker-1-tc1/source/Cargo.toml
[INFO] running `Command { std: CARGO_HOME="/workspace/cargo-home" RUSTUP_HOME="/workspace/rustup-home" "/workspace/cargo-home/bin/cargo" "+nightly-2024-10-28" "generate-lockfile" "--manifest-path" "Cargo.toml", kill_on_drop: false }`
[INFO] [stderr]     Updating crates.io index
[INFO] [stderr]      Locking 163 packages to latest compatible versions
[INFO] [stderr]       Adding config v0.13.4 (available: v0.14.1)
[INFO] [stderr]       Adding deadpool v0.10.0 (available: v0.12.1)
[INFO] [stderr]       Adding redis v0.23.3 (available: v0.27.5)
[INFO] running `Command { std: CARGO_HOME="/workspace/cargo-home" RUSTUP_HOME="/workspace/rustup-home" "/workspace/cargo-home/bin/cargo" "+nightly-2024-10-28" "fetch" "--manifest-path" "Cargo.toml", kill_on_drop: false }`
[INFO] [stderr]  Downloading crates ...
[INFO] [stderr]   Downloaded crc16 v0.4.0
[INFO] [stderr]   Downloaded dlv-list v0.3.0
[INFO] [stderr]   Downloaded rust-ini v0.18.0
[INFO] [stderr]   Downloaded ordered-multimap v0.4.3
[INFO] [stderr]   Downloaded redis_cluster_async v0.8.1
[INFO] running `Command { std: "docker" "create" "-v" "/var/lib/crater-agent-workspace/builds/worker-1-tc1/target:/opt/rustwide/target:rw,Z" "-v" "/var/lib/crater-agent-workspace/builds/worker-1-tc1/source:/opt/rustwide/workdir:ro,Z" "-v" "/var/lib/crater-agent-workspace/cargo-home:/opt/rustwide/cargo-home:ro,Z" "-v" "/var/lib/crater-agent-workspace/rustup-home:/opt/rustwide/rustup-home:ro,Z" "-e" "SOURCE_DIR=/opt/rustwide/workdir" "-e" "CARGO_TARGET_DIR=/opt/rustwide/target" "-e" "CARGO_HOME=/opt/rustwide/cargo-home" "-e" "RUSTUP_HOME=/opt/rustwide/rustup-home" "-w" "/opt/rustwide/workdir" "-m" "1610612736" "--user" "0:0" "--network" "none" "ghcr.io/rust-lang/crates-build-env/linux@sha256:4a844ea9eb2546a2d2c7022eacef16ef2e8229c7fbb2c7d4d55a9ceca922f72d" "/opt/rustwide/cargo-home/bin/cargo" "+nightly-2024-10-28" "metadata" "--no-deps" "--format-version=1", kill_on_drop: false }`
[INFO] [stdout] 7766b7dce765835c5c12da9f380c1558b201c14ebee5a188c015e855ba6119b9
[INFO] running `Command { std: "docker" "start" "-a" "7766b7dce765835c5c12da9f380c1558b201c14ebee5a188c015e855ba6119b9", kill_on_drop: false }`
[INFO] running `Command { std: "docker" "inspect" "7766b7dce765835c5c12da9f380c1558b201c14ebee5a188c015e855ba6119b9", kill_on_drop: false }`
[INFO] running `Command { std: "docker" "rm" "-f" "7766b7dce765835c5c12da9f380c1558b201c14ebee5a188c015e855ba6119b9", kill_on_drop: false }`
[INFO] [stdout] 7766b7dce765835c5c12da9f380c1558b201c14ebee5a188c015e855ba6119b9
[INFO] running `Command { std: "docker" "create" "-v" "/var/lib/crater-agent-workspace/builds/worker-1-tc1/target:/opt/rustwide/target:rw,Z" "-v" "/var/lib/crater-agent-workspace/builds/worker-1-tc1/source:/opt/rustwide/workdir:ro,Z" "-v" "/var/lib/crater-agent-workspace/cargo-home:/opt/rustwide/cargo-home:ro,Z" "-v" "/var/lib/crater-agent-workspace/rustup-home:/opt/rustwide/rustup-home:ro,Z" "-e" "SOURCE_DIR=/opt/rustwide/workdir" "-e" "CARGO_TARGET_DIR=/opt/rustwide/target" "-e" "CARGO_INCREMENTAL=0" "-e" "RUST_BACKTRACE=full" "-e" "RUSTFLAGS=--cap-lints=forbid" "-e" "RUSTDOCFLAGS=--cap-lints=forbid" "-e" "CARGO_HOME=/opt/rustwide/cargo-home" "-e" "RUSTUP_HOME=/opt/rustwide/rustup-home" "-w" "/opt/rustwide/workdir" "-m" "1610612736" "--user" "0:0" "--network" "none" "ghcr.io/rust-lang/crates-build-env/linux@sha256:4a844ea9eb2546a2d2c7022eacef16ef2e8229c7fbb2c7d4d55a9ceca922f72d" "/opt/rustwide/cargo-home/bin/cargo" "+nightly-2024-10-28" "build" "--frozen" "--message-format=json", kill_on_drop: false }`
[INFO] [stdout] 99e1871efba7d23a614c4d95f3a5774e6468256e3d3485e26713c18a6d18ff87
[INFO] running `Command { std: "docker" "start" "-a" "99e1871efba7d23a614c4d95f3a5774e6468256e3d3485e26713c18a6d18ff87", kill_on_drop: false }`
[INFO] [stderr]    Compiling libc v0.2.161
[INFO] [stderr]    Compiling proc-macro2 v1.0.89
[INFO] [stderr]    Compiling unicode-ident v1.0.13
[INFO] [stderr]    Compiling pin-project-lite v0.2.15
[INFO] [stderr]    Compiling futures-core v0.3.31
[INFO] [stderr]    Compiling futures-sink v0.3.31
[INFO] [stderr]    Compiling autocfg v1.4.0
[INFO] [stderr]    Compiling bytes v1.8.0
[INFO] [stderr]    Compiling memchr v2.7.4
[INFO] [stderr]    Compiling tinyvec_macros v0.1.1
[INFO] [stderr]    Compiling futures-task v0.3.31
[INFO] [stderr]    Compiling tinyvec v1.8.0
[INFO] [stderr]    Compiling futures-channel v0.3.31
[INFO] [stderr]    Compiling byteorder v1.5.0
[INFO] [stderr]    Compiling pin-utils v0.1.0
[INFO] [stderr]    Compiling futures-io v0.3.31
[INFO] [stderr]    Compiling cfg-if v1.0.0
[INFO] [stderr]    Compiling percent-encoding v2.3.1
[INFO] [stderr]    Compiling unicode-bidi v0.3.17
[INFO] [stderr]    Compiling slab v0.4.9
[INFO] [stderr]    Compiling form_urlencoded v1.2.1
[INFO] [stderr]    Compiling crc16 v0.4.0
[INFO] [stderr]    Compiling quote v1.0.37
[INFO] [stderr]    Compiling ryu v1.0.18
[INFO] [stderr]    Compiling syn v2.0.86
[INFO] [stderr]    Compiling mio v1.0.2
[INFO] [stderr]    Compiling socket2 v0.5.7
[INFO] [stderr]    Compiling unicode-normalization v0.1.24
[INFO] [stderr]    Compiling getrandom v0.2.15
[INFO] [stderr]    Compiling socket2 v0.4.10
[INFO] [stderr]    Compiling itoa v1.0.11
[INFO] [stderr]    Compiling rand_core v0.6.4
[INFO] [stderr]    Compiling sha1_smol v1.0.1
[INFO] [stderr]    Compiling num_cpus v1.16.0
[INFO] [stderr]    Compiling tokio v1.41.0
[INFO] [stderr]    Compiling idna v0.5.0
[INFO] [stderr]    Compiling log v0.4.22
[INFO] [stderr]    Compiling url v2.5.2
[INFO] [stderr]    Compiling zerocopy-derive v0.7.35
[INFO] [stderr]    Compiling futures-macro v0.3.31
[INFO] [stderr]    Compiling async-trait v0.1.83
[INFO] [stderr]    Compiling tokio-util v0.7.12
[INFO] [stderr]    Compiling deadpool-runtime v0.1.4
[INFO] [stderr]    Compiling zerocopy v0.7.35
[INFO] [stderr]    Compiling futures-util v0.3.31
[INFO] [stderr]    Compiling deadpool v0.10.0
[INFO] [stderr]    Compiling combine v4.6.7
[INFO] [stderr]    Compiling ppv-lite86 v0.2.20
[INFO] [stderr]    Compiling rand_chacha v0.3.1
[INFO] [stderr]    Compiling rand v0.8.5
[INFO] [stderr]    Compiling futures-executor v0.3.31
[INFO] [stderr]    Compiling futures v0.3.31
[INFO] [stderr]    Compiling redis v0.23.3
[INFO] [stderr]    Compiling redis_cluster_async v0.8.1
[INFO] [stderr]    Compiling deadpool-redis-cluster v0.1.1 (/opt/rustwide/workdir)
[INFO] [stderr]     Finished `dev` profile [unoptimized + debuginfo] target(s) in 16.16s
[INFO] running `Command { std: "docker" "inspect" "99e1871efba7d23a614c4d95f3a5774e6468256e3d3485e26713c18a6d18ff87", kill_on_drop: false }`
[INFO] running `Command { std: "docker" "rm" "-f" "99e1871efba7d23a614c4d95f3a5774e6468256e3d3485e26713c18a6d18ff87", kill_on_drop: false }`
[INFO] [stdout] 99e1871efba7d23a614c4d95f3a5774e6468256e3d3485e26713c18a6d18ff87
[INFO] running `Command { std: "docker" "create" "-v" "/var/lib/crater-agent-workspace/builds/worker-1-tc1/target:/opt/rustwide/target:rw,Z" "-v" "/var/lib/crater-agent-workspace/builds/worker-1-tc1/source:/opt/rustwide/workdir:ro,Z" "-v" "/var/lib/crater-agent-workspace/cargo-home:/opt/rustwide/cargo-home:ro,Z" "-v" "/var/lib/crater-agent-workspace/rustup-home:/opt/rustwide/rustup-home:ro,Z" "-e" "SOURCE_DIR=/opt/rustwide/workdir" "-e" "CARGO_TARGET_DIR=/opt/rustwide/target" "-e" "CARGO_INCREMENTAL=0" "-e" "RUST_BACKTRACE=full" "-e" "RUSTFLAGS=--cap-lints=forbid" "-e" "RUSTDOCFLAGS=--cap-lints=forbid" "-e" "CARGO_HOME=/opt/rustwide/cargo-home" "-e" "RUSTUP_HOME=/opt/rustwide/rustup-home" "-w" "/opt/rustwide/workdir" "-m" "1610612736" "--user" "0:0" "--network" "none" "ghcr.io/rust-lang/crates-build-env/linux@sha256:4a844ea9eb2546a2d2c7022eacef16ef2e8229c7fbb2c7d4d55a9ceca922f72d" "/opt/rustwide/cargo-home/bin/cargo" "+nightly-2024-10-28" "test" "--frozen" "--no-run" "--message-format=json", kill_on_drop: false }`
[INFO] [stdout] 02eb3e223030fd0faff62bd959d0412bd1fc0693c254b25fe79c01b9e6c8dc8c
[INFO] running `Command { std: "docker" "start" "-a" "02eb3e223030fd0faff62bd959d0412bd1fc0693c254b25fe79c01b9e6c8dc8c", kill_on_drop: false }`
[INFO] [stderr]    Compiling parking_lot_core v0.9.10
[INFO] [stderr]    Compiling lock_api v0.4.12
[INFO] [stderr]    Compiling smallvec v1.13.2
[INFO] [stderr]    Compiling scopeguard v1.2.0
[INFO] [stderr]    Compiling signal-hook-registry v1.4.2
[INFO] [stderr]    Compiling tokio-macros v2.4.0
[INFO] [stderr]    Compiling thiserror v1.0.66
[INFO] [stderr]    Compiling thiserror-impl v1.0.66
[INFO] [stderr]    Compiling version_check v0.9.5
[INFO] [stderr]    Compiling serde v1.0.214
[INFO] [stderr]    Compiling ahash v0.7.8
[INFO] [stderr]    Compiling serde_derive v1.0.214
[INFO] [stderr]    Compiling ucd-trie v0.1.7
[INFO] [stderr]    Compiling parking_lot v0.12.3
[INFO] [stderr]    Compiling once_cell v1.20.2
[INFO] [stderr]    Compiling serde_json v1.0.132
[INFO] [stderr]    Compiling dlv-list v0.3.0
[INFO] [stderr]    Compiling tokio v1.41.0
[INFO] [stderr]    Compiling base64 v0.13.1
[INFO] [stderr]    Compiling minimal-lexical v0.2.1
[INFO] [stderr]    Compiling linked-hash-map v0.5.6
[INFO] [stderr]    Compiling hashbrown v0.12.3
[INFO] [stderr]    Compiling bitflags v1.3.2
[INFO] [stderr]    Compiling nom v7.1.3
[INFO] [stderr]    Compiling yaml-rust v0.4.5
[INFO] [stderr]    Compiling pathdiff v0.2.2
[INFO] [stderr]    Compiling lazy_static v1.5.0
[INFO] [stderr]    Compiling dotenv v0.15.0
[INFO] [stderr]    Compiling pest v2.7.14
[INFO] [stderr]    Compiling ordered-multimap v0.4.3
[INFO] [stderr]    Compiling rust-ini v0.18.0
[INFO] [stderr]    Compiling pest_meta v2.7.14
[INFO] [stderr]    Compiling pest_generator v2.7.14
[INFO] [stderr]    Compiling pest_derive v2.7.14
[INFO] [stderr]    Compiling tokio-util v0.7.12
[INFO] [stderr]    Compiling deadpool-runtime v0.1.4
[INFO] [stderr]    Compiling deadpool v0.10.0
[INFO] [stderr]    Compiling combine v4.6.7
[INFO] [stderr]    Compiling toml v0.5.11
[INFO] [stderr]    Compiling json5 v0.4.1
[INFO] [stderr]    Compiling ron v0.7.1
[INFO] [stderr]    Compiling config v0.13.4
[INFO] [stderr]    Compiling redis v0.23.3
[INFO] [stderr]    Compiling redis_cluster_async v0.8.1
[INFO] [stderr]    Compiling deadpool-redis-cluster v0.1.1 (/opt/rustwide/workdir)
[INFO] [stderr]     Finished `test` profile [unoptimized + debuginfo] target(s) in 22.38s
[INFO] running `Command { std: "docker" "inspect" "02eb3e223030fd0faff62bd959d0412bd1fc0693c254b25fe79c01b9e6c8dc8c", kill_on_drop: false }`
[INFO] running `Command { std: "docker" "rm" "-f" "02eb3e223030fd0faff62bd959d0412bd1fc0693c254b25fe79c01b9e6c8dc8c", kill_on_drop: false }`
[INFO] [stdout] 02eb3e223030fd0faff62bd959d0412bd1fc0693c254b25fe79c01b9e6c8dc8c
[INFO] running `Command { std: "docker" "create" "-v" "/var/lib/crater-agent-workspace/builds/worker-1-tc1/target:/opt/rustwide/target:rw,Z" "-v" "/var/lib/crater-agent-workspace/builds/worker-1-tc1/source:/opt/rustwide/workdir:ro,Z" "-v" "/var/lib/crater-agent-workspace/cargo-home:/opt/rustwide/cargo-home:ro,Z" "-v" "/var/lib/crater-agent-workspace/rustup-home:/opt/rustwide/rustup-home:ro,Z" "-e" "SOURCE_DIR=/opt/rustwide/workdir" "-e" "CARGO_TARGET_DIR=/opt/rustwide/target" "-e" "CARGO_INCREMENTAL=0" "-e" "RUST_BACKTRACE=full" "-e" "RUSTFLAGS=--cap-lints=forbid" "-e" "RUSTDOCFLAGS=--cap-lints=forbid" "-e" "CARGO_HOME=/opt/rustwide/cargo-home" "-e" "RUSTUP_HOME=/opt/rustwide/rustup-home" "-w" "/opt/rustwide/workdir" "-m" "1610612736" "--user" "0:0" "--network" "none" "ghcr.io/rust-lang/crates-build-env/linux@sha256:4a844ea9eb2546a2d2c7022eacef16ef2e8229c7fbb2c7d4d55a9ceca922f72d" "/opt/rustwide/cargo-home/bin/cargo" "+nightly-2024-10-28" "test" "--frozen", kill_on_drop: false }`
[INFO] [stdout] 09d715a9de371f54b2a67d8323f7f25e8a9720b57103a9dd6a7aca4c71f0d74c
[INFO] running `Command { std: "docker" "start" "-a" "09d715a9de371f54b2a67d8323f7f25e8a9720b57103a9dd6a7aca4c71f0d74c", kill_on_drop: false }`
[INFO] [stderr]     Finished `test` profile [unoptimized + debuginfo] target(s) in 0.11s
[INFO] [stderr]      Running unittests src/lib.rs (/opt/rustwide/target/debug/deps/deadpool_redis_cluster-cc70eab34f5f400b)
[INFO] [stdout] 
[INFO] [stdout] running 0 tests
[INFO] [stdout] 
[INFO] [stdout] test result: ok. 0 passed; 0 failed; 0 ignored; 0 measured; 0 filtered out; finished in 0.00s
[INFO] [stdout] 
[INFO] [stderr]      Running tests/redis.rs (/opt/rustwide/target/debug/deps/redis-ebd031a642e5e86e)
[INFO] [stdout] 
[INFO] [stdout] running 0 tests
[INFO] [stdout] 
[INFO] [stdout] test result: ok. 0 passed; 0 failed; 0 ignored; 0 measured; 0 filtered out; finished in 0.00s
[INFO] [stdout] 
[INFO] [stderr]    Doc-tests deadpool_redis_cluster
[INFO] [stdout] 
[INFO] [stdout] running 3 tests
[INFO] [stdout] test src/config.rs - config::Config (line 21) ... FAILED
[INFO] [stdout] test src/../README.md - (line 61) ... FAILED
[INFO] [stdout] test src/../README.md - (line 28) ... FAILED
[INFO] [stdout] 
[INFO] [stdout] failures:
[INFO] [stdout] 
[INFO] [stdout] ---- src/config.rs - config::Config (line 21) stdout ----
[INFO] [stdout] error[E0432]: unresolved import `serde_1`
[INFO] [stdout]  --> src/config.rs:23:5
[INFO] [stdout]   |
[INFO] [stdout] 5 | use serde_1 as serde;
[INFO] [stdout]   |     ^^^^^^^^^^^^^^^^ no external crate `serde_1`
[INFO] [stdout] 
[INFO] [stdout] warning: use of deprecated crate `deadpool_redis_cluster`: The functionality of `redis_cluster_async` has been merged into the 
[INFO] [stdout]          `redis` crate rendering this crate obsolete. Please use `deadpool-redis` instead.
[INFO] [stdout]  --> src/config.rs:21:1
[INFO] [stdout]   |
[INFO] [stdout] 3 | extern crate r#deadpool_redis_cluster;
[INFO] [stdout]   | ^^^^^^^^^^^^^^^^^^^^^^^^^^^^^^^^^^^^^^
[INFO] [stdout]   |
[INFO] [stdout]   = note: `#[warn(deprecated)]` on by default
[INFO] [stdout] 
[INFO] [stdout] warning: use of deprecated struct `deadpool_redis_cluster::Config`: The functionality of `redis_cluster_async` has been merged into the 
[INFO] [stdout]          `redis` crate rendering this crate obsolete. Please use `deadpool-redis` instead.
[INFO] [stdout]   --> src/config.rs:28:44
[INFO] [stdout]    |
[INFO] [stdout] 10 |     redis_cluster: deadpool_redis_cluster::Config,
[INFO] [stdout]    |                                            ^^^^^^
[INFO] [stdout] 
[INFO] [stdout] error[E0277]: the trait bound `_doctest_main_src_config_rs_21_0::Config: serde::de::Deserialize<'_>` is not satisfied
[INFO] [stdout]    --> src/config.rs:41:16
[INFO] [stdout]     |
[INFO] [stdout] 23  |            cfg.try_deserialize()
[INFO] [stdout]     |                ^^^^^^^^^^^^^^^ the trait `serde::de::Deserialize<'_>` is not implemented for `_doctest_main_src_config_rs_21_0::Config`
[INFO] [stdout]     |
[INFO] [stdout]     = note: for local types consider adding `#[derive(serde::Deserialize)]` to your `_doctest_main_src_config_rs_21_0::Config` type
[INFO] [stdout]     = note: for types from other crates check whether the crate offers a `serde` feature flag
[INFO] [stdout]     = help: the following other types implement trait `serde::de::Deserialize<'de>`:
[INFO] [stdout]               &'a Path
[INFO] [stdout]               &'a [u8]
[INFO] [stdout]               &'a str
[INFO] [stdout]               ()
[INFO] [stdout]               (T,)
[INFO] [stdout]               (T0, T1)
[INFO] [stdout]               (T0, T1, T2)
[INFO] [stdout]               (T0, T1, T2, T3)
[INFO] [stdout]             and 154 others
[INFO] [stdout] note: required by a bound in `config::Config::try_deserialize`
[INFO] [stdout]    --> /opt/rustwide/cargo-home/registry/src/index.crates.io-6f17d22bba15001f/config-0.13.4/src/config.rs:193:36
[INFO] [stdout]     |
[INFO] [stdout] 193 |     pub fn try_deserialize<'de, T: Deserialize<'de>>(self) -> Result<T> {
[INFO] [stdout]     |                                    ^^^^^^^^^^^^^^^^ required by this bound in `Config::try_deserialize`
[INFO] [stdout] 
[INFO] [stdout] error: aborting due to 2 previous errors; 2 warnings emitted
[INFO] [stdout] 
[INFO] [stdout] Some errors have detailed explanations: E0277, E0432.
[INFO] [stdout] For more information about an error, try `rustc --explain E0277`.
[INFO] [stdout] Couldn't compile the test.
[INFO] [stdout] ---- src/../README.md - (line 61) stdout ----
[INFO] [stdout] error[E0432]: unresolved import `serde_1`
[INFO] [stdout]  --> src/../README.md:65:5
[INFO] [stdout]   |
[INFO] [stdout] 6 | use serde_1 as serde;
[INFO] [stdout]   |     ^^^^^^^^^^^^^^^^ no external crate `serde_1`
[INFO] [stdout] 
[INFO] [stdout] warning: use of deprecated crate `deadpool_redis_cluster`: The functionality of `redis_cluster_async` has been merged into the 
[INFO] [stdout]          `redis` crate rendering this crate obsolete. Please use `deadpool-redis` instead.
[INFO] [stdout]  --> src/../README.md:62:1
[INFO] [stdout]   |
[INFO] [stdout] 3 | extern crate r#deadpool_redis_cluster;
[INFO] [stdout]   | ^^^^^^^^^^^^^^^^^^^^^^^^^^^^^^^^^^^^^^
[INFO] [stdout]   |
[INFO] [stdout]   = note: `#[warn(deprecated)]` on by default
[INFO] [stdout] 
[INFO] [stdout] warning: use of deprecated struct `deadpool_redis_cluster::Config`: The functionality of `redis_cluster_async` has been merged into the 
[INFO] [stdout]          `redis` crate rendering this crate obsolete. Please use `deadpool-redis` instead.
[INFO] [stdout]   --> src/../README.md:71:44
[INFO] [stdout]    |
[INFO] [stdout] 12 |     redis_cluster: deadpool_redis_cluster::Config
[INFO] [stdout]    |                                            ^^^^^^
[INFO] [stdout] 
[INFO] [stdout] error[E0277]: the trait bound `Config: serde::de::Deserialize<'_>` is not satisfied
[INFO] [stdout]    --> src/../README.md:84:14
[INFO] [stdout]     |
[INFO] [stdout] 25  |             .try_deserialize()
[INFO] [stdout]     |              ^^^^^^^^^^^^^^^ the trait `serde::de::Deserialize<'_>` is not implemented for `Config`
[INFO] [stdout]     |
[INFO] [stdout]     = note: for local types consider adding `#[derive(serde::Deserialize)]` to your `Config` type
[INFO] [stdout]     = note: for types from other crates check whether the crate offers a `serde` feature flag
[INFO] [stdout]     = help: the following other types implement trait `serde::de::Deserialize<'de>`:
[INFO] [stdout]               &'a Path
[INFO] [stdout]               &'a [u8]
[INFO] [stdout]               &'a str
[INFO] [stdout]               ()
[INFO] [stdout]               (T,)
[INFO] [stdout]               (T0, T1)
[INFO] [stdout]               (T0, T1, T2)
[INFO] [stdout]               (T0, T1, T2, T3)
[INFO] [stdout]             and 154 others
[INFO] [stdout] note: required by a bound in `config::Config::try_deserialize`
[INFO] [stdout]    --> /opt/rustwide/cargo-home/registry/src/index.crates.io-6f17d22bba15001f/config-0.13.4/src/config.rs:193:36
[INFO] [stdout]     |
[INFO] [stdout] 193 |     pub fn try_deserialize<'de, T: Deserialize<'de>>(self) -> Result<T> {
[INFO] [stdout]     |                                    ^^^^^^^^^^^^^^^^ required by this bound in `Config::try_deserialize`
[INFO] [stdout] 
[INFO] [stdout] warning: use of deprecated method `deadpool_redis_cluster::Config::create_pool`: The functionality of `redis_cluster_async` has been merged into the 
[INFO] [stdout]          `redis` crate rendering this crate obsolete. Please use `deadpool-redis` instead.
[INFO] [stdout]   --> src/../README.md:92:34
[INFO] [stdout]    |
[INFO] [stdout] 33 |     let pool = cfg.redis_cluster.create_pool(Some(Runtime::Tokio1)).unwrap();
[INFO] [stdout]    |                                  ^^^^^^^^^^^
[INFO] [stdout] 
[INFO] [stdout] error: aborting due to 2 previous errors; 3 warnings emitted
[INFO] [stdout] 
[INFO] [stdout] Some errors have detailed explanations: E0277, E0432.
[INFO] [stdout] For more information about an error, try `rustc --explain E0277`.
[INFO] [stdout] Couldn't compile the test.
[INFO] [stdout] ---- src/../README.md - (line 28) stdout ----
[INFO] [stdout] warning: use of deprecated crate `deadpool_redis_cluster`: The functionality of `redis_cluster_async` has been merged into the 
[INFO] [stdout]          `redis` crate rendering this crate obsolete. Please use `deadpool-redis` instead.
[INFO] [stdout]  --> src/../README.md:29:1
[INFO] [stdout]   |
[INFO] [stdout] 3 | extern crate r#deadpool_redis_cluster;
[INFO] [stdout]   | ^^^^^^^^^^^^^^^^^^^^^^^^^^^^^^^^^^^^^^
[INFO] [stdout]   |
[INFO] [stdout]   = note: `#[warn(deprecated)]` on by default
[INFO] [stdout] 
[INFO] [stdout] warning: use of deprecated struct `deadpool_redis_cluster::Config`: The functionality of `redis_cluster_async` has been merged into the 
[INFO] [stdout]          `redis` crate rendering this crate obsolete. Please use `deadpool-redis` instead.
[INFO] [stdout]  --> src/../README.md:31:60
[INFO] [stdout]   |
[INFO] [stdout] 5 | use deadpool_redis_cluster::{redis::{cmd, FromRedisValue}, Config, Runtime};
[INFO] [stdout]   |                                                            ^^^^^^
[INFO] [stdout] 
[INFO] [stdout] warning: use of deprecated struct `deadpool_redis_cluster::Config`: The functionality of `redis_cluster_async` has been merged into the 
[INFO] [stdout]          `redis` crate rendering this crate obsolete. Please use `deadpool-redis` instead.
[INFO] [stdout]   --> src/../README.md:40:19
[INFO] [stdout]    |
[INFO] [stdout] 14 |     let mut cfg = Config::from_urls(redis_urls);
[INFO] [stdout]    |                   ^^^^^^
[INFO] [stdout] 
[INFO] [stdout] warning: use of deprecated associated function `deadpool_redis_cluster::Config::from_urls`: The functionality of `redis_cluster_async` has been merged into the 
[INFO] [stdout]          `redis` crate rendering this crate obsolete. Please use `deadpool-redis` instead.
[INFO] [stdout]   --> src/../README.md:40:27
[INFO] [stdout]    |
[INFO] [stdout] 14 |     let mut cfg = Config::from_urls(redis_urls);
[INFO] [stdout]    |                           ^^^^^^^^^
[INFO] [stdout] 
[INFO] [stdout] warning: use of deprecated method `deadpool_redis_cluster::Config::create_pool`: The functionality of `redis_cluster_async` has been merged into the 
[INFO] [stdout]          `redis` crate rendering this crate obsolete. Please use `deadpool-redis` instead.
[INFO] [stdout]   --> src/../README.md:41:20
[INFO] [stdout]    |
[INFO] [stdout] 15 |     let pool = cfg.create_pool(Some(Runtime::Tokio1)).unwrap();
[INFO] [stdout]    |                    ^^^^^^^^^^^
[INFO] [stdout] 
[INFO] [stdout] warning: 5 warnings emitted
[INFO] [stdout] 
[INFO] [stdout] Test executable failed (exit status: 101).
[INFO] [stdout] 
[INFO] [stdout] stderr:
[INFO] [stdout] thread 'main' panicked at src/../README.md:10:10:
[INFO] [stdout] called `Result::unwrap()` on an `Err` value: NotPresent
[INFO] [stdout] stack backtrace:
[INFO] [stdout]    0:     0x634ddd54c06a - std::backtrace_rs::backtrace::libunwind::trace::h207520d6e9873551
[INFO] [stdout]                                at /rustc/df4ca44d3fbc9301ee17f30f4d474e6ae4b05252/library/std/src/../../backtrace/src/backtrace/libunwind.rs:116:5
[INFO] [stdout]    1:     0x634ddd54c06a - std::backtrace_rs::backtrace::trace_unsynchronized::h2ed7433f370e3eca
[INFO] [stdout]                                at /rustc/df4ca44d3fbc9301ee17f30f4d474e6ae4b05252/library/std/src/../../backtrace/src/backtrace/mod.rs:66:5
[INFO] [stdout]    2:     0x634ddd54c06a - std::sys::backtrace::_print_fmt::h916fac51166b18d7
[INFO] [stdout]                                at /rustc/df4ca44d3fbc9301ee17f30f4d474e6ae4b05252/library/std/src/sys/backtrace.rs:66:9
[INFO] [stdout]    3:     0x634ddd54c06a - <std::sys::backtrace::BacktraceLock::print::DisplayBacktrace as core::fmt::Display>::fmt::ha0a4c9b8ce3802e6
[INFO] [stdout]                                at /rustc/df4ca44d3fbc9301ee17f30f4d474e6ae4b05252/library/std/src/sys/backtrace.rs:39:26
[INFO] [stdout]    4:     0x634ddd56d2f3 - core::fmt::rt::Argument::fmt::h4cfc8587d52b3eb5
[INFO] [stdout]                                at /rustc/df4ca44d3fbc9301ee17f30f4d474e6ae4b05252/library/core/src/fmt/rt.rs:177:76
[INFO] [stdout]    5:     0x634ddd56d2f3 - core::fmt::write::h522cc39e5b36ae9f
[INFO] [stdout]                                at /rustc/df4ca44d3fbc9301ee17f30f4d474e6ae4b05252/library/core/src/fmt/mod.rs:1190:21
[INFO] [stdout]    6:     0x634ddd548833 - std::io::Write::write_fmt::hf1c1dcc8cc1287f0
[INFO] [stdout]                                at /rustc/df4ca44d3fbc9301ee17f30f4d474e6ae4b05252/library/std/src/io/mod.rs:1839:15
[INFO] [stdout]    7:     0x634ddd54beb2 - std::sys::backtrace::BacktraceLock::print::h4b9e00b29e9c0942
[INFO] [stdout]                                at /rustc/df4ca44d3fbc9301ee17f30f4d474e6ae4b05252/library/std/src/sys/backtrace.rs:42:9
[INFO] [stdout]    8:     0x634ddd54cfbc - std::panicking::default_hook::{{closure}}::hb59b88280d0324d9
[INFO] [stdout]                                at /rustc/df4ca44d3fbc9301ee17f30f4d474e6ae4b05252/library/std/src/panicking.rs:268:22
[INFO] [stdout]    9:     0x634ddd54ce02 - std::panicking::default_hook::he1dd496665be4a29
[INFO] [stdout]                                at /rustc/df4ca44d3fbc9301ee17f30f4d474e6ae4b05252/library/std/src/panicking.rs:295:9
[INFO] [stdout]   10:     0x634ddd54d5f7 - std::panicking::rust_panic_with_hook::h2ff17fe8f26dfcf8
[INFO] [stdout]                                at /rustc/df4ca44d3fbc9301ee17f30f4d474e6ae4b05252/library/std/src/panicking.rs:801:13
[INFO] [stdout]   11:     0x634ddd54d48a - std::panicking::begin_panic_handler::{{closure}}::h4fad77951c07e101
[INFO] [stdout]                                at /rustc/df4ca44d3fbc9301ee17f30f4d474e6ae4b05252/library/std/src/panicking.rs:674:13
[INFO] [stdout]   12:     0x634ddd54c549 - std::sys::backtrace::__rust_end_short_backtrace::hb1a25b3da5d0ea08
[INFO] [stdout]                                at /rustc/df4ca44d3fbc9301ee17f30f4d474e6ae4b05252/library/std/src/sys/backtrace.rs:170:18
[INFO] [stdout]   13:     0x634ddd54d11c - rust_begin_unwind
[INFO] [stdout]                                at /rustc/df4ca44d3fbc9301ee17f30f4d474e6ae4b05252/library/std/src/panicking.rs:665:5
[INFO] [stdout]   14:     0x634ddd56be20 - core::panicking::panic_fmt::ha9db07b529f9b256
[INFO] [stdout]                                at /rustc/df4ca44d3fbc9301ee17f30f4d474e6ae4b05252/library/core/src/panicking.rs:75:14
[INFO] [stdout]   15:     0x634ddd56c296 - core::result::unwrap_failed::h5e8218e4d4338b8a
[INFO] [stdout]                                at /rustc/df4ca44d3fbc9301ee17f30f4d474e6ae4b05252/library/core/src/result.rs:1698:5
[INFO] [stdout]   16:     0x634ddd2eddb1 - rust_out::main::{{closure}}::h6aa186353edbc990
[INFO] [stdout]   17:     0x634ddd2e20f5 - tokio::runtime::park::CachedParkThread::block_on::{{closure}}::hc3fb51786c9210e6
[INFO] [stdout]   18:     0x634ddd2e17fe - tokio::runtime::park::CachedParkThread::block_on::h307c719a331e5c10
[INFO] [stdout]   19:     0x634ddd2e372d - tokio::runtime::context::blocking::BlockingRegionGuard::block_on::ha281b6a0df2daa59
[INFO] [stdout]   20:     0x634ddd2e3d40 - tokio::runtime::scheduler::multi_thread::MultiThread::block_on::{{closure}}::hbe9fd7ae48c2ba89
[INFO] [stdout]   21:     0x634ddd2e2e13 - tokio::runtime::context::runtime::enter_runtime::he4b4dceb68d5d59b
[INFO] [stdout]   22:     0x634ddd2e3cc1 - tokio::runtime::scheduler::multi_thread::MultiThread::block_on::hf1c7eaa8c5487325
[INFO] [stdout]   23:     0x634ddd2e398e - tokio::runtime::runtime::Runtime::block_on_inner::h87f878057800d71a
[INFO] [stdout]   24:     0x634ddd2e3b90 - tokio::runtime::runtime::Runtime::block_on::ha8e289c941e2a1d9
[INFO] [stdout]   25:     0x634ddd2edb6d - rust_out::main::ha213a30daa5df4da
[INFO] [stdout]   26:     0x634ddd2dca13 - core::ops::function::FnOnce::call_once::hf7edf7132571051c
[INFO] [stdout]   27:     0x634ddd2db696 - std::sys::backtrace::__rust_begin_short_backtrace::h32fd822fd2ba4079
[INFO] [stdout]   28:     0x634ddd2db679 - std::rt::lang_start::{{closure}}::h4039a1c394ed4f7c
[INFO] [stdout]   29:     0x634ddd543df7 - core::ops::function::impls::<impl core::ops::function::FnOnce<A> for &F>::call_once::hd87d66b906e0ccaf
[INFO] [stdout]                                at /rustc/df4ca44d3fbc9301ee17f30f4d474e6ae4b05252/library/core/src/ops/function.rs:284:13
[INFO] [stdout]   30:     0x634ddd543df7 - std::panicking::try::do_call::hae3703de71fc9e3a
[INFO] [stdout]                                at /rustc/df4ca44d3fbc9301ee17f30f4d474e6ae4b05252/library/std/src/panicking.rs:557:40
[INFO] [stdout]   31:     0x634ddd543df7 - std::panicking::try::h1178330e9a2b2645
[INFO] [stdout]                                at /rustc/df4ca44d3fbc9301ee17f30f4d474e6ae4b05252/library/std/src/panicking.rs:520:19
[INFO] [stdout]   32:     0x634ddd543df7 - std::panic::catch_unwind::h0acf49d2305d32ad
[INFO] [stdout]                                at /rustc/df4ca44d3fbc9301ee17f30f4d474e6ae4b05252/library/std/src/panic.rs:358:14
[INFO] [stdout]   33:     0x634ddd543df7 - std::rt::lang_start_internal::{{closure}}::h2d95182d798177be
[INFO] [stdout]                                at /rustc/df4ca44d3fbc9301ee17f30f4d474e6ae4b05252/library/std/src/rt.rs:174:48
[INFO] [stdout]   34:     0x634ddd543df7 - std::panicking::try::do_call::hb506f5bfe11fd30c
[INFO] [stdout]                                at /rustc/df4ca44d3fbc9301ee17f30f4d474e6ae4b05252/library/std/src/panicking.rs:557:40
[INFO] [stdout]   35:     0x634ddd543df7 - std::panicking::try::h54d825c46bd0fa95
[INFO] [stdout]                                at /rustc/df4ca44d3fbc9301ee17f30f4d474e6ae4b05252/library/std/src/panicking.rs:520:19
[INFO] [stdout]   36:     0x634ddd543df7 - std::panic::catch_unwind::hffbb0ad20c4e9fac
[INFO] [stdout]                                at /rustc/df4ca44d3fbc9301ee17f30f4d474e6ae4b05252/library/std/src/panic.rs:358:14
[INFO] [stdout]   37:     0x634ddd543df7 - std::rt::lang_start_internal::h52c291ef1962c925
[INFO] [stdout]                                at /rustc/df4ca44d3fbc9301ee17f30f4d474e6ae4b05252/library/std/src/rt.rs:174:20
[INFO] [stdout]   38:     0x634ddd2db657 - std::rt::lang_start::h8c6075cd6f225ba1
[INFO] [stdout]   39:     0x634ddd2eed95 - main
[INFO] [stdout]   40:     0x7cd95d480d90 - <unknown>
[INFO] [stdout]   41:     0x7cd95d480e40 - __libc_start_main
[INFO] [stdout]   42:     0x634ddd2da6d5 - _start
[INFO] [stdout]   43:                0x0 - <unknown>
[INFO] [stdout] 
[INFO] [stdout] 
[INFO] [stdout] 
[INFO] [stdout] failures:
[INFO] [stdout]     src/../README.md - (line 28)
[INFO] [stdout]     src/../README.md - (line 61)
[INFO] [stdout]     src/config.rs - config::Config (line 21)
[INFO] [stdout] 
[INFO] [stdout] test result: FAILED. 0 passed; 3 failed; 0 ignored; 0 measured; 0 filtered out; finished in 0.59s
[INFO] [stdout] 
[INFO] [stderr] error: doctest failed, to rerun pass `--doc`
[INFO] running `Command { std: "docker" "inspect" "09d715a9de371f54b2a67d8323f7f25e8a9720b57103a9dd6a7aca4c71f0d74c", kill_on_drop: false }`
[INFO] running `Command { std: "docker" "rm" "-f" "09d715a9de371f54b2a67d8323f7f25e8a9720b57103a9dd6a7aca4c71f0d74c", kill_on_drop: false }`
[INFO] [stdout] 09d715a9de371f54b2a67d8323f7f25e8a9720b57103a9dd6a7aca4c71f0d74c
