[INFO] fetching crate deadpool-diesel 0.6.1...
[INFO] testing deadpool-diesel-0.6.1 against nightly-2024-10-28+rustflags=-Zrandomize-layout for randomize-layout
[INFO] extracting crate deadpool-diesel 0.6.1 into /workspace/builds/worker-1-tc2/source
[INFO] validating manifest of crates.io crate deadpool-diesel 0.6.1 on toolchain nightly-2024-10-28
[INFO] running `Command { std: CARGO_HOME="/workspace/cargo-home" RUSTUP_HOME="/workspace/rustup-home" "/workspace/cargo-home/bin/cargo" "+nightly-2024-10-28" "metadata" "--manifest-path" "Cargo.toml" "--no-deps", kill_on_drop: false }`
[INFO] started tweaking crates.io crate deadpool-diesel 0.6.1
[INFO] finished tweaking crates.io crate deadpool-diesel 0.6.1
[INFO] tweaked toml for crates.io crate deadpool-diesel 0.6.1 written to /workspace/builds/worker-1-tc2/source/Cargo.toml
[INFO] running `Command { std: CARGO_HOME="/workspace/cargo-home" RUSTUP_HOME="/workspace/rustup-home" "/workspace/cargo-home/bin/cargo" "+nightly-2024-10-28" "generate-lockfile" "--manifest-path" "Cargo.toml", kill_on_drop: false }`
[INFO] [stderr]     Updating crates.io index
[INFO] [stderr]      Locking 119 packages to latest compatible versions
[INFO] running `Command { std: CARGO_HOME="/workspace/cargo-home" RUSTUP_HOME="/workspace/rustup-home" "/workspace/cargo-home/bin/cargo" "+nightly-2024-10-28" "fetch" "--manifest-path" "Cargo.toml", kill_on_drop: false }`
[INFO] running `Command { std: "docker" "create" "-v" "/var/lib/crater-agent-workspace/builds/worker-1-tc2/target:/opt/rustwide/target:rw,Z" "-v" "/var/lib/crater-agent-workspace/builds/worker-1-tc2/source:/opt/rustwide/workdir:ro,Z" "-v" "/var/lib/crater-agent-workspace/cargo-home:/opt/rustwide/cargo-home:ro,Z" "-v" "/var/lib/crater-agent-workspace/rustup-home:/opt/rustwide/rustup-home:ro,Z" "-e" "SOURCE_DIR=/opt/rustwide/workdir" "-e" "CARGO_TARGET_DIR=/opt/rustwide/target" "-e" "CARGO_HOME=/opt/rustwide/cargo-home" "-e" "RUSTUP_HOME=/opt/rustwide/rustup-home" "-w" "/opt/rustwide/workdir" "-m" "1610612736" "--user" "0:0" "--network" "none" "ghcr.io/rust-lang/crates-build-env/linux@sha256:4a844ea9eb2546a2d2c7022eacef16ef2e8229c7fbb2c7d4d55a9ceca922f72d" "/opt/rustwide/cargo-home/bin/cargo" "+nightly-2024-10-28" "metadata" "--no-deps" "--format-version=1", kill_on_drop: false }`
[INFO] [stdout] 9a5c025413768d9d8282db214698e51b47d3ba7b59a876828c5344c4df3dbd42
[INFO] running `Command { std: "docker" "start" "-a" "9a5c025413768d9d8282db214698e51b47d3ba7b59a876828c5344c4df3dbd42", kill_on_drop: false }`
[INFO] running `Command { std: "docker" "inspect" "9a5c025413768d9d8282db214698e51b47d3ba7b59a876828c5344c4df3dbd42", kill_on_drop: false }`
[INFO] running `Command { std: "docker" "rm" "-f" "9a5c025413768d9d8282db214698e51b47d3ba7b59a876828c5344c4df3dbd42", kill_on_drop: false }`
[INFO] [stdout] 9a5c025413768d9d8282db214698e51b47d3ba7b59a876828c5344c4df3dbd42
[INFO] running `Command { std: "docker" "create" "-v" "/var/lib/crater-agent-workspace/builds/worker-1-tc2/target:/opt/rustwide/target:rw,Z" "-v" "/var/lib/crater-agent-workspace/builds/worker-1-tc2/source:/opt/rustwide/workdir:ro,Z" "-v" "/var/lib/crater-agent-workspace/cargo-home:/opt/rustwide/cargo-home:ro,Z" "-v" "/var/lib/crater-agent-workspace/rustup-home:/opt/rustwide/rustup-home:ro,Z" "-e" "SOURCE_DIR=/opt/rustwide/workdir" "-e" "CARGO_TARGET_DIR=/opt/rustwide/target" "-e" "CARGO_INCREMENTAL=0" "-e" "RUST_BACKTRACE=full" "-e" "RUSTFLAGS=--cap-lints=forbid -Zrandomize-layout" "-e" "RUSTDOCFLAGS=--cap-lints=forbid" "-e" "CARGO_HOME=/opt/rustwide/cargo-home" "-e" "RUSTUP_HOME=/opt/rustwide/rustup-home" "-w" "/opt/rustwide/workdir" "-m" "1610612736" "--user" "0:0" "--network" "none" "ghcr.io/rust-lang/crates-build-env/linux@sha256:4a844ea9eb2546a2d2c7022eacef16ef2e8229c7fbb2c7d4d55a9ceca922f72d" "/opt/rustwide/cargo-home/bin/cargo" "+nightly-2024-10-28" "build" "--frozen" "--message-format=json", kill_on_drop: false }`
[INFO] [stdout] 622288f40baeb032ff2310f5000447a48ed175e391596153dd5229bdff7df44f
[INFO] running `Command { std: "docker" "start" "-a" "622288f40baeb032ff2310f5000447a48ed175e391596153dd5229bdff7df44f", kill_on_drop: false }`
[INFO] [stderr]    Compiling strsim v0.11.1
[INFO] [stderr]    Compiling ident_case v1.0.1
[INFO] [stderr]    Compiling fnv v1.0.7
[INFO] [stderr]    Compiling either v1.13.0
[INFO] [stderr]    Compiling heck v0.5.0
[INFO] [stderr]    Compiling tokio v1.41.0
[INFO] [stderr]    Compiling syn v2.0.86
[INFO] [stderr]    Compiling num_cpus v1.16.0
[INFO] [stderr]    Compiling deadpool-runtime v0.1.4
[INFO] [stderr]    Compiling deadpool v0.12.1
[INFO] [stderr]    Compiling deadpool-sync v0.1.4
[INFO] [stderr]    Compiling darling_core v0.20.10
[INFO] [stderr]    Compiling diesel_table_macro_syntax v0.2.0
[INFO] [stderr]    Compiling darling_macro v0.20.10
[INFO] [stderr]    Compiling darling v0.20.10
[INFO] [stderr]    Compiling dsl_auto_type v0.1.2
[INFO] [stderr]    Compiling diesel_derives v2.2.3
[INFO] [stderr]    Compiling diesel v2.2.4
[INFO] [stderr]    Compiling deadpool-diesel v0.6.1 (/opt/rustwide/workdir)
[INFO] [stdout] warning: use of deprecated type alias `diesel::dsl::BareSelect`: Use `select` instead
[INFO] [stdout]    --> src/manager.rs:134:18
[INFO] [stdout]     |
[INFO] [stdout] 134 |     diesel::dsl::BareSelect<diesel::dsl::AsExprOf<i32, diesel::sql_types::Integer>>:
[INFO] [stdout]     |                  ^^^^^^^^^^
[INFO] [stdout]     |
[INFO] [stdout]     = note: `#[warn(deprecated)]` on by default
[INFO] [stdout] 
[INFO] [stdout] 
[INFO] [stdout] warning: use of deprecated type alias `diesel::dsl::BareSelect`: Use `select` instead
[INFO] [stdout]    --> src/manager.rs:166:18
[INFO] [stdout]     |
[INFO] [stdout] 166 |     diesel::dsl::BareSelect<diesel::dsl::AsExprOf<i32, diesel::sql_types::Integer>>:
[INFO] [stdout]     |                  ^^^^^^^^^^
[INFO] [stdout] 
[INFO] [stdout] 
[INFO] [stderr]     Finished `dev` profile [unoptimized + debuginfo] target(s) in 9.90s
[INFO] running `Command { std: "docker" "inspect" "622288f40baeb032ff2310f5000447a48ed175e391596153dd5229bdff7df44f", kill_on_drop: false }`
[INFO] running `Command { std: "docker" "rm" "-f" "622288f40baeb032ff2310f5000447a48ed175e391596153dd5229bdff7df44f", kill_on_drop: false }`
[INFO] [stdout] 622288f40baeb032ff2310f5000447a48ed175e391596153dd5229bdff7df44f
[INFO] running `Command { std: "docker" "create" "-v" "/var/lib/crater-agent-workspace/builds/worker-1-tc2/target:/opt/rustwide/target:rw,Z" "-v" "/var/lib/crater-agent-workspace/builds/worker-1-tc2/source:/opt/rustwide/workdir:ro,Z" "-v" "/var/lib/crater-agent-workspace/cargo-home:/opt/rustwide/cargo-home:ro,Z" "-v" "/var/lib/crater-agent-workspace/rustup-home:/opt/rustwide/rustup-home:ro,Z" "-e" "SOURCE_DIR=/opt/rustwide/workdir" "-e" "CARGO_TARGET_DIR=/opt/rustwide/target" "-e" "CARGO_INCREMENTAL=0" "-e" "RUST_BACKTRACE=full" "-e" "RUSTFLAGS=--cap-lints=forbid -Zrandomize-layout" "-e" "RUSTDOCFLAGS=--cap-lints=forbid" "-e" "CARGO_HOME=/opt/rustwide/cargo-home" "-e" "RUSTUP_HOME=/opt/rustwide/rustup-home" "-w" "/opt/rustwide/workdir" "-m" "1610612736" "--user" "0:0" "--network" "none" "ghcr.io/rust-lang/crates-build-env/linux@sha256:4a844ea9eb2546a2d2c7022eacef16ef2e8229c7fbb2c7d4d55a9ceca922f72d" "/opt/rustwide/cargo-home/bin/cargo" "+nightly-2024-10-28" "test" "--frozen" "--no-run" "--message-format=json", kill_on_drop: false }`
[INFO] [stdout] aa93f7267fa2dc73e9397ccf25584fb3d80ca40b4264df0c8cc4fa4d03075737
[INFO] running `Command { std: "docker" "start" "-a" "aa93f7267fa2dc73e9397ccf25584fb3d80ca40b4264df0c8cc4fa4d03075737", kill_on_drop: false }`
[INFO] [stderr]    Compiling vcpkg v0.2.15
[INFO] [stderr]    Compiling pkg-config v0.3.31
[INFO] [stderr]    Compiling tokio-macros v2.4.0
[INFO] [stderr]    Compiling diesel_derives v2.2.3
[INFO] [stderr]    Compiling tokio v1.41.0
[INFO] [stderr]    Compiling libsqlite3-sys v0.30.1
[INFO] [stderr]    Compiling deadpool-runtime v0.1.4
[INFO] [stderr]    Compiling deadpool-sync v0.1.4
[INFO] [stderr]    Compiling deadpool v0.12.1
[INFO] [stderr]    Compiling diesel v2.2.4
[INFO] [stderr]    Compiling deadpool-diesel v0.6.1 (/opt/rustwide/workdir)
[INFO] [stdout] warning: use of deprecated type alias `diesel::dsl::BareSelect`: Use `select` instead
[INFO] [stdout]    --> src/manager.rs:134:18
[INFO] [stdout]     |
[INFO] [stdout] 134 |     diesel::dsl::BareSelect<diesel::dsl::AsExprOf<i32, diesel::sql_types::Integer>>:
[INFO] [stdout]     |                  ^^^^^^^^^^
[INFO] [stdout]     |
[INFO] [stdout]     = note: `#[warn(deprecated)]` on by default
[INFO] [stdout] 
[INFO] [stdout] 
[INFO] [stdout] warning: use of deprecated type alias `diesel::dsl::BareSelect`: Use `select` instead
[INFO] [stdout]    --> src/manager.rs:166:18
[INFO] [stdout]     |
[INFO] [stdout] 166 |     diesel::dsl::BareSelect<diesel::dsl::AsExprOf<i32, diesel::sql_types::Integer>>:
[INFO] [stdout]     |                  ^^^^^^^^^^
[INFO] [stdout] 
[INFO] [stdout] 
[INFO] [stdout] warning: use of deprecated type alias `diesel::dsl::BareSelect`: Use `select` instead
[INFO] [stdout]    --> src/manager.rs:134:18
[INFO] [stdout]     |
[INFO] [stdout] 134 |     diesel::dsl::BareSelect<diesel::dsl::AsExprOf<i32, diesel::sql_types::Integer>>:
[INFO] [stdout]     |                  ^^^^^^^^^^
[INFO] [stdout]     |
[INFO] [stdout]     = note: `#[warn(deprecated)]` on by default
[INFO] [stdout] 
[INFO] [stdout] 
[INFO] [stdout] warning: use of deprecated type alias `diesel::dsl::BareSelect`: Use `select` instead
[INFO] [stdout]    --> src/manager.rs:166:18
[INFO] [stdout]     |
[INFO] [stdout] 166 |     diesel::dsl::BareSelect<diesel::dsl::AsExprOf<i32, diesel::sql_types::Integer>>:
[INFO] [stdout]     |                  ^^^^^^^^^^
[INFO] [stdout] 
[INFO] [stdout] 
[INFO] [stderr]     Finished `test` profile [unoptimized + debuginfo] target(s) in 6.18s
[INFO] running `Command { std: "docker" "inspect" "aa93f7267fa2dc73e9397ccf25584fb3d80ca40b4264df0c8cc4fa4d03075737", kill_on_drop: false }`
[INFO] running `Command { std: "docker" "rm" "-f" "aa93f7267fa2dc73e9397ccf25584fb3d80ca40b4264df0c8cc4fa4d03075737", kill_on_drop: false }`
[INFO] [stdout] aa93f7267fa2dc73e9397ccf25584fb3d80ca40b4264df0c8cc4fa4d03075737
[INFO] running `Command { std: "docker" "create" "-v" "/var/lib/crater-agent-workspace/builds/worker-1-tc2/target:/opt/rustwide/target:rw,Z" "-v" "/var/lib/crater-agent-workspace/builds/worker-1-tc2/source:/opt/rustwide/workdir:ro,Z" "-v" "/var/lib/crater-agent-workspace/cargo-home:/opt/rustwide/cargo-home:ro,Z" "-v" "/var/lib/crater-agent-workspace/rustup-home:/opt/rustwide/rustup-home:ro,Z" "-e" "SOURCE_DIR=/opt/rustwide/workdir" "-e" "CARGO_TARGET_DIR=/opt/rustwide/target" "-e" "CARGO_INCREMENTAL=0" "-e" "RUST_BACKTRACE=full" "-e" "RUSTFLAGS=--cap-lints=forbid -Zrandomize-layout" "-e" "RUSTDOCFLAGS=--cap-lints=forbid" "-e" "CARGO_HOME=/opt/rustwide/cargo-home" "-e" "RUSTUP_HOME=/opt/rustwide/rustup-home" "-w" "/opt/rustwide/workdir" "-m" "1610612736" "--user" "0:0" "--network" "none" "ghcr.io/rust-lang/crates-build-env/linux@sha256:4a844ea9eb2546a2d2c7022eacef16ef2e8229c7fbb2c7d4d55a9ceca922f72d" "/opt/rustwide/cargo-home/bin/cargo" "+nightly-2024-10-28" "test" "--frozen", kill_on_drop: false }`
[INFO] [stdout] 7410ffecfb4f2f9538a7294e62ccb5de96fa96d67966848d818245f6fc079f87
[INFO] running `Command { std: "docker" "start" "-a" "7410ffecfb4f2f9538a7294e62ccb5de96fa96d67966848d818245f6fc079f87", kill_on_drop: false }`
[INFO] [stderr] warning: use of deprecated type alias `diesel::dsl::BareSelect`: Use `select` instead
[INFO] [stderr]    --> src/manager.rs:134:18
[INFO] [stderr]     |
[INFO] [stderr] 134 |     diesel::dsl::BareSelect<diesel::dsl::AsExprOf<i32, diesel::sql_types::Integer>>:
[INFO] [stderr]     |                  ^^^^^^^^^^
[INFO] [stderr]     |
[INFO] [stderr]     = note: `#[warn(deprecated)]` on by default
[INFO] [stderr] 
[INFO] [stderr] warning: use of deprecated type alias `diesel::dsl::BareSelect`: Use `select` instead
[INFO] [stderr]    --> src/manager.rs:166:18
[INFO] [stderr]     |
[INFO] [stderr] 166 |     diesel::dsl::BareSelect<diesel::dsl::AsExprOf<i32, diesel::sql_types::Integer>>:
[INFO] [stderr]     |                  ^^^^^^^^^^
[INFO] [stderr] 
[INFO] [stderr] warning: `deadpool-diesel` (lib) generated 2 warnings
[INFO] [stderr] warning: `deadpool-diesel` (lib test) generated 2 warnings (2 duplicates)
[INFO] [stderr]     Finished `test` profile [unoptimized + debuginfo] target(s) in 0.04s
[INFO] [stderr]      Running unittests src/lib.rs (/opt/rustwide/target/debug/deps/deadpool_diesel-12352a502c93bd5b)
[INFO] [stdout] 
[INFO] [stdout] running 0 tests
[INFO] [stdout] 
[INFO] [stdout] test result: ok. 0 passed; 0 failed; 0 ignored; 0 measured; 0 filtered out; finished in 0.00s
[INFO] [stdout] 
[INFO] [stderr]      Running tests/basics.rs (/opt/rustwide/target/debug/deps/basics-07804904aae48112)
[INFO] [stdout] 
[INFO] [stdout] running 0 tests
[INFO] [stdout] 
[INFO] [stdout] test result: ok. 0 passed; 0 failed; 0 ignored; 0 measured; 0 filtered out; finished in 0.00s
[INFO] [stdout] 
[INFO] [stderr]    Doc-tests deadpool_diesel
[INFO] [stdout] 
[INFO] [stdout] running 1 test
[INFO] [stdout] test src/../README.md - (line 23) ... FAILED
[INFO] [stdout] 
[INFO] [stdout] failures:
[INFO] [stdout] 
[INFO] [stdout] ---- src/../README.md - (line 23) stdout ----
[INFO] [stdout] error[E0432]: unresolved import `deadpool_diesel::sqlite`
[INFO] [stdout]   --> src/../README.md:25:22
[INFO] [stdout]    |
[INFO] [stdout] 4  | use deadpool_diesel::sqlite::{Runtime, Manager, Pool};
[INFO] [stdout]    |                      ^^^^^^ could not find `sqlite` in `deadpool_diesel`
[INFO] [stdout]    |
[INFO] [stdout] note: found an item that was configured out
[INFO] [stdout]   --> /opt/rustwide/workdir/src/lib.rs:35:9
[INFO] [stdout]    |
[INFO] [stdout] 35 | pub mod sqlite;
[INFO] [stdout]    |         ^^^^^^
[INFO] [stdout] note: the item is gated behind the `sqlite` feature
[INFO] [stdout]   --> /opt/rustwide/workdir/src/lib.rs:33:7
[INFO] [stdout]    |
[INFO] [stdout] 33 | #[cfg(feature = "sqlite")]
[INFO] [stdout]    |       ^^^^^^^^^^^^^^^^^^
[INFO] [stdout] 
[INFO] [stdout] error: aborting due to 1 previous error
[INFO] [stdout] 
[INFO] [stdout] For more information about this error, try `rustc --explain E0432`.
[INFO] [stdout] Couldn't compile the test.
[INFO] [stdout] 
[INFO] [stdout] failures:
[INFO] [stdout]     src/../README.md - (line 23)
[INFO] [stdout] 
[INFO] [stdout] test result: FAILED. 0 passed; 1 failed; 0 ignored; 0 measured; 0 filtered out; finished in 0.04s
[INFO] [stdout] 
[INFO] [stderr] error: doctest failed, to rerun pass `--doc`
[INFO] running `Command { std: "docker" "inspect" "7410ffecfb4f2f9538a7294e62ccb5de96fa96d67966848d818245f6fc079f87", kill_on_drop: false }`
[INFO] running `Command { std: "docker" "rm" "-f" "7410ffecfb4f2f9538a7294e62ccb5de96fa96d67966848d818245f6fc079f87", kill_on_drop: false }`
[INFO] [stdout] 7410ffecfb4f2f9538a7294e62ccb5de96fa96d67966848d818245f6fc079f87
