[INFO] fetching crate dbutils 0.8.1...
[INFO] testing dbutils-0.8.1 against nightly-2024-10-28+rustflags=-Zrandomize-layout for randomize-layout
[INFO] extracting crate dbutils 0.8.1 into /workspace/builds/worker-7-tc2/source
[INFO] validating manifest of crates.io crate dbutils 0.8.1 on toolchain nightly-2024-10-28
[INFO] running `Command { std: CARGO_HOME="/workspace/cargo-home" RUSTUP_HOME="/workspace/rustup-home" "/workspace/cargo-home/bin/cargo" "+nightly-2024-10-28" "metadata" "--manifest-path" "Cargo.toml" "--no-deps", kill_on_drop: false }`
[INFO] started tweaking crates.io crate dbutils 0.8.1
[INFO] finished tweaking crates.io crate dbutils 0.8.1
[INFO] tweaked toml for crates.io crate dbutils 0.8.1 written to /workspace/builds/worker-7-tc2/source/Cargo.toml
[INFO] running `Command { std: CARGO_HOME="/workspace/cargo-home" RUSTUP_HOME="/workspace/rustup-home" "/workspace/cargo-home/bin/cargo" "+nightly-2024-10-28" "generate-lockfile" "--manifest-path" "Cargo.toml", kill_on_drop: false }`
[INFO] [stderr]     Updating crates.io index
[INFO] [stderr]      Locking 51 packages to latest compatible versions
[INFO] [stderr]       Adding rstest v0.22.0 (available: v0.23.0)
[INFO] running `Command { std: CARGO_HOME="/workspace/cargo-home" RUSTUP_HOME="/workspace/rustup-home" "/workspace/cargo-home/bin/cargo" "+nightly-2024-10-28" "fetch" "--manifest-path" "Cargo.toml", kill_on_drop: false }`
[INFO] running `Command { std: "docker" "create" "-v" "/var/lib/crater-agent-workspace/builds/worker-7-tc2/target:/opt/rustwide/target:rw,Z" "-v" "/var/lib/crater-agent-workspace/builds/worker-7-tc2/source:/opt/rustwide/workdir:ro,Z" "-v" "/var/lib/crater-agent-workspace/cargo-home:/opt/rustwide/cargo-home:ro,Z" "-v" "/var/lib/crater-agent-workspace/rustup-home:/opt/rustwide/rustup-home:ro,Z" "-e" "SOURCE_DIR=/opt/rustwide/workdir" "-e" "CARGO_TARGET_DIR=/opt/rustwide/target" "-e" "CARGO_HOME=/opt/rustwide/cargo-home" "-e" "RUSTUP_HOME=/opt/rustwide/rustup-home" "-w" "/opt/rustwide/workdir" "-m" "1610612736" "--user" "0:0" "--network" "none" "ghcr.io/rust-lang/crates-build-env/linux@sha256:4a844ea9eb2546a2d2c7022eacef16ef2e8229c7fbb2c7d4d55a9ceca922f72d" "/opt/rustwide/cargo-home/bin/cargo" "+nightly-2024-10-28" "metadata" "--no-deps" "--format-version=1", kill_on_drop: false }`
[INFO] [stdout] c6eada250e95c0349f036ee87e758ec51fa9bf90de9a1cfb80a0e5465a897126
[INFO] running `Command { std: "docker" "start" "-a" "c6eada250e95c0349f036ee87e758ec51fa9bf90de9a1cfb80a0e5465a897126", kill_on_drop: false }`
[INFO] running `Command { std: "docker" "inspect" "c6eada250e95c0349f036ee87e758ec51fa9bf90de9a1cfb80a0e5465a897126", kill_on_drop: false }`
[INFO] running `Command { std: "docker" "rm" "-f" "c6eada250e95c0349f036ee87e758ec51fa9bf90de9a1cfb80a0e5465a897126", kill_on_drop: false }`
[INFO] [stdout] c6eada250e95c0349f036ee87e758ec51fa9bf90de9a1cfb80a0e5465a897126
[INFO] running `Command { std: "docker" "create" "-v" "/var/lib/crater-agent-workspace/builds/worker-7-tc2/target:/opt/rustwide/target:rw,Z" "-v" "/var/lib/crater-agent-workspace/builds/worker-7-tc2/source:/opt/rustwide/workdir:ro,Z" "-v" "/var/lib/crater-agent-workspace/cargo-home:/opt/rustwide/cargo-home:ro,Z" "-v" "/var/lib/crater-agent-workspace/rustup-home:/opt/rustwide/rustup-home:ro,Z" "-e" "SOURCE_DIR=/opt/rustwide/workdir" "-e" "CARGO_TARGET_DIR=/opt/rustwide/target" "-e" "CARGO_INCREMENTAL=0" "-e" "RUST_BACKTRACE=full" "-e" "RUSTFLAGS=--cap-lints=forbid -Zrandomize-layout" "-e" "RUSTDOCFLAGS=--cap-lints=forbid" "-e" "CARGO_HOME=/opt/rustwide/cargo-home" "-e" "RUSTUP_HOME=/opt/rustwide/rustup-home" "-w" "/opt/rustwide/workdir" "-m" "1610612736" "--user" "0:0" "--network" "none" "ghcr.io/rust-lang/crates-build-env/linux@sha256:4a844ea9eb2546a2d2c7022eacef16ef2e8229c7fbb2c7d4d55a9ceca922f72d" "/opt/rustwide/cargo-home/bin/cargo" "+nightly-2024-10-28" "build" "--frozen" "--message-format=json", kill_on_drop: false }`
[INFO] [stdout] 154afe3c31e173e47da5343285d5e8b3eda413395af8bf99bb3cda92b7c37de9
[INFO] running `Command { std: "docker" "start" "-a" "154afe3c31e173e47da5343285d5e8b3eda413395af8bf99bb3cda92b7c37de9", kill_on_drop: false }`
[INFO] [stderr]    Compiling either v1.13.0
[INFO] [stderr]    Compiling equivalent v1.0.1
[INFO] [stderr]    Compiling cheap-clone v0.1.7
[INFO] [stderr]    Compiling dbutils v0.8.1 (/opt/rustwide/workdir)
[INFO] [stderr]     Finished `dev` profile [unoptimized + debuginfo] target(s) in 0.60s
[INFO] running `Command { std: "docker" "inspect" "154afe3c31e173e47da5343285d5e8b3eda413395af8bf99bb3cda92b7c37de9", kill_on_drop: false }`
[INFO] running `Command { std: "docker" "rm" "-f" "154afe3c31e173e47da5343285d5e8b3eda413395af8bf99bb3cda92b7c37de9", kill_on_drop: false }`
[INFO] [stdout] 154afe3c31e173e47da5343285d5e8b3eda413395af8bf99bb3cda92b7c37de9
[INFO] running `Command { std: "docker" "create" "-v" "/var/lib/crater-agent-workspace/builds/worker-7-tc2/target:/opt/rustwide/target:rw,Z" "-v" "/var/lib/crater-agent-workspace/builds/worker-7-tc2/source:/opt/rustwide/workdir:ro,Z" "-v" "/var/lib/crater-agent-workspace/cargo-home:/opt/rustwide/cargo-home:ro,Z" "-v" "/var/lib/crater-agent-workspace/rustup-home:/opt/rustwide/rustup-home:ro,Z" "-e" "SOURCE_DIR=/opt/rustwide/workdir" "-e" "CARGO_TARGET_DIR=/opt/rustwide/target" "-e" "CARGO_INCREMENTAL=0" "-e" "RUST_BACKTRACE=full" "-e" "RUSTFLAGS=--cap-lints=forbid -Zrandomize-layout" "-e" "RUSTDOCFLAGS=--cap-lints=forbid" "-e" "CARGO_HOME=/opt/rustwide/cargo-home" "-e" "RUSTUP_HOME=/opt/rustwide/rustup-home" "-w" "/opt/rustwide/workdir" "-m" "1610612736" "--user" "0:0" "--network" "none" "ghcr.io/rust-lang/crates-build-env/linux@sha256:4a844ea9eb2546a2d2c7022eacef16ef2e8229c7fbb2c7d4d55a9ceca922f72d" "/opt/rustwide/cargo-home/bin/cargo" "+nightly-2024-10-28" "test" "--frozen" "--no-run" "--message-format=json", kill_on_drop: false }`
[INFO] [stdout] 67e3de013aa2a30ad023761f52aebbbf277dcba11ac74e41cc46a05e9bb6e8bf
[INFO] running `Command { std: "docker" "start" "-a" "67e3de013aa2a30ad023761f52aebbbf277dcba11ac74e41cc46a05e9bb6e8bf", kill_on_drop: false }`
[INFO] [stderr]    Compiling indexmap v2.6.0
[INFO] [stderr]    Compiling aho-corasick v1.1.3
[INFO] [stderr]    Compiling regex-syntax v0.8.5
[INFO] [stderr]    Compiling toml_datetime v0.6.8
[INFO] [stderr]    Compiling syn v2.0.86
[INFO] [stderr]    Compiling rstest_macros v0.22.0
[INFO] [stderr]    Compiling cfg-if v1.0.0
[INFO] [stderr]    Compiling glob v0.3.1
[INFO] [stderr]    Compiling relative-path v1.9.3
[INFO] [stderr]    Compiling futures-timer v3.0.3
[INFO] [stderr]    Compiling toml_edit v0.22.22
[INFO] [stderr]    Compiling regex-automata v0.4.8
[INFO] [stderr]    Compiling proc-macro-crate v3.2.0
[INFO] [stderr]    Compiling regex v1.11.1
[INFO] [stderr]    Compiling futures-macro v0.3.31
[INFO] [stderr]    Compiling futures-util v0.3.31
[INFO] [stderr]    Compiling futures-executor v0.3.31
[INFO] [stderr]    Compiling futures v0.3.31
[INFO] [stderr]    Compiling rstest v0.22.0
[INFO] [stderr]    Compiling dbutils v0.8.1 (/opt/rustwide/workdir)
[INFO] [stderr]     Finished `test` profile [unoptimized + debuginfo] target(s) in 12.48s
[INFO] running `Command { std: "docker" "inspect" "67e3de013aa2a30ad023761f52aebbbf277dcba11ac74e41cc46a05e9bb6e8bf", kill_on_drop: false }`
[INFO] running `Command { std: "docker" "rm" "-f" "67e3de013aa2a30ad023761f52aebbbf277dcba11ac74e41cc46a05e9bb6e8bf", kill_on_drop: false }`
[INFO] [stdout] 67e3de013aa2a30ad023761f52aebbbf277dcba11ac74e41cc46a05e9bb6e8bf
[INFO] running `Command { std: "docker" "create" "-v" "/var/lib/crater-agent-workspace/builds/worker-7-tc2/target:/opt/rustwide/target:rw,Z" "-v" "/var/lib/crater-agent-workspace/builds/worker-7-tc2/source:/opt/rustwide/workdir:ro,Z" "-v" "/var/lib/crater-agent-workspace/cargo-home:/opt/rustwide/cargo-home:ro,Z" "-v" "/var/lib/crater-agent-workspace/rustup-home:/opt/rustwide/rustup-home:ro,Z" "-e" "SOURCE_DIR=/opt/rustwide/workdir" "-e" "CARGO_TARGET_DIR=/opt/rustwide/target" "-e" "CARGO_INCREMENTAL=0" "-e" "RUST_BACKTRACE=full" "-e" "RUSTFLAGS=--cap-lints=forbid -Zrandomize-layout" "-e" "RUSTDOCFLAGS=--cap-lints=forbid" "-e" "CARGO_HOME=/opt/rustwide/cargo-home" "-e" "RUSTUP_HOME=/opt/rustwide/rustup-home" "-w" "/opt/rustwide/workdir" "-m" "1610612736" "--user" "0:0" "--network" "none" "ghcr.io/rust-lang/crates-build-env/linux@sha256:4a844ea9eb2546a2d2c7022eacef16ef2e8229c7fbb2c7d4d55a9ceca922f72d" "/opt/rustwide/cargo-home/bin/cargo" "+nightly-2024-10-28" "test" "--frozen", kill_on_drop: false }`
[INFO] [stdout] ea51e83f9401e3e54c448c677cc798bae66ac787fff9d9d28365f413fa5cf8ea
[INFO] running `Command { std: "docker" "start" "-a" "ea51e83f9401e3e54c448c677cc798bae66ac787fff9d9d28365f413fa5cf8ea", kill_on_drop: false }`
[INFO] [stderr]     Finished `test` profile [unoptimized + debuginfo] target(s) in 0.05s
[INFO] [stderr]      Running unittests src/lib.rs (/opt/rustwide/target/debug/deps/dbutils-e2afe271a0d37556)
[INFO] [stdout] 
[INFO] [stdout] running 83 tests
[INFO] [stdout] test leb128::tests::roundtrip_u64 ... ok
[INFO] [stdout] test leb128::tests::test_i128::case_03_n_128 ... ok
[INFO] [stdout] test leb128::tests::test_i128::case_04_minus_1 ... ok
[INFO] [stdout] test leb128::tests::test_i128::case_01_n_0 ... ok
[INFO] [stdout] test leb128::tests::test_i128::case_05_max ... ok
[INFO] [stdout] test leb128::tests::test_buffer_too_small_error ... ok
[INFO] [stdout] test leb128::tests::test_decode_overflow_error ... ok
[INFO] [stdout] test leb128::tests::test_i128::case_06_minus_max ... ok
[INFO] [stdout] test leb128::tests::test_i128::case_07_min ... ok
[INFO] [stdout] test leb128::tests::test_i128::case_08_num_overflow_plus ... ok
[INFO] [stdout] test leb128::tests::test_i128::case_09_num_overflow_minus ... ok
[INFO] [stdout] test leb128::tests::test_i16::case_04_minus_1 ... ok
[INFO] [stdout] test leb128::tests::test_i128::case_11_buf_underflow ... ok
[INFO] [stdout] test leb128::tests::test_i128::case_10_buf_empty ... ok
[INFO] [stdout] test leb128::tests::test_i16::case_03_n_128 ... ok
[INFO] [stdout] test leb128::tests::test_i16::case_05_max ... ok
[INFO] [stdout] test leb128::tests::test_i16::case_01_n_0 ... ok
[INFO] [stdout] test leb128::tests::test_i128::case_02_n_1 ... ok
[INFO] [stdout] test leb128::tests::test_i16::case_02_n_1 ... ok
[INFO] [stdout] test leb128::tests::test_i16::case_06_minus_max ... ok
[INFO] [stdout] test leb128::tests::test_i16::case_07_min ... ok
[INFO] [stdout] test leb128::tests::test_i16::case_09_num_overflow_minus ... ok
[INFO] [stdout] test leb128::tests::test_i16::case_10_buf_empty ... ok
[INFO] [stdout] test leb128::tests::test_i16::case_11_buf_underflow ... ok
[INFO] [stdout] test leb128::tests::test_i16::case_08_num_overflow_plus ... ok
[INFO] [stdout] test leb128::tests::test_i32::case_01_n_0 ... ok
[INFO] [stdout] test leb128::tests::test_i32::case_02_n_1 ... ok
[INFO] [stdout] test leb128::tests::test_i32::case_03_n_128 ... ok
[INFO] [stdout] test leb128::tests::test_i32::case_04_minus_1 ... ok
[INFO] [stdout] test leb128::tests::test_i32::case_05_max ... ok
[INFO] [stdout] test leb128::tests::test_i32::case_06_minus_max ... ok
[INFO] [stdout] test leb128::tests::test_i32::case_09_num_overflow_minus ... ok
[INFO] [stdout] test leb128::tests::test_i64::case_01_n_0 ... ok
[INFO] [stdout] test leb128::tests::test_i32::case_10_buf_empty ... ok
[INFO] [stdout] test leb128::tests::test_i32::case_11_buf_underflow ... ok
[INFO] [stdout] test leb128::tests::test_i64::case_03_n_128 ... ok
[INFO] [stdout] test leb128::tests::test_i64::case_04_minus_1 ... ok
[INFO] [stdout] test leb128::tests::test_i32::case_07_min ... ok
[INFO] [stdout] test leb128::tests::test_i32::case_08_num_overflow_plus ... ok
[INFO] [stdout] test leb128::tests::test_i64::case_05_max ... ok
[INFO] [stdout] test leb128::tests::test_i64::case_06_minus_max ... ok
[INFO] [stdout] test leb128::tests::test_i64::case_07_min ... ok
[INFO] [stdout] test leb128::tests::test_i64::case_08_num_overflow_plus ... ok
[INFO] [stdout] test leb128::tests::test_i64::case_10_buf_empty ... ok
[INFO] [stdout] test leb128::tests::test_i64::case_11_buf_underflow ... ok
[INFO] [stdout] test leb128::tests::test_i64::case_02_n_1 ... ok
[INFO] [stdout] test leb128::tests::test_u128::case_1_n_0 ... ok
[INFO] [stdout] test leb128::tests::test_large_number_encode_decode ... ok
[INFO] [stdout] test leb128::tests::test_u128::case_2_n_1 ... ok
[INFO] [stdout] test leb128::tests::test_u128::case_3_n_129 ... ok
[INFO] [stdout] test leb128::tests::test_u128::case_4_max ... ok
[INFO] [stdout] test leb128::tests::test_u16::case_2_n_1 ... ok
[INFO] [stdout] test leb128::tests::test_u16::case_1_n_0 ... ok
[INFO] [stdout] test leb128::tests::test_u128::case_5_num_overflow ... ok
[INFO] [stdout] test leb128::tests::test_u16::case_4_max ... ok
[INFO] [stdout] test leb128::tests::test_u128::case_6_buf_empty ... ok
[INFO] [stdout] test leb128::tests::test_u128::case_7_buf_underflow ... ok
[INFO] [stdout] test leb128::tests::test_u16::case_3_n_129 ... ok
[INFO] [stdout] test leb128::tests::test_u16::case_5_num_overflow ... ok
[INFO] [stdout] test leb128::tests::test_u16::case_7_buf_underflow ... ok
[INFO] [stdout] test leb128::tests::test_u32::case_2_n_1 ... ok
[INFO] [stdout] test leb128::tests::test_u32::case_3_n_129 ... ok
[INFO] [stdout] test leb128::tests::test_u32::case_4_max ... ok
[INFO] [stdout] test leb128::tests::test_u16::case_6_buf_empty ... ok
[INFO] [stdout] test leb128::tests::test_u32::case_1_n_0 ... ok
[INFO] [stdout] test leb128::tests::test_u32::case_5_num_overflow ... ok
[INFO] [stdout] test leb128::tests::test_u32::case_6_buf_empty ... ok
[INFO] [stdout] test leb128::tests::test_u32::case_7_buf_underflow ... ok
[INFO] [stdout] test leb128::tests::test_i64::case_09_num_overflow_minus ... ok
[INFO] [stdout] test leb128::tests::test_u64::case_1_n_0 ... ok
[INFO] [stdout] test leb128::tests::test_u64::case_2_n_1 ... ok
[INFO] [stdout] test leb128::tests::test_u64::case_3_n_129 ... ok
[INFO] [stdout] test leb128::tests::test_u64::case_4_max ... ok
[INFO] [stdout] test leb128::tests::test_u64::case_5_num_overflow ... ok
[INFO] [stdout] test leb128::tests::test_u64::case_6_buf_empty ... ok
[INFO] [stdout] test leb128::tests::test_u64::case_7_buf_underflow ... ok
[INFO] [stdout] test leb128::tests::test_zigzag_encode_decode_i16 ... ok
[INFO] [stdout] test leb128::tests::test_zigzag_encode_decode_i32 ... ok
[INFO] [stdout] test leb128::tests::test_zigzag_encode_decode_i64 ... ok
[INFO] [stdout] test traits::comparator::tests::test_asc ... ok
[INFO] [stdout] test traits::comparator::tests::test_asc_reverse ... ok
[INFO] [stdout] test traits::comparator::tests::test_desc ... ok
[INFO] [stdout] test traits::comparator::tests::test_desc_reverse ... ok
[INFO] [stdout] 
[INFO] [stdout] test result: ok. 83 passed; 0 failed; 0 ignored; 0 measured; 0 filtered out; finished in 0.04s
[INFO] [stdout] 
[INFO] [stderr]    Doc-tests dbutils
[INFO] [stdout] 
[INFO] [stdout] running 2 tests
[INFO] [stdout] test src/checksum.rs - checksum::BuildChecksumer::build_checksumer (line 20) ... FAILED
[INFO] [stdout] test src/lib.rs - builder (line 48) ... ok
[INFO] [stdout] 
[INFO] [stdout] failures:
[INFO] [stdout] 
[INFO] [stdout] ---- src/checksum.rs - checksum::BuildChecksumer::build_checksumer (line 20) stdout ----
[INFO] [stdout] error[E0432]: unresolved import `dbutils::checksum::Crc32`
[INFO] [stdout]   --> src/checksum.rs:22:42
[INFO] [stdout]    |
[INFO] [stdout] 5  | use dbutils::checksum::{BuildChecksumer, Crc32};
[INFO] [stdout]    |                                          ^^^^^ no `Crc32` in `checksum`
[INFO] [stdout]    |
[INFO] [stdout] note: found an item that was configured out
[INFO] [stdout]   --> /opt/rustwide/workdir/src/checksum.rs:56:12
[INFO] [stdout]    |
[INFO] [stdout] 56 | pub struct Crc32(crc32fast::Hasher);
[INFO] [stdout]    |            ^^^^^
[INFO] [stdout] note: the item is gated behind the `crc32fast` feature
[INFO] [stdout]   --> /opt/rustwide/workdir/src/checksum.rs:53:7
[INFO] [stdout]    |
[INFO] [stdout] 53 | #[cfg(feature = "crc32fast")]
[INFO] [stdout]    |       ^^^^^^^^^^^^^^^^^^^^^
[INFO] [stdout] 
[INFO] [stdout] error: aborting due to 1 previous error
[INFO] [stdout] 
[INFO] [stdout] For more information about this error, try `rustc --explain E0432`.
[INFO] [stdout] Couldn't compile the test.
[INFO] [stdout] 
[INFO] [stdout] failures:
[INFO] [stdout]     src/checksum.rs - checksum::BuildChecksumer::build_checksumer (line 20)
[INFO] [stdout] 
[INFO] [stdout] test result: FAILED. 1 passed; 1 failed; 0 ignored; 0 measured; 0 filtered out; finished in 0.19s
[INFO] [stdout] 
[INFO] [stderr] error: doctest failed, to rerun pass `--doc`
[INFO] running `Command { std: "docker" "inspect" "ea51e83f9401e3e54c448c677cc798bae66ac787fff9d9d28365f413fa5cf8ea", kill_on_drop: false }`
[INFO] running `Command { std: "docker" "rm" "-f" "ea51e83f9401e3e54c448c677cc798bae66ac787fff9d9d28365f413fa5cf8ea", kill_on_drop: false }`
[INFO] [stdout] ea51e83f9401e3e54c448c677cc798bae66ac787fff9d9d28365f413fa5cf8ea
