[INFO] fetching crate datamatrix 0.3.1...
[INFO] testing datamatrix-0.3.1 against nightly-2024-10-28+rustflags=-Zrandomize-layout for randomize-layout
[INFO] extracting crate datamatrix 0.3.1 into /workspace/builds/worker-5-tc2/source
[INFO] validating manifest of crates.io crate datamatrix 0.3.1 on toolchain nightly-2024-10-28
[INFO] running `Command { std: CARGO_HOME="/workspace/cargo-home" RUSTUP_HOME="/workspace/rustup-home" "/workspace/cargo-home/bin/cargo" "+nightly-2024-10-28" "metadata" "--manifest-path" "Cargo.toml" "--no-deps", kill_on_drop: false }`
[INFO] started tweaking crates.io crate datamatrix 0.3.1
[INFO] finished tweaking crates.io crate datamatrix 0.3.1
[INFO] tweaked toml for crates.io crate datamatrix 0.3.1 written to /workspace/builds/worker-5-tc2/source/Cargo.toml
[INFO] crate crates.io crate datamatrix 0.3.1 already has a lockfile, it will not be regenerated
[INFO] running `Command { std: CARGO_HOME="/workspace/cargo-home" RUSTUP_HOME="/workspace/rustup-home" "/workspace/cargo-home/bin/cargo" "+nightly-2024-10-28" "fetch" "--manifest-path" "Cargo.toml", kill_on_drop: false }`
[INFO] running `Command { std: "docker" "create" "-v" "/var/lib/crater-agent-workspace/builds/worker-5-tc2/target:/opt/rustwide/target:rw,Z" "-v" "/var/lib/crater-agent-workspace/builds/worker-5-tc2/source:/opt/rustwide/workdir:ro,Z" "-v" "/var/lib/crater-agent-workspace/cargo-home:/opt/rustwide/cargo-home:ro,Z" "-v" "/var/lib/crater-agent-workspace/rustup-home:/opt/rustwide/rustup-home:ro,Z" "-e" "SOURCE_DIR=/opt/rustwide/workdir" "-e" "CARGO_TARGET_DIR=/opt/rustwide/target" "-e" "CARGO_HOME=/opt/rustwide/cargo-home" "-e" "RUSTUP_HOME=/opt/rustwide/rustup-home" "-w" "/opt/rustwide/workdir" "-m" "1610612736" "--user" "0:0" "--network" "none" "ghcr.io/rust-lang/crates-build-env/linux@sha256:4a844ea9eb2546a2d2c7022eacef16ef2e8229c7fbb2c7d4d55a9ceca922f72d" "/opt/rustwide/cargo-home/bin/cargo" "+nightly-2024-10-28" "metadata" "--no-deps" "--format-version=1", kill_on_drop: false }`
[INFO] [stdout] 668ce65c9d551ab7b523e8074ad9766fc4793e252e3a7ecf0acde4acc180a6ee
[INFO] running `Command { std: "docker" "start" "-a" "668ce65c9d551ab7b523e8074ad9766fc4793e252e3a7ecf0acde4acc180a6ee", kill_on_drop: false }`
[INFO] running `Command { std: "docker" "inspect" "668ce65c9d551ab7b523e8074ad9766fc4793e252e3a7ecf0acde4acc180a6ee", kill_on_drop: false }`
[INFO] running `Command { std: "docker" "rm" "-f" "668ce65c9d551ab7b523e8074ad9766fc4793e252e3a7ecf0acde4acc180a6ee", kill_on_drop: false }`
[INFO] [stdout] 668ce65c9d551ab7b523e8074ad9766fc4793e252e3a7ecf0acde4acc180a6ee
[INFO] running `Command { std: "docker" "create" "-v" "/var/lib/crater-agent-workspace/builds/worker-5-tc2/target:/opt/rustwide/target:rw,Z" "-v" "/var/lib/crater-agent-workspace/builds/worker-5-tc2/source:/opt/rustwide/workdir:ro,Z" "-v" "/var/lib/crater-agent-workspace/cargo-home:/opt/rustwide/cargo-home:ro,Z" "-v" "/var/lib/crater-agent-workspace/rustup-home:/opt/rustwide/rustup-home:ro,Z" "-e" "SOURCE_DIR=/opt/rustwide/workdir" "-e" "CARGO_TARGET_DIR=/opt/rustwide/target" "-e" "CARGO_INCREMENTAL=0" "-e" "RUST_BACKTRACE=full" "-e" "RUSTFLAGS=--cap-lints=forbid -Zrandomize-layout" "-e" "RUSTDOCFLAGS=--cap-lints=forbid" "-e" "CARGO_HOME=/opt/rustwide/cargo-home" "-e" "RUSTUP_HOME=/opt/rustwide/rustup-home" "-w" "/opt/rustwide/workdir" "-m" "1610612736" "--user" "0:0" "--network" "none" "ghcr.io/rust-lang/crates-build-env/linux@sha256:4a844ea9eb2546a2d2c7022eacef16ef2e8229c7fbb2c7d4d55a9ceca922f72d" "/opt/rustwide/cargo-home/bin/cargo" "+nightly-2024-10-28" "build" "--frozen" "--message-format=json", kill_on_drop: false }`
[INFO] [stdout] 1011ebf4aac210527afb886d6027f18300ecc5b7e375cfafbe5fc26ee4f0f405
[INFO] running `Command { std: "docker" "start" "-a" "1011ebf4aac210527afb886d6027f18300ecc5b7e375cfafbe5fc26ee4f0f405", kill_on_drop: false }`
[INFO] [stderr]    Compiling flagset v0.4.5
[INFO] [stderr]    Compiling arrayvec v0.7.4
[INFO] [stderr]    Compiling datamatrix v0.3.1 (/opt/rustwide/workdir)
[INFO] [stderr]     Finished `dev` profile [unoptimized + debuginfo] target(s) in 2.09s
[INFO] running `Command { std: "docker" "inspect" "1011ebf4aac210527afb886d6027f18300ecc5b7e375cfafbe5fc26ee4f0f405", kill_on_drop: false }`
[INFO] running `Command { std: "docker" "rm" "-f" "1011ebf4aac210527afb886d6027f18300ecc5b7e375cfafbe5fc26ee4f0f405", kill_on_drop: false }`
[INFO] [stdout] 1011ebf4aac210527afb886d6027f18300ecc5b7e375cfafbe5fc26ee4f0f405
[INFO] running `Command { std: "docker" "create" "-v" "/var/lib/crater-agent-workspace/builds/worker-5-tc2/target:/opt/rustwide/target:rw,Z" "-v" "/var/lib/crater-agent-workspace/builds/worker-5-tc2/source:/opt/rustwide/workdir:ro,Z" "-v" "/var/lib/crater-agent-workspace/cargo-home:/opt/rustwide/cargo-home:ro,Z" "-v" "/var/lib/crater-agent-workspace/rustup-home:/opt/rustwide/rustup-home:ro,Z" "-e" "SOURCE_DIR=/opt/rustwide/workdir" "-e" "CARGO_TARGET_DIR=/opt/rustwide/target" "-e" "CARGO_INCREMENTAL=0" "-e" "RUST_BACKTRACE=full" "-e" "RUSTFLAGS=--cap-lints=forbid -Zrandomize-layout" "-e" "RUSTDOCFLAGS=--cap-lints=forbid" "-e" "CARGO_HOME=/opt/rustwide/cargo-home" "-e" "RUSTUP_HOME=/opt/rustwide/rustup-home" "-w" "/opt/rustwide/workdir" "-m" "1610612736" "--user" "0:0" "--network" "none" "ghcr.io/rust-lang/crates-build-env/linux@sha256:4a844ea9eb2546a2d2c7022eacef16ef2e8229c7fbb2c7d4d55a9ceca922f72d" "/opt/rustwide/cargo-home/bin/cargo" "+nightly-2024-10-28" "test" "--frozen" "--no-run" "--message-format=json", kill_on_drop: false }`
[INFO] [stdout] 1be3d1e89622e622a16a8563938b030fae34cba5781e3f75a71cbf99c289920c
[INFO] running `Command { std: "docker" "start" "-a" "1be3d1e89622e622a16a8563938b030fae34cba5781e3f75a71cbf99c289920c", kill_on_drop: false }`
[INFO] [stderr]    Compiling autocfg v1.3.0
[INFO] [stderr]    Compiling proc-macro2 v1.0.85
[INFO] [stderr]    Compiling memchr v2.7.2
[INFO] [stderr]    Compiling rayon-core v1.12.1
[INFO] [stderr]    Compiling crc32fast v1.4.2
[INFO] [stderr]    Compiling anyhow v1.0.86
[INFO] [stderr]    Compiling miniz_oxide v0.7.3
[INFO] [stderr]    Compiling crossbeam-epoch v0.9.18
[INFO] [stderr]    Compiling arrayvec v0.7.4
[INFO] [stderr]    Compiling either v1.12.0
[INFO] [stderr]    Compiling num-traits v0.2.19
[INFO] [stderr]    Compiling crossbeam-deque v0.8.5
[INFO] [stderr]    Compiling lock_api v0.4.12
[INFO] [stderr]    Compiling thiserror v1.0.61
[INFO] [stderr]    Compiling flate2 v1.0.30
[INFO] [stderr]    Compiling paste v1.0.15
[INFO] [stderr]    Compiling quote v1.0.36
[INFO] [stderr]    Compiling aligned-vec v0.5.0
[INFO] [stderr]    Compiling libc v0.2.155
[INFO] [stderr]    Compiling syn v2.0.66
[INFO] [stderr]    Compiling weezl v0.1.8
[INFO] [stderr]    Compiling built v0.7.3
[INFO] [stderr]    Compiling nom v7.1.3
[INFO] [stderr]    Compiling rayon v1.10.0
[INFO] [stderr]    Compiling num-integer v0.1.46
[INFO] [stderr]    Compiling rav1e v0.7.1
[INFO] [stderr]    Compiling v_frame v0.3.8
[INFO] [stderr]    Compiling bytemuck v1.16.0
[INFO] [stderr]    Compiling num-bigint v0.4.5
[INFO] [stderr]    Compiling spin v0.9.8
[INFO] [stderr]    Compiling simd_helpers v0.1.0
[INFO] [stderr]    Compiling itertools v0.12.1
[INFO] [stderr]    Compiling regex-automata v0.4.6
[INFO] [stderr]    Compiling imgref v1.10.1
[INFO] [stderr]    Compiling noop_proc_macro v0.3.0
[INFO] [stderr]    Compiling new_debug_unreachable v1.0.6
[INFO] [stderr]    Compiling bitstream-io v2.3.0
[INFO] [stderr]    Compiling loop9 v0.1.5
[INFO] [stderr]    Compiling flume v0.11.0
[INFO] [stderr]    Compiling rgb v0.8.37
[INFO] [stderr]    Compiling avif-serialize v0.8.1
[INFO] [stderr]    Compiling num-rational v0.4.2
[INFO] [stderr]    Compiling maybe-rayon v0.1.1
[INFO] [stderr]    Compiling bstr v1.9.1
[INFO] [stderr]    Compiling zune-inflate v0.2.54
[INFO] [stderr]    Compiling half v2.4.1
[INFO] [stderr]    Compiling av1-grain v0.2.3
[INFO] [stderr]    Compiling byteorder-lite v0.1.0
[INFO] [stderr]    Compiling jpeg-decoder v0.3.1
[INFO] [stderr]    Compiling quick-error v2.0.1
[INFO] [stderr]    Compiling bit_field v0.10.2
[INFO] [stderr]    Compiling lebe v0.5.2
[INFO] [stderr]    Compiling zune-core v0.4.12
[INFO] [stderr]    Compiling png v0.17.13
[INFO] [stderr]    Compiling exr v1.72.0
[INFO] [stderr]    Compiling time v0.3.36
[INFO] [stderr]    Compiling gif v0.13.1
[INFO] [stderr]    Compiling zune-jpeg v0.4.11
[INFO] [stderr]    Compiling tiff v0.9.1
[INFO] [stderr]    Compiling pom v3.4.0
[INFO] [stderr]    Compiling qoi v0.4.1
[INFO] [stderr]    Compiling encoding_rs v0.8.34
[INFO] [stderr]    Compiling md5 v0.7.0
[INFO] [stderr]    Compiling ttf-parser v0.19.2
[INFO] [stderr]    Compiling yansi v0.5.1
[INFO] [stderr]    Compiling datamatrix v0.3.1 (/opt/rustwide/workdir)
[INFO] [stderr]    Compiling pretty_assertions v1.4.0
[INFO] [stderr]    Compiling thiserror-impl v1.0.61
[INFO] [stderr]    Compiling profiling-procmacros v1.0.15
[INFO] [stderr]    Compiling num-derive v0.4.2
[INFO] [stderr]    Compiling profiling v1.0.15
[INFO] [stderr]    Compiling arg_enum_proc_macro v0.3.4
[INFO] [stderr]    Compiling lopdf v0.31.0
[INFO] [stderr]    Compiling owned_ttf_parser v0.19.0
[INFO] [stderr]    Compiling image-webp v0.1.2
[INFO] [stderr]    Compiling enum-iterator-derive v1.4.0
[INFO] [stderr]    Compiling enum-iterator v2.1.0
[INFO] [stderr]    Compiling printpdf v0.7.0
[INFO] [stderr]    Compiling ravif v0.11.5
[INFO] [stderr]    Compiling image v0.25.1
[INFO] [stderr]    Compiling qrcode v0.14.0
[INFO] [stderr]     Finished `test` profile [unoptimized + debuginfo] target(s) in 50.85s
[INFO] running `Command { std: "docker" "inspect" "1be3d1e89622e622a16a8563938b030fae34cba5781e3f75a71cbf99c289920c", kill_on_drop: false }`
[INFO] running `Command { std: "docker" "rm" "-f" "1be3d1e89622e622a16a8563938b030fae34cba5781e3f75a71cbf99c289920c", kill_on_drop: false }`
[INFO] [stdout] 1be3d1e89622e622a16a8563938b030fae34cba5781e3f75a71cbf99c289920c
[INFO] running `Command { std: "docker" "create" "-v" "/var/lib/crater-agent-workspace/builds/worker-5-tc2/target:/opt/rustwide/target:rw,Z" "-v" "/var/lib/crater-agent-workspace/builds/worker-5-tc2/source:/opt/rustwide/workdir:ro,Z" "-v" "/var/lib/crater-agent-workspace/cargo-home:/opt/rustwide/cargo-home:ro,Z" "-v" "/var/lib/crater-agent-workspace/rustup-home:/opt/rustwide/rustup-home:ro,Z" "-e" "SOURCE_DIR=/opt/rustwide/workdir" "-e" "CARGO_TARGET_DIR=/opt/rustwide/target" "-e" "CARGO_INCREMENTAL=0" "-e" "RUST_BACKTRACE=full" "-e" "RUSTFLAGS=--cap-lints=forbid -Zrandomize-layout" "-e" "RUSTDOCFLAGS=--cap-lints=forbid" "-e" "CARGO_HOME=/opt/rustwide/cargo-home" "-e" "RUSTUP_HOME=/opt/rustwide/rustup-home" "-w" "/opt/rustwide/workdir" "-m" "1610612736" "--user" "0:0" "--network" "none" "ghcr.io/rust-lang/crates-build-env/linux@sha256:4a844ea9eb2546a2d2c7022eacef16ef2e8229c7fbb2c7d4d55a9ceca922f72d" "/opt/rustwide/cargo-home/bin/cargo" "+nightly-2024-10-28" "test" "--frozen", kill_on_drop: false }`
[INFO] [stdout] 8440533e63ff801cee33d2cdfa870bfd240d25c540fb09079d1419b3bafe3274
[INFO] running `Command { std: "docker" "start" "-a" "8440533e63ff801cee33d2cdfa870bfd240d25c540fb09079d1419b3bafe3274", kill_on_drop: false }`
[INFO] [stderr]     Finished `test` profile [unoptimized + debuginfo] target(s) in 0.12s
[INFO] [stderr]      Running unittests src/lib.rs (/opt/rustwide/target/debug/deps/datamatrix-b32e2cb8a97b4c93)
[INFO] [stdout] 
[INFO] [stdout] running 166 tests
[INFO] [stdout] test decodation::test_ascii ... ok
[INFO] [stdout] test decodation::test_base256 ... ok
[INFO] [stdout] test decodation::test_edifact ... ok
[INFO] [stdout] test decodation::test_c40 ... ok
[INFO] [stdout] test decodation::test_decode_macro_string ... ok
[INFO] [stdout] test data::test_macro ... ok
[INFO] [stdout] test decodation::tests::regression1 ... ok
[INFO] [stdout] test decodation::test_strict_eot_c40_unlatch ... ok
[INFO] [stdout] test decodation::tests::regression16 ... ok
[INFO] [stdout] test decodation::tests::regression12 ... ok
[INFO] [stdout] test decodation::tests::regression10 ... ok
[INFO] [stdout] test decodation::tests::regression13 ... ok
[INFO] [stdout] test decodation::tests::regression11 ... ok
[INFO] [stdout] test decodation::tests::regression17 ... ok
[INFO] [stdout] test decodation::tests::regression18 ... ok
[INFO] [stdout] test decodation::tests::regression19 ... ok
[INFO] [stdout] test decodation::tests::regression2 ... ok
[INFO] [stdout] test decodation::tests::regression20 ... ok
[INFO] [stdout] test decodation::tests::regression21 ... ok
[INFO] [stdout] test decodation::tests::regression3 ... ok
[INFO] [stdout] test decodation::tests::regression4 ... ok
[INFO] [stdout] test decodation::tests::regression6 ... ok
[INFO] [stdout] test decodation::tests::regression7 ... ok
[INFO] [stdout] test decodation::tests::regression8 ... ok
[INFO] [stdout] test decodation::tests::regression9 ... ok
[INFO] [stdout] test decodation::tests::regression5 ... ok
[INFO] [stdout] test encodation::c40::test_enc_basic_set ... ok
[INFO] [stdout] test encodation::c40::test_enc_shift1_set ... ok
[INFO] [stdout] test encodation::c40::test_shift_upper ... ok
[INFO] [stdout] test encodation::c40::test_enc_shift2_set ... ok
[INFO] [stdout] test encodation::c40::test_enc_shift3_set ... ok
[INFO] [stdout] test decodation::tests::regression_iec16022 ... ok
[INFO] [stdout] test encodation::edifact::test_write4_two ... ok
[INFO] [stdout] test encodation::edifact::test_write4_four ... ok
[INFO] [stdout] test encodation::edifact::test_write4_one ... ok
[INFO] [stdout] test encodation::edifact::test_write4_three ... ok
[INFO] [stdout] test encodation::planner::frac::test_add ... ok
[INFO] [stdout] test encodation::planner::frac::test_sub ... ok
[INFO] [stdout] test encodation::planner::frac::test_order ... ok
[INFO] [stdout] test encodation::planner::generic::test_add_switch_ascii ... ok
[INFO] [stdout] test encodation::planner::shortest_path::test_edifact_case1 ... ok
[INFO] [stdout] test encodation::planner::shortest_path::test_ascii_case1 ... ok
[INFO] [stdout] test encodation::planner::shortest_path::test_edifact_case2 ... ok
[INFO] [stdout] test encodation::planner::frac::test_ceil ... ok
[INFO] [stdout] test encodation::planner::shortest_path::test_hopeless_remove_2 ... ok
[INFO] [stdout] test encodation::planner::shortest_path::test_x12_case1 ... ok
[INFO] [stdout] test encodation::planner::shortest_path::test_x12_case2 ... ok
[INFO] [stdout] test encodation::planner::shortest_path::test_x12_case3 ... ok
[INFO] [stdout] test encodation::planner::shortest_path::test_x12_case4 ... ok
[INFO] [stdout] test encodation::planner::shortest_path::test_hopeless_remove_1 ... ok
[INFO] [stdout] test encodation::planner::text::text_val_size_205 ... ok
[INFO] [stdout] test encodation::planner::x12::test_eod_case1 ... ok
[INFO] [stdout] test encodation::planner::x12::test_eod_case2 ... ok
[INFO] [stdout] test encodation::test_empty ... ok
[INFO] [stdout] test encodation::tests::test_ascii_encodation_two_digits ... ok
[INFO] [stdout] test encodation::tests::test_ascii_encodation_example1 ... ok
[INFO] [stdout] test encodation::tests::test_ascii_encodation_two_digits_with_upper ... ok
[INFO] [stdout] test encodation::tests::test_base256_1 ... ok
[INFO] [stdout] test encodation::tests::test_ascii_short ... ok
[INFO] [stdout] test encodation::planner::c40::test_eod_case1 ... ok
[INFO] [stdout] test encodation::tests::test_base256_10 ... ok
[INFO] [stdout] test encodation::tests::test_base256_2 ... ok
[INFO] [stdout] test encodation::tests::test_base256_3 ... ok
[INFO] [stdout] test encodation::tests::test_base256_5 ... ok
[INFO] [stdout] test decodation::tests::regression_zxing ... ok
[INFO] [stdout] test encodation::tests::test_base256_6 ... ok
[INFO] [stdout] test encodation::tests::test_base256_7 ... ok
[INFO] [stdout] test encodation::tests::test_base256_8 ... ok
[INFO] [stdout] test encodation::tests::test_bug_1664266_2 ... ok
[INFO] [stdout] test encodation::tests::test_base256_9 ... ok
[INFO] [stdout] test encodation::tests::test_bug_3048549 ... ok
[INFO] [stdout] test encodation::tests::test_c40_basic2_3 ... ok
[INFO] [stdout] test encodation::tests::test_base256_4 ... ok
[INFO] [stdout] test encodation::tests::test_bug_1664266_3 ... ok
[INFO] [stdout] test encodation::planner::shortest_path::test_hopeless_remove_duplicates ... ok
[INFO] [stdout] test encodation::tests::test_c40_spec_example ... ok
[INFO] [stdout] test encodation::tests::test_c40_special_case2_d ... ok
[INFO] [stdout] test encodation::tests::test_bug_1664266_1 ... ok
[INFO] [stdout] test encodation::tests::test_c40_special_case_b ... ok
[INFO] [stdout] test encodation::tests::test_c40_special_case_a ... ok
[INFO] [stdout] test encodation::tests::test_c40_special_case_c ... ok
[INFO] [stdout] test encodation::tests::test_c40_special_cases2 ... ok
[INFO] [stdout] test encodation::tests::test_c40_special_case_d ... ok
[INFO] [stdout] test encodation::tests::test_edifact_1 ... ok
[INFO] [stdout] test encodation::tests::test_edifact_2 ... ok
[INFO] [stdout] test encodation::tests::test_edifact_5 ... ok
[INFO] [stdout] test decodation::tests::regression15 ... ok
[INFO] [stdout] test encodation::tests::test_edifact_7 ... ok
[INFO] [stdout] test encodation::tests::test_edifact_3 ... ok
[INFO] [stdout] test encodation::tests::test_edifact_4 ... ok
[INFO] [stdout] test encodation::tests::test_edifact_6 ... ok
[INFO] [stdout] test encodation::tests::test_edifact_8 ... ok
[INFO] [stdout] test encodation::tests::test_edifact_short ... ok
[INFO] [stdout] test encodation::tests::test_hello_world ... ok
[INFO] [stdout] test encodation::tests::test_only_edifact_impossible ... ok
[INFO] [stdout] test encodation::tests::test_only_edifact ... ok
[INFO] [stdout] test encodation::tests::test_text_encoding_1 ... ok
[INFO] [stdout] test encodation::tests::test_only_base256 ... ok
[INFO] [stdout] test encodation::tests::test_text_encoding_3 ... ok
[INFO] [stdout] test encodation::tests::test_text_encoding_4 ... ok
[INFO] [stdout] test encodation::tests::test_text_encoding_2 ... ok
[INFO] [stdout] test encodation::tests::test_text_encoding_5 ... ok
[INFO] [stdout] test encodation::tests::test_unlatching_from_text ... ok
[INFO] [stdout] test encodation::tests::test_x12_2a ... ok
[INFO] [stdout] test encodation::tests::test_x12_1 ... ok
[INFO] [stdout] test encodation::tests::test_x12_2b ... ok
[INFO] [stdout] test encodation::tests::test_x12_3 ... ok
[INFO] [stdout] test decodation::tests::regression14 ... ok
[INFO] [stdout] test encodation::tests::test_x12_4 ... ok
[INFO] [stdout] test encodation::tests::test_x12_unlatch_2 ... ok
[INFO] [stdout] test errorcode::decoding::syndrome_based::test_recovery1 ... ok
[INFO] [stdout] test encodation::tests::test_x12_5 ... ok
[INFO] [stdout] test errorcode::decoding::syndrome_based::solve_vandermonde_diag ... ok
[INFO] [stdout] test errorcode::decoding::syndrome_based::test_recovery ... ok
[INFO] [stdout] test errorcode::decoding::syndrome_based::test_recovery3 ... ok
[INFO] [stdout] test encodation::tests::test_c40_unlatching ... FAILED
[INFO] [stdout] test errorcode::decoding::syndrome_based::test_recovery2 ... ok
[INFO] [stdout] test errorcode::decoding::test_chien2 ... ok
[INFO] [stdout] test errorcode::decoding::test_chien4 ... ok
[INFO] [stdout] test errorcode::decoding::test_evaluate_primitive ... ok
[INFO] [stdout] test errorcode::decoding::test_primitive_element_evaluation ... ok
[INFO] [stdout] test errorcode::decoding::test_solve_1x1 ... ok
[INFO] [stdout] test errorcode::decoding::test_solve_2x2 ... ok
[INFO] [stdout] test errorcode::decoding::test_solve_2x2_singular ... ok
[INFO] [stdout] test errorcode::decoding::test_solve_3x3_permute ... ok
[INFO] [stdout] test errorcode::ecc_block_1 ... ok
[INFO] [stdout] test encodation::tests::test_x12_unlatch_ascii ... ok
[INFO] [stdout] test errorcode::decoding::test_chien ... ok
[INFO] [stdout] test errorcode::decoding::test_chien3 ... ok
[INFO] [stdout] test errorcode::decoding::test_error_code ... ok
[INFO] [stdout] test errorcode::galois::gf256_mul ... ok
[INFO] [stdout] test errorcode::galois::test_mul_usize ... ok
[INFO] [stdout] test errorcode::galois::test_neg ... ok
[INFO] [stdout] test errorcode::galois::test_gf256_power_iterator ... ok
[INFO] [stdout] test placement::path::mini_2x3_one_euler ... ok
[INFO] [stdout] test placement::path::mini_3x2_two_euler ... ok
[INFO] [stdout] test placement::path::empty ... ok
[INFO] [stdout] test placement::test_12x12 ... ok
[INFO] [stdout] test placement::path::mini_2x2_one_euler ... ok
[INFO] [stdout] test placement::path::edge_hint ... ok
[INFO] [stdout] test placement::test_8x32 ... ok
[INFO] [stdout] test placement::test_bitmap_new ... ok
[INFO] [stdout] test errorcode::decoding::syndrome_based::test_recovery4 ... ok
[INFO] [stdout] test errorcode::galois::sanity_check_tables ... ok
[INFO] [stdout] test placement::test_10x10 ... ok
[INFO] [stdout] test errorcode::galois::gf256_div_mul ... ok
[INFO] [stdout] test symbol_size::test_height_range ... ok
[INFO] [stdout] test symbol_size::test_iter_all_symbols ... ok
[INFO] [stdout] test symbol_size::test_list_all ... ok
[INFO] [stdout] test symbol_size::symbol_size_order ... ok
[INFO] [stdout] test symbol_size::test_partial_ord_symbol_size ... ok
[INFO] [stdout] test symbol_size::test_content_sizes_consistency ... ok
[INFO] [stdout] test symbol_size::test_distinguishable_by_size ... ok
[INFO] [stdout] test symbol_size::test_size_candidates_auto ... ok
[INFO] [stdout] test symbol_size::test_size_candidates_auto_rect ... ok
[INFO] [stdout] test symbol_size::test_symbol_size_order ... ok
[INFO] [stdout] test symbol_size::test_width_range ... ok
[INFO] [stdout] test test_macro_str ... ok
[INFO] [stdout] test symbol_size::test_size_candidates_auto_square ... ok
[INFO] [stdout] test test_too_much_data ... ok
[INFO] [stdout] test utf8_eci_test ... ok
[INFO] [stdout] test symbol_size::test_size_candidates_for_non_auto ... ok
[INFO] [stdout] test placement::test_from_bits_all ... ok
[INFO] [stdout] test test_tile_placement_forth_and_back ... ok
[INFO] [stdout] test symbol_size::test_minimal_example_every_symbol ... ok
[INFO] [stdout] test decodation::test_read_eci ... ok
[INFO] [stdout] 
[INFO] [stdout] failures:
[INFO] [stdout] 
[INFO] [stdout] ---- encodation::tests::test_c40_unlatching stdout ----
[INFO] [stdout] thread 'encodation::tests::test_c40_unlatching' panicked at src/encodation/tests.rs:499:5:
[INFO] [stdout] assertion failed: `(left == right)`
[INFO] [stdout] 
[INFO] [stdout] [1mDiff[0m [31m< left[0m / [32mright >[0m :
[INFO] [stdout]  [
[INFO] [stdout] [31m<    23[0m[1;48;5;52;31m8[0m[31m,[0m
[INFO] [stdout] [32m>    23[0m[1;48;5;22;32m0[0m[32m,[0m
[INFO] [stdout]      91,
[INFO] [stdout]      11,
[INFO] [stdout]      91,
[INFO] [stdout]      11,
[INFO] [stdout]      91,
[INFO] [stdout]      11,
[INFO] [stdout]      91,
[INFO] [stdout]      11,
[INFO] [stdout]      254,
[INFO] [stdout]      239,
[INFO] [stdout]      91,
[INFO] [stdout]      11,
[INFO] [stdout]      91,
[INFO] [stdout]      11,
[INFO] [stdout]      91,
[INFO] [stdout]      11,
[INFO] [stdout]      254,
[INFO] [stdout]  ]
[INFO] [stdout] 
[INFO] [stdout] 
[INFO] [stdout] stack backtrace:
[INFO] [stdout]    0:     0x5d0659b8b38a - std::backtrace_rs::backtrace::libunwind::trace::h207520d6e9873551
[INFO] [stdout]                                at /rustc/df4ca44d3fbc9301ee17f30f4d474e6ae4b05252/library/std/src/../../backtrace/src/backtrace/libunwind.rs:116:5
[INFO] [stdout]    1:     0x5d0659b8b38a - std::backtrace_rs::backtrace::trace_unsynchronized::h2ed7433f370e3eca
[INFO] [stdout]                                at /rustc/df4ca44d3fbc9301ee17f30f4d474e6ae4b05252/library/std/src/../../backtrace/src/backtrace/mod.rs:66:5
[INFO] [stdout]    2:     0x5d0659b8b38a - std::sys::backtrace::_print_fmt::h916fac51166b18d7
[INFO] [stdout]                                at /rustc/df4ca44d3fbc9301ee17f30f4d474e6ae4b05252/library/std/src/sys/backtrace.rs:66:9
[INFO] [stdout]    3:     0x5d0659b8b38a - <std::sys::backtrace::BacktraceLock::print::DisplayBacktrace as core::fmt::Display>::fmt::ha0a4c9b8ce3802e6
[INFO] [stdout]                                at /rustc/df4ca44d3fbc9301ee17f30f4d474e6ae4b05252/library/std/src/sys/backtrace.rs:39:26
[INFO] [stdout]    4:     0x5d0659bb2213 - core::fmt::rt::Argument::fmt::h4cfc8587d52b3eb5
[INFO] [stdout]                                at /rustc/df4ca44d3fbc9301ee17f30f4d474e6ae4b05252/library/core/src/fmt/rt.rs:177:76
[INFO] [stdout]    5:     0x5d0659bb2213 - core::fmt::write::h522cc39e5b36ae9f
[INFO] [stdout]                                at /rustc/df4ca44d3fbc9301ee17f30f4d474e6ae4b05252/library/core/src/fmt/mod.rs:1190:21
[INFO] [stdout]    6:     0x5d0659b87ff3 - std::io::Write::write_fmt::h7d3c26752da97734
[INFO] [stdout]                                at /rustc/df4ca44d3fbc9301ee17f30f4d474e6ae4b05252/library/std/src/io/mod.rs:1839:15
[INFO] [stdout]    7:     0x5d0659b8b1d2 - std::sys::backtrace::BacktraceLock::print::h4b9e00b29e9c0942
[INFO] [stdout]                                at /rustc/df4ca44d3fbc9301ee17f30f4d474e6ae4b05252/library/std/src/sys/backtrace.rs:42:9
[INFO] [stdout]    8:     0x5d0659b8c81a - std::panicking::default_hook::{{closure}}::hb59b88280d0324d9
[INFO] [stdout]                                at /rustc/df4ca44d3fbc9301ee17f30f4d474e6ae4b05252/library/std/src/panicking.rs:268:22
[INFO] [stdout]    9:     0x5d0659b8c624 - std::panicking::default_hook::he1dd496665be4a29
[INFO] [stdout]                                at /rustc/df4ca44d3fbc9301ee17f30f4d474e6ae4b05252/library/std/src/panicking.rs:292:9
[INFO] [stdout]   10:     0x5d0659b40749 - <alloc::boxed::Box<F,A> as core::ops::function::Fn<Args>>::call::h4ff71de18744e1dc
[INFO] [stdout]                                at /rustc/df4ca44d3fbc9301ee17f30f4d474e6ae4b05252/library/alloc/src/boxed.rs:2468:9
[INFO] [stdout]   11:     0x5d0659b40749 - test::test_main::{{closure}}::hcf7c055ce117aa81
[INFO] [stdout]                                at /rustc/df4ca44d3fbc9301ee17f30f4d474e6ae4b05252/library/test/src/lib.rs:133:21
[INFO] [stdout]   12:     0x5d0659b8cf18 - <alloc::boxed::Box<F,A> as core::ops::function::Fn<Args>>::call::h1d66c6bbd60c9692
[INFO] [stdout]                                at /rustc/df4ca44d3fbc9301ee17f30f4d474e6ae4b05252/library/alloc/src/boxed.rs:2468:9
[INFO] [stdout]   13:     0x5d0659b8cf18 - std::panicking::rust_panic_with_hook::h2ff17fe8f26dfcf8
[INFO] [stdout]                                at /rustc/df4ca44d3fbc9301ee17f30f4d474e6ae4b05252/library/std/src/panicking.rs:809:13
[INFO] [stdout]   14:     0x5d0659b8ccda - std::panicking::begin_panic_handler::{{closure}}::h4fad77951c07e101
[INFO] [stdout]                                at /rustc/df4ca44d3fbc9301ee17f30f4d474e6ae4b05252/library/std/src/panicking.rs:674:13
[INFO] [stdout]   15:     0x5d0659b8b869 - std::sys::backtrace::__rust_end_short_backtrace::hb1a25b3da5d0ea08
[INFO] [stdout]                                at /rustc/df4ca44d3fbc9301ee17f30f4d474e6ae4b05252/library/std/src/sys/backtrace.rs:170:18
[INFO] [stdout]   16:     0x5d0659b8c96c - rust_begin_unwind
[INFO] [stdout]                                at /rustc/df4ca44d3fbc9301ee17f30f4d474e6ae4b05252/library/std/src/panicking.rs:665:5
[INFO] [stdout]   17:     0x5d0659bb04b0 - core::panicking::panic_fmt::ha9db07b529f9b256
[INFO] [stdout]                                at /rustc/df4ca44d3fbc9301ee17f30f4d474e6ae4b05252/library/core/src/panicking.rs:75:14
[INFO] [stdout]   18:     0x5d0659af2021 - datamatrix::encodation::tests::test_c40_unlatching::hdfc531e86615fcbd
[INFO] [stdout]                                at /opt/rustwide/workdir/src/encodation/tests.rs:499:5
[INFO] [stdout]   19:     0x5d0659af1de7 - datamatrix::encodation::tests::test_c40_unlatching::{{closure}}::he3cebda0c3f94bec
[INFO] [stdout]                                at /opt/rustwide/workdir/src/encodation/tests.rs:498:25
[INFO] [stdout]   20:     0x5d0659ac2cd6 - core::ops::function::FnOnce::call_once::h4336d424388a0713
[INFO] [stdout]                                at /rustc/df4ca44d3fbc9301ee17f30f4d474e6ae4b05252/library/core/src/ops/function.rs:250:5
[INFO] [stdout]   21:     0x5d0659b4501b - core::ops::function::FnOnce::call_once::h22c3ba5715e93f05
[INFO] [stdout]                                at /rustc/df4ca44d3fbc9301ee17f30f4d474e6ae4b05252/library/core/src/ops/function.rs:250:5
[INFO] [stdout]   22:     0x5d0659b4501b - test::__rust_begin_short_backtrace::h8e82d8113d0da17f
[INFO] [stdout]                                at /rustc/df4ca44d3fbc9301ee17f30f4d474e6ae4b05252/library/test/src/lib.rs:621:18
[INFO] [stdout]   23:     0x5d0659b44997 - test::run_test_in_process::{{closure}}::h33235f4f20b7b7c7
[INFO] [stdout]                                at /rustc/df4ca44d3fbc9301ee17f30f4d474e6ae4b05252/library/test/src/lib.rs:644:60
[INFO] [stdout]   24:     0x5d0659b44997 - <core::panic::unwind_safe::AssertUnwindSafe<F> as core::ops::function::FnOnce<()>>::call_once::hb5043206310c586f
[INFO] [stdout]                                at /rustc/df4ca44d3fbc9301ee17f30f4d474e6ae4b05252/library/core/src/panic/unwind_safe.rs:272:9
[INFO] [stdout]   25:     0x5d0659b44997 - std::panicking::try::do_call::h9ad4731a60ab23e2
[INFO] [stdout]                                at /rustc/df4ca44d3fbc9301ee17f30f4d474e6ae4b05252/library/std/src/panicking.rs:557:40
[INFO] [stdout]   26:     0x5d0659b44997 - std::panicking::try::h3824d23db772a716
[INFO] [stdout]                                at /rustc/df4ca44d3fbc9301ee17f30f4d474e6ae4b05252/library/std/src/panicking.rs:520:19
[INFO] [stdout]   27:     0x5d0659b44997 - std::panic::catch_unwind::h5afd514605fde46b
[INFO] [stdout]                                at /rustc/df4ca44d3fbc9301ee17f30f4d474e6ae4b05252/library/std/src/panic.rs:358:14
[INFO] [stdout]   28:     0x5d0659b44997 - test::run_test_in_process::h0d5cbfa7067d1720
[INFO] [stdout]                                at /rustc/df4ca44d3fbc9301ee17f30f4d474e6ae4b05252/library/test/src/lib.rs:644:27
[INFO] [stdout]   29:     0x5d0659b44997 - test::run_test::{{closure}}::h708eb8872708115d
[INFO] [stdout]                                at /rustc/df4ca44d3fbc9301ee17f30f4d474e6ae4b05252/library/test/src/lib.rs:565:43
[INFO] [stdout]   30:     0x5d0659b080b4 - test::run_test::{{closure}}::h392c51cee94713ab
[INFO] [stdout]                                at /rustc/df4ca44d3fbc9301ee17f30f4d474e6ae4b05252/library/test/src/lib.rs:595:41
[INFO] [stdout]   31:     0x5d0659b080b4 - std::sys::backtrace::__rust_begin_short_backtrace::h2f40290710935a8b
[INFO] [stdout]                                at /rustc/df4ca44d3fbc9301ee17f30f4d474e6ae4b05252/library/std/src/sys/backtrace.rs:154:18
[INFO] [stdout]   32:     0x5d0659b0b85e - std::thread::Builder::spawn_unchecked_::{{closure}}::{{closure}}::h3fd968d89053a903
[INFO] [stdout]                                at /rustc/df4ca44d3fbc9301ee17f30f4d474e6ae4b05252/library/std/src/thread/mod.rs:541:17
[INFO] [stdout]   33:     0x5d0659b0b85e - <core::panic::unwind_safe::AssertUnwindSafe<F> as core::ops::function::FnOnce<()>>::call_once::h743f637ba4229880
[INFO] [stdout]                                at /rustc/df4ca44d3fbc9301ee17f30f4d474e6ae4b05252/library/core/src/panic/unwind_safe.rs:272:9
[INFO] [stdout]   34:     0x5d0659b0b85e - std::panicking::try::do_call::h07440897322525a6
[INFO] [stdout]                                at /rustc/df4ca44d3fbc9301ee17f30f4d474e6ae4b05252/library/std/src/panicking.rs:557:40
[INFO] [stdout]   35:     0x5d0659b0b85e - std::panicking::try::he5a2e00188156637
[INFO] [stdout]                                at /rustc/df4ca44d3fbc9301ee17f30f4d474e6ae4b05252/library/std/src/panicking.rs:520:19
[INFO] [stdout]   36:     0x5d0659b0b85e - std::panic::catch_unwind::hbaf3cae49b3c6433
[INFO] [stdout]                                at /rustc/df4ca44d3fbc9301ee17f30f4d474e6ae4b05252/library/std/src/panic.rs:358:14
[INFO] [stdout]   37:     0x5d0659b0b85e - std::thread::Builder::spawn_unchecked_::{{closure}}::h8e141ea224820bce
[INFO] [stdout]                                at /rustc/df4ca44d3fbc9301ee17f30f4d474e6ae4b05252/library/std/src/thread/mod.rs:540:30
[INFO] [stdout]   38:     0x5d0659b0b85e - core::ops::function::FnOnce::call_once{{vtable.shim}}::h90d312fedd7b8ea8
[INFO] [stdout]                                at /rustc/df4ca44d3fbc9301ee17f30f4d474e6ae4b05252/library/core/src/ops/function.rs:250:5
[INFO] [stdout]   39:     0x5d0659b90d0b - <alloc::boxed::Box<F,A> as core::ops::function::FnOnce<Args>>::call_once::h69aa08ddb6adb8b6
[INFO] [stdout]                                at /rustc/df4ca44d3fbc9301ee17f30f4d474e6ae4b05252/library/alloc/src/boxed.rs:2454:9
[INFO] [stdout]   40:     0x5d0659b90d0b - <alloc::boxed::Box<F,A> as core::ops::function::FnOnce<Args>>::call_once::h5aa36efdb79c806f
[INFO] [stdout]                                at /rustc/df4ca44d3fbc9301ee17f30f4d474e6ae4b05252/library/alloc/src/boxed.rs:2454:9
[INFO] [stdout]   41:     0x5d0659b90d0b - std::sys::pal::unix::thread::Thread::new::thread_start::h6cd80a1b4be5158d
[INFO] [stdout]                                at /rustc/df4ca44d3fbc9301ee17f30f4d474e6ae4b05252/library/std/src/sys/pal/unix/thread.rs:105:17
[INFO] [stdout]   42:     0x7b5e506adac3 - <unknown>
[INFO] [stdout]   43:     0x7b5e5073ea04 - clone
[INFO] [stdout]   44:                0x0 - <unknown>
[INFO] [stdout] 
[INFO] [stdout] 
[INFO] [stdout] failures:
[INFO] [stdout]     encodation::tests::test_c40_unlatching
[INFO] [stdout] 
[INFO] [stdout] test result: FAILED. 165 passed; 1 failed; 0 ignored; 0 measured; 0 filtered out; finished in 0.76s
[INFO] [stdout] 
[INFO] [stderr] error: test failed, to rerun pass `--lib`
[INFO] running `Command { std: "docker" "inspect" "8440533e63ff801cee33d2cdfa870bfd240d25c540fb09079d1419b3bafe3274", kill_on_drop: false }`
[INFO] running `Command { std: "docker" "rm" "-f" "8440533e63ff801cee33d2cdfa870bfd240d25c540fb09079d1419b3bafe3274", kill_on_drop: false }`
[INFO] [stdout] 8440533e63ff801cee33d2cdfa870bfd240d25c540fb09079d1419b3bafe3274
