[INFO] fetching crate datafusion-proto 42.1.0...
[INFO] testing datafusion-proto-42.1.0 against nightly-2024-10-28+rustflags=-Zrandomize-layout for randomize-layout
[INFO] extracting crate datafusion-proto 42.1.0 into /workspace/builds/worker-0-tc2/source
[INFO] validating manifest of crates.io crate datafusion-proto 42.1.0 on toolchain nightly-2024-10-28
[INFO] running `Command { std: CARGO_HOME="/workspace/cargo-home" RUSTUP_HOME="/workspace/rustup-home" "/workspace/cargo-home/bin/cargo" "+nightly-2024-10-28" "metadata" "--manifest-path" "Cargo.toml" "--no-deps", kill_on_drop: false }`
[INFO] started tweaking crates.io crate datafusion-proto 42.1.0
[INFO] removed 0 missing tests
[INFO] finished tweaking crates.io crate datafusion-proto 42.1.0
[INFO] tweaked toml for crates.io crate datafusion-proto 42.1.0 written to /workspace/builds/worker-0-tc2/source/Cargo.toml
[INFO] running `Command { std: CARGO_HOME="/workspace/cargo-home" RUSTUP_HOME="/workspace/rustup-home" "/workspace/cargo-home/bin/cargo" "+nightly-2024-10-28" "generate-lockfile" "--manifest-path" "Cargo.toml", kill_on_drop: false }`
[INFO] [stderr]     Updating crates.io index
[INFO] [stderr]     Blocking waiting for file lock on package cache
[INFO] [stderr]      Locking 253 packages to latest compatible versions
[INFO] running `Command { std: CARGO_HOME="/workspace/cargo-home" RUSTUP_HOME="/workspace/rustup-home" "/workspace/cargo-home/bin/cargo" "+nightly-2024-10-28" "fetch" "--manifest-path" "Cargo.toml", kill_on_drop: false }`
[INFO] [stderr]     Blocking waiting for file lock on package cache
[INFO] running `Command { std: "docker" "create" "-v" "/var/lib/crater-agent-workspace/builds/worker-0-tc2/target:/opt/rustwide/target:rw,Z" "-v" "/var/lib/crater-agent-workspace/builds/worker-0-tc2/source:/opt/rustwide/workdir:ro,Z" "-v" "/var/lib/crater-agent-workspace/cargo-home:/opt/rustwide/cargo-home:ro,Z" "-v" "/var/lib/crater-agent-workspace/rustup-home:/opt/rustwide/rustup-home:ro,Z" "-e" "SOURCE_DIR=/opt/rustwide/workdir" "-e" "CARGO_TARGET_DIR=/opt/rustwide/target" "-e" "CARGO_HOME=/opt/rustwide/cargo-home" "-e" "RUSTUP_HOME=/opt/rustwide/rustup-home" "-w" "/opt/rustwide/workdir" "-m" "1610612736" "--user" "0:0" "--network" "none" "ghcr.io/rust-lang/crates-build-env/linux@sha256:4a844ea9eb2546a2d2c7022eacef16ef2e8229c7fbb2c7d4d55a9ceca922f72d" "/opt/rustwide/cargo-home/bin/cargo" "+nightly-2024-10-28" "metadata" "--no-deps" "--format-version=1", kill_on_drop: false }`
[INFO] [stdout] 0172eb2cd078cd79779fb86743b87d8d699fecc27527f1b600c88199c1cd60f7
[INFO] running `Command { std: "docker" "start" "-a" "0172eb2cd078cd79779fb86743b87d8d699fecc27527f1b600c88199c1cd60f7", kill_on_drop: false }`
[INFO] running `Command { std: "docker" "inspect" "0172eb2cd078cd79779fb86743b87d8d699fecc27527f1b600c88199c1cd60f7", kill_on_drop: false }`
[INFO] running `Command { std: "docker" "rm" "-f" "0172eb2cd078cd79779fb86743b87d8d699fecc27527f1b600c88199c1cd60f7", kill_on_drop: false }`
[INFO] [stdout] 0172eb2cd078cd79779fb86743b87d8d699fecc27527f1b600c88199c1cd60f7
[INFO] running `Command { std: "docker" "create" "-v" "/var/lib/crater-agent-workspace/builds/worker-0-tc2/target:/opt/rustwide/target:rw,Z" "-v" "/var/lib/crater-agent-workspace/builds/worker-0-tc2/source:/opt/rustwide/workdir:ro,Z" "-v" "/var/lib/crater-agent-workspace/cargo-home:/opt/rustwide/cargo-home:ro,Z" "-v" "/var/lib/crater-agent-workspace/rustup-home:/opt/rustwide/rustup-home:ro,Z" "-e" "SOURCE_DIR=/opt/rustwide/workdir" "-e" "CARGO_TARGET_DIR=/opt/rustwide/target" "-e" "CARGO_INCREMENTAL=0" "-e" "RUST_BACKTRACE=full" "-e" "RUSTFLAGS=--cap-lints=forbid -Zrandomize-layout" "-e" "RUSTDOCFLAGS=--cap-lints=forbid" "-e" "CARGO_HOME=/opt/rustwide/cargo-home" "-e" "RUSTUP_HOME=/opt/rustwide/rustup-home" "-w" "/opt/rustwide/workdir" "-m" "1610612736" "--user" "0:0" "--network" "none" "ghcr.io/rust-lang/crates-build-env/linux@sha256:4a844ea9eb2546a2d2c7022eacef16ef2e8229c7fbb2c7d4d55a9ceca922f72d" "/opt/rustwide/cargo-home/bin/cargo" "+nightly-2024-10-28" "build" "--frozen" "--message-format=json", kill_on_drop: false }`
[INFO] [stdout] ef00b58d47c3ec9c52bc48734eb73685cafd7f77d7c0382dfe123f6cc630e54b
[INFO] running `Command { std: "docker" "start" "-a" "ef00b58d47c3ec9c52bc48734eb73685cafd7f77d7c0382dfe123f6cc630e54b", kill_on_drop: false }`
[INFO] [stderr]    Compiling libm v0.2.11
[INFO] [stderr]    Compiling num-traits v0.2.19
[INFO] [stderr]    Compiling jobserver v0.1.32
[INFO] [stderr]    Compiling rand_core v0.6.4
[INFO] [stderr]    Compiling regex-syntax v0.8.5
[INFO] [stderr]    Compiling phf_shared v0.11.2
[INFO] [stderr]    Compiling ahash v0.8.11
[INFO] [stderr]    Compiling syn v2.0.86
[INFO] [stderr]    Compiling rand v0.8.5
[INFO] [stderr]    Compiling allocator-api2 v0.2.18
[INFO] [stderr]    Compiling phf v0.11.2
[INFO] [stderr]    Compiling cc v1.1.31
[INFO] [stderr]    Compiling arrow-schema v53.2.0
[INFO] [stderr]    Compiling heck v0.5.0
[INFO] [stderr]    Compiling lexical-util v1.0.3
[INFO] [stderr]    Compiling phf_generator v0.11.2
[INFO] [stderr]    Compiling rustversion v1.0.18
[INFO] [stderr]    Compiling phf_codegen v0.11.2
[INFO] [stderr]    Compiling semver v1.0.23
[INFO] [stderr]    Compiling num-integer v0.1.46
[INFO] [stderr]    Compiling num-complex v0.4.6
[INFO] [stderr]    Compiling chrono v0.4.38
[INFO] [stderr]    Compiling num-bigint v0.4.6
[INFO] [stderr]    Compiling num-iter v0.1.45
[INFO] [stderr]    Compiling regex-automata v0.4.8
[INFO] [stderr]    Compiling half v2.4.1
[INFO] [stderr]    Compiling lexical-write-integer v1.0.2
[INFO] [stderr]    Compiling lexical-parse-integer v1.0.2
[INFO] [stderr]    Compiling lexical-write-float v1.0.2
[INFO] [stderr]    Compiling lexical-parse-float v1.0.2
[INFO] [stderr]    Compiling num-rational v0.4.2
[INFO] [stderr]    Compiling zstd-sys v2.0.13+zstd.1.5.6
[INFO] [stderr]    Compiling unicode-width v0.1.14
[INFO] [stderr]    Compiling lexical-core v1.0.2
[INFO] [stderr]    Compiling rustc_version v0.4.1
[INFO] [stderr]    Compiling atoi v2.0.0
[INFO] [stderr]    Compiling num v0.4.3
[INFO] [stderr]    Compiling base64 v0.22.1
[INFO] [stderr]    Compiling arrow-buffer v53.2.0
[INFO] [stderr]    Compiling futures-channel v0.3.31
[INFO] [stderr]    Compiling regex v1.11.1
[INFO] [stderr]    Compiling flatbuffers v24.3.25
[INFO] [stderr]    Compiling zstd-safe v7.2.1
[INFO] [stderr]    Compiling twox-hash v1.6.3
[INFO] [stderr]    Compiling alloc-no-stdlib v2.0.4
[INFO] [stderr]    Compiling arrow-data v53.2.0
[INFO] [stderr]    Compiling parse-zoneinfo v0.3.1
[INFO] [stderr]    Compiling lz4_flex v0.11.3
[INFO] [stderr]    Compiling alloc-stdlib v0.2.2
[INFO] [stderr]    Compiling csv-core v0.1.11
[INFO] [stderr]    Compiling snap v1.1.1
[INFO] [stderr]    Compiling chrono-tz-build v0.4.0
[INFO] [stderr]    Compiling csv v1.3.0
[INFO] [stderr]    Compiling brotli-decompressor v4.0.1
[INFO] [stderr]    Compiling serde_json v1.0.132
[INFO] [stderr]    Compiling url v2.5.2
[INFO] [stderr]    Compiling chrono-tz v0.10.0
[INFO] [stderr]    Compiling ordered-float v2.10.1
[INFO] [stderr]    Compiling integer-encoding v3.0.4
[INFO] [stderr]    Compiling thrift v0.17.0
[INFO] [stderr]    Compiling brotli v7.0.0
[INFO] [stderr]    Compiling seq-macro v0.3.5
[INFO] [stderr]    Compiling num_cpus v1.16.0
[INFO] [stderr]    Compiling rustix v0.38.38
[INFO] [stderr]    Compiling fastrand v2.1.1
[INFO] [stderr]    Compiling zerocopy-derive v0.7.35
[INFO] [stderr]    Compiling strum_macros v0.26.4
[INFO] [stderr]    Compiling tokio-macros v2.4.0
[INFO] [stderr]    Compiling futures-macro v0.3.31
[INFO] [stderr]    Compiling tracing-attributes v0.1.27
[INFO] [stderr]    Compiling tokio v1.41.0
[INFO] [stderr]    Compiling zerocopy v0.7.35
[INFO] [stderr]    Compiling futures-util v0.3.31
[INFO] [stderr]    Compiling hashbrown v0.14.5
[INFO] [stderr]    Compiling snafu-derive v0.8.5
[INFO] [stderr]    Compiling strum v0.26.3
[INFO] [stderr]    Compiling comfy-table v7.1.1
[INFO] [stderr]    Compiling tracing v0.1.40
[INFO] [stderr]    Compiling async-trait v0.1.83
[INFO] [stderr]    Compiling sqlparser_derive v0.2.2
[INFO] [stderr]    Compiling ppv-lite86 v0.2.20
[INFO] [stderr]    Compiling futures-executor v0.3.31
[INFO] [stderr]    Compiling sqlparser v0.50.0
[INFO] [stderr]    Compiling futures v0.3.31
[INFO] [stderr]    Compiling rand_chacha v0.3.1
[INFO] [stderr]    Compiling dashmap v6.1.0
[INFO] [stderr]    Compiling snafu v0.8.5
[INFO] [stderr]    Compiling object_store v0.11.1
[INFO] [stderr]    Compiling fixedbitset v0.4.2
[INFO] [stderr]    Compiling subtle v2.6.1
[INFO] [stderr]    Compiling petgraph v0.6.5
[INFO] [stderr]    Compiling digest v0.10.7
[INFO] [stderr]    Compiling blake3 v1.5.4
[INFO] [stderr]    Compiling lzma-sys v0.1.20
[INFO] [stderr]    Compiling arrow-array v53.2.0
[INFO] [stderr]    Compiling bzip2-sys v0.1.11+1.0.8
[INFO] [stderr]    Compiling anyhow v1.0.92
[INFO] [stderr]    Compiling tempfile v3.13.0
[INFO] [stderr]    Compiling datafusion-common-runtime v42.1.0
[INFO] [stderr]    Compiling arrayref v0.3.9
[INFO] [stderr]    Compiling constant_time_eq v0.3.1
[INFO] [stderr]    Compiling arrayvec v0.7.6
[INFO] [stderr]    Compiling sha2 v0.10.8
[INFO] [stderr]    Compiling arrow-select v53.2.0
[INFO] [stderr]    Compiling arrow-row v53.2.0
[INFO] [stderr]    Compiling arrow-arith v53.2.0
[INFO] [stderr]    Compiling zstd v0.13.2
[INFO] [stderr]    Compiling blake2 v0.10.6
[INFO] [stderr]    Compiling arrow-cast v53.2.0
[INFO] [stderr]    Compiling arrow-string v53.2.0
[INFO] [stderr]    Compiling arrow-ord v53.2.0
[INFO] [stderr]    Compiling arrow-ipc v53.2.0
[INFO] [stderr]    Compiling arrow-json v53.2.0
[INFO] [stderr]    Compiling arrow-csv v53.2.0
[INFO] [stderr]    Compiling arrow v53.2.0
[INFO] [stderr]    Compiling parquet v53.2.0
[INFO] [stderr]    Compiling md-5 v0.10.6
[INFO] [stderr]    Compiling uuid v1.11.0
[INFO] [stderr]    Compiling unicode-segmentation v1.12.0
[INFO] [stderr]    Compiling xz2 v0.1.7
[INFO] [stderr]    Compiling prost-derive v0.13.3
[INFO] [stderr]    Compiling bzip2 v0.4.4
[INFO] [stderr]    Compiling tokio-util v0.7.12
[INFO] [stderr]    Compiling async-compression v0.4.17
[INFO] [stderr]    Compiling prost v0.13.3
[INFO] [stderr]    Compiling datafusion-common v42.1.0
[INFO] [stderr]    Compiling datafusion-expr-common v42.1.0
[INFO] [stderr]    Compiling datafusion-proto-common v42.1.0
[INFO] [stderr]    Compiling datafusion-physical-expr-common v42.1.0
[INFO] [stderr]    Compiling datafusion-functions-aggregate-common v42.1.0
[INFO] [stderr]    Compiling datafusion-expr v42.1.0
[INFO] [stderr]    Compiling datafusion-execution v42.1.0
[INFO] [stderr]    Compiling datafusion-functions-window v42.1.0
[INFO] [stderr]    Compiling datafusion-sql v42.1.0
[INFO] [stderr]    Compiling datafusion-physical-expr v42.1.0
[INFO] [stderr]    Compiling datafusion-functions v42.1.0
[INFO] [stderr]    Compiling datafusion-functions-aggregate v42.1.0
[INFO] [stderr]    Compiling datafusion-optimizer v42.1.0
[INFO] [stderr]    Compiling datafusion-physical-plan v42.1.0
[INFO] [stderr]    Compiling datafusion-functions-nested v42.1.0
[INFO] [stderr]    Compiling datafusion-catalog v42.1.0
[INFO] [stderr]    Compiling datafusion-physical-optimizer v42.1.0
[INFO] [stderr]    Compiling datafusion v42.1.0
[INFO] [stderr]    Compiling datafusion-proto v42.1.0 (/opt/rustwide/workdir)
[INFO] [stderr]     Finished `dev` profile [unoptimized + debuginfo] target(s) in 2m 48s
[INFO] running `Command { std: "docker" "inspect" "ef00b58d47c3ec9c52bc48734eb73685cafd7f77d7c0382dfe123f6cc630e54b", kill_on_drop: false }`
[INFO] running `Command { std: "docker" "rm" "-f" "ef00b58d47c3ec9c52bc48734eb73685cafd7f77d7c0382dfe123f6cc630e54b", kill_on_drop: false }`
[INFO] [stdout] ef00b58d47c3ec9c52bc48734eb73685cafd7f77d7c0382dfe123f6cc630e54b
[INFO] running `Command { std: "docker" "create" "-v" "/var/lib/crater-agent-workspace/builds/worker-0-tc2/target:/opt/rustwide/target:rw,Z" "-v" "/var/lib/crater-agent-workspace/builds/worker-0-tc2/source:/opt/rustwide/workdir:ro,Z" "-v" "/var/lib/crater-agent-workspace/cargo-home:/opt/rustwide/cargo-home:ro,Z" "-v" "/var/lib/crater-agent-workspace/rustup-home:/opt/rustwide/rustup-home:ro,Z" "-e" "SOURCE_DIR=/opt/rustwide/workdir" "-e" "CARGO_TARGET_DIR=/opt/rustwide/target" "-e" "CARGO_INCREMENTAL=0" "-e" "RUST_BACKTRACE=full" "-e" "RUSTFLAGS=--cap-lints=forbid -Zrandomize-layout" "-e" "RUSTDOCFLAGS=--cap-lints=forbid" "-e" "CARGO_HOME=/opt/rustwide/cargo-home" "-e" "RUSTUP_HOME=/opt/rustwide/rustup-home" "-w" "/opt/rustwide/workdir" "-m" "1610612736" "--user" "0:0" "--network" "none" "ghcr.io/rust-lang/crates-build-env/linux@sha256:4a844ea9eb2546a2d2c7022eacef16ef2e8229c7fbb2c7d4d55a9ceca922f72d" "/opt/rustwide/cargo-home/bin/cargo" "+nightly-2024-10-28" "test" "--frozen" "--no-run" "--message-format=json", kill_on_drop: false }`
[INFO] [stdout] 1ed327ded59b4a742e001cf0ffadc98da70aa67f3199e9ff4a472dc3bf4ecb7f
[INFO] running `Command { std: "docker" "start" "-a" "1ed327ded59b4a742e001cf0ffadc98da70aa67f3199e9ff4a472dc3bf4ecb7f", kill_on_drop: false }`
[INFO] [stderr]    Compiling tokio v1.41.0
[INFO] [stderr]    Compiling doc-comment v0.3.3
[INFO] [stderr]    Compiling object_store v0.11.1
[INFO] [stderr]    Compiling datafusion-common-runtime v42.1.0
[INFO] [stderr]    Compiling tokio-util v0.7.12
[INFO] [stderr]    Compiling async-compression v0.4.17
[INFO] [stderr]    Compiling parquet v53.2.0
[INFO] [stderr]    Compiling datafusion-common v42.1.0
[INFO] [stderr]    Compiling datafusion-expr-common v42.1.0
[INFO] [stderr]    Compiling datafusion-proto-common v42.1.0
[INFO] [stderr]    Compiling datafusion-physical-expr-common v42.1.0
[INFO] [stderr]    Compiling datafusion-functions-aggregate-common v42.1.0
[INFO] [stderr]    Compiling datafusion-expr v42.1.0
[INFO] [stderr]    Compiling datafusion-execution v42.1.0
[INFO] [stderr]    Compiling datafusion-functions-window v42.1.0
[INFO] [stderr]    Compiling datafusion-sql v42.1.0
[INFO] [stderr]    Compiling datafusion-physical-expr v42.1.0
[INFO] [stderr]    Compiling datafusion-functions v42.1.0
[INFO] [stderr]    Compiling datafusion-functions-aggregate v42.1.0
[INFO] [stderr]    Compiling datafusion-optimizer v42.1.0
[INFO] [stderr]    Compiling datafusion-physical-plan v42.1.0
[INFO] [stderr]    Compiling datafusion-functions-nested v42.1.0
[INFO] [stderr]    Compiling datafusion-physical-optimizer v42.1.0
[INFO] [stderr]    Compiling datafusion-catalog v42.1.0
[INFO] [stderr]    Compiling datafusion v42.1.0
[INFO] [stderr]    Compiling datafusion-proto v42.1.0 (/opt/rustwide/workdir)
[INFO] [stderr]     Finished `test` profile [unoptimized + debuginfo] target(s) in 1m 21s
[INFO] running `Command { std: "docker" "inspect" "1ed327ded59b4a742e001cf0ffadc98da70aa67f3199e9ff4a472dc3bf4ecb7f", kill_on_drop: false }`
[INFO] running `Command { std: "docker" "rm" "-f" "1ed327ded59b4a742e001cf0ffadc98da70aa67f3199e9ff4a472dc3bf4ecb7f", kill_on_drop: false }`
[INFO] [stdout] 1ed327ded59b4a742e001cf0ffadc98da70aa67f3199e9ff4a472dc3bf4ecb7f
[INFO] running `Command { std: "docker" "create" "-v" "/var/lib/crater-agent-workspace/builds/worker-0-tc2/target:/opt/rustwide/target:rw,Z" "-v" "/var/lib/crater-agent-workspace/builds/worker-0-tc2/source:/opt/rustwide/workdir:ro,Z" "-v" "/var/lib/crater-agent-workspace/cargo-home:/opt/rustwide/cargo-home:ro,Z" "-v" "/var/lib/crater-agent-workspace/rustup-home:/opt/rustwide/rustup-home:ro,Z" "-e" "SOURCE_DIR=/opt/rustwide/workdir" "-e" "CARGO_TARGET_DIR=/opt/rustwide/target" "-e" "CARGO_INCREMENTAL=0" "-e" "RUST_BACKTRACE=full" "-e" "RUSTFLAGS=--cap-lints=forbid -Zrandomize-layout" "-e" "RUSTDOCFLAGS=--cap-lints=forbid" "-e" "CARGO_HOME=/opt/rustwide/cargo-home" "-e" "RUSTUP_HOME=/opt/rustwide/rustup-home" "-w" "/opt/rustwide/workdir" "-m" "1610612736" "--user" "0:0" "--network" "none" "ghcr.io/rust-lang/crates-build-env/linux@sha256:4a844ea9eb2546a2d2c7022eacef16ef2e8229c7fbb2c7d4d55a9ceca922f72d" "/opt/rustwide/cargo-home/bin/cargo" "+nightly-2024-10-28" "test" "--frozen", kill_on_drop: false }`
[INFO] [stdout] 56661d784bfadabc2f0c4915a7153e1e5a309e1611a2a6ebaeebc44b52038dbf
[INFO] running `Command { std: "docker" "start" "-a" "56661d784bfadabc2f0c4915a7153e1e5a309e1611a2a6ebaeebc44b52038dbf", kill_on_drop: false }`
[INFO] [stderr]     Finished `test` profile [unoptimized + debuginfo] target(s) in 0.39s
[INFO] [stderr]      Running unittests src/lib.rs (/opt/rustwide/target/debug/deps/datafusion_proto-d22cef872e9ed45c)
[INFO] [stdout] 
[INFO] [stdout] running 0 tests
[INFO] [stdout] 
[INFO] [stdout] test result: ok. 0 passed; 0 failed; 0 ignored; 0 measured; 0 filtered out; finished in 0.00s
[INFO] [stdout] 
[INFO] [stderr]      Running tests/proto_integration.rs (/opt/rustwide/target/debug/deps/proto_integration-0cd0ac10ab3b5e28)
[INFO] [stdout] 
[INFO] [stdout] running 96 tests
[INFO] [stdout] test cases::roundtrip_logical_plan::round_trip_scalar_types ... ok
[INFO] [stdout] test cases::roundtrip_logical_plan::round_trip_datatype ... ok
[INFO] [stdout] test cases::roundtrip_logical_plan::roundtrip_between ... ok
[INFO] [stdout] test cases::roundtrip_logical_plan::roundtrip_aggregate_udf ... ok
[INFO] [stdout] test cases::roundtrip_logical_plan::roundtrip_case_with_null ... ok
[INFO] [stdout] test cases::roundtrip_logical_plan::roundtrip_case ... ok
[INFO] [stdout] test cases::roundtrip_logical_plan::round_trip_scalar_values_and_data_types ... ok
[INFO] [stdout] test cases::roundtrip_logical_plan::roundtrip_aggregate_udf_extension_codec ... ok
[INFO] [stdout] test cases::roundtrip_logical_plan::roundtrip_cast ... ok
[INFO] [stdout] test cases::roundtrip_logical_plan::roundtrip_count ... ok
[INFO] [stdout] test cases::roundtrip_logical_plan::roundtrip_count_distinct ... ok
[INFO] [stdout] test cases::roundtrip_logical_plan::roundtrip_cube ... ok
[INFO] [stdout] test cases::roundtrip_logical_plan::roundtrip_dict_id ... ok
[INFO] [stdout] test cases::roundtrip_logical_plan::roundtrip_dfschema ... ok
[INFO] [stdout] test cases::roundtrip_logical_plan::roundtrip_grouping_sets ... ok
[INFO] [stdout] test cases::roundtrip_logical_plan::roundtrip_custom_listing_tables ... ok
[INFO] [stdout] test cases::roundtrip_logical_plan::roundtrip_custom_tables ... ok
[INFO] [stdout] test cases::roundtrip_logical_plan::roundtrip_field ... ok
[INFO] [stdout] test cases::roundtrip_logical_plan::roundtrip_inlist ... ok
[INFO] [stdout] test cases::roundtrip_logical_plan::roundtrip_is_not_null ... ok
[INFO] [stdout] test cases::roundtrip_logical_plan::roundtrip_ilike ... ok
[INFO] [stdout] test cases::roundtrip_logical_plan::roundtrip_is_null ... ok
[INFO] [stdout] test cases::roundtrip_logical_plan::roundtrip_like ... ok
[INFO] [stdout] test cases::roundtrip_logical_plan::roundtrip_binary_op ... ok
[INFO] [stdout] test cases::roundtrip_logical_plan::roundtrip_logical_plan_copy_to_json ... FAILED
[INFO] [stdout] test cases::roundtrip_logical_plan::roundtrip_logical_plan_aggregation_with_pk ... ok
[INFO] [stdout] test cases::roundtrip_logical_plan::roundtrip_custom_memory_tables ... ok
[INFO] [stdout] test cases::roundtrip_logical_plan::roundtrip_logical_plan_copy_to_parquet ... FAILED
[INFO] [stdout] test cases::roundtrip_logical_plan::roundtrip_logical_plan_aggregation ... ok
[INFO] [stdout] test cases::roundtrip_logical_plan::roundtrip_logical_plan_unnest ... ok
[INFO] [stdout] test cases::roundtrip_logical_plan::roundtrip_logical_plan_distinct_on ... ok
[INFO] [stdout] test cases::roundtrip_logical_plan::roundtrip_logical_plan_copy_to_arrow ... ok
[INFO] [stdout] test cases::roundtrip_logical_plan::roundtrip_logical_plan_copy_to_sql_options ... ok
[INFO] [stdout] test cases::roundtrip_logical_plan::roundtrip_logical_plan_copy_to_writer_options ... ok
[INFO] [stdout] test cases::roundtrip_logical_plan::roundtrip_logical_plan ... ok
[INFO] [stdout] test cases::roundtrip_logical_plan::roundtrip_logical_plan_copy_to_csv ... ok
[INFO] [stdout] test cases::roundtrip_logical_plan::roundtrip_logical_plan_with_extension ... ok
[INFO] [stdout] test cases::roundtrip_logical_plan::roundtrip_not ... ok
[INFO] [stdout] test cases::roundtrip_logical_plan::roundtrip_negative ... ok
[INFO] [stdout] test cases::roundtrip_logical_plan::roundtrip_qualified_wildcard ... ok
[INFO] [stdout] test cases::roundtrip_logical_plan::roundtrip_null_literal ... ok
[INFO] [stdout] test cases::roundtrip_logical_plan::roundtrip_null_scalar_values ... ok
[INFO] [stdout] test cases::roundtrip_logical_plan::roundtrip_schema ... ok
[INFO] [stdout] test cases::roundtrip_logical_plan::roundtrip_rollup ... ok
[INFO] [stdout] test cases::roundtrip_logical_plan::roundtrip_scalar_udf ... ok
[INFO] [stdout] test cases::roundtrip_logical_plan::roundtrip_scalar_udf_extension_codec ... ok
[INFO] [stdout] test cases::roundtrip_logical_plan::roundtrip_substr ... ok
[INFO] [stdout] test cases::roundtrip_logical_plan::roundtrip_unnest ... ok
[INFO] [stdout] test cases::roundtrip_logical_plan::roundtrip_try_cast ... ok
[INFO] [stdout] test cases::roundtrip_logical_plan::roundtrip_window ... ok
[INFO] [stdout] test cases::roundtrip_logical_plan::roundtrip_wildcard ... ok
[INFO] [stdout] test cases::roundtrip_logical_plan::roundtrip_similar_to ... ok
[INFO] [stdout] test cases::roundtrip_logical_plan::roundtrip_logical_plan_with_view_scan ... ok
[INFO] [stdout] test cases::roundtrip_physical_plan::roundtrip_aggregate_udaf ... ok
[INFO] [stdout] test cases::roundtrip_physical_plan::roundtrip_csv_sink ... ok
[INFO] [stdout] test cases::roundtrip_physical_plan::roundtrip_analyze ... ok
[INFO] [stdout] test cases::roundtrip_physical_plan::roundtrip_aggregate_udf_extension_codec ... ok
[INFO] [stdout] test cases::roundtrip_physical_plan::roundtrip_date_time_interval ... ok
[INFO] [stdout] test cases::roundtrip_physical_plan::roundtrip_global_limit ... ok
[INFO] [stdout] test cases::roundtrip_physical_plan::roundtrip_coalesce_with_fetch ... ok
[INFO] [stdout] test cases::roundtrip_physical_plan::roundtrip_filter_with_not_and_in_list ... ok
[INFO] [stdout] test cases::roundtrip_physical_plan::roundtrip_empty ... ok
[INFO] [stdout] test cases::roundtrip_physical_plan::roundtrip_global_skip_no_limit ... ok
[INFO] [stdout] test cases::roundtrip_logical_plan::roundtrip_single_count_distinct ... ok
[INFO] [stdout] test cases::roundtrip_physical_plan::roundtrip_json_sink ... ok
[INFO] [stdout] test cases::roundtrip_physical_plan::roundtrip_local_limit ... ok
[INFO] [stdout] test cases::roundtrip_physical_plan::roundtrip_interleave ... ok
[INFO] [stdout] test cases::roundtrip_physical_plan::roundtrip_like ... ok
[INFO] [stdout] test cases::roundtrip_physical_plan::roundtrip_parquet_exec_with_custom_predicate_expr ... ok
[INFO] [stdout] test cases::roundtrip_physical_plan::roundtrip_parquet_exec_with_table_partition_cols ... ok
[INFO] [stdout] test cases::roundtrip_physical_plan::roundtrip_parquet_exec_with_pruning_predicate ... ok
[INFO] [stdout] test cases::roundtrip_physical_plan::roundtrip_parquet_sink ... ok
[INFO] [stdout] test cases::roundtrip_physical_plan::roundtrip_scalar_udf ... ok
[INFO] [stdout] test cases::roundtrip_physical_plan::roundtrip_scalar_udf_extension_codec ... ok
[INFO] [stdout] test cases::roundtrip_physical_plan::roundtrip_sort ... ok
[INFO] [stdout] test cases::roundtrip_physical_plan::roundtrip_union ... ok
[INFO] [stdout] test cases::roundtrip_physical_plan::roundtrip_unnest ... ok
[INFO] [stdout] test cases::roundtrip_physical_plan::roundtrip_sort_preserve_partitioning ... ok
[INFO] [stdout] test cases::roundtrip_physical_plan::roundtrip_nested_loop_join ... ok
[INFO] [stdout] test cases::roundtrip_physical_plan::rountrip_aggregate_with_approx_pencentile_cont ... ok
[INFO] [stdout] test cases::roundtrip_physical_plan::roundtrip_window ... ok
[INFO] [stdout] test cases::roundtrip_physical_plan::rountrip_aggregate_with_sort ... ok
[INFO] [stdout] test cases::roundtrip_physical_plan::rountrip_aggregate ... ok
[INFO] [stdout] test cases::roundtrip_physical_plan::rountrip_aggregate_with_limit ... ok
[INFO] [stdout] test cases::serialize::exact_roundtrip_linearized_binary_expr ... ok
[INFO] [stdout] test cases::serialize::roundtrip_qualified_alias ... ok
[INFO] [stdout] test cases::serialize::test_expression_serialization_roundtrip ... ok
[INFO] [stdout] test cases::roundtrip_physical_plan::roundtrip_hash_join ... ok
[INFO] [stdout] test cases::serialize::udf_roundtrip_with_registry ... ok
[INFO] [stdout] test cases::serialize::roundtrip_deeply_nested_binary_expr_reverse_order ... ok
[INFO] [stdout] test cases::roundtrip_physical_plan::roundtrip_sym_hash_join ... ok
[INFO] [stdout] test cases::roundtrip_logical_plan::roundtrip_expr_api ... ok
[INFO] [stdout] test cases::serialize::roundtrip_deeply_nested ... ok
[INFO] [stdout] test cases::serialize::bad_decode - should panic ... ok
[INFO] [stdout] test cases::serialize::udf_roundtrip_without_registry - should panic ... ok
[INFO] [stdout] test cases::serialize::roundtrip_deeply_nested_binary_expr ... ok
[INFO] [stdout] 
[INFO] [stdout] failures:
[INFO] [stdout] 
[INFO] [stdout] ---- cases::roundtrip_logical_plan::roundtrip_logical_plan_copy_to_json stdout ----
[INFO] [stdout] Error: ObjectStore(NotFound { path: "/opt/rustwide/core/tests/data/1.json", source: Os { code: 2, kind: NotFound, message: "No such file or directory" } })
[INFO] [stdout] 
[INFO] [stdout] ---- cases::roundtrip_logical_plan::roundtrip_logical_plan_copy_to_parquet stdout ----
[INFO] [stdout] Error: ObjectStore(NotFound { path: "/opt/rustwide/substrait/tests/testdata/empty.parquet", source: Os { code: 2, kind: NotFound, message: "No such file or directory" } })
[INFO] [stdout] 
[INFO] [stdout] 
[INFO] [stdout] failures:
[INFO] [stdout]     cases::roundtrip_logical_plan::roundtrip_logical_plan_copy_to_json
[INFO] [stdout]     cases::roundtrip_logical_plan::roundtrip_logical_plan_copy_to_parquet
[INFO] [stdout] 
[INFO] [stdout] test result: FAILED. 94 passed; 2 failed; 0 ignored; 0 measured; 0 filtered out; finished in 0.28s
[INFO] [stdout] 
[INFO] [stderr] error: test failed, to rerun pass `--test proto_integration`
[INFO] running `Command { std: "docker" "inspect" "56661d784bfadabc2f0c4915a7153e1e5a309e1611a2a6ebaeebc44b52038dbf", kill_on_drop: false }`
[INFO] running `Command { std: "docker" "rm" "-f" "56661d784bfadabc2f0c4915a7153e1e5a309e1611a2a6ebaeebc44b52038dbf", kill_on_drop: false }`
[INFO] [stdout] 56661d784bfadabc2f0c4915a7153e1e5a309e1611a2a6ebaeebc44b52038dbf
