[INFO] fetching crate darkbird 6.2.4...
[INFO] testing darkbird-6.2.4 against nightly-2024-10-28 for randomize-layout
[INFO] extracting crate darkbird 6.2.4 into /workspace/builds/worker-0-tc1/source
[INFO] validating manifest of crates.io crate darkbird 6.2.4 on toolchain nightly-2024-10-28
[INFO] running `Command { std: CARGO_HOME="/workspace/cargo-home" RUSTUP_HOME="/workspace/rustup-home" "/workspace/cargo-home/bin/cargo" "+nightly-2024-10-28" "metadata" "--manifest-path" "Cargo.toml" "--no-deps", kill_on_drop: false }`
[INFO] started tweaking crates.io crate darkbird 6.2.4
[INFO] finished tweaking crates.io crate darkbird 6.2.4
[INFO] tweaked toml for crates.io crate darkbird 6.2.4 written to /workspace/builds/worker-0-tc1/source/Cargo.toml
[INFO] running `Command { std: CARGO_HOME="/workspace/cargo-home" RUSTUP_HOME="/workspace/rustup-home" "/workspace/cargo-home/bin/cargo" "+nightly-2024-10-28" "generate-lockfile" "--manifest-path" "Cargo.toml", kill_on_drop: false }`
[INFO] [stderr]     Updating crates.io index
[INFO] [stderr]      Locking 162 packages to latest compatible versions
[INFO] [stderr]       Adding dashmap v5.5.3 (available: v6.1.0)
[INFO] [stderr]       Adding scylla v0.4.7 (available: v0.14.0)
[INFO] running `Command { std: CARGO_HOME="/workspace/cargo-home" RUSTUP_HOME="/workspace/rustup-home" "/workspace/cargo-home/bin/cargo" "+nightly-2024-10-28" "fetch" "--manifest-path" "Cargo.toml", kill_on_drop: false }`
[INFO] [stderr]  Downloading crates ...
[INFO] [stderr]   Downloaded simple_wal v0.3.0
[INFO] [stderr]   Downloaded advisory-lock v0.2.0
[INFO] [stderr]   Downloaded anymap v0.12.1
[INFO] [stderr]   Downloaded bigdecimal v0.2.2
[INFO] [stderr]   Downloaded histogram v0.6.9
[INFO] [stderr]   Downloaded scylla-macros v0.1.2
[INFO] [stderr]   Downloaded scylla v0.4.7
[INFO] running `Command { std: "docker" "create" "-v" "/var/lib/crater-agent-workspace/builds/worker-0-tc1/target:/opt/rustwide/target:rw,Z" "-v" "/var/lib/crater-agent-workspace/builds/worker-0-tc1/source:/opt/rustwide/workdir:ro,Z" "-v" "/var/lib/crater-agent-workspace/cargo-home:/opt/rustwide/cargo-home:ro,Z" "-v" "/var/lib/crater-agent-workspace/rustup-home:/opt/rustwide/rustup-home:ro,Z" "-e" "SOURCE_DIR=/opt/rustwide/workdir" "-e" "CARGO_TARGET_DIR=/opt/rustwide/target" "-e" "CARGO_HOME=/opt/rustwide/cargo-home" "-e" "RUSTUP_HOME=/opt/rustwide/rustup-home" "-w" "/opt/rustwide/workdir" "-m" "1610612736" "--user" "0:0" "--network" "none" "ghcr.io/rust-lang/crates-build-env/linux@sha256:4a844ea9eb2546a2d2c7022eacef16ef2e8229c7fbb2c7d4d55a9ceca922f72d" "/opt/rustwide/cargo-home/bin/cargo" "+nightly-2024-10-28" "metadata" "--no-deps" "--format-version=1", kill_on_drop: false }`
[INFO] [stdout] 6825941a35c65996582becabb241684b50f719ba33dc873dfc9644bca51eb883
[INFO] running `Command { std: "docker" "start" "-a" "6825941a35c65996582becabb241684b50f719ba33dc873dfc9644bca51eb883", kill_on_drop: false }`
[INFO] running `Command { std: "docker" "inspect" "6825941a35c65996582becabb241684b50f719ba33dc873dfc9644bca51eb883", kill_on_drop: false }`
[INFO] running `Command { std: "docker" "rm" "-f" "6825941a35c65996582becabb241684b50f719ba33dc873dfc9644bca51eb883", kill_on_drop: false }`
[INFO] [stdout] 6825941a35c65996582becabb241684b50f719ba33dc873dfc9644bca51eb883
[INFO] running `Command { std: "docker" "create" "-v" "/var/lib/crater-agent-workspace/builds/worker-0-tc1/target:/opt/rustwide/target:rw,Z" "-v" "/var/lib/crater-agent-workspace/builds/worker-0-tc1/source:/opt/rustwide/workdir:ro,Z" "-v" "/var/lib/crater-agent-workspace/cargo-home:/opt/rustwide/cargo-home:ro,Z" "-v" "/var/lib/crater-agent-workspace/rustup-home:/opt/rustwide/rustup-home:ro,Z" "-e" "SOURCE_DIR=/opt/rustwide/workdir" "-e" "CARGO_TARGET_DIR=/opt/rustwide/target" "-e" "CARGO_INCREMENTAL=0" "-e" "RUST_BACKTRACE=full" "-e" "RUSTFLAGS=--cap-lints=forbid" "-e" "RUSTDOCFLAGS=--cap-lints=forbid" "-e" "CARGO_HOME=/opt/rustwide/cargo-home" "-e" "RUSTUP_HOME=/opt/rustwide/rustup-home" "-w" "/opt/rustwide/workdir" "-m" "1610612736" "--user" "0:0" "--network" "none" "ghcr.io/rust-lang/crates-build-env/linux@sha256:4a844ea9eb2546a2d2c7022eacef16ef2e8229c7fbb2c7d4d55a9ceca922f72d" "/opt/rustwide/cargo-home/bin/cargo" "+nightly-2024-10-28" "build" "--frozen" "--message-format=json", kill_on_drop: false }`
[INFO] [stdout] c975ba86d65bca935176ad57b50faee07a25b534540f5fae51803b90e48f147e
[INFO] running `Command { std: "docker" "start" "-a" "c975ba86d65bca935176ad57b50faee07a25b534540f5fae51803b90e48f147e", kill_on_drop: false }`
[INFO] [stderr]    Compiling cfg-if v1.0.0
[INFO] [stderr]    Compiling byteorder v1.5.0
[INFO] [stderr]    Compiling pin-project-lite v0.2.15
[INFO] [stderr]    Compiling futures-sink v0.3.31
[INFO] [stderr]    Compiling subtle v2.6.1
[INFO] [stderr]    Compiling memchr v2.7.4
[INFO] [stderr]    Compiling syn v1.0.109
[INFO] [stderr]    Compiling futures-core v0.3.31
[INFO] [stderr]    Compiling equivalent v1.0.1
[INFO] [stderr]    Compiling hashbrown v0.15.0
[INFO] [stderr]    Compiling libc v0.2.161
[INFO] [stderr]    Compiling typenum v1.17.0
[INFO] [stderr]    Compiling num-traits v0.2.19
[INFO] [stderr]    Compiling generic-array v0.14.7
[INFO] [stderr]    Compiling slab v0.4.9
[INFO] [stderr]    Compiling syn v2.0.86
[INFO] [stderr]    Compiling tinyvec_macros v0.1.1
[INFO] [stderr]    Compiling bytes v1.8.0
[INFO] [stderr]    Compiling parking_lot_core v0.9.10
[INFO] [stderr]    Compiling getrandom v0.1.16
[INFO] [stderr]    Compiling lock_api v0.4.12
[INFO] [stderr]    Compiling futures-channel v0.3.31
[INFO] [stderr]    Compiling scopeguard v1.2.0
[INFO] [stderr]    Compiling tinyvec v1.8.0
[INFO] [stderr]    Compiling pin-utils v0.1.0
[INFO] [stderr]    Compiling futures-task v0.3.31
[INFO] [stderr]    Compiling futures-io v0.3.31
[INFO] [stderr]    Compiling smallvec v1.13.2
[INFO] [stderr]    Compiling thiserror v1.0.66
[INFO] [stderr]    Compiling num-bigint v0.3.3
[INFO] [stderr]    Compiling unicode-bidi v0.3.17
[INFO] [stderr]    Compiling unicode-properties v0.1.3
[INFO] [stderr]    Compiling cpufeatures v0.2.14
[INFO] [stderr]    Compiling once_cell v1.20.2
[INFO] [stderr]    Compiling fallible-iterator v0.2.0
[INFO] [stderr]    Compiling static_assertions v1.1.0
[INFO] [stderr]    Compiling snap v1.1.1
[INFO] [stderr]    Compiling indexmap v2.6.0
[INFO] [stderr]    Compiling getrandom v0.2.15
[INFO] [stderr]    Compiling socket2 v0.5.7
[INFO] [stderr]    Compiling rand_core v0.6.4
[INFO] [stderr]    Compiling mio v1.0.2
[INFO] [stderr]    Compiling log v0.4.22
[INFO] [stderr]    Compiling base64 v0.22.1
[INFO] [stderr]    Compiling unicode-normalization v0.1.24
[INFO] [stderr]    Compiling toml_edit v0.19.15
[INFO] [stderr]    Compiling rand_core v0.5.1
[INFO] [stderr]    Compiling num-integer v0.1.46
[INFO] [stderr]    Compiling siphasher v0.3.11
[INFO] [stderr]    Compiling crypto-common v0.1.6
[INFO] [stderr]    Compiling block-buffer v0.10.4
[INFO] [stderr]    Compiling digest v0.10.7
[INFO] [stderr]    Compiling phf_shared v0.11.2
[INFO] [stderr]    Compiling serde v1.0.214
[INFO] [stderr]    Compiling tracing-core v0.1.32
[INFO] [stderr]    Compiling twox-hash v1.6.3
[INFO] [stderr]    Compiling iana-time-zone v0.1.61
[INFO] [stderr]    Compiling stringprep v0.1.5
[INFO] [stderr]    Compiling hmac v0.12.1
[INFO] [stderr]    Compiling sha2 v0.10.8
[INFO] [stderr]    Compiling md-5 v0.10.6
[INFO] [stderr]    Compiling hashbrown v0.14.5
[INFO] [stderr]    Compiling either v1.13.0
[INFO] [stderr]    Compiling lz4_flex v0.9.5
[INFO] [stderr]    Compiling itertools v0.10.5
[INFO] [stderr]    Compiling chrono v0.4.38
[INFO] [stderr]    Compiling phf v0.11.2
[INFO] [stderr]    Compiling parking_lot v0.12.3
[INFO] [stderr]    Compiling crc32fast v1.4.2
[INFO] [stderr]    Compiling dashmap v5.5.3
[INFO] [stderr]    Compiling whoami v1.5.2
[INFO] [stderr]    Compiling arc-swap v1.7.1
[INFO] [stderr]    Compiling histogram v0.6.9
[INFO] [stderr]    Compiling strum v0.23.0
[INFO] [stderr]    Compiling proc-macro-crate v1.3.1
[INFO] [stderr]    Compiling bigdecimal v0.2.2
[INFO] [stderr]    Compiling percent-encoding v2.3.1
[INFO] [stderr]    Compiling anymap v0.12.1
[INFO] [stderr]    Compiling scylla-macros v0.1.2
[INFO] [stderr]    Compiling strum_macros v0.23.1
[INFO] [stderr]    Compiling num_enum_derive v0.5.11
[INFO] [stderr]    Compiling zerocopy-derive v0.7.35
[INFO] [stderr]    Compiling futures-macro v0.3.31
[INFO] [stderr]    Compiling tokio-macros v2.4.0
[INFO] [stderr]    Compiling thiserror-impl v1.0.66
[INFO] [stderr]    Compiling tracing-attributes v0.1.27
[INFO] [stderr]    Compiling serde_derive v1.0.214
[INFO] [stderr]    Compiling uuid-macro-internal v1.11.0
[INFO] [stderr]    Compiling async-trait v0.1.83
[INFO] [stderr]    Compiling num_enum v0.5.11
[INFO] [stderr]    Compiling tokio v1.41.0
[INFO] [stderr]    Compiling zerocopy v0.7.35
[INFO] [stderr]    Compiling futures-util v0.3.31
[INFO] [stderr]    Compiling advisory-lock v0.2.0
[INFO] [stderr]    Compiling tracing v0.1.40
[INFO] [stderr]    Compiling ppv-lite86 v0.2.20
[INFO] [stderr]    Compiling rand_chacha v0.3.1
[INFO] [stderr]    Compiling rand_chacha v0.2.2
[INFO] [stderr]    Compiling rand v0.8.5
[INFO] [stderr]    Compiling rand v0.7.3
[INFO] [stderr]    Compiling postgres-protocol v0.6.7
[INFO] [stderr]    Compiling uuid v1.11.0
[INFO] [stderr]    Compiling simple_wal v0.3.0
[INFO] [stderr]    Compiling postgres-types v0.2.8
[INFO] [stderr]    Compiling futures-executor v0.3.31
[INFO] [stderr]    Compiling futures v0.3.31
[INFO] [stderr]    Compiling tokio-util v0.7.12
[INFO] [stderr]    Compiling scylla v0.4.7
[INFO] [stderr]    Compiling tokio-postgres v0.7.12
[INFO] [stderr]    Compiling bincode v1.3.3
[INFO] [stderr]    Compiling darkbird v6.2.4 (/opt/rustwide/workdir)
[INFO] [stdout] warning: unused imports: `Schema`, `VecStorage`, and `Vector`
[INFO] [stdout]   --> src/darkbird/storage_vector_test.rs:1:13
[INFO] [stdout]    |
[INFO] [stdout] 1  | use crate::{VecStorage, Options, Vector, Schema, StorageType};
[INFO] [stdout]    |             ^^^^^^^^^^           ^^^^^^  ^^^^^^
[INFO] [stdout]    |
[INFO] [stdout] help: if this is a test module, consider adding a `#[cfg(test)]` to the containing module
[INFO] [stdout]   --> src/darkbird.rs:14:1
[INFO] [stdout]    |
[INFO] [stdout] 14 | mod storage_vector_test;
[INFO] [stdout]    | ^^^^^^^^^^^^^^^^^^^^^^^^
[INFO] [stdout]    = note: `#[warn(unused_imports)]` on by default
[INFO] [stdout] 
[INFO] [stdout] 
[INFO] [stdout] warning: unused import: `Format`
[INFO] [stdout]  --> src/darkbird/wal/helper.rs:4:29
[INFO] [stdout]   |
[INFO] [stdout] 4 | use super::page_processor::{Format, Sync, PageProcessor};
[INFO] [stdout]   |                             ^^^^^^
[INFO] [stdout] 
[INFO] [stdout] 
[INFO] [stdout] warning: use of deprecated method `chrono::DateTime::<Tz>::date`: Use `date_naive()` instead
[INFO] [stdout]   --> src/darkbird/wal/helper.rs:57:19
[INFO] [stdout]    |
[INFO] [stdout] 57 |     let date = dt.date().to_string();
[INFO] [stdout]    |                   ^^^^
[INFO] [stdout]    |
[INFO] [stdout]    = note: `#[warn(deprecated)]` on by default
[INFO] [stdout] 
[INFO] [stdout] 
[INFO] [stdout] warning: variable does not need to be mutable
[INFO] [stdout]    --> src/darkbird/storage_redis.rs:261:13
[INFO] [stdout]     |
[INFO] [stdout] 261 |         let mut state = self.shared.state.lock().unwrap();
[INFO] [stdout]     |             ----^^^^^
[INFO] [stdout]     |             |
[INFO] [stdout]     |             help: remove this `mut`
[INFO] [stdout]     |
[INFO] [stdout]     = note: `#[warn(unused_mut)]` on by default
[INFO] [stdout] 
[INFO] [stdout] 
[INFO] [stdout] warning: methods `remove_tag` and `remove_view` are never used
[INFO] [stdout]   --> src/darkbird/index/tags.rs:92:12
[INFO] [stdout]    |
[INFO] [stdout] 11 | / impl<K> TagIndex<K>
[INFO] [stdout] 12 | | where
[INFO] [stdout] 13 | |     K: Serialize
[INFO] [stdout] 14 | |         + DeserializeOwned
[INFO] [stdout] ...  |
[INFO] [stdout] 21 | |         + Send
[INFO] [stdout] 22 | |         + 'static,
[INFO] [stdout]    | |__________________- methods in this implementation
[INFO] [stdout] ...
[INFO] [stdout] 92 |       pub fn remove_tag(&self, tag: &str) {
[INFO] [stdout]    |              ^^^^^^^^^^
[INFO] [stdout] ...
[INFO] [stdout] 99 |       pub fn remove_view(&self, view_name: &str) {
[INFO] [stdout]    |              ^^^^^^^^^^^
[INFO] [stdout]    |
[INFO] [stdout]    = note: `#[warn(dead_code)]` on by default
[INFO] [stdout] 
[INFO] [stdout] 
[INFO] [stdout] warning: method `remove_tree` is never used
[INFO] [stdout]   --> src/darkbird/index/range.rs:80:12
[INFO] [stdout]    |
[INFO] [stdout] 12 | / impl<K> RangeIndex<K>
[INFO] [stdout] 13 | | where
[INFO] [stdout] 14 | |     K: Serialize
[INFO] [stdout] 15 | |         + DeserializeOwned
[INFO] [stdout] ...  |
[INFO] [stdout] 22 | |         + Send
[INFO] [stdout] 23 | |         + 'static,
[INFO] [stdout]    | |__________________- method in this implementation
[INFO] [stdout] ...
[INFO] [stdout] 80 |       pub fn remove_tree(&self, field_name: &str) {
[INFO] [stdout]    |              ^^^^^^^^^^^
[INFO] [stdout] 
[INFO] [stdout] 
[INFO] [stdout] warning: fields `c` and `router_type` are never read
[INFO] [stdout]   --> src/darkbird/router.rs:93:5
[INFO] [stdout]    |
[INFO] [stdout] 92 | pub struct Router<Msg> {
[INFO] [stdout]    |            ------ fields in this struct
[INFO] [stdout] 93 |     c: usize,
[INFO] [stdout]    |     ^
[INFO] [stdout] 94 |     channels: Vec<Sender<Msg>>,
[INFO] [stdout] 95 |     router_type: RouterType
[INFO] [stdout]    |     ^^^^^^^^^^^
[INFO] [stdout] 
[INFO] [stdout] 
[INFO] [stdout] warning: method `next_index` is never used
[INFO] [stdout]    --> src/darkbird/router.rs:190:8
[INFO] [stdout]     |
[INFO] [stdout] 98  | / impl<Msg> Router<Msg> 
[INFO] [stdout] 99  | | where
[INFO] [stdout] 100 | |     Msg: Clone + Send + 'static
[INFO] [stdout]     | |_______________________________- method in this implementation
[INFO] [stdout] ...
[INFO] [stdout] 190 |       fn next_index(&mut self) -> usize {
[INFO] [stdout]     |          ^^^^^^^^^^
[INFO] [stdout] 
[INFO] [stdout] 
[INFO] [stdout] warning: associated items `new` and `storage` are never used
[INFO] [stdout]    --> src/darkbird/storage_redis.rs:98:19
[INFO] [stdout]     |
[INFO] [stdout] 86  | / impl<K, Doc> DbDropGuard<K, Doc> 
[INFO] [stdout] 87  | | where
[INFO] [stdout] 88  | |     Doc: Clone + Send + Sync + 'static,
[INFO] [stdout] 89  | |     K:  Clone
[INFO] [stdout] ...   |
[INFO] [stdout] 95  | |         + Send
[INFO] [stdout] 96  | |         + 'static
[INFO] [stdout]     | |_________________- associated items in this implementation
[INFO] [stdout] 97  |   {
[INFO] [stdout] 98  |       pub(crate) fn new() -> DbDropGuard<K, Doc> {
[INFO] [stdout]     |                     ^^^
[INFO] [stdout] ...
[INFO] [stdout] 103 |       pub(crate) fn storage(&self) -> RedisStorage<K, Doc> {
[INFO] [stdout]     |                     ^^^^^^^
[INFO] [stdout] 
[INFO] [stdout] 
[INFO] [stdout] warning: function `factory_option` is never used
[INFO] [stdout]  --> src/darkbird/storage_vector_test.rs:3:4
[INFO] [stdout]   |
[INFO] [stdout] 3 | fn factory_option(name: &str) -> Options {
[INFO] [stdout]   |    ^^^^^^^^^^^^^^
[INFO] [stdout] 
[INFO] [stdout] 
[INFO] [stdout] warning: field `current_page_index` is never read
[INFO] [stdout]  --> src/darkbird/wal/disk_log.rs:9:5
[INFO] [stdout]   |
[INFO] [stdout] 6 | struct TmpLogStruct {
[INFO] [stdout]   |        ------------ field in this struct
[INFO] [stdout] ...
[INFO] [stdout] 9 |     current_page_index: usize
[INFO] [stdout]   |     ^^^^^^^^^^^^^^^^^^
[INFO] [stdout] 
[INFO] [stdout] 
[INFO] [stderr]     Finished `dev` profile [optimized + debuginfo] target(s) in 20.21s
[INFO] running `Command { std: "docker" "inspect" "c975ba86d65bca935176ad57b50faee07a25b534540f5fae51803b90e48f147e", kill_on_drop: false }`
[INFO] running `Command { std: "docker" "rm" "-f" "c975ba86d65bca935176ad57b50faee07a25b534540f5fae51803b90e48f147e", kill_on_drop: false }`
[INFO] [stdout] c975ba86d65bca935176ad57b50faee07a25b534540f5fae51803b90e48f147e
[INFO] running `Command { std: "docker" "create" "-v" "/var/lib/crater-agent-workspace/builds/worker-0-tc1/target:/opt/rustwide/target:rw,Z" "-v" "/var/lib/crater-agent-workspace/builds/worker-0-tc1/source:/opt/rustwide/workdir:ro,Z" "-v" "/var/lib/crater-agent-workspace/cargo-home:/opt/rustwide/cargo-home:ro,Z" "-v" "/var/lib/crater-agent-workspace/rustup-home:/opt/rustwide/rustup-home:ro,Z" "-e" "SOURCE_DIR=/opt/rustwide/workdir" "-e" "CARGO_TARGET_DIR=/opt/rustwide/target" "-e" "CARGO_INCREMENTAL=0" "-e" "RUST_BACKTRACE=full" "-e" "RUSTFLAGS=--cap-lints=forbid" "-e" "RUSTDOCFLAGS=--cap-lints=forbid" "-e" "CARGO_HOME=/opt/rustwide/cargo-home" "-e" "RUSTUP_HOME=/opt/rustwide/rustup-home" "-w" "/opt/rustwide/workdir" "-m" "1610612736" "--user" "0:0" "--network" "none" "ghcr.io/rust-lang/crates-build-env/linux@sha256:4a844ea9eb2546a2d2c7022eacef16ef2e8229c7fbb2c7d4d55a9ceca922f72d" "/opt/rustwide/cargo-home/bin/cargo" "+nightly-2024-10-28" "test" "--frozen" "--no-run" "--message-format=json", kill_on_drop: false }`
[INFO] [stdout] b65f1e18145d20358537dfa4f1bd39f38234c54fdbbca8be6eb3ae633edf0edb
[INFO] running `Command { std: "docker" "start" "-a" "b65f1e18145d20358537dfa4f1bd39f38234c54fdbbca8be6eb3ae633edf0edb", kill_on_drop: false }`
[INFO] [stdout] warning: unused imports: `Schema`, `VecStorage`, and `Vector`
[INFO] [stdout]   --> src/darkbird/storage_vector_test.rs:1:13
[INFO] [stdout]    |
[INFO] [stdout] 1  | use crate::{VecStorage, Options, Vector, Schema, StorageType};
[INFO] [stdout]    |             ^^^^^^^^^^           ^^^^^^  ^^^^^^
[INFO] [stdout]    |
[INFO] [stdout] help: if this is a test module, consider adding a `#[cfg(test)]` to the containing module
[INFO] [stdout]   --> src/darkbird.rs:14:1
[INFO] [stdout]    |
[INFO] [stdout] 14 | mod storage_vector_test;
[INFO] [stdout]    | ^^^^^^^^^^^^^^^^^^^^^^^^
[INFO] [stdout]    = note: `#[warn(unused_imports)]` on by default
[INFO] [stdout] 
[INFO] [stdout] 
[INFO] [stdout] warning: unused import: `Format`
[INFO] [stdout]  --> src/darkbird/wal/helper.rs:4:29
[INFO] [stdout]   |
[INFO] [stdout] 4 | use super::page_processor::{Format, Sync, PageProcessor};
[INFO] [stdout]   |                             ^^^^^^
[INFO] [stdout] 
[INFO] [stdout] 
[INFO] [stdout] warning: use of deprecated method `chrono::DateTime::<Tz>::date`: Use `date_naive()` instead
[INFO] [stdout]   --> src/darkbird/wal/helper.rs:57:19
[INFO] [stdout]    |
[INFO] [stdout] 57 |     let date = dt.date().to_string();
[INFO] [stdout]    |                   ^^^^
[INFO] [stdout]    |
[INFO] [stdout]    = note: `#[warn(deprecated)]` on by default
[INFO] [stdout] 
[INFO] [stdout] 
[INFO] [stdout] warning: variable does not need to be mutable
[INFO] [stdout]    --> src/darkbird/storage_redis.rs:261:13
[INFO] [stdout]     |
[INFO] [stdout] 261 |         let mut state = self.shared.state.lock().unwrap();
[INFO] [stdout]     |             ----^^^^^
[INFO] [stdout]     |             |
[INFO] [stdout]     |             help: remove this `mut`
[INFO] [stdout]     |
[INFO] [stdout]     = note: `#[warn(unused_mut)]` on by default
[INFO] [stdout] 
[INFO] [stdout] 
[INFO] [stdout] warning: methods `remove_tag` and `remove_view` are never used
[INFO] [stdout]   --> src/darkbird/index/tags.rs:92:12
[INFO] [stdout]    |
[INFO] [stdout] 11 | / impl<K> TagIndex<K>
[INFO] [stdout] 12 | | where
[INFO] [stdout] 13 | |     K: Serialize
[INFO] [stdout] 14 | |         + DeserializeOwned
[INFO] [stdout] ...  |
[INFO] [stdout] 21 | |         + Send
[INFO] [stdout] 22 | |         + 'static,
[INFO] [stdout]    | |__________________- methods in this implementation
[INFO] [stdout] ...
[INFO] [stdout] 92 |       pub fn remove_tag(&self, tag: &str) {
[INFO] [stdout]    |              ^^^^^^^^^^
[INFO] [stdout] ...
[INFO] [stdout] 99 |       pub fn remove_view(&self, view_name: &str) {
[INFO] [stdout]    |              ^^^^^^^^^^^
[INFO] [stdout]    |
[INFO] [stdout]    = note: `#[warn(dead_code)]` on by default
[INFO] [stdout] 
[INFO] [stdout] 
[INFO] [stdout] warning: method `remove_tree` is never used
[INFO] [stdout]   --> src/darkbird/index/range.rs:80:12
[INFO] [stdout]    |
[INFO] [stdout] 12 | / impl<K> RangeIndex<K>
[INFO] [stdout] 13 | | where
[INFO] [stdout] 14 | |     K: Serialize
[INFO] [stdout] 15 | |         + DeserializeOwned
[INFO] [stdout] ...  |
[INFO] [stdout] 22 | |         + Send
[INFO] [stdout] 23 | |         + 'static,
[INFO] [stdout]    | |__________________- method in this implementation
[INFO] [stdout] ...
[INFO] [stdout] 80 |       pub fn remove_tree(&self, field_name: &str) {
[INFO] [stdout]    |              ^^^^^^^^^^^
[INFO] [stdout] 
[INFO] [stdout] 
[INFO] [stdout] warning: fields `c` and `router_type` are never read
[INFO] [stdout]   --> src/darkbird/router.rs:93:5
[INFO] [stdout]    |
[INFO] [stdout] 92 | pub struct Router<Msg> {
[INFO] [stdout]    |            ------ fields in this struct
[INFO] [stdout] 93 |     c: usize,
[INFO] [stdout]    |     ^
[INFO] [stdout] 94 |     channels: Vec<Sender<Msg>>,
[INFO] [stdout] 95 |     router_type: RouterType
[INFO] [stdout]    |     ^^^^^^^^^^^
[INFO] [stdout] 
[INFO] [stdout] 
[INFO] [stdout] warning: method `next_index` is never used
[INFO] [stdout]    --> src/darkbird/router.rs:190:8
[INFO] [stdout]     |
[INFO] [stdout] 98  | / impl<Msg> Router<Msg> 
[INFO] [stdout] 99  | | where
[INFO] [stdout] 100 | |     Msg: Clone + Send + 'static
[INFO] [stdout]     | |_______________________________- method in this implementation
[INFO] [stdout] ...
[INFO] [stdout] 190 |       fn next_index(&mut self) -> usize {
[INFO] [stdout]     |          ^^^^^^^^^^
[INFO] [stdout] 
[INFO] [stdout] 
[INFO] [stdout] warning: associated items `new` and `storage` are never used
[INFO] [stdout]    --> src/darkbird/storage_redis.rs:98:19
[INFO] [stdout]     |
[INFO] [stdout] 86  | / impl<K, Doc> DbDropGuard<K, Doc> 
[INFO] [stdout] 87  | | where
[INFO] [stdout] 88  | |     Doc: Clone + Send + Sync + 'static,
[INFO] [stdout] 89  | |     K:  Clone
[INFO] [stdout] ...   |
[INFO] [stdout] 95  | |         + Send
[INFO] [stdout] 96  | |         + 'static
[INFO] [stdout]     | |_________________- associated items in this implementation
[INFO] [stdout] 97  |   {
[INFO] [stdout] 98  |       pub(crate) fn new() -> DbDropGuard<K, Doc> {
[INFO] [stdout]     |                     ^^^
[INFO] [stdout] ...
[INFO] [stdout] 103 |       pub(crate) fn storage(&self) -> RedisStorage<K, Doc> {
[INFO] [stdout]     |                     ^^^^^^^
[INFO] [stdout] 
[INFO] [stdout] 
[INFO] [stdout] warning: function `factory_option` is never used
[INFO] [stdout]  --> src/darkbird/storage_vector_test.rs:3:4
[INFO] [stdout]   |
[INFO] [stdout] 3 | fn factory_option(name: &str) -> Options {
[INFO] [stdout]   |    ^^^^^^^^^^^^^^
[INFO] [stdout] 
[INFO] [stdout] 
[INFO] [stdout] warning: field `current_page_index` is never read
[INFO] [stdout]  --> src/darkbird/wal/disk_log.rs:9:5
[INFO] [stdout]   |
[INFO] [stdout] 6 | struct TmpLogStruct {
[INFO] [stdout]   |        ------------ field in this struct
[INFO] [stdout] ...
[INFO] [stdout] 9 |     current_page_index: usize
[INFO] [stdout]   |     ^^^^^^^^^^^^^^^^^^
[INFO] [stdout] 
[INFO] [stdout] 
[INFO] [stderr]    Compiling darkbird v6.2.4 (/opt/rustwide/workdir)
[INFO] [stdout] warning: unused import: `Format`
[INFO] [stdout]  --> src/darkbird/wal/helper.rs:4:29
[INFO] [stdout]   |
[INFO] [stdout] 4 | use super::page_processor::{Format, Sync, PageProcessor};
[INFO] [stdout]   |                             ^^^^^^
[INFO] [stdout]   |
[INFO] [stdout]   = note: `#[warn(unused_imports)]` on by default
[INFO] [stdout] 
[INFO] [stdout] 
[INFO] [stdout] warning: use of deprecated method `chrono::DateTime::<Tz>::date`: Use `date_naive()` instead
[INFO] [stdout]   --> src/darkbird/wal/helper.rs:57:19
[INFO] [stdout]    |
[INFO] [stdout] 57 |     let date = dt.date().to_string();
[INFO] [stdout]    |                   ^^^^
[INFO] [stdout]    |
[INFO] [stdout]    = note: `#[warn(deprecated)]` on by default
[INFO] [stdout] 
[INFO] [stdout] 
[INFO] [stdout] warning: variable does not need to be mutable
[INFO] [stdout]    --> src/darkbird/storage_redis.rs:261:13
[INFO] [stdout]     |
[INFO] [stdout] 261 |         let mut state = self.shared.state.lock().unwrap();
[INFO] [stdout]     |             ----^^^^^
[INFO] [stdout]     |             |
[INFO] [stdout]     |             help: remove this `mut`
[INFO] [stdout]     |
[INFO] [stdout]     = note: `#[warn(unused_mut)]` on by default
[INFO] [stdout] 
[INFO] [stdout] 
[INFO] [stdout] warning: methods `remove_tag` and `remove_view` are never used
[INFO] [stdout]   --> src/darkbird/index/tags.rs:92:12
[INFO] [stdout]    |
[INFO] [stdout] 11 | / impl<K> TagIndex<K>
[INFO] [stdout] 12 | | where
[INFO] [stdout] 13 | |     K: Serialize
[INFO] [stdout] 14 | |         + DeserializeOwned
[INFO] [stdout] ...  |
[INFO] [stdout] 21 | |         + Send
[INFO] [stdout] 22 | |         + 'static,
[INFO] [stdout]    | |__________________- methods in this implementation
[INFO] [stdout] ...
[INFO] [stdout] 92 |       pub fn remove_tag(&self, tag: &str) {
[INFO] [stdout]    |              ^^^^^^^^^^
[INFO] [stdout] ...
[INFO] [stdout] 99 |       pub fn remove_view(&self, view_name: &str) {
[INFO] [stdout]    |              ^^^^^^^^^^^
[INFO] [stdout]    |
[INFO] [stdout]    = note: `#[warn(dead_code)]` on by default
[INFO] [stdout] 
[INFO] [stdout] 
[INFO] [stdout] warning: method `remove_tree` is never used
[INFO] [stdout]   --> src/darkbird/index/range.rs:80:12
[INFO] [stdout]    |
[INFO] [stdout] 12 | / impl<K> RangeIndex<K>
[INFO] [stdout] 13 | | where
[INFO] [stdout] 14 | |     K: Serialize
[INFO] [stdout] 15 | |         + DeserializeOwned
[INFO] [stdout] ...  |
[INFO] [stdout] 22 | |         + Send
[INFO] [stdout] 23 | |         + 'static,
[INFO] [stdout]    | |__________________- method in this implementation
[INFO] [stdout] ...
[INFO] [stdout] 80 |       pub fn remove_tree(&self, field_name: &str) {
[INFO] [stdout]    |              ^^^^^^^^^^^
[INFO] [stdout] 
[INFO] [stdout] 
[INFO] [stdout] warning: fields `c` and `router_type` are never read
[INFO] [stdout]   --> src/darkbird/router.rs:93:5
[INFO] [stdout]    |
[INFO] [stdout] 92 | pub struct Router<Msg> {
[INFO] [stdout]    |            ------ fields in this struct
[INFO] [stdout] 93 |     c: usize,
[INFO] [stdout]    |     ^
[INFO] [stdout] 94 |     channels: Vec<Sender<Msg>>,
[INFO] [stdout] 95 |     router_type: RouterType
[INFO] [stdout]    |     ^^^^^^^^^^^
[INFO] [stdout] 
[INFO] [stdout] 
[INFO] [stdout] warning: method `next_index` is never used
[INFO] [stdout]    --> src/darkbird/router.rs:190:8
[INFO] [stdout]     |
[INFO] [stdout] 98  | / impl<Msg> Router<Msg> 
[INFO] [stdout] 99  | | where
[INFO] [stdout] 100 | |     Msg: Clone + Send + 'static
[INFO] [stdout]     | |_______________________________- method in this implementation
[INFO] [stdout] ...
[INFO] [stdout] 190 |       fn next_index(&mut self) -> usize {
[INFO] [stdout]     |          ^^^^^^^^^^
[INFO] [stdout] 
[INFO] [stdout] 
[INFO] [stdout] warning: associated items `new` and `storage` are never used
[INFO] [stdout]    --> src/darkbird/storage_redis.rs:98:19
[INFO] [stdout]     |
[INFO] [stdout] 86  | / impl<K, Doc> DbDropGuard<K, Doc> 
[INFO] [stdout] 87  | | where
[INFO] [stdout] 88  | |     Doc: Clone + Send + Sync + 'static,
[INFO] [stdout] 89  | |     K:  Clone
[INFO] [stdout] ...   |
[INFO] [stdout] 95  | |         + Send
[INFO] [stdout] 96  | |         + 'static
[INFO] [stdout]     | |_________________- associated items in this implementation
[INFO] [stdout] 97  |   {
[INFO] [stdout] 98  |       pub(crate) fn new() -> DbDropGuard<K, Doc> {
[INFO] [stdout]     |                     ^^^
[INFO] [stdout] ...
[INFO] [stdout] 103 |       pub(crate) fn storage(&self) -> RedisStorage<K, Doc> {
[INFO] [stdout]     |                     ^^^^^^^
[INFO] [stdout] 
[INFO] [stdout] 
[INFO] [stdout] warning: field `current_page_index` is never read
[INFO] [stdout]  --> src/darkbird/wal/disk_log.rs:9:5
[INFO] [stdout]   |
[INFO] [stdout] 6 | struct TmpLogStruct {
[INFO] [stdout]   |        ------------ field in this struct
[INFO] [stdout] ...
[INFO] [stdout] 9 |     current_page_index: usize
[INFO] [stdout]   |     ^^^^^^^^^^^^^^^^^^
[INFO] [stdout] 
[INFO] [stdout] 
[INFO] [stderr]     Finished `test` profile [optimized + debuginfo] target(s) in 2.22s
[INFO] running `Command { std: "docker" "inspect" "b65f1e18145d20358537dfa4f1bd39f38234c54fdbbca8be6eb3ae633edf0edb", kill_on_drop: false }`
[INFO] running `Command { std: "docker" "rm" "-f" "b65f1e18145d20358537dfa4f1bd39f38234c54fdbbca8be6eb3ae633edf0edb", kill_on_drop: false }`
[INFO] [stdout] b65f1e18145d20358537dfa4f1bd39f38234c54fdbbca8be6eb3ae633edf0edb
[INFO] running `Command { std: "docker" "create" "-v" "/var/lib/crater-agent-workspace/builds/worker-0-tc1/target:/opt/rustwide/target:rw,Z" "-v" "/var/lib/crater-agent-workspace/builds/worker-0-tc1/source:/opt/rustwide/workdir:ro,Z" "-v" "/var/lib/crater-agent-workspace/cargo-home:/opt/rustwide/cargo-home:ro,Z" "-v" "/var/lib/crater-agent-workspace/rustup-home:/opt/rustwide/rustup-home:ro,Z" "-e" "SOURCE_DIR=/opt/rustwide/workdir" "-e" "CARGO_TARGET_DIR=/opt/rustwide/target" "-e" "CARGO_INCREMENTAL=0" "-e" "RUST_BACKTRACE=full" "-e" "RUSTFLAGS=--cap-lints=forbid" "-e" "RUSTDOCFLAGS=--cap-lints=forbid" "-e" "CARGO_HOME=/opt/rustwide/cargo-home" "-e" "RUSTUP_HOME=/opt/rustwide/rustup-home" "-w" "/opt/rustwide/workdir" "-m" "1610612736" "--user" "0:0" "--network" "none" "ghcr.io/rust-lang/crates-build-env/linux@sha256:4a844ea9eb2546a2d2c7022eacef16ef2e8229c7fbb2c7d4d55a9ceca922f72d" "/opt/rustwide/cargo-home/bin/cargo" "+nightly-2024-10-28" "test" "--frozen", kill_on_drop: false }`
[INFO] [stdout] 9f00c79bd18c59db429a38326a25931b717eb3709bd3bd90284c49c60551789b
[INFO] running `Command { std: "docker" "start" "-a" "9f00c79bd18c59db429a38326a25931b717eb3709bd3bd90284c49c60551789b", kill_on_drop: false }`
[INFO] [stderr] warning: unused imports: `Schema`, `VecStorage`, and `Vector`
[INFO] [stderr]   --> src/darkbird/storage_vector_test.rs:1:13
[INFO] [stderr]    |
[INFO] [stderr] 1  | use crate::{VecStorage, Options, Vector, Schema, StorageType};
[INFO] [stderr]    |             ^^^^^^^^^^           ^^^^^^  ^^^^^^
[INFO] [stderr]    |
[INFO] [stderr] help: if this is a test module, consider adding a `#[cfg(test)]` to the containing module
[INFO] [stderr]   --> src/darkbird.rs:14:1
[INFO] [stderr]    |
[INFO] [stderr] 14 | mod storage_vector_test;
[INFO] [stderr]    | ^^^^^^^^^^^^^^^^^^^^^^^^
[INFO] [stderr]    = note: `#[warn(unused_imports)]` on by default
[INFO] [stderr] 
[INFO] [stderr] warning: unused import: `Format`
[INFO] [stderr]  --> src/darkbird/wal/helper.rs:4:29
[INFO] [stderr]   |
[INFO] [stderr] 4 | use super::page_processor::{Format, Sync, PageProcessor};
[INFO] [stderr]   |                             ^^^^^^
[INFO] [stderr] 
[INFO] [stderr] warning: use of deprecated method `chrono::DateTime::<Tz>::date`: Use `date_naive()` instead
[INFO] [stderr]   --> src/darkbird/wal/helper.rs:57:19
[INFO] [stderr]    |
[INFO] [stderr] 57 |     let date = dt.date().to_string();
[INFO] [stderr]    |                   ^^^^
[INFO] [stderr]    |
[INFO] [stderr]    = note: `#[warn(deprecated)]` on by default
[INFO] [stderr] 
[INFO] [stderr] warning: variable does not need to be mutable
[INFO] [stderr]    --> src/darkbird/storage_redis.rs:261:13
[INFO] [stderr]     |
[INFO] [stderr] 261 |         let mut state = self.shared.state.lock().unwrap();
[INFO] [stderr]     |             ----^^^^^
[INFO] [stderr]     |             |
[INFO] [stderr]     |             help: remove this `mut`
[INFO] [stderr]     |
[INFO] [stderr]     = note: `#[warn(unused_mut)]` on by default
[INFO] [stderr] 
[INFO] [stderr] warning: methods `remove_tag` and `remove_view` are never used
[INFO] [stderr]   --> src/darkbird/index/tags.rs:92:12
[INFO] [stderr]    |
[INFO] [stderr] 11 | / impl<K> TagIndex<K>
[INFO] [stderr] 12 | | where
[INFO] [stderr] 13 | |     K: Serialize
[INFO] [stderr] 14 | |         + DeserializeOwned
[INFO] [stderr] ...  |
[INFO] [stderr] 21 | |         + Send
[INFO] [stderr] 22 | |         + 'static,
[INFO] [stderr]    | |__________________- methods in this implementation
[INFO] [stderr] ...
[INFO] [stderr] 92 |       pub fn remove_tag(&self, tag: &str) {
[INFO] [stderr]    |              ^^^^^^^^^^
[INFO] [stderr] ...
[INFO] [stderr] 99 |       pub fn remove_view(&self, view_name: &str) {
[INFO] [stderr]    |              ^^^^^^^^^^^
[INFO] [stderr]    |
[INFO] [stderr]    = note: `#[warn(dead_code)]` on by default
[INFO] [stderr] 
[INFO] [stderr] warning: method `remove_tree` is never used
[INFO] [stderr]   --> src/darkbird/index/range.rs:80:12
[INFO] [stderr]    |
[INFO] [stderr] 12 | / impl<K> RangeIndex<K>
[INFO] [stderr] 13 | | where
[INFO] [stderr] 14 | |     K: Serialize
[INFO] [stderr] 15 | |         + DeserializeOwned
[INFO] [stderr] ...  |
[INFO] [stderr] 22 | |         + Send
[INFO] [stderr] 23 | |         + 'static,
[INFO] [stderr]    | |__________________- method in this implementation
[INFO] [stderr] ...
[INFO] [stderr] 80 |       pub fn remove_tree(&self, field_name: &str) {
[INFO] [stderr]    |              ^^^^^^^^^^^
[INFO] [stderr] 
[INFO] [stderr] warning: fields `c` and `router_type` are never read
[INFO] [stderr]   --> src/darkbird/router.rs:93:5
[INFO] [stderr]    |
[INFO] [stderr] 92 | pub struct Router<Msg> {
[INFO] [stderr]    |            ------ fields in this struct
[INFO] [stderr] 93 |     c: usize,
[INFO] [stderr]    |     ^
[INFO] [stderr] 94 |     channels: Vec<Sender<Msg>>,
[INFO] [stderr] 95 |     router_type: RouterType
[INFO] [stderr]    |     ^^^^^^^^^^^
[INFO] [stderr] 
[INFO] [stderr] warning: method `next_index` is never used
[INFO] [stderr]    --> src/darkbird/router.rs:190:8
[INFO] [stderr]     |
[INFO] [stderr] 98  | / impl<Msg> Router<Msg> 
[INFO] [stderr] 99  | | where
[INFO] [stderr] 100 | |     Msg: Clone + Send + 'static
[INFO] [stderr]     | |_______________________________- method in this implementation
[INFO] [stderr] ...
[INFO] [stderr] 190 |       fn next_index(&mut self) -> usize {
[INFO] [stderr]     |          ^^^^^^^^^^
[INFO] [stderr] 
[INFO] [stderr] warning: associated items `new` and `storage` are never used
[INFO] [stderr]    --> src/darkbird/storage_redis.rs:98:19
[INFO] [stderr]     |
[INFO] [stderr] 86  | / impl<K, Doc> DbDropGuard<K, Doc> 
[INFO] [stderr] 87  | | where
[INFO] [stderr] 88  | |     Doc: Clone + Send + Sync + 'static,
[INFO] [stderr] 89  | |     K:  Clone
[INFO] [stderr] ...   |
[INFO] [stderr] 95  | |         + Send
[INFO] [stderr] 96  | |         + 'static
[INFO] [stderr]     | |_________________- associated items in this implementation
[INFO] [stderr] 97  |   {
[INFO] [stderr] 98  |       pub(crate) fn new() -> DbDropGuard<K, Doc> {
[INFO] [stderr]     |                     ^^^
[INFO] [stderr] ...
[INFO] [stderr] 103 |       pub(crate) fn storage(&self) -> RedisStorage<K, Doc> {
[INFO] [stderr]     |                     ^^^^^^^
[INFO] [stderr] 
[INFO] [stderr] warning: function `factory_option` is never used
[INFO] [stderr]  --> src/darkbird/storage_vector_test.rs:3:4
[INFO] [stderr]   |
[INFO] [stderr] 3 | fn factory_option(name: &str) -> Options {
[INFO] [stderr]   |    ^^^^^^^^^^^^^^
[INFO] [stderr] 
[INFO] [stderr] warning: field `current_page_index` is never read
[INFO] [stderr]  --> src/darkbird/wal/disk_log.rs:9:5
[INFO] [stderr]   |
[INFO] [stderr] 6 | struct TmpLogStruct {
[INFO] [stderr]   |        ------------ field in this struct
[INFO] [stderr] ...
[INFO] [stderr] 9 |     current_page_index: usize
[INFO] [stderr]   |     ^^^^^^^^^^^^^^^^^^
[INFO] [stderr] 
[INFO] [stderr] warning: unused import: `Format`
[INFO] [stderr]  --> src/darkbird/wal/helper.rs:4:29
[INFO] [stderr]   |
[INFO] [stderr] 4 | use super::page_processor::{Format, Sync, PageProcessor};
[INFO] [stderr]   |                             ^^^^^^
[INFO] [stderr]   |
[INFO] [stderr]   = note: `#[warn(unused_imports)]` on by default
[INFO] [stderr] 
[INFO] [stderr] warning: `darkbird` (lib) generated 11 warnings (run `cargo fix --lib -p darkbird` to apply 3 suggestions)
[INFO] [stderr] warning: `darkbird` (lib test) generated 9 warnings (8 duplicates) (run `cargo fix --lib -p darkbird --tests` to apply 1 suggestion)
[INFO] [stderr]     Finished `test` profile [optimized + debuginfo] target(s) in 0.08s
[INFO] [stderr]      Running unittests src/lib.rs (/opt/rustwide/target/debug/deps/darkbird-38f3e057f1abd88d)
[INFO] [stdout] 
[INFO] [stdout] running 2 tests
[INFO] [stdout] test darkbird::storage_vector_test::k_nearest_neighbors ... FAILED
[INFO] [stdout] test darkbird::storage_vector_test::vector ... FAILED
[INFO] [stdout] 
[INFO] [stdout] failures:
[INFO] [stdout] 
[INFO] [stdout] ---- darkbird::storage_vector_test::k_nearest_neighbors stdout ----
[INFO] [stdout] thread 'darkbird::storage_vector_test::k_nearest_neighbors' panicked at src/darkbird/wal/disk_log.rs:415:31:
[INFO] [stdout] called `Result::unwrap()` on an `Err` value: Os { code: 30, kind: ReadOnlyFilesystem, message: "Read-only file system" }
[INFO] [stdout] stack backtrace:
[INFO] [stdout]    0:     0x5676f425ab7a - std::backtrace_rs::backtrace::libunwind::trace::h207520d6e9873551
[INFO] [stdout]                                at /rustc/df4ca44d3fbc9301ee17f30f4d474e6ae4b05252/library/std/src/../../backtrace/src/backtrace/libunwind.rs:116:5
[INFO] [stdout]    1:     0x5676f425ab7a - std::backtrace_rs::backtrace::trace_unsynchronized::h2ed7433f370e3eca
[INFO] [stdout]                                at /rustc/df4ca44d3fbc9301ee17f30f4d474e6ae4b05252/library/std/src/../../backtrace/src/backtrace/mod.rs:66:5
[INFO] [stdout]    2:     0x5676f425ab7a - std::sys::backtrace::_print_fmt::h916fac51166b18d7
[INFO] [stdout]                                at /rustc/df4ca44d3fbc9301ee17f30f4d474e6ae4b05252/library/std/src/sys/backtrace.rs:66:9
[INFO] [stdout]    3:     0x5676f425ab7a - <std::sys::backtrace::BacktraceLock::print::DisplayBacktrace as core::fmt::Display>::fmt::ha0a4c9b8ce3802e6
[INFO] [stdout]                                at /rustc/df4ca44d3fbc9301ee17f30f4d474e6ae4b05252/library/std/src/sys/backtrace.rs:39:26
[INFO] [stdout]    4:     0x5676f42825f3 - core::fmt::rt::Argument::fmt::h4cfc8587d52b3eb5
[INFO] [stdout]                                at /rustc/df4ca44d3fbc9301ee17f30f4d474e6ae4b05252/library/core/src/fmt/rt.rs:177:76
[INFO] [stdout]    5:     0x5676f42825f3 - core::fmt::write::h522cc39e5b36ae9f
[INFO] [stdout]                                at /rustc/df4ca44d3fbc9301ee17f30f4d474e6ae4b05252/library/core/src/fmt/mod.rs:1190:21
[INFO] [stdout]    6:     0x5676f4257613 - std::io::Write::write_fmt::h7d3c26752da97734
[INFO] [stdout]                                at /rustc/df4ca44d3fbc9301ee17f30f4d474e6ae4b05252/library/std/src/io/mod.rs:1839:15
[INFO] [stdout]    7:     0x5676f425a9c2 - std::sys::backtrace::BacktraceLock::print::h4b9e00b29e9c0942
[INFO] [stdout]                                at /rustc/df4ca44d3fbc9301ee17f30f4d474e6ae4b05252/library/std/src/sys/backtrace.rs:42:9
[INFO] [stdout]    8:     0x5676f425c00a - std::panicking::default_hook::{{closure}}::hb59b88280d0324d9
[INFO] [stdout]                                at /rustc/df4ca44d3fbc9301ee17f30f4d474e6ae4b05252/library/std/src/panicking.rs:268:22
[INFO] [stdout]    9:     0x5676f425be14 - std::panicking::default_hook::he1dd496665be4a29
[INFO] [stdout]                                at /rustc/df4ca44d3fbc9301ee17f30f4d474e6ae4b05252/library/std/src/panicking.rs:292:9
[INFO] [stdout]   10:     0x5676f41f09c9 - <alloc::boxed::Box<F,A> as core::ops::function::Fn<Args>>::call::h4ff71de18744e1dc
[INFO] [stdout]                                at /rustc/df4ca44d3fbc9301ee17f30f4d474e6ae4b05252/library/alloc/src/boxed.rs:2468:9
[INFO] [stdout]   11:     0x5676f41f09c9 - test::test_main::{{closure}}::hcf7c055ce117aa81
[INFO] [stdout]                                at /rustc/df4ca44d3fbc9301ee17f30f4d474e6ae4b05252/library/test/src/lib.rs:133:21
[INFO] [stdout]   12:     0x5676f425c708 - <alloc::boxed::Box<F,A> as core::ops::function::Fn<Args>>::call::h1d66c6bbd60c9692
[INFO] [stdout]                                at /rustc/df4ca44d3fbc9301ee17f30f4d474e6ae4b05252/library/alloc/src/boxed.rs:2468:9
[INFO] [stdout]   13:     0x5676f425c708 - std::panicking::rust_panic_with_hook::h2ff17fe8f26dfcf8
[INFO] [stdout]                                at /rustc/df4ca44d3fbc9301ee17f30f4d474e6ae4b05252/library/std/src/panicking.rs:809:13
[INFO] [stdout]   14:     0x5676f425c4ca - std::panicking::begin_panic_handler::{{closure}}::h4fad77951c07e101
[INFO] [stdout]                                at /rustc/df4ca44d3fbc9301ee17f30f4d474e6ae4b05252/library/std/src/panicking.rs:674:13
[INFO] [stdout]   15:     0x5676f425b059 - std::sys::backtrace::__rust_end_short_backtrace::hb1a25b3da5d0ea08
[INFO] [stdout]                                at /rustc/df4ca44d3fbc9301ee17f30f4d474e6ae4b05252/library/std/src/sys/backtrace.rs:170:18
[INFO] [stdout]   16:     0x5676f425c15c - rust_begin_unwind
[INFO] [stdout]                                at /rustc/df4ca44d3fbc9301ee17f30f4d474e6ae4b05252/library/std/src/panicking.rs:665:5
[INFO] [stdout]   17:     0x5676f4280620 - core::panicking::panic_fmt::ha9db07b529f9b256
[INFO] [stdout]                                at /rustc/df4ca44d3fbc9301ee17f30f4d474e6ae4b05252/library/core/src/panicking.rs:75:14
[INFO] [stdout]   18:     0x5676f4280ac6 - core::result::unwrap_failed::h5e8218e4d4338b8a
[INFO] [stdout]                                at /rustc/df4ca44d3fbc9301ee17f30f4d474e6ae4b05252/library/core/src/result.rs:1698:5
[INFO] [stdout]   19:     0x5676f41b46fd - core::result::Result<T,E>::unwrap::h38afe004705ac448
[INFO] [stdout]                                at /rustc/df4ca44d3fbc9301ee17f30f4d474e6ae4b05252/library/core/src/result.rs:1103:23
[INFO] [stdout]   20:     0x5676f41b46fd - darkbird::darkbird::wal::disk_log::open_last_page::h3aacda30c0f8f522
[INFO] [stdout]                                at /opt/rustwide/workdir/src/darkbird/wal/disk_log.rs:415:9
[INFO] [stdout]   21:     0x5676f41b46fd - darkbird::darkbird::wal::disk_log::Context::open::h1566a37114747b2e
[INFO] [stdout]                                at /opt/rustwide/workdir/src/darkbird/wal/disk_log.rs:242:24
[INFO] [stdout]   22:     0x5676f41b46fd - darkbird::darkbird::wal::disk_log::DiskLog::open::h55f761ac318cc8a5
[INFO] [stdout]                                at /opt/rustwide/workdir/src/darkbird/wal/disk_log.rs:34:15
[INFO] [stdout]   23:     0x5676f419608d - darkbird::darkbird::storage_vector::VecStorage::open::{{closure}}::hf928a85f84314e82
[INFO] [stdout]                                at /opt/rustwide/workdir/src/darkbird/storage_vector.rs:36:15
[INFO] [stdout]   24:     0x5676f41992aa - darkbird::darkbird::schema::Schema::with_vecstore::{{closure}}::h6018b6e1ca05be82
[INFO] [stdout]                                at /opt/rustwide/workdir/src/darkbird/schema.rs:71:38
[INFO] [stdout]   25:     0x5676f41992aa - darkbird::darkbird::storage_vector_test::k_nearest_neighbors::{{closure}}::h922d159b0a51c33a
[INFO] [stdout]                                at /opt/rustwide/workdir/src/darkbird/storage_vector_test.rs:41:10
[INFO] [stdout]   26:     0x5676f41a2a3c - <core::pin::Pin<P> as core::future::future::Future>::poll::h896d1a8ef4b07595
[INFO] [stdout]                                at /rustc/df4ca44d3fbc9301ee17f30f4d474e6ae4b05252/library/core/src/future/future.rs:123:9
[INFO] [stdout]   27:     0x5676f41a2a3c - <core::pin::Pin<P> as core::future::future::Future>::poll::hc02009eb64edcc84
[INFO] [stdout]                                at /rustc/df4ca44d3fbc9301ee17f30f4d474e6ae4b05252/library/core/src/future/future.rs:123:9
[INFO] [stdout]   28:     0x5676f41a2a3c - tokio::runtime::scheduler::current_thread::CoreGuard::block_on::{{closure}}::{{closure}}::{{closure}}::hd3f73479904e3bd8
[INFO] [stdout]                                at /opt/rustwide/cargo-home/registry/src/index.crates.io-6f17d22bba15001f/tokio-1.41.0/src/runtime/scheduler/current_thread/mod.rs:729:57
[INFO] [stdout]   29:     0x5676f41a2a3c - tokio::runtime::coop::with_budget::he0ae5a96544e51d7
[INFO] [stdout]                                at /opt/rustwide/cargo-home/registry/src/index.crates.io-6f17d22bba15001f/tokio-1.41.0/src/runtime/coop.rs:107:5
[INFO] [stdout]   30:     0x5676f41a2a3c - tokio::runtime::coop::budget::h27871bca5c19a841
[INFO] [stdout]                                at /opt/rustwide/cargo-home/registry/src/index.crates.io-6f17d22bba15001f/tokio-1.41.0/src/runtime/coop.rs:73:5
[INFO] [stdout]   31:     0x5676f41a2a3c - tokio::runtime::scheduler::current_thread::CoreGuard::block_on::{{closure}}::{{closure}}::h890e36d0f12b3ae2
[INFO] [stdout]                                at /opt/rustwide/cargo-home/registry/src/index.crates.io-6f17d22bba15001f/tokio-1.41.0/src/runtime/scheduler/current_thread/mod.rs:729:25
[INFO] [stdout]   32:     0x5676f41a2a3c - tokio::runtime::scheduler::current_thread::Context::enter::hc14167831f439b97
[INFO] [stdout]                                at /opt/rustwide/cargo-home/registry/src/index.crates.io-6f17d22bba15001f/tokio-1.41.0/src/runtime/scheduler/current_thread/mod.rs:428:19
[INFO] [stdout]   33:     0x5676f41a2a3c - tokio::runtime::scheduler::current_thread::CoreGuard::block_on::{{closure}}::hff97dc85062db024
[INFO] [stdout]                                at /opt/rustwide/cargo-home/registry/src/index.crates.io-6f17d22bba15001f/tokio-1.41.0/src/runtime/scheduler/current_thread/mod.rs:728:36
[INFO] [stdout]   34:     0x5676f41a2a3c - tokio::runtime::scheduler::current_thread::CoreGuard::enter::{{closure}}::h31a415ba9fb8734a
[INFO] [stdout]                                at /opt/rustwide/cargo-home/registry/src/index.crates.io-6f17d22bba15001f/tokio-1.41.0/src/runtime/scheduler/current_thread/mod.rs:807:68
[INFO] [stdout]   35:     0x5676f41a2a3c - tokio::runtime::context::scoped::Scoped<T>::set::h9a0dd37b5653c1e4
[INFO] [stdout]                                at /opt/rustwide/cargo-home/registry/src/index.crates.io-6f17d22bba15001f/tokio-1.41.0/src/runtime/context/scoped.rs:40:9
[INFO] [stdout]   36:     0x5676f41b2b7f - tokio::runtime::context::set_scheduler::{{closure}}::h71168910f3f253fa
[INFO] [stdout]                                at /opt/rustwide/cargo-home/registry/src/index.crates.io-6f17d22bba15001f/tokio-1.41.0/src/runtime/context.rs:180:26
[INFO] [stdout]   37:     0x5676f41b2b7f - std::thread::local::LocalKey<T>::try_with::h5f62dae9f7f2c81e
[INFO] [stdout]                                at /rustc/df4ca44d3fbc9301ee17f30f4d474e6ae4b05252/library/std/src/thread/local.rs:283:12
[INFO] [stdout]   38:     0x5676f41b2b7f - std::thread::local::LocalKey<T>::with::h9503ce36112bac4c
[INFO] [stdout]                                at /rustc/df4ca44d3fbc9301ee17f30f4d474e6ae4b05252/library/std/src/thread/local.rs:260:9
[INFO] [stdout]   39:     0x5676f41a30b9 - tokio::runtime::context::set_scheduler::hc1d33e17765e8e20
[INFO] [stdout]                                at /opt/rustwide/cargo-home/registry/src/index.crates.io-6f17d22bba15001f/tokio-1.41.0/src/runtime/context.rs:180:9
[INFO] [stdout]   40:     0x5676f41a30b9 - tokio::runtime::scheduler::current_thread::CoreGuard::enter::h6cf6cc58924bf884
[INFO] [stdout]                                at /opt/rustwide/cargo-home/registry/src/index.crates.io-6f17d22bba15001f/tokio-1.41.0/src/runtime/scheduler/current_thread/mod.rs:807:27
[INFO] [stdout]   41:     0x5676f41a30b9 - tokio::runtime::scheduler::current_thread::CoreGuard::block_on::h489216c5c471723d
[INFO] [stdout]                                at /opt/rustwide/cargo-home/registry/src/index.crates.io-6f17d22bba15001f/tokio-1.41.0/src/runtime/scheduler/current_thread/mod.rs:716:19
[INFO] [stdout]   42:     0x5676f41a9c30 - tokio::runtime::scheduler::current_thread::CurrentThread::block_on::{{closure}}::h4551a47f84a9fb57
[INFO] [stdout]                                at /opt/rustwide/cargo-home/registry/src/index.crates.io-6f17d22bba15001f/tokio-1.41.0/src/runtime/scheduler/current_thread/mod.rs:196:28
[INFO] [stdout]   43:     0x5676f41a9c30 - tokio::runtime::context::runtime::enter_runtime::h46752736f8579017
[INFO] [stdout]                                at /opt/rustwide/cargo-home/registry/src/index.crates.io-6f17d22bba15001f/tokio-1.41.0/src/runtime/context/runtime.rs:65:16
[INFO] [stdout]   44:     0x5676f41af995 - tokio::runtime::scheduler::current_thread::CurrentThread::block_on::hd3558991daf2d6ba
[INFO] [stdout]                                at /opt/rustwide/cargo-home/registry/src/index.crates.io-6f17d22bba15001f/tokio-1.41.0/src/runtime/scheduler/current_thread/mod.rs:184:9
[INFO] [stdout]   45:     0x5676f41af995 - tokio::runtime::runtime::Runtime::block_on_inner::h083484576b136d5e
[INFO] [stdout]                                at /opt/rustwide/cargo-home/registry/src/index.crates.io-6f17d22bba15001f/tokio-1.41.0/src/runtime/runtime.rs:368:47
[INFO] [stdout]   46:     0x5676f41af995 - tokio::runtime::runtime::Runtime::block_on::h62ae3ff839082a06
[INFO] [stdout]                                at /opt/rustwide/cargo-home/registry/src/index.crates.io-6f17d22bba15001f/tokio-1.41.0/src/runtime/runtime.rs:342:13
[INFO] [stdout]   47:     0x5676f4198e6a - darkbird::darkbird::storage_vector_test::k_nearest_neighbors::ha5b1579a59860568
[INFO] [stdout]                                at /opt/rustwide/workdir/src/darkbird/storage_vector_test.rs:62:5
[INFO] [stdout]   48:     0x5676f41a8f49 - darkbird::darkbird::storage_vector_test::k_nearest_neighbors::{{closure}}::h6ade70fed1191412
[INFO] [stdout]                                at /opt/rustwide/workdir/src/darkbird/storage_vector_test.rs:38:31
[INFO] [stdout]   49:     0x5676f41a8f49 - core::ops::function::FnOnce::call_once::h90e1c8ddcded72ce
[INFO] [stdout]                                at /rustc/df4ca44d3fbc9301ee17f30f4d474e6ae4b05252/library/core/src/ops/function.rs:250:5
[INFO] [stdout]   50:     0x5676f41f529b - core::ops::function::FnOnce::call_once::h22c3ba5715e93f05
[INFO] [stdout]                                at /rustc/df4ca44d3fbc9301ee17f30f4d474e6ae4b05252/library/core/src/ops/function.rs:250:5
[INFO] [stdout]   51:     0x5676f41f529b - test::__rust_begin_short_backtrace::h8e82d8113d0da17f
[INFO] [stdout]                                at /rustc/df4ca44d3fbc9301ee17f30f4d474e6ae4b05252/library/test/src/lib.rs:621:18
[INFO] [stdout]   52:     0x5676f41f4c17 - test::run_test_in_process::{{closure}}::h33235f4f20b7b7c7
[INFO] [stdout]                                at /rustc/df4ca44d3fbc9301ee17f30f4d474e6ae4b05252/library/test/src/lib.rs:644:60
[INFO] [stdout]   53:     0x5676f41f4c17 - <core::panic::unwind_safe::AssertUnwindSafe<F> as core::ops::function::FnOnce<()>>::call_once::hb5043206310c586f
[INFO] [stdout]                                at /rustc/df4ca44d3fbc9301ee17f30f4d474e6ae4b05252/library/core/src/panic/unwind_safe.rs:272:9
[INFO] [stdout]   54:     0x5676f41f4c17 - std::panicking::try::do_call::h9ad4731a60ab23e2
[INFO] [stdout]                                at /rustc/df4ca44d3fbc9301ee17f30f4d474e6ae4b05252/library/std/src/panicking.rs:557:40
[INFO] [stdout]   55:     0x5676f41f4c17 - std::panicking::try::h3824d23db772a716
[INFO] [stdout]                                at /rustc/df4ca44d3fbc9301ee17f30f4d474e6ae4b05252/library/std/src/panicking.rs:520:19
[INFO] [stdout]   56:     0x5676f41f4c17 - std::panic::catch_unwind::h5afd514605fde46b
[INFO] [stdout]                                at /rustc/df4ca44d3fbc9301ee17f30f4d474e6ae4b05252/library/std/src/panic.rs:358:14
[INFO] [stdout]   57:     0x5676f41f4c17 - test::run_test_in_process::h0d5cbfa7067d1720
[INFO] [stdout]                                at /rustc/df4ca44d3fbc9301ee17f30f4d474e6ae4b05252/library/test/src/lib.rs:644:27
[INFO] [stdout]   58:     0x5676f41f4c17 - test::run_test::{{closure}}::h708eb8872708115d
[INFO] [stdout]                                at /rustc/df4ca44d3fbc9301ee17f30f4d474e6ae4b05252/library/test/src/lib.rs:565:43
[INFO] [stdout]   59:     0x5676f41b8334 - test::run_test::{{closure}}::h392c51cee94713ab
[INFO] [stdout]                                at /rustc/df4ca44d3fbc9301ee17f30f4d474e6ae4b05252/library/test/src/lib.rs:595:41
[INFO] [stdout]   60:     0x5676f41b8334 - std::sys::backtrace::__rust_begin_short_backtrace::h2f40290710935a8b
[INFO] [stdout]                                at /rustc/df4ca44d3fbc9301ee17f30f4d474e6ae4b05252/library/std/src/sys/backtrace.rs:154:18
[INFO] [stdout]   61:     0x5676f41bbade - std::thread::Builder::spawn_unchecked_::{{closure}}::{{closure}}::h3fd968d89053a903
[INFO] [stdout]                                at /rustc/df4ca44d3fbc9301ee17f30f4d474e6ae4b05252/library/std/src/thread/mod.rs:541:17
[INFO] [stdout]   62:     0x5676f41bbade - <core::panic::unwind_safe::AssertUnwindSafe<F> as core::ops::function::FnOnce<()>>::call_once::h743f637ba4229880
[INFO] [stdout]                                at /rustc/df4ca44d3fbc9301ee17f30f4d474e6ae4b05252/library/core/src/panic/unwind_safe.rs:272:9
[INFO] [stdout]   63:     0x5676f41bbade - std::panicking::try::do_call::h07440897322525a6
[INFO] [stdout]                                at /rustc/df4ca44d3fbc9301ee17f30f4d474e6ae4b05252/library/std/src/panicking.rs:557:40
[INFO] [stdout]   64:     0x5676f41bbade - std::panicking::try::he5a2e00188156637
[INFO] [stdout]                                at /rustc/df4ca44d3fbc9301ee17f30f4d474e6ae4b05252/library/std/src/panicking.rs:520:19
[INFO] [stdout]   65:     0x5676f41bbade - std::panic::catch_unwind::hbaf3cae49b3c6433
[INFO] [stdout]                                at /rustc/df4ca44d3fbc9301ee17f30f4d474e6ae4b05252/library/std/src/panic.rs:358:14
[INFO] [stdout]   66:     0x5676f41bbade - std::thread::Builder::spawn_unchecked_::{{closure}}::h8e141ea224820bce
[INFO] [stdout]                                at /rustc/df4ca44d3fbc9301ee17f30f4d474e6ae4b05252/library/std/src/thread/mod.rs:540:30
[INFO] [stdout]   67:     0x5676f41bbade - core::ops::function::FnOnce::call_once{{vtable.shim}}::h90d312fedd7b8ea8
[INFO] [stdout]                                at /rustc/df4ca44d3fbc9301ee17f30f4d474e6ae4b05252/library/core/src/ops/function.rs:250:5
[INFO] [stdout]   68:     0x5676f426071b - <alloc::boxed::Box<F,A> as core::ops::function::FnOnce<Args>>::call_once::h69aa08ddb6adb8b6
[INFO] [stdout]                                at /rustc/df4ca44d3fbc9301ee17f30f4d474e6ae4b05252/library/alloc/src/boxed.rs:2454:9
[INFO] [stdout]   69:     0x5676f426071b - <alloc::boxed::Box<F,A> as core::ops::function::FnOnce<Args>>::call_once::h5aa36efdb79c806f
[INFO] [stdout]                                at /rustc/df4ca44d3fbc9301ee17f30f4d474e6ae4b05252/library/alloc/src/boxed.rs:2454:9
[INFO] [stdout]   70:     0x5676f426071b - std::sys::pal::unix::thread::Thread::new::thread_start::h6cd80a1b4be5158d
[INFO] [stdout]                                at /rustc/df4ca44d3fbc9301ee17f30f4d474e6ae4b05252/library/std/src/sys/pal/unix/thread.rs:105:17
[INFO] [stdout]   71:     0x727da1da5ac3 - <unknown>
[INFO] [stdout]   72:     0x727da1e36a04 - clone
[INFO] [stdout]   73:                0x0 - <unknown>
[INFO] [stdout] 
[INFO] [stdout] ---- darkbird::storage_vector_test::vector stdout ----
[INFO] [stdout] thread 'darkbird::storage_vector_test::vector' panicked at src/darkbird/wal/disk_log.rs:415:31:
[INFO] [stdout] called `Result::unwrap()` on an `Err` value: Os { code: 30, kind: ReadOnlyFilesystem, message: "Read-only file system" }
[INFO] [stdout] stack backtrace:
[INFO] [stdout]    0:     0x5676f425ab7a - std::backtrace_rs::backtrace::libunwind::trace::h207520d6e9873551
[INFO] [stdout]                                at /rustc/df4ca44d3fbc9301ee17f30f4d474e6ae4b05252/library/std/src/../../backtrace/src/backtrace/libunwind.rs:116:5
[INFO] [stdout]    1:     0x5676f425ab7a - std::backtrace_rs::backtrace::trace_unsynchronized::h2ed7433f370e3eca
[INFO] [stdout]                                at /rustc/df4ca44d3fbc9301ee17f30f4d474e6ae4b05252/library/std/src/../../backtrace/src/backtrace/mod.rs:66:5
[INFO] [stdout]    2:     0x5676f425ab7a - std::sys::backtrace::_print_fmt::h916fac51166b18d7
[INFO] [stdout]                                at /rustc/df4ca44d3fbc9301ee17f30f4d474e6ae4b05252/library/std/src/sys/backtrace.rs:66:9
[INFO] [stdout]    3:     0x5676f425ab7a - <std::sys::backtrace::BacktraceLock::print::DisplayBacktrace as core::fmt::Display>::fmt::ha0a4c9b8ce3802e6
[INFO] [stdout]                                at /rustc/df4ca44d3fbc9301ee17f30f4d474e6ae4b05252/library/std/src/sys/backtrace.rs:39:26
[INFO] [stdout]    4:     0x5676f42825f3 - core::fmt::rt::Argument::fmt::h4cfc8587d52b3eb5
[INFO] [stdout]                                at /rustc/df4ca44d3fbc9301ee17f30f4d474e6ae4b05252/library/core/src/fmt/rt.rs:177:76
[INFO] [stdout]    5:     0x5676f42825f3 - core::fmt::write::h522cc39e5b36ae9f
[INFO] [stdout]                                at /rustc/df4ca44d3fbc9301ee17f30f4d474e6ae4b05252/library/core/src/fmt/mod.rs:1190:21
[INFO] [stdout]    6:     0x5676f4257613 - std::io::Write::write_fmt::h7d3c26752da97734
[INFO] [stdout]                                at /rustc/df4ca44d3fbc9301ee17f30f4d474e6ae4b05252/library/std/src/io/mod.rs:1839:15
[INFO] [stdout]    7:     0x5676f425a9c2 - std::sys::backtrace::BacktraceLock::print::h4b9e00b29e9c0942
[INFO] [stdout]                                at /rustc/df4ca44d3fbc9301ee17f30f4d474e6ae4b05252/library/std/src/sys/backtrace.rs:42:9
[INFO] [stdout]    8:     0x5676f425c00a - std::panicking::default_hook::{{closure}}::hb59b88280d0324d9
[INFO] [stdout]                                at /rustc/df4ca44d3fbc9301ee17f30f4d474e6ae4b05252/library/std/src/panicking.rs:268:22
[INFO] [stdout]    9:     0x5676f425be14 - std::panicking::default_hook::he1dd496665be4a29
[INFO] [stdout]                                at /rustc/df4ca44d3fbc9301ee17f30f4d474e6ae4b05252/library/std/src/panicking.rs:292:9
[INFO] [stdout]   10:     0x5676f41f09c9 - <alloc::boxed::Box<F,A> as core::ops::function::Fn<Args>>::call::h4ff71de18744e1dc
[INFO] [stdout]                                at /rustc/df4ca44d3fbc9301ee17f30f4d474e6ae4b05252/library/alloc/src/boxed.rs:2468:9
[INFO] [stdout]   11:     0x5676f41f09c9 - test::test_main::{{closure}}::hcf7c055ce117aa81
[INFO] [stdout]                                at /rustc/df4ca44d3fbc9301ee17f30f4d474e6ae4b05252/library/test/src/lib.rs:133:21
[INFO] [stdout]   12:     0x5676f425c708 - <alloc::boxed::Box<F,A> as core::ops::function::Fn<Args>>::call::h1d66c6bbd60c9692
[INFO] [stdout]                                at /rustc/df4ca44d3fbc9301ee17f30f4d474e6ae4b05252/library/alloc/src/boxed.rs:2468:9
[INFO] [stdout]   13:     0x5676f425c708 - std::panicking::rust_panic_with_hook::h2ff17fe8f26dfcf8
[INFO] [stdout]                                at /rustc/df4ca44d3fbc9301ee17f30f4d474e6ae4b05252/library/std/src/panicking.rs:809:13
[INFO] [stdout]   14:     0x5676f425c4ca - std::panicking::begin_panic_handler::{{closure}}::h4fad77951c07e101
[INFO] [stdout]                                at /rustc/df4ca44d3fbc9301ee17f30f4d474e6ae4b05252/library/std/src/panicking.rs:674:13
[INFO] [stdout]   15:     0x5676f425b059 - std::sys::backtrace::__rust_end_short_backtrace::hb1a25b3da5d0ea08
[INFO] [stdout]                                at /rustc/df4ca44d3fbc9301ee17f30f4d474e6ae4b05252/library/std/src/sys/backtrace.rs:170:18
[INFO] [stdout]   16:     0x5676f425c15c - rust_begin_unwind
[INFO] [stdout]                                at /rustc/df4ca44d3fbc9301ee17f30f4d474e6ae4b05252/library/std/src/panicking.rs:665:5
[INFO] [stdout]   17:     0x5676f4280620 - core::panicking::panic_fmt::ha9db07b529f9b256
[INFO] [stdout]                                at /rustc/df4ca44d3fbc9301ee17f30f4d474e6ae4b05252/library/core/src/panicking.rs:75:14
[INFO] [stdout]   18:     0x5676f4280ac6 - core::result::unwrap_failed::h5e8218e4d4338b8a
[INFO] [stdout]                                at /rustc/df4ca44d3fbc9301ee17f30f4d474e6ae4b05252/library/core/src/result.rs:1698:5
[INFO] [stdout]   19:     0x5676f41b46fd - core::result::Result<T,E>::unwrap::h38afe004705ac448
[INFO] [stdout]                                at /rustc/df4ca44d3fbc9301ee17f30f4d474e6ae4b05252/library/core/src/result.rs:1103:23
[INFO] [stdout]   20:     0x5676f41b46fd - darkbird::darkbird::wal::disk_log::open_last_page::h3aacda30c0f8f522
[INFO] [stdout]                                at /opt/rustwide/workdir/src/darkbird/wal/disk_log.rs:415:9
[INFO] [stdout]   21:     0x5676f41b46fd - darkbird::darkbird::wal::disk_log::Context::open::h1566a37114747b2e
[INFO] [stdout]                                at /opt/rustwide/workdir/src/darkbird/wal/disk_log.rs:242:24
[INFO] [stdout]   22:     0x5676f41b46fd - darkbird::darkbird::wal::disk_log::DiskLog::open::h55f761ac318cc8a5
[INFO] [stdout]                                at /opt/rustwide/workdir/src/darkbird/wal/disk_log.rs:34:15
[INFO] [stdout]   23:     0x5676f419608d - darkbird::darkbird::storage_vector::VecStorage::open::{{closure}}::hf928a85f84314e82
[INFO] [stdout]                                at /opt/rustwide/workdir/src/darkbird/storage_vector.rs:36:15
[INFO] [stdout]   24:     0x5676f41985ab - darkbird::darkbird::storage_vector_test::vector::{{closure}}::h8a45cc6848a49fbd
[INFO] [stdout]                                at /opt/rustwide/workdir/src/darkbird/storage_vector_test.rs:17:42
[INFO] [stdout]   25:     0x5676f41a2a3c - <core::pin::Pin<P> as core::future::future::Future>::poll::h896d1a8ef4b07595
[INFO] [stdout]                                at /rustc/df4ca44d3fbc9301ee17f30f4d474e6ae4b05252/library/core/src/future/future.rs:123:9
[INFO] [stdout]   26:     0x5676f41a2a3c - <core::pin::Pin<P> as core::future::future::Future>::poll::hc02009eb64edcc84
[INFO] [stdout]                                at /rustc/df4ca44d3fbc9301ee17f30f4d474e6ae4b05252/library/core/src/future/future.rs:123:9
[INFO] [stdout]   27:     0x5676f41a2a3c - tokio::runtime::scheduler::current_thread::CoreGuard::block_on::{{closure}}::{{closure}}::{{closure}}::hd3f73479904e3bd8
[INFO] [stdout]                                at /opt/rustwide/cargo-home/registry/src/index.crates.io-6f17d22bba15001f/tokio-1.41.0/src/runtime/scheduler/current_thread/mod.rs:729:57
[INFO] [stdout]   28:     0x5676f41a2a3c - tokio::runtime::coop::with_budget::he0ae5a96544e51d7
[INFO] [stdout]                                at /opt/rustwide/cargo-home/registry/src/index.crates.io-6f17d22bba15001f/tokio-1.41.0/src/runtime/coop.rs:107:5
[INFO] [stdout]   29:     0x5676f41a2a3c - tokio::runtime::coop::budget::h27871bca5c19a841
[INFO] [stdout]                                at /opt/rustwide/cargo-home/registry/src/index.crates.io-6f17d22bba15001f/tokio-1.41.0/src/runtime/coop.rs:73:5
[INFO] [stdout]   30:     0x5676f41a2a3c - tokio::runtime::scheduler::current_thread::CoreGuard::block_on::{{closure}}::{{closure}}::h890e36d0f12b3ae2
[INFO] [stdout]                                at /opt/rustwide/cargo-home/registry/src/index.crates.io-6f17d22bba15001f/tokio-1.41.0/src/runtime/scheduler/current_thread/mod.rs:729:25
[INFO] [stdout]   31:     0x5676f41a2a3c - tokio::runtime::scheduler::current_thread::Context::enter::hc14167831f439b97
[INFO] [stdout]                                at /opt/rustwide/cargo-home/registry/src/index.crates.io-6f17d22bba15001f/tokio-1.41.0/src/runtime/scheduler/current_thread/mod.rs:428:19
[INFO] [stdout]   32:     0x5676f41a2a3c - tokio::runtime::scheduler::current_thread::CoreGuard::block_on::{{closure}}::hff97dc85062db024
[INFO] [stdout]                                at /opt/rustwide/cargo-home/registry/src/index.crates.io-6f17d22bba15001f/tokio-1.41.0/src/runtime/scheduler/current_thread/mod.rs:728:36
[INFO] [stdout]   33:     0x5676f41a2a3c - tokio::runtime::scheduler::current_thread::CoreGuard::enter::{{closure}}::h31a415ba9fb8734a
[INFO] [stdout]                                at /opt/rustwide/cargo-home/registry/src/index.crates.io-6f17d22bba15001f/tokio-1.41.0/src/runtime/scheduler/current_thread/mod.rs:807:68
[INFO] [stdout]   34:     0x5676f41a2a3c - tokio::runtime::context::scoped::Scoped<T>::set::h9a0dd37b5653c1e4
[INFO] [stdout]                                at /opt/rustwide/cargo-home/registry/src/index.crates.io-6f17d22bba15001f/tokio-1.41.0/src/runtime/context/scoped.rs:40:9
[INFO] [stdout]   35:     0x5676f41b2b7f - tokio::runtime::context::set_scheduler::{{closure}}::h71168910f3f253fa
[INFO] [stdout]                                at /opt/rustwide/cargo-home/registry/src/index.crates.io-6f17d22bba15001f/tokio-1.41.0/src/runtime/context.rs:180:26
[INFO] [stdout]   36:     0x5676f41b2b7f - std::thread::local::LocalKey<T>::try_with::h5f62dae9f7f2c81e
[INFO] [stdout]                                at /rustc/df4ca44d3fbc9301ee17f30f4d474e6ae4b05252/library/std/src/thread/local.rs:283:12
[INFO] [stdout]   37:     0x5676f41b2b7f - std::thread::local::LocalKey<T>::with::h9503ce36112bac4c
[INFO] [stdout]                                at /rustc/df4ca44d3fbc9301ee17f30f4d474e6ae4b05252/library/std/src/thread/local.rs:260:9
[INFO] [stdout]   38:     0x5676f41a30b9 - tokio::runtime::context::set_scheduler::hc1d33e17765e8e20
[INFO] [stdout]                                at /opt/rustwide/cargo-home/registry/src/index.crates.io-6f17d22bba15001f/tokio-1.41.0/src/runtime/context.rs:180:9
[INFO] [stdout]   39:     0x5676f41a30b9 - tokio::runtime::scheduler::current_thread::CoreGuard::enter::h6cf6cc58924bf884
[INFO] [stdout]                                at /opt/rustwide/cargo-home/registry/src/index.crates.io-6f17d22bba15001f/tokio-1.41.0/src/runtime/scheduler/current_thread/mod.rs:807:27
[INFO] [stdout]   40:     0x5676f41a30b9 - tokio::runtime::scheduler::current_thread::CoreGuard::block_on::h489216c5c471723d
[INFO] [stdout]                                at /opt/rustwide/cargo-home/registry/src/index.crates.io-6f17d22bba15001f/tokio-1.41.0/src/runtime/scheduler/current_thread/mod.rs:716:19
[INFO] [stdout]   41:     0x5676f41a9c30 - tokio::runtime::scheduler::current_thread::CurrentThread::block_on::{{closure}}::h4551a47f84a9fb57
[INFO] [stdout]                                at /opt/rustwide/cargo-home/registry/src/index.crates.io-6f17d22bba15001f/tokio-1.41.0/src/runtime/scheduler/current_thread/mod.rs:196:28
[INFO] [stdout]   42:     0x5676f41a9c30 - tokio::runtime::context::runtime::enter_runtime::h46752736f8579017
[INFO] [stdout]                                at /opt/rustwide/cargo-home/registry/src/index.crates.io-6f17d22bba15001f/tokio-1.41.0/src/runtime/context/runtime.rs:65:16
[INFO] [stdout]   43:     0x5676f41af995 - tokio::runtime::scheduler::current_thread::CurrentThread::block_on::hd3558991daf2d6ba
[INFO] [stdout]                                at /opt/rustwide/cargo-home/registry/src/index.crates.io-6f17d22bba15001f/tokio-1.41.0/src/runtime/scheduler/current_thread/mod.rs:184:9
[INFO] [stdout]   44:     0x5676f41af995 - tokio::runtime::runtime::Runtime::block_on_inner::h083484576b136d5e
[INFO] [stdout]                                at /opt/rustwide/cargo-home/registry/src/index.crates.io-6f17d22bba15001f/tokio-1.41.0/src/runtime/runtime.rs:368:47
[INFO] [stdout]   45:     0x5676f41af995 - tokio::runtime::runtime::Runtime::block_on::h62ae3ff839082a06
[INFO] [stdout]                                at /opt/rustwide/cargo-home/registry/src/index.crates.io-6f17d22bba15001f/tokio-1.41.0/src/runtime/runtime.rs:342:13
[INFO] [stdout]   46:     0x5676f419846a - darkbird::darkbird::storage_vector_test::vector::he6ea74d790ddf554
[INFO] [stdout]                                at /opt/rustwide/workdir/src/darkbird/storage_vector_test.rs:31:5
[INFO] [stdout]   47:     0x5676f41a8f29 - darkbird::darkbird::storage_vector_test::vector::{{closure}}::h38043385bf3f8ea7
[INFO] [stdout]                                at /opt/rustwide/workdir/src/darkbird/storage_vector_test.rs:9:18
[INFO] [stdout]   48:     0x5676f41a8f29 - core::ops::function::FnOnce::call_once::h3283d6a00b395d13
[INFO] [stdout]                                at /rustc/df4ca44d3fbc9301ee17f30f4d474e6ae4b05252/library/core/src/ops/function.rs:250:5
[INFO] [stdout]   49:     0x5676f41f529b - core::ops::function::FnOnce::call_once::h22c3ba5715e93f05
[INFO] [stdout]                                at /rustc/df4ca44d3fbc9301ee17f30f4d474e6ae4b05252/library/core/src/ops/function.rs:250:5
[INFO] [stdout]   50:     0x5676f41f529b - test::__rust_begin_short_backtrace::h8e82d8113d0da17f
[INFO] [stdout]                                at /rustc/df4ca44d3fbc9301ee17f30f4d474e6ae4b05252/library/test/src/lib.rs:621:18
[INFO] [stdout]   51:     0x5676f41f4c17 - test::run_test_in_process::{{closure}}::h33235f4f20b7b7c7
[INFO] [stdout]                                at /rustc/df4ca44d3fbc9301ee17f30f4d474e6ae4b05252/library/test/src/lib.rs:644:60
[INFO] [stdout]   52:     0x5676f41f4c17 - <core::panic::unwind_safe::AssertUnwindSafe<F> as core::ops::function::FnOnce<()>>::call_once::hb5043206310c586f
[INFO] [stdout]                                at /rustc/df4ca44d3fbc9301ee17f30f4d474e6ae4b05252/library/core/src/panic/unwind_safe.rs:272:9
[INFO] [stdout]   53:     0x5676f41f4c17 - std::panicking::try::do_call::h9ad4731a60ab23e2
[INFO] [stdout]                                at /rustc/df4ca44d3fbc9301ee17f30f4d474e6ae4b05252/library/std/src/panicking.rs:557:40
[INFO] [stdout]   54:     0x5676f41f4c17 - std::panicking::try::h3824d23db772a716
[INFO] [stdout]                                at /rustc/df4ca44d3fbc9301ee17f30f4d474e6ae4b05252/library/std/src/panicking.rs:520:19
[INFO] [stdout]   55:     0x5676f41f4c17 - std::panic::catch_unwind::h5afd514605fde46b
[INFO] [stdout]                                at /rustc/df4ca44d3fbc9301ee17f30f4d474e6ae4b05252/library/std/src/panic.rs:358:14
[INFO] [stdout]   56:     0x5676f41f4c17 - test::run_test_in_process::h0d5cbfa7067d1720
[INFO] [stdout]                                at /rustc/df4ca44d3fbc9301ee17f30f4d474e6ae4b05252/library/test/src/lib.rs:644:27
[INFO] [stdout]   57:     0x5676f41f4c17 - test::run_test::{{closure}}::h708eb8872708115d
[INFO] [stdout]                                at /rustc/df4ca44d3fbc9301ee17f30f4d474e6ae4b05252/library/test/src/lib.rs:565:43
[INFO] [stdout]   58:     0x5676f41b8334 - test::run_test::{{closure}}::h392c51cee94713ab
[INFO] [stdout]                                at /rustc/df4ca44d3fbc9301ee17f30f4d474e6ae4b05252/library/test/src/lib.rs:595:41
[INFO] [stdout]   59:     0x5676f41b8334 - std::sys::backtrace::__rust_begin_short_backtrace::h2f40290710935a8b
[INFO] [stdout]                                at /rustc/df4ca44d3fbc9301ee17f30f4d474e6ae4b05252/library/std/src/sys/backtrace.rs:154:18
[INFO] [stdout]   60:     0x5676f41bbade - std::thread::Builder::spawn_unchecked_::{{closure}}::{{closure}}::h3fd968d89053a903
[INFO] [stdout]                                at /rustc/df4ca44d3fbc9301ee17f30f4d474e6ae4b05252/library/std/src/thread/mod.rs:541:17
[INFO] [stdout]   61:     0x5676f41bbade - <core::panic::unwind_safe::AssertUnwindSafe<F> as core::ops::function::FnOnce<()>>::call_once::h743f637ba4229880
[INFO] [stdout]                                at /rustc/df4ca44d3fbc9301ee17f30f4d474e6ae4b05252/library/core/src/panic/unwind_safe.rs:272:9
[INFO] [stdout]   62:     0x5676f41bbade - std::panicking::try::do_call::h07440897322525a6
[INFO] [stdout]                                at /rustc/df4ca44d3fbc9301ee17f30f4d474e6ae4b05252/library/std/src/panicking.rs:557:40
[INFO] [stdout]   63:     0x5676f41bbade - std::panicking::try::he5a2e00188156637
[INFO] [stdout]                                at /rustc/df4ca44d3fbc9301ee17f30f4d474e6ae4b05252/library/std/src/panicking.rs:520:19
[INFO] [stdout]   64:     0x5676f41bbade - std::panic::catch_unwind::hbaf3cae49b3c6433
[INFO] [stdout]                                at /rustc/df4ca44d3fbc9301ee17f30f4d474e6ae4b05252/library/std/src/panic.rs:358:14
[INFO] [stdout]   65:     0x5676f41bbade - std::thread::Builder::spawn_unchecked_::{{closure}}::h8e141ea224820bce
[INFO] [stdout]                                at /rustc/df4ca44d3fbc9301ee17f30f4d474e6ae4b05252/library/std/src/thread/mod.rs:540:30
[INFO] [stdout]   66:     0x5676f41bbade - core::ops::function::FnOnce::call_once{{vtable.shim}}::h90d312fedd7b8ea8
[INFO] [stdout]                                at /rustc/df4ca44d3fbc9301ee17f30f4d474e6ae4b05252/library/core/src/ops/function.rs:250:5
[INFO] [stdout]   67:     0x5676f426071b - <alloc::boxed::Box<F,A> as core::ops::function::FnOnce<Args>>::call_once::h69aa08ddb6adb8b6
[INFO] [stdout]                                at /rustc/df4ca44d3fbc9301ee17f30f4d474e6ae4b05252/library/alloc/src/boxed.rs:2454:9
[INFO] [stdout]   68:     0x5676f426071b - <alloc::boxed::Box<F,A> as core::ops::function::FnOnce<Args>>::call_once::h5aa36efdb79c806f
[INFO] [stdout]                                at /rustc/df4ca44d3fbc9301ee17f30f4d474e6ae4b05252/library/alloc/src/boxed.rs:2454:9
[INFO] [stdout]   69:     0x5676f426071b - std::sys::pal::unix::thread::Thread::new::thread_start::h6cd80a1b4be5158d
[INFO] [stdout]                                at /rustc/df4ca44d3fbc9301ee17f30f4d474e6ae4b05252/library/std/src/sys/pal/unix/thread.rs:105:17
[INFO] [stdout]   70:     0x727da1da5ac3 - <unknown>
[INFO] [stdout]   71:     0x727da1e36a04 - clone
[INFO] [stdout]   72:                0x0 - <unknown>
[INFO] [stdout] 
[INFO] [stdout] 
[INFO] [stdout] failures:
[INFO] [stdout]     darkbird::storage_vector_test::k_nearest_neighbors
[INFO] [stdout]     darkbird::storage_vector_test::vector
[INFO] [stdout] 
[INFO] [stdout] test result: FAILED. 0 passed; 2 failed; 0 ignored; 0 measured; 0 filtered out; finished in 0.05s
[INFO] [stdout] 
[INFO] [stderr] error: test failed, to rerun pass `--lib`
[INFO] running `Command { std: "docker" "inspect" "9f00c79bd18c59db429a38326a25931b717eb3709bd3bd90284c49c60551789b", kill_on_drop: false }`
[INFO] running `Command { std: "docker" "rm" "-f" "9f00c79bd18c59db429a38326a25931b717eb3709bd3bd90284c49c60551789b", kill_on_drop: false }`
[INFO] [stdout] 9f00c79bd18c59db429a38326a25931b717eb3709bd3bd90284c49c60551789b
