[INFO] fetching crate dapol 0.4.0...
[INFO] testing dapol-0.4.0 against nightly-2024-10-28 for randomize-layout
[INFO] extracting crate dapol 0.4.0 into /workspace/builds/worker-7-tc1/source
[INFO] validating manifest of crates.io crate dapol 0.4.0 on toolchain nightly-2024-10-28
[INFO] running `Command { std: CARGO_HOME="/workspace/cargo-home" RUSTUP_HOME="/workspace/rustup-home" "/workspace/cargo-home/bin/cargo" "+nightly-2024-10-28" "metadata" "--manifest-path" "Cargo.toml" "--no-deps", kill_on_drop: false }`
[INFO] started tweaking crates.io crate dapol 0.4.0
[INFO] finished tweaking crates.io crate dapol 0.4.0
[INFO] tweaked toml for crates.io crate dapol 0.4.0 written to /workspace/builds/worker-7-tc1/source/Cargo.toml
[INFO] crate crates.io crate dapol 0.4.0 already has a lockfile, it will not be regenerated
[INFO] running `Command { std: CARGO_HOME="/workspace/cargo-home" RUSTUP_HOME="/workspace/rustup-home" "/workspace/cargo-home/bin/cargo" "+nightly-2024-10-28" "fetch" "--manifest-path" "Cargo.toml", kill_on_drop: false }`
[INFO] [stderr]     Updating crates.io index
[INFO] [stderr]  Downloading crates ...
[INFO] [stderr]   Downloaded statistical v1.0.0
[INFO] [stderr]   Downloaded darling_core v0.20.9
[INFO] [stderr]   Downloaded is-terminal v0.4.12
[INFO] [stderr]   Downloaded serde_with_macros v3.8.3
[INFO] [stderr]   Downloaded clear_on_drop v0.2.5
[INFO] [stderr]   Downloaded jemalloc-ctl v0.5.4
[INFO] [stderr]   Downloaded logging_timer v1.1.1
[INFO] [stderr]   Downloaded cc v1.0.104
[INFO] [stderr]   Downloaded darling v0.20.9
[INFO] [stderr]   Downloaded plotters-backend v0.3.6
[INFO] [stderr]   Downloaded plotters-svg v0.3.6
[INFO] [stderr]   Downloaded serde_with v3.8.3
[INFO] [stderr]   Downloaded jemallocator v0.5.4
[INFO] [stderr]   Downloaded plotters v0.3.6
[INFO] [stderr]   Downloaded patharg v0.3.0
[INFO] [stderr]   Downloaded logging_timer_proc_macros v1.1.1
[INFO] [stderr]   Downloaded darling_macro v0.20.9
[INFO] [stderr]   Downloaded jemalloc-sys v0.5.4+5.3.0-patched
[INFO] [stderr]   Downloaded bulletproofs v5.0.0
[INFO] running `Command { std: "docker" "create" "-v" "/var/lib/crater-agent-workspace/builds/worker-7-tc1/target:/opt/rustwide/target:rw,Z" "-v" "/var/lib/crater-agent-workspace/builds/worker-7-tc1/source:/opt/rustwide/workdir:ro,Z" "-v" "/var/lib/crater-agent-workspace/cargo-home:/opt/rustwide/cargo-home:ro,Z" "-v" "/var/lib/crater-agent-workspace/rustup-home:/opt/rustwide/rustup-home:ro,Z" "-e" "SOURCE_DIR=/opt/rustwide/workdir" "-e" "CARGO_TARGET_DIR=/opt/rustwide/target" "-e" "CARGO_HOME=/opt/rustwide/cargo-home" "-e" "RUSTUP_HOME=/opt/rustwide/rustup-home" "-w" "/opt/rustwide/workdir" "-m" "1610612736" "--user" "0:0" "--network" "none" "ghcr.io/rust-lang/crates-build-env/linux@sha256:4a844ea9eb2546a2d2c7022eacef16ef2e8229c7fbb2c7d4d55a9ceca922f72d" "/opt/rustwide/cargo-home/bin/cargo" "+nightly-2024-10-28" "metadata" "--no-deps" "--format-version=1", kill_on_drop: false }`
[INFO] [stdout] 67197e8568846dc41fb52a38ddd4cbeb1e2277634ba04f9aa37875239f1ddb65
[INFO] running `Command { std: "docker" "start" "-a" "67197e8568846dc41fb52a38ddd4cbeb1e2277634ba04f9aa37875239f1ddb65", kill_on_drop: false }`
[INFO] running `Command { std: "docker" "inspect" "67197e8568846dc41fb52a38ddd4cbeb1e2277634ba04f9aa37875239f1ddb65", kill_on_drop: false }`
[INFO] running `Command { std: "docker" "rm" "-f" "67197e8568846dc41fb52a38ddd4cbeb1e2277634ba04f9aa37875239f1ddb65", kill_on_drop: false }`
[INFO] [stdout] 67197e8568846dc41fb52a38ddd4cbeb1e2277634ba04f9aa37875239f1ddb65
[INFO] running `Command { std: "docker" "create" "-v" "/var/lib/crater-agent-workspace/builds/worker-7-tc1/target:/opt/rustwide/target:rw,Z" "-v" "/var/lib/crater-agent-workspace/builds/worker-7-tc1/source:/opt/rustwide/workdir:ro,Z" "-v" "/var/lib/crater-agent-workspace/cargo-home:/opt/rustwide/cargo-home:ro,Z" "-v" "/var/lib/crater-agent-workspace/rustup-home:/opt/rustwide/rustup-home:ro,Z" "-e" "SOURCE_DIR=/opt/rustwide/workdir" "-e" "CARGO_TARGET_DIR=/opt/rustwide/target" "-e" "CARGO_INCREMENTAL=0" "-e" "RUST_BACKTRACE=full" "-e" "RUSTFLAGS=--cap-lints=forbid" "-e" "RUSTDOCFLAGS=--cap-lints=forbid" "-e" "CARGO_HOME=/opt/rustwide/cargo-home" "-e" "RUSTUP_HOME=/opt/rustwide/rustup-home" "-w" "/opt/rustwide/workdir" "-m" "1610612736" "--user" "0:0" "--network" "none" "ghcr.io/rust-lang/crates-build-env/linux@sha256:4a844ea9eb2546a2d2c7022eacef16ef2e8229c7fbb2c7d4d55a9ceca922f72d" "/opt/rustwide/cargo-home/bin/cargo" "+nightly-2024-10-28" "build" "--frozen" "--message-format=json", kill_on_drop: false }`
[INFO] [stdout] 907c58794df770f413be6f5c8bf8e04a60c7042a38296993f7568422f1052ea7
[INFO] running `Command { std: "docker" "start" "-a" "907c58794df770f413be6f5c8bf8e04a60c7042a38296993f7568422f1052ea7", kill_on_drop: false }`
[INFO] [stderr]    Compiling libc v0.2.155
[INFO] [stderr]    Compiling serde v1.0.203
[INFO] [stderr]    Compiling typenum v1.17.0
[INFO] [stderr]    Compiling ident_case v1.0.1
[INFO] [stderr]    Compiling generic-array v0.14.7
[INFO] [stderr]    Compiling fnv v1.0.7
[INFO] [stderr]    Compiling syn v1.0.109
[INFO] [stderr]    Compiling syn v2.0.68
[INFO] [stderr]    Compiling subtle v2.6.1
[INFO] [stderr]    Compiling cc v1.0.104
[INFO] [stderr]    Compiling semver v1.0.23
[INFO] [stderr]    Compiling strsim v0.10.0
[INFO] [stderr]    Compiling memchr v2.7.4
[INFO] [stderr]    Compiling crossbeam-utils v0.8.20
[INFO] [stderr]    Compiling byteorder v1.5.0
[INFO] [stderr]    Compiling ppv-lite86 v0.2.17
[INFO] [stderr]    Compiling rustc_version v0.4.0
[INFO] [stderr]    Compiling crunchy v0.2.2
[INFO] [stderr]    Compiling getrandom v0.2.15
[INFO] [stderr]    Compiling hashbrown v0.14.5
[INFO] [stderr]    Compiling curve25519-dalek v4.1.3
[INFO] [stderr]    Compiling rand_core v0.6.4
[INFO] [stderr]    Compiling block-buffer v0.10.4
[INFO] [stderr]    Compiling crypto-common v0.1.6
[INFO] [stderr]    Compiling crossbeam-epoch v0.9.18
[INFO] [stderr]    Compiling digest v0.10.7
[INFO] [stderr]    Compiling aho-corasick v1.1.3
[INFO] [stderr]    Compiling rand_chacha v0.3.1
[INFO] [stderr]    Compiling clear_on_drop v0.2.5
[INFO] [stderr]    Compiling ff v0.13.0
[INFO] [stderr]    Compiling rayon-core v1.12.1
[INFO] [stderr]    Compiling rand v0.8.5
[INFO] [stderr]    Compiling static_assertions v1.1.0
[INFO] [stderr]    Compiling keccak v0.1.5
[INFO] [stderr]    Compiling thiserror v1.0.61
[INFO] [stderr]    Compiling cpufeatures v0.2.12
[INFO] [stderr]    Compiling log v0.4.22
[INFO] [stderr]    Compiling regex-syntax v0.8.4
[INFO] [stderr]    Compiling equivalent v1.0.1
[INFO] [stderr]    Compiling heck v0.5.0
[INFO] [stderr]    Compiling indexmap v2.2.6
[INFO] [stderr]    Compiling clap_builder v4.5.8
[INFO] [stderr]    Compiling group v0.13.0
[INFO] [stderr]    Compiling num-traits v0.2.19
[INFO] [stderr]    Compiling crossbeam-deque v0.8.5
[INFO] [stderr]    Compiling blake3 v1.5.1
[INFO] [stderr]    Compiling winnow v0.6.13
[INFO] [stderr]    Compiling rustc-hex v2.1.0
[INFO] [stderr]    Compiling hex v0.4.3
[INFO] [stderr]    Compiling serde_json v1.0.120
[INFO] [stderr]    Compiling uint v0.9.5
[INFO] [stderr]    Compiling fixed-hash v0.8.0
[INFO] [stderr]    Compiling parking_lot_core v0.9.10
[INFO] [stderr]    Compiling regex-automata v0.4.7
[INFO] [stderr]    Compiling darling_core v0.14.4
[INFO] [stderr]    Compiling darling_core v0.20.9
[INFO] [stderr]    Compiling regex v1.10.5
[INFO] [stderr]    Compiling logging_timer_proc_macros v1.1.1
[INFO] [stderr]    Compiling serde_derive v1.0.203
[INFO] [stderr]    Compiling zeroize_derive v1.4.2
[INFO] [stderr]    Compiling thiserror-impl v1.0.61
[INFO] [stderr]    Compiling curve25519-dalek-derive v0.1.1
[INFO] [stderr]    Compiling darling_macro v0.14.4
[INFO] [stderr]    Compiling zeroize v1.8.1
[INFO] [stderr]    Compiling clap_derive v4.5.8
[INFO] [stderr]    Compiling darling v0.14.4
[INFO] [stderr]    Compiling derive_builder_core v0.12.0
[INFO] [stderr]    Compiling merlin v3.0.0
[INFO] [stderr]    Compiling sha3 v0.10.8
[INFO] [stderr]    Compiling darling_macro v0.20.9
[INFO] [stderr]    Compiling hmac v0.12.1
[INFO] [stderr]    Compiling is-terminal v0.4.12
[INFO] [stderr]    Compiling darling v0.20.9
[INFO] [stderr]    Compiling csv-core v0.1.11
[INFO] [stderr]    Compiling termcolor v1.4.1
[INFO] [stderr]    Compiling serde_with_macros v3.8.3
[INFO] [stderr]    Compiling arrayref v0.3.7
[INFO] [stderr]    Compiling iana-time-zone v0.1.60
[INFO] [stderr]    Compiling constant_time_eq v0.3.0
[INFO] [stderr]    Compiling arrayvec v0.7.4
[INFO] [stderr]    Compiling derive_builder_macro v0.12.0
[INFO] [stderr]    Compiling humantime v2.1.0
[INFO] [stderr]    Compiling chrono v0.4.38
[INFO] [stderr]    Compiling hkdf v0.12.4
[INFO] [stderr]    Compiling derive_builder v0.12.0
[INFO] [stderr]    Compiling env_logger v0.10.2
[INFO] [stderr]    Compiling displaydoc v0.2.5
[INFO] [stderr]    Compiling logging_timer v1.1.1
[INFO] [stderr]    Compiling rayon v1.10.0
[INFO] [stderr]    Compiling clap v4.5.8
[INFO] [stderr]    Compiling clap-verbosity-flag v2.2.0
[INFO] [stderr]    Compiling patharg v0.3.0
[INFO] [stderr]    Compiling sha2 v0.10.8
[INFO] [stderr]    Compiling toml_datetime v0.6.6
[INFO] [stderr]    Compiling serde_spanned v0.6.6
[INFO] [stderr]    Compiling impl-serde v0.4.0
[INFO] [stderr]    Compiling serde_bytes v0.11.15
[INFO] [stderr]    Compiling csv v1.3.0
[INFO] [stderr]    Compiling serde_with v3.8.3
[INFO] [stderr]    Compiling toml_edit v0.22.14
[INFO] [stderr]    Compiling primitive-types v0.12.2
[INFO] [stderr]    Compiling bincode v1.3.3
[INFO] [stderr]    Compiling dashmap v5.5.3
[INFO] [stderr]    Compiling bulletproofs v5.0.0
[INFO] [stderr]    Compiling toml v0.8.14
[INFO] [stderr]    Compiling dapol v0.4.0 (/opt/rustwide/workdir)
[INFO] [stdout] warning: unexpected `cfg` condition name: `fuzzing`
[INFO] [stdout]    --> src/lib.rs:127:7
[INFO] [stdout]     |
[INFO] [stdout] 127 | #[cfg(fuzzing)]
[INFO] [stdout]     |       ^^^^^^^ help: found config with similar value: `feature = "fuzzing"`
[INFO] [stdout]     |
[INFO] [stdout]     = help: expected names are: `clippy`, `debug_assertions`, `doc`, `docsrs`, `doctest`, `feature`, `fmt_debug`, `miri`, `overflow_checks`, `panic`, `proc_macro`, `relocation_model`, `rustfmt`, `sanitize`, `sanitizer_cfi_generalize_pointers`, `sanitizer_cfi_normalize_integers`, `target_abi`, `target_arch`, `target_endian`, `target_env`, `target_family`, `target_feature`, `target_has_atomic`, `target_has_atomic_equal_alignment`, `target_has_atomic_load_store`, `target_os`, `target_pointer_width`, `target_thread_local`, `target_vendor`, `test`, `ub_checks`, `unix`, and `windows`
[INFO] [stdout]     = help: consider using a Cargo feature instead
[INFO] [stdout]     = help: or consider adding in `Cargo.toml` the `check-cfg` lint config for the lint:
[INFO] [stdout]              [lints.rust]
[INFO] [stdout]              unexpected_cfgs = { level = "warn", check-cfg = ['cfg(fuzzing)'] }
[INFO] [stdout]     = help: or consider adding `println!("cargo::rustc-check-cfg=cfg(fuzzing)");` to the top of the `build.rs`
[INFO] [stdout]     = note: see <https://doc.rust-lang.org/nightly/rustc/check-cfg/cargo-specifics.html> for more information about checking conditional configuration
[INFO] [stdout]     = note: `#[warn(unexpected_cfgs)]` on by default
[INFO] [stdout] 
[INFO] [stdout] 
[INFO] [stdout] warning: unused import: `Uniform`
[INFO] [stdout]  --> src/accumulators/ndm_smt/x_coord_generator.rs:2:27
[INFO] [stdout]   |
[INFO] [stdout] 2 | use rand::distributions::{Uniform};
[INFO] [stdout]   |                           ^^^^^^^
[INFO] [stdout]   |
[INFO] [stdout]   = note: `#[warn(unused_imports)]` on by default
[INFO] [stdout] 
[INFO] [stdout] 
[INFO] [stdout] warning: unused import: `RandomXCoordGenerator`
[INFO] [stdout]   --> src/accumulators.rs:13:40
[INFO] [stdout]    |
[INFO] [stdout] 13 | pub use ndm_smt::{NdmSmt, NdmSmtError, RandomXCoordGenerator};
[INFO] [stdout]    |                                        ^^^^^^^^^^^^^^^^^^^^^
[INFO] [stdout] 
[INFO] [stdout] 
[INFO] [stdout] warning: unused import: `RecursionParams`
[INFO] [stdout]   --> src/binary_tree/path_siblings.rs:71:63
[INFO] [stdout]    |
[INFO] [stdout] 71 |         use super::tree_builder::multi_threaded::{build_node, RecursionParams};
[INFO] [stdout]    |                                                               ^^^^^^^^^^^^^^^
[INFO] [stdout] 
[INFO] [stdout] 
[INFO] [stdout] warning: unused import: `info`
[INFO] [stdout]  --> src/entity/entity_ids_parser.rs:4:18
[INFO] [stdout]   |
[INFO] [stdout] 4 | use log::{debug, info};
[INFO] [stdout]   |                  ^^^^
[INFO] [stdout] 
[INFO] [stdout] 
[INFO] [stdout] warning: unused variable: `encoded`
[INFO] [stdout]   --> src/read_write_utils.rs:67:9
[INFO] [stdout]    |
[INFO] [stdout] 67 |     let encoded = serde_json::to_writer_pretty(file, structure);
[INFO] [stdout]    |         ^^^^^^^ help: if this is intentional, prefix it with an underscore: `_encoded`
[INFO] [stdout]    |
[INFO] [stdout]    = note: `#[warn(unused_variables)]` on by default
[INFO] [stdout] 
[INFO] [stdout] 
[INFO] [stdout] warning: variable does not need to be mutable
[INFO] [stdout]   --> src/read_write_utils.rs:66:9
[INFO] [stdout]    |
[INFO] [stdout] 66 |     let mut file = File::create(path)?;
[INFO] [stdout]    |         ----^^^^
[INFO] [stdout]    |         |
[INFO] [stdout]    |         help: remove this `mut`
[INFO] [stdout]    |
[INFO] [stdout]    = note: `#[warn(unused_mut)]` on by default
[INFO] [stdout] 
[INFO] [stdout] 
[INFO] [stdout] warning: unreachable pattern
[INFO] [stdout]    --> src/dapol_tree.rs:353:13
[INFO] [stdout]     |
[INFO] [stdout] 352 |             Accumulator::NdmSmt(ndm_smt) => Some(ndm_smt.entity_mapping()),
[INFO] [stdout]     |             ---------------------------- matches all the relevant values
[INFO] [stdout] 353 |             _ => None,
[INFO] [stdout]     |             ^ no value can reach this
[INFO] [stdout]     |
[INFO] [stdout]     = note: `#[warn(unreachable_patterns)]` on by default
[INFO] [stdout] 
[INFO] [stdout] 
[INFO] [stdout] warning: variable does not need to be mutable
[INFO] [stdout]    --> src/inclusion_proof.rs:172:9
[INFO] [stdout]     |
[INFO] [stdout] 172 |         mut file_name: OsString,
[INFO] [stdout]     |         ----^^^^^^^^^
[INFO] [stdout]     |         |
[INFO] [stdout]     |         help: remove this `mut`
[INFO] [stdout] 
[INFO] [stdout] 
[INFO] [stdout] warning: method `len` is never used
[INFO] [stdout]    --> src/binary_tree.rs:341:8
[INFO] [stdout]     |
[INFO] [stdout] 331 | impl<C: Clone + fmt::Display> Store<C> {
[INFO] [stdout]     | -------------------------------------- method in this implementation
[INFO] [stdout] ...
[INFO] [stdout] 341 |     fn len(&self) -> usize {
[INFO] [stdout]     |        ^^^
[INFO] [stdout]     |
[INFO] [stdout]     = note: `#[warn(dead_code)]` on by default
[INFO] [stdout] 
[INFO] [stdout] 
[INFO] [stdout] warning: methods `with_store_depth` and `build_using_single_threaded_algorithm` are never used
[INFO] [stdout]    --> src/binary_tree/tree_builder.rs:117:12
[INFO] [stdout]     |
[INFO] [stdout] 70  | / impl<C: fmt::Display> BinaryTreeBuilder<C>
[INFO] [stdout] 71  | | where
[INFO] [stdout] 72  | |     C: Clone + Mergeable + 'static, /* The static is needed when the single threaded builder
[INFO] [stdout]     | |___________________________________- methods in this implementation
[INFO] [stdout] ...
[INFO] [stdout] 117 |       pub fn with_store_depth(mut self, store_depth: u8) -> Self {
[INFO] [stdout]     |              ^^^^^^^^^^^^^^^^
[INFO] [stdout] ...
[INFO] [stdout] 162 |       pub fn build_using_single_threaded_algorithm<F>(
[INFO] [stdout]     |              ^^^^^^^^^^^^^^^^^^^^^^^^^^^^^^^^^^^^^
[INFO] [stdout] 
[INFO] [stdout] 
[INFO] [stdout] warning: method `len` is never used
[INFO] [stdout]    --> src/binary_tree/tree_builder/multi_threaded.rs:154:12
[INFO] [stdout]     |
[INFO] [stdout] 149 | impl<C: Clone + fmt::Display> DashMapStore<C> {
[INFO] [stdout]     | --------------------------------------------- method in this implementation
[INFO] [stdout] ...
[INFO] [stdout] 154 |     pub fn len(&self) -> usize {
[INFO] [stdout]     |            ^^^
[INFO] [stdout] 
[INFO] [stdout] 
[INFO] [stdout] warning: associated function `from_node` is never used
[INFO] [stdout]    --> src/binary_tree/tree_builder/multi_threaded.rs:207:8
[INFO] [stdout]     |
[INFO] [stdout] 201 | impl<C: Mergeable + fmt::Display> MatchedPair<C> {
[INFO] [stdout]     | ------------------------------------------------ associated function in this implementation
[INFO] [stdout] ...
[INFO] [stdout] 207 |     fn from_node<F>(node: Node<C>, new_padding_node_content: Arc<F>) -> Self
[INFO] [stdout]     |        ^^^^^^^^^
[INFO] [stdout] 
[INFO] [stdout] 
[INFO] [stdout] warning: associated function `new_with_height` is never used
[INFO] [stdout]    --> src/binary_tree/tree_builder/multi_threaded.rs:339:8
[INFO] [stdout]     |
[INFO] [stdout] 307 | impl RecursionParams {
[INFO] [stdout]     | -------------------- associated function in this implementation
[INFO] [stdout] ...
[INFO] [stdout] 339 |     fn new_with_height(height: Height) -> Self {
[INFO] [stdout]     |        ^^^^^^^^^^^^^^^
[INFO] [stdout] 
[INFO] [stdout] 
[INFO] [stdout] warning: method `len` is never used
[INFO] [stdout]    --> src/binary_tree/tree_builder/single_threaded.rs:100:12
[INFO] [stdout]     |
[INFO] [stdout] 95  | impl<C: Clone + fmt::Display> HashMapStore<C> {
[INFO] [stdout]     | --------------------------------------------- method in this implementation
[INFO] [stdout] ...
[INFO] [stdout] 100 |     pub fn len(&self) -> usize {
[INFO] [stdout]     |            ^^^
[INFO] [stdout] 
[INFO] [stdout] 
[INFO] [stdout] warning: methods `with_path` and `with_num_entities` are never used
[INFO] [stdout]   --> src/entity/entities_parser.rs:51:12
[INFO] [stdout]    |
[INFO] [stdout] 38 | impl EntitiesParser {
[INFO] [stdout]    | ------------------- methods in this implementation
[INFO] [stdout] ...
[INFO] [stdout] 51 |     pub fn with_path(self, path: PathBuf) -> Self {
[INFO] [stdout]    |            ^^^^^^^^^
[INFO] [stdout] ...
[INFO] [stdout] 60 |     pub fn with_num_entities(self, num_entities: u64) -> Self {
[INFO] [stdout]    |            ^^^^^^^^^^^^^^^^^
[INFO] [stdout] 
[INFO] [stdout] 
[INFO] [stderr]     Finished `dev` profile [unoptimized + debuginfo] target(s) in 45.06s
[INFO] running `Command { std: "docker" "inspect" "907c58794df770f413be6f5c8bf8e04a60c7042a38296993f7568422f1052ea7", kill_on_drop: false }`
[INFO] running `Command { std: "docker" "rm" "-f" "907c58794df770f413be6f5c8bf8e04a60c7042a38296993f7568422f1052ea7", kill_on_drop: false }`
[INFO] [stdout] 907c58794df770f413be6f5c8bf8e04a60c7042a38296993f7568422f1052ea7
[INFO] running `Command { std: "docker" "create" "-v" "/var/lib/crater-agent-workspace/builds/worker-7-tc1/target:/opt/rustwide/target:rw,Z" "-v" "/var/lib/crater-agent-workspace/builds/worker-7-tc1/source:/opt/rustwide/workdir:ro,Z" "-v" "/var/lib/crater-agent-workspace/cargo-home:/opt/rustwide/cargo-home:ro,Z" "-v" "/var/lib/crater-agent-workspace/rustup-home:/opt/rustwide/rustup-home:ro,Z" "-e" "SOURCE_DIR=/opt/rustwide/workdir" "-e" "CARGO_TARGET_DIR=/opt/rustwide/target" "-e" "CARGO_INCREMENTAL=0" "-e" "RUST_BACKTRACE=full" "-e" "RUSTFLAGS=--cap-lints=forbid" "-e" "RUSTDOCFLAGS=--cap-lints=forbid" "-e" "CARGO_HOME=/opt/rustwide/cargo-home" "-e" "RUSTUP_HOME=/opt/rustwide/rustup-home" "-w" "/opt/rustwide/workdir" "-m" "1610612736" "--user" "0:0" "--network" "none" "ghcr.io/rust-lang/crates-build-env/linux@sha256:4a844ea9eb2546a2d2c7022eacef16ef2e8229c7fbb2c7d4d55a9ceca922f72d" "/opt/rustwide/cargo-home/bin/cargo" "+nightly-2024-10-28" "test" "--frozen" "--no-run" "--message-format=json", kill_on_drop: false }`
[INFO] [stdout] 2e15475b80071cebf55613a2a3c1b8a46d311bce41e642c78f51165cac2c0545
[INFO] running `Command { std: "docker" "start" "-a" "2e15475b80071cebf55613a2a3c1b8a46d311bce41e642c78f51165cac2c0545", kill_on_drop: false }`
[INFO] [stderr]    Compiling num-traits v0.2.19
[INFO] [stderr]    Compiling autocfg v0.1.8
[INFO] [stderr]    Compiling num-bigint v0.2.6
[INFO] [stderr]    Compiling rand v0.8.5
[INFO] [stderr]    Compiling jemalloc-sys v0.5.4+5.3.0-patched
[INFO] [stderr]    Compiling num-rational v0.2.4
[INFO] [stderr]    Compiling num-complex v0.2.4
[INFO] [stderr]    Compiling half v2.4.1
[INFO] [stderr]    Compiling rand_pcg v0.1.2
[INFO] [stderr]    Compiling rand_chacha v0.1.1
[INFO] [stderr]    Compiling rand v0.6.5
[INFO] [stderr]    Compiling plotters-backend v0.3.6
[INFO] [stderr]    Compiling ciborium-io v0.2.2
[INFO] [stderr]    Compiling ciborium-ll v0.2.2
[INFO] [stderr]    Compiling itertools v0.10.5
[INFO] [stderr]    Compiling rand_os v0.1.3
[INFO] [stderr]    Compiling cast v0.3.0
[INFO] [stderr]    Compiling ciborium v0.2.2
[INFO] [stderr]    Compiling plotters-svg v0.3.6
[INFO] [stderr]    Compiling tinytemplate v1.2.1
[INFO] [stderr]    Compiling fixed-hash v0.8.0
[INFO] [stderr]    Compiling num-integer v0.1.46
[INFO] [stderr]    Compiling primitive-types v0.12.2
[INFO] [stderr]    Compiling num-iter v0.1.45
[INFO] [stderr]    Compiling chrono v0.4.38
[INFO] [stderr]    Compiling plotters v0.3.6
[INFO] [stderr]    Compiling criterion-plot v0.5.0
[INFO] [stderr]    Compiling bulletproofs v5.0.0
[INFO] [stderr]    Compiling oorandom v11.1.3
[INFO] [stderr]    Compiling anes v0.1.6
[INFO] [stderr]    Compiling sysinfo v0.29.11
[INFO] [stderr]    Compiling num v0.2.1
[INFO] [stderr]    Compiling statistical v1.0.0
[INFO] [stderr]    Compiling criterion v0.5.1
[INFO] [stderr]    Compiling dapol v0.4.0 (/opt/rustwide/workdir)
[INFO] [stdout] warning: unexpected `cfg` condition name: `fuzzing`
[INFO] [stdout]    --> src/lib.rs:127:7
[INFO] [stdout]     |
[INFO] [stdout] 127 | #[cfg(fuzzing)]
[INFO] [stdout]     |       ^^^^^^^ help: found config with similar value: `feature = "fuzzing"`
[INFO] [stdout]     |
[INFO] [stdout]     = help: expected names are: `clippy`, `debug_assertions`, `doc`, `docsrs`, `doctest`, `feature`, `fmt_debug`, `miri`, `overflow_checks`, `panic`, `proc_macro`, `relocation_model`, `rustfmt`, `sanitize`, `sanitizer_cfi_generalize_pointers`, `sanitizer_cfi_normalize_integers`, `target_abi`, `target_arch`, `target_endian`, `target_env`, `target_family`, `target_feature`, `target_has_atomic`, `target_has_atomic_equal_alignment`, `target_has_atomic_load_store`, `target_os`, `target_pointer_width`, `target_thread_local`, `target_vendor`, `test`, `ub_checks`, `unix`, and `windows`
[INFO] [stdout]     = help: consider using a Cargo feature instead
[INFO] [stdout]     = help: or consider adding in `Cargo.toml` the `check-cfg` lint config for the lint:
[INFO] [stdout]              [lints.rust]
[INFO] [stdout]              unexpected_cfgs = { level = "warn", check-cfg = ['cfg(fuzzing)'] }
[INFO] [stdout]     = help: or consider adding `println!("cargo::rustc-check-cfg=cfg(fuzzing)");` to the top of the `build.rs`
[INFO] [stdout]     = note: see <https://doc.rust-lang.org/nightly/rustc/check-cfg/cargo-specifics.html> for more information about checking conditional configuration
[INFO] [stdout]     = note: `#[warn(unexpected_cfgs)]` on by default
[INFO] [stdout] 
[INFO] [stdout] 
[INFO] [stdout] warning: unused import: `Uniform`
[INFO] [stdout]  --> src/accumulators/ndm_smt/x_coord_generator.rs:2:27
[INFO] [stdout]   |
[INFO] [stdout] 2 | use rand::distributions::{Uniform};
[INFO] [stdout]   |                           ^^^^^^^
[INFO] [stdout]   |
[INFO] [stdout]   = note: `#[warn(unused_imports)]` on by default
[INFO] [stdout] 
[INFO] [stdout] 
[INFO] [stdout] warning: unused import: `RandomXCoordGenerator`
[INFO] [stdout]   --> src/accumulators.rs:13:40
[INFO] [stdout]    |
[INFO] [stdout] 13 | pub use ndm_smt::{NdmSmt, NdmSmtError, RandomXCoordGenerator};
[INFO] [stdout]    |                                        ^^^^^^^^^^^^^^^^^^^^^
[INFO] [stdout] 
[INFO] [stdout] 
[INFO] [stdout] warning: unused import: `RecursionParams`
[INFO] [stdout]   --> src/binary_tree/path_siblings.rs:71:63
[INFO] [stdout]    |
[INFO] [stdout] 71 |         use super::tree_builder::multi_threaded::{build_node, RecursionParams};
[INFO] [stdout]    |                                                               ^^^^^^^^^^^^^^^
[INFO] [stdout] 
[INFO] [stdout] 
[INFO] [stdout] warning: unused import: `info`
[INFO] [stdout]  --> src/entity/entity_ids_parser.rs:4:18
[INFO] [stdout]   |
[INFO] [stdout] 4 | use log::{debug, info};
[INFO] [stdout]   |                  ^^^^
[INFO] [stdout] 
[INFO] [stdout] 
[INFO] [stdout] warning: unused variable: `encoded`
[INFO] [stdout]   --> src/read_write_utils.rs:67:9
[INFO] [stdout]    |
[INFO] [stdout] 67 |     let encoded = serde_json::to_writer_pretty(file, structure);
[INFO] [stdout]    |         ^^^^^^^ help: if this is intentional, prefix it with an underscore: `_encoded`
[INFO] [stdout]    |
[INFO] [stdout]    = note: `#[warn(unused_variables)]` on by default
[INFO] [stdout] 
[INFO] [stdout] 
[INFO] [stdout] warning: variable does not need to be mutable
[INFO] [stdout]   --> src/read_write_utils.rs:66:9
[INFO] [stdout]    |
[INFO] [stdout] 66 |     let mut file = File::create(path)?;
[INFO] [stdout]    |         ----^^^^
[INFO] [stdout]    |         |
[INFO] [stdout]    |         help: remove this `mut`
[INFO] [stdout]    |
[INFO] [stdout]    = note: `#[warn(unused_mut)]` on by default
[INFO] [stdout] 
[INFO] [stdout] 
[INFO] [stdout] warning: unreachable pattern
[INFO] [stdout]    --> src/dapol_tree.rs:353:13
[INFO] [stdout]     |
[INFO] [stdout] 352 |             Accumulator::NdmSmt(ndm_smt) => Some(ndm_smt.entity_mapping()),
[INFO] [stdout]     |             ---------------------------- matches all the relevant values
[INFO] [stdout] 353 |             _ => None,
[INFO] [stdout]     |             ^ no value can reach this
[INFO] [stdout]     |
[INFO] [stdout]     = note: `#[warn(unreachable_patterns)]` on by default
[INFO] [stdout] 
[INFO] [stdout] 
[INFO] [stdout] warning: variable does not need to be mutable
[INFO] [stdout]    --> src/inclusion_proof.rs:172:9
[INFO] [stdout]     |
[INFO] [stdout] 172 |         mut file_name: OsString,
[INFO] [stdout]     |         ----^^^^^^^^^
[INFO] [stdout]     |         |
[INFO] [stdout]     |         help: remove this `mut`
[INFO] [stdout] 
[INFO] [stdout] 
[INFO] [stdout] warning: method `len` is never used
[INFO] [stdout]    --> src/binary_tree.rs:341:8
[INFO] [stdout]     |
[INFO] [stdout] 331 | impl<C: Clone + fmt::Display> Store<C> {
[INFO] [stdout]     | -------------------------------------- method in this implementation
[INFO] [stdout] ...
[INFO] [stdout] 341 |     fn len(&self) -> usize {
[INFO] [stdout]     |        ^^^
[INFO] [stdout]     |
[INFO] [stdout]     = note: `#[warn(dead_code)]` on by default
[INFO] [stdout] 
[INFO] [stdout] 
[INFO] [stdout] warning: methods `with_store_depth` and `build_using_single_threaded_algorithm` are never used
[INFO] [stdout]    --> src/binary_tree/tree_builder.rs:117:12
[INFO] [stdout]     |
[INFO] [stdout] 70  | / impl<C: fmt::Display> BinaryTreeBuilder<C>
[INFO] [stdout] 71  | | where
[INFO] [stdout] 72  | |     C: Clone + Mergeable + 'static, /* The static is needed when the single threaded builder
[INFO] [stdout]     | |___________________________________- methods in this implementation
[INFO] [stdout] ...
[INFO] [stdout] 117 |       pub fn with_store_depth(mut self, store_depth: u8) -> Self {
[INFO] [stdout]     |              ^^^^^^^^^^^^^^^^
[INFO] [stdout] ...
[INFO] [stdout] 162 |       pub fn build_using_single_threaded_algorithm<F>(
[INFO] [stdout]     |              ^^^^^^^^^^^^^^^^^^^^^^^^^^^^^^^^^^^^^
[INFO] [stdout] 
[INFO] [stdout] 
[INFO] [stdout] warning: method `len` is never used
[INFO] [stdout]    --> src/binary_tree/tree_builder/multi_threaded.rs:154:12
[INFO] [stdout]     |
[INFO] [stdout] 149 | impl<C: Clone + fmt::Display> DashMapStore<C> {
[INFO] [stdout]     | --------------------------------------------- method in this implementation
[INFO] [stdout] ...
[INFO] [stdout] 154 |     pub fn len(&self) -> usize {
[INFO] [stdout]     |            ^^^
[INFO] [stdout] 
[INFO] [stdout] 
[INFO] [stdout] warning: associated function `from_node` is never used
[INFO] [stdout]    --> src/binary_tree/tree_builder/multi_threaded.rs:207:8
[INFO] [stdout]     |
[INFO] [stdout] 201 | impl<C: Mergeable + fmt::Display> MatchedPair<C> {
[INFO] [stdout]     | ------------------------------------------------ associated function in this implementation
[INFO] [stdout] ...
[INFO] [stdout] 207 |     fn from_node<F>(node: Node<C>, new_padding_node_content: Arc<F>) -> Self
[INFO] [stdout]     |        ^^^^^^^^^
[INFO] [stdout] 
[INFO] [stdout] 
[INFO] [stdout] warning: associated function `new_with_height` is never used
[INFO] [stdout]    --> src/binary_tree/tree_builder/multi_threaded.rs:339:8
[INFO] [stdout]     |
[INFO] [stdout] 307 | impl RecursionParams {
[INFO] [stdout]     | -------------------- associated function in this implementation
[INFO] [stdout] ...
[INFO] [stdout] 339 |     fn new_with_height(height: Height) -> Self {
[INFO] [stdout]     |        ^^^^^^^^^^^^^^^
[INFO] [stdout] 
[INFO] [stdout] 
[INFO] [stdout] warning: method `len` is never used
[INFO] [stdout]    --> src/binary_tree/tree_builder/single_threaded.rs:100:12
[INFO] [stdout]     |
[INFO] [stdout] 95  | impl<C: Clone + fmt::Display> HashMapStore<C> {
[INFO] [stdout]     | --------------------------------------------- method in this implementation
[INFO] [stdout] ...
[INFO] [stdout] 100 |     pub fn len(&self) -> usize {
[INFO] [stdout]     |            ^^^
[INFO] [stdout] 
[INFO] [stdout] 
[INFO] [stdout] warning: methods `with_path` and `with_num_entities` are never used
[INFO] [stdout]   --> src/entity/entities_parser.rs:51:12
[INFO] [stdout]    |
[INFO] [stdout] 38 | impl EntitiesParser {
[INFO] [stdout]    | ------------------- methods in this implementation
[INFO] [stdout] ...
[INFO] [stdout] 51 |     pub fn with_path(self, path: PathBuf) -> Self {
[INFO] [stdout]    |            ^^^^^^^^^
[INFO] [stdout] ...
[INFO] [stdout] 60 |     pub fn with_num_entities(self, num_entities: u64) -> Self {
[INFO] [stdout]    |            ^^^^^^^^^^^^^^^^^
[INFO] [stdout] 
[INFO] [stdout] 
[INFO] [stderr]    Compiling jemallocator v0.5.4
[INFO] [stderr]    Compiling jemalloc-ctl v0.5.4
[INFO] [stdout] warning: unused variable: `aggregation_factor`
[INFO] [stdout]    --> examples/main.rs:168:9
[INFO] [stdout]     |
[INFO] [stdout] 168 |     let aggregation_factor = dapol::AggregationFactor::Percent(aggregation_percentage);
[INFO] [stdout]     |         ^^^^^^^^^^^^^^^^^^ help: if this is intentional, prefix it with an underscore: `_aggregation_factor`
[INFO] [stdout]     |
[INFO] [stdout]     = note: `#[warn(unused_variables)]` on by default
[INFO] [stdout] 
[INFO] [stdout] 
[INFO] [stdout] warning: unexpected `cfg` condition name: `fuzzing`
[INFO] [stdout]    --> src/lib.rs:127:7
[INFO] [stdout]     |
[INFO] [stdout] 127 | #[cfg(fuzzing)]
[INFO] [stdout]     |       ^^^^^^^ help: found config with similar value: `feature = "fuzzing"`
[INFO] [stdout]     |
[INFO] [stdout]     = help: expected names are: `clippy`, `debug_assertions`, `doc`, `docsrs`, `doctest`, `feature`, `fmt_debug`, `miri`, `overflow_checks`, `panic`, `proc_macro`, `relocation_model`, `rustfmt`, `sanitize`, `sanitizer_cfi_generalize_pointers`, `sanitizer_cfi_normalize_integers`, `target_abi`, `target_arch`, `target_endian`, `target_env`, `target_family`, `target_feature`, `target_has_atomic`, `target_has_atomic_equal_alignment`, `target_has_atomic_load_store`, `target_os`, `target_pointer_width`, `target_thread_local`, `target_vendor`, `test`, `ub_checks`, `unix`, and `windows`
[INFO] [stdout]     = help: consider using a Cargo feature instead
[INFO] [stdout]     = help: or consider adding in `Cargo.toml` the `check-cfg` lint config for the lint:
[INFO] [stdout]              [lints.rust]
[INFO] [stdout]              unexpected_cfgs = { level = "warn", check-cfg = ['cfg(fuzzing)'] }
[INFO] [stdout]     = help: or consider adding `println!("cargo::rustc-check-cfg=cfg(fuzzing)");` to the top of the `build.rs`
[INFO] [stdout]     = note: see <https://doc.rust-lang.org/nightly/rustc/check-cfg/cargo-specifics.html> for more information about checking conditional configuration
[INFO] [stdout]     = note: `#[warn(unexpected_cfgs)]` on by default
[INFO] [stdout] 
[INFO] [stdout] 
[INFO] [stdout] warning: unused import: `crate::accumulators::Accumulator`
[INFO] [stdout]    --> src/dapol_config.rs:550:9
[INFO] [stdout]     |
[INFO] [stdout] 550 |     use crate::accumulators::Accumulator;
[INFO] [stdout]     |         ^^^^^^^^^^^^^^^^^^^^^^^^^^^^^^^^
[INFO] [stdout]     |
[INFO] [stdout]     = note: `#[warn(unused_imports)]` on by default
[INFO] [stdout] 
[INFO] [stdout] 
[INFO] [stdout] warning: unused import: `Uniform`
[INFO] [stdout]  --> src/accumulators/ndm_smt/x_coord_generator.rs:2:27
[INFO] [stdout]   |
[INFO] [stdout] 2 | use rand::distributions::{Uniform};
[INFO] [stdout]   |                           ^^^^^^^
[INFO] [stdout] 
[INFO] [stdout] 
[INFO] [stdout] warning: unexpected `cfg` condition name: `fuzzing`
[INFO] [stdout]    --> src/binary_tree/tree_builder/multi_threaded.rs:831:11
[INFO] [stdout]     |
[INFO] [stdout] 831 |     #[cfg(fuzzing)]
[INFO] [stdout]     |           ^^^^^^^ help: found config with similar value: `feature = "fuzzing"`
[INFO] [stdout]     |
[INFO] [stdout]     = help: consider using a Cargo feature instead
[INFO] [stdout]     = help: or consider adding in `Cargo.toml` the `check-cfg` lint config for the lint:
[INFO] [stdout]              [lints.rust]
[INFO] [stdout]              unexpected_cfgs = { level = "warn", check-cfg = ['cfg(fuzzing)'] }
[INFO] [stdout]     = help: or consider adding `println!("cargo::rustc-check-cfg=cfg(fuzzing)");` to the top of the `build.rs`
[INFO] [stdout]     = note: see <https://doc.rust-lang.org/nightly/rustc/check-cfg/cargo-specifics.html> for more information about checking conditional configuration
[INFO] [stdout] 
[INFO] [stdout] 
[INFO] [stdout] warning: unused import: `std::str::FromStr`
[INFO] [stdout]    --> src/binary_tree/tree_builder/multi_threaded.rs:606:9
[INFO] [stdout]     |
[INFO] [stdout] 606 |     use std::str::FromStr;
[INFO] [stdout]     |         ^^^^^^^^^^^^^^^^^
[INFO] [stdout] 
[INFO] [stdout] 
[INFO] [stdout] warning: unused import: `RecursionParams`
[INFO] [stdout]   --> src/binary_tree/path_siblings.rs:71:63
[INFO] [stdout]    |
[INFO] [stdout] 71 |         use super::tree_builder::multi_threaded::{build_node, RecursionParams};
[INFO] [stdout]    |                                                               ^^^^^^^^^^^^^^^
[INFO] [stdout] 
[INFO] [stdout] 
[INFO] [stdout] warning: unused import: `TestContent`
[INFO] [stdout]    --> src/binary_tree/path_siblings.rs:566:82
[INFO] [stdout]     |
[INFO] [stdout] 566 |         full_bottom_layer, generate_padding_closure, single_leaf, sparse_leaves, TestContent,
[INFO] [stdout]     |                                                                                  ^^^^^^^^^^^
[INFO] [stdout] 
[INFO] [stdout] 
[INFO] [stdout] warning: unused import: `info`
[INFO] [stdout]  --> src/entity/entity_ids_parser.rs:4:18
[INFO] [stdout]   |
[INFO] [stdout] 4 | use log::{debug, info};
[INFO] [stdout]   |                  ^^^^
[INFO] [stdout] 
[INFO] [stdout] 
[INFO] [stdout] warning: unused variable: `encoded`
[INFO] [stdout]   --> src/read_write_utils.rs:67:9
[INFO] [stdout]    |
[INFO] [stdout] 67 |     let encoded = serde_json::to_writer_pretty(file, structure);
[INFO] [stdout]    |         ^^^^^^^ help: if this is intentional, prefix it with an underscore: `_encoded`
[INFO] [stdout]    |
[INFO] [stdout]    = note: `#[warn(unused_variables)]` on by default
[INFO] [stdout] 
[INFO] [stdout] 
[INFO] [stdout] warning: variable does not need to be mutable
[INFO] [stdout]   --> src/read_write_utils.rs:66:9
[INFO] [stdout]    |
[INFO] [stdout] 66 |     let mut file = File::create(path)?;
[INFO] [stdout]    |         ----^^^^
[INFO] [stdout]    |         |
[INFO] [stdout]    |         help: remove this `mut`
[INFO] [stdout]    |
[INFO] [stdout]    = note: `#[warn(unused_mut)]` on by default
[INFO] [stdout] 
[INFO] [stdout] 
[INFO] [stdout] warning: unreachable pattern
[INFO] [stdout]    --> src/dapol_tree.rs:353:13
[INFO] [stdout]     |
[INFO] [stdout] 352 |             Accumulator::NdmSmt(ndm_smt) => Some(ndm_smt.entity_mapping()),
[INFO] [stdout]     |             ---------------------------- matches all the relevant values
[INFO] [stdout] 353 |             _ => None,
[INFO] [stdout]     |             ^ no value can reach this
[INFO] [stdout]     |
[INFO] [stdout]     = note: `#[warn(unreachable_patterns)]` on by default
[INFO] [stdout] 
[INFO] [stdout] 
[INFO] [stdout] warning: unused variable: `leaf_nodes`
[INFO] [stdout]    --> src/binary_tree/tree_builder/multi_threaded.rs:677:24
[INFO] [stdout]     |
[INFO] [stdout] 677 |                 given: leaf_nodes,
[INFO] [stdout]     |                        ^^^^^^^^^^ help: if this is intentional, prefix it with an underscore: `_leaf_nodes`
[INFO] [stdout] 
[INFO] [stdout] 
[INFO] [stdout] warning: unused variable: `max_nodes`
[INFO] [stdout]    --> src/binary_tree/tree_builder/multi_threaded.rs:678:22
[INFO] [stdout]     |
[INFO] [stdout] 678 |                 max: max_nodes,
[INFO] [stdout]     |                      ^^^^^^^^^ help: if this is intentional, prefix it with an underscore: `_max_nodes`
[INFO] [stdout] 
[INFO] [stdout] 
[INFO] [stdout] warning: unused variable: `leaf_nodes`
[INFO] [stdout]    --> src/binary_tree/tree_builder/single_threaded.rs:383:24
[INFO] [stdout]     |
[INFO] [stdout] 383 |                 given: leaf_nodes,
[INFO] [stdout]     |                        ^^^^^^^^^^ help: if this is intentional, prefix it with an underscore: `_leaf_nodes`
[INFO] [stdout] 
[INFO] [stdout] 
[INFO] [stdout] warning: unused variable: `max_nodes`
[INFO] [stdout]    --> src/binary_tree/tree_builder/single_threaded.rs:384:22
[INFO] [stdout]     |
[INFO] [stdout] 384 |                 max: max_nodes,
[INFO] [stdout]     |                      ^^^^^^^^^ help: if this is intentional, prefix it with an underscore: `_max_nodes`
[INFO] [stdout] 
[INFO] [stdout] 
[INFO] [stdout] warning: unused variable: `leaf_nodes`
[INFO] [stdout]    --> src/binary_tree/tree_builder.rs:459:24
[INFO] [stdout]     |
[INFO] [stdout] 459 |                 given: leaf_nodes,
[INFO] [stdout]     |                        ^^^^^^^^^^ help: if this is intentional, prefix it with an underscore: `_leaf_nodes`
[INFO] [stdout] 
[INFO] [stdout] 
[INFO] [stdout] warning: unused variable: `max_nodes`
[INFO] [stdout]    --> src/binary_tree/tree_builder.rs:460:22
[INFO] [stdout]     |
[INFO] [stdout] 460 |                 max: max_nodes,
[INFO] [stdout]     |                      ^^^^^^^^^ help: if this is intentional, prefix it with an underscore: `_max_nodes`
[INFO] [stdout] 
[INFO] [stdout] 
[INFO] [stdout] warning: variable does not need to be mutable
[INFO] [stdout]    --> src/inclusion_proof.rs:172:9
[INFO] [stdout]     |
[INFO] [stdout] 172 |         mut file_name: OsString,
[INFO] [stdout]     |         ----^^^^^^^^^
[INFO] [stdout]     |         |
[INFO] [stdout]     |         help: remove this `mut`
[INFO] [stdout] 
[INFO] [stdout] 
[INFO] [stdout] warning: associated function `from_node` is never used
[INFO] [stdout]    --> src/binary_tree/tree_builder/multi_threaded.rs:207:8
[INFO] [stdout]     |
[INFO] [stdout] 201 | impl<C: Mergeable + fmt::Display> MatchedPair<C> {
[INFO] [stdout]     | ------------------------------------------------ associated function in this implementation
[INFO] [stdout] ...
[INFO] [stdout] 207 |     fn from_node<F>(node: Node<C>, new_padding_node_content: Arc<F>) -> Self
[INFO] [stdout]     |        ^^^^^^^^^
[INFO] [stdout]     |
[INFO] [stdout]     = note: `#[warn(dead_code)]` on by default
[INFO] [stdout] 
[INFO] [stdout] 
[INFO] [stdout] warning: associated function `new_with_height` is never used
[INFO] [stdout]    --> src/binary_tree/tree_builder/multi_threaded.rs:339:8
[INFO] [stdout]     |
[INFO] [stdout] 307 | impl RecursionParams {
[INFO] [stdout]     | -------------------- associated function in this implementation
[INFO] [stdout] ...
[INFO] [stdout] 339 |     fn new_with_height(height: Height) -> Self {
[INFO] [stdout]     |        ^^^^^^^^^^^^^^^
[INFO] [stdout] 
[INFO] [stdout] 
[INFO] [stderr]     Finished `test` profile [unoptimized + debuginfo] target(s) in 1m 34s
[INFO] running `Command { std: "docker" "inspect" "2e15475b80071cebf55613a2a3c1b8a46d311bce41e642c78f51165cac2c0545", kill_on_drop: false }`
[INFO] running `Command { std: "docker" "rm" "-f" "2e15475b80071cebf55613a2a3c1b8a46d311bce41e642c78f51165cac2c0545", kill_on_drop: false }`
[INFO] [stdout] 2e15475b80071cebf55613a2a3c1b8a46d311bce41e642c78f51165cac2c0545
[INFO] running `Command { std: "docker" "create" "-v" "/var/lib/crater-agent-workspace/builds/worker-7-tc1/target:/opt/rustwide/target:rw,Z" "-v" "/var/lib/crater-agent-workspace/builds/worker-7-tc1/source:/opt/rustwide/workdir:ro,Z" "-v" "/var/lib/crater-agent-workspace/cargo-home:/opt/rustwide/cargo-home:ro,Z" "-v" "/var/lib/crater-agent-workspace/rustup-home:/opt/rustwide/rustup-home:ro,Z" "-e" "SOURCE_DIR=/opt/rustwide/workdir" "-e" "CARGO_TARGET_DIR=/opt/rustwide/target" "-e" "CARGO_INCREMENTAL=0" "-e" "RUST_BACKTRACE=full" "-e" "RUSTFLAGS=--cap-lints=forbid" "-e" "RUSTDOCFLAGS=--cap-lints=forbid" "-e" "CARGO_HOME=/opt/rustwide/cargo-home" "-e" "RUSTUP_HOME=/opt/rustwide/rustup-home" "-w" "/opt/rustwide/workdir" "-m" "1610612736" "--user" "0:0" "--network" "none" "ghcr.io/rust-lang/crates-build-env/linux@sha256:4a844ea9eb2546a2d2c7022eacef16ef2e8229c7fbb2c7d4d55a9ceca922f72d" "/opt/rustwide/cargo-home/bin/cargo" "+nightly-2024-10-28" "test" "--frozen", kill_on_drop: false }`
[INFO] [stdout] 6afc713b5da7ae9fd272c72c8a619ab45d3840a23518b6158c676abc1652a050
[INFO] running `Command { std: "docker" "start" "-a" "6afc713b5da7ae9fd272c72c8a619ab45d3840a23518b6158c676abc1652a050", kill_on_drop: false }`
[INFO] [stderr] warning: unexpected `cfg` condition name: `fuzzing`
[INFO] [stderr]    --> src/lib.rs:127:7
[INFO] [stderr]     |
[INFO] [stderr] 127 | #[cfg(fuzzing)]
[INFO] [stderr]     |       ^^^^^^^ help: found config with similar value: `feature = "fuzzing"`
[INFO] [stderr]     |
[INFO] [stderr]     = help: expected names are: `clippy`, `debug_assertions`, `doc`, `docsrs`, `doctest`, `feature`, `fmt_debug`, `miri`, `overflow_checks`, `panic`, `proc_macro`, `relocation_model`, `rustfmt`, `sanitize`, `sanitizer_cfi_generalize_pointers`, `sanitizer_cfi_normalize_integers`, `target_abi`, `target_arch`, `target_endian`, `target_env`, `target_family`, `target_feature`, `target_has_atomic`, `target_has_atomic_equal_alignment`, `target_has_atomic_load_store`, `target_os`, `target_pointer_width`, `target_thread_local`, `target_vendor`, `test`, `ub_checks`, `unix`, and `windows`
[INFO] [stderr]     = help: consider using a Cargo feature instead
[INFO] [stderr]     = help: or consider adding in `Cargo.toml` the `check-cfg` lint config for the lint:
[INFO] [stderr]              [lints.rust]
[INFO] [stderr]              unexpected_cfgs = { level = "warn", check-cfg = ['cfg(fuzzing)'] }
[INFO] [stderr]     = help: or consider adding `println!("cargo::rustc-check-cfg=cfg(fuzzing)");` to the top of the `build.rs`
[INFO] [stderr]     = note: see <https://doc.rust-lang.org/nightly/rustc/check-cfg/cargo-specifics.html> for more information about checking conditional configuration
[INFO] [stderr]     = note: `#[warn(unexpected_cfgs)]` on by default
[INFO] [stderr] 
[INFO] [stderr] warning: unused import: `Uniform`
[INFO] [stderr]  --> src/accumulators/ndm_smt/x_coord_generator.rs:2:27
[INFO] [stderr]   |
[INFO] [stderr] 2 | use rand::distributions::{Uniform};
[INFO] [stderr]   |                           ^^^^^^^
[INFO] [stderr]   |
[INFO] [stderr]   = note: `#[warn(unused_imports)]` on by default
[INFO] [stderr] 
[INFO] [stderr] warning: unused import: `RandomXCoordGenerator`
[INFO] [stderr]   --> src/accumulators.rs:13:40
[INFO] [stderr]    |
[INFO] [stderr] 13 | pub use ndm_smt::{NdmSmt, NdmSmtError, RandomXCoordGenerator};
[INFO] [stderr]    |                                        ^^^^^^^^^^^^^^^^^^^^^
[INFO] [stderr] 
[INFO] [stderr] warning: unused import: `RecursionParams`
[INFO] [stderr]   --> src/binary_tree/path_siblings.rs:71:63
[INFO] [stderr]    |
[INFO] [stderr] 71 |         use super::tree_builder::multi_threaded::{build_node, RecursionParams};
[INFO] [stderr]    |                                                               ^^^^^^^^^^^^^^^
[INFO] [stderr] 
[INFO] [stderr] warning: unused import: `info`
[INFO] [stderr]  --> src/entity/entity_ids_parser.rs:4:18
[INFO] [stderr]   |
[INFO] [stderr] 4 | use log::{debug, info};
[INFO] [stderr]   |                  ^^^^
[INFO] [stderr] 
[INFO] [stderr] warning: unused variable: `encoded`
[INFO] [stderr]   --> src/read_write_utils.rs:67:9
[INFO] [stderr]    |
[INFO] [stderr] 67 |     let encoded = serde_json::to_writer_pretty(file, structure);
[INFO] [stderr]    |         ^^^^^^^ help: if this is intentional, prefix it with an underscore: `_encoded`
[INFO] [stderr]    |
[INFO] [stderr]    = note: `#[warn(unused_variables)]` on by default
[INFO] [stderr] 
[INFO] [stderr] warning: variable does not need to be mutable
[INFO] [stderr]   --> src/read_write_utils.rs:66:9
[INFO] [stderr]    |
[INFO] [stderr] 66 |     let mut file = File::create(path)?;
[INFO] [stderr]    |         ----^^^^
[INFO] [stderr]    |         |
[INFO] [stderr]    |         help: remove this `mut`
[INFO] [stderr]    |
[INFO] [stderr]    = note: `#[warn(unused_mut)]` on by default
[INFO] [stderr] 
[INFO] [stderr] warning: unreachable pattern
[INFO] [stderr]    --> src/dapol_tree.rs:353:13
[INFO] [stderr]     |
[INFO] [stderr] 352 |             Accumulator::NdmSmt(ndm_smt) => Some(ndm_smt.entity_mapping()),
[INFO] [stderr]     |             ---------------------------- matches all the relevant values
[INFO] [stderr] 353 |             _ => None,
[INFO] [stderr]     |             ^ no value can reach this
[INFO] [stderr]     |
[INFO] [stderr]     = note: `#[warn(unreachable_patterns)]` on by default
[INFO] [stderr] 
[INFO] [stderr] warning: variable does not need to be mutable
[INFO] [stderr]    --> src/inclusion_proof.rs:172:9
[INFO] [stderr]     |
[INFO] [stderr] 172 |         mut file_name: OsString,
[INFO] [stderr]     |         ----^^^^^^^^^
[INFO] [stderr]     |         |
[INFO] [stderr]     |         help: remove this `mut`
[INFO] [stderr] 
[INFO] [stderr] warning: method `len` is never used
[INFO] [stderr]    --> src/binary_tree.rs:341:8
[INFO] [stderr]     |
[INFO] [stderr] 331 | impl<C: Clone + fmt::Display> Store<C> {
[INFO] [stderr]     | -------------------------------------- method in this implementation
[INFO] [stderr] ...
[INFO] [stderr] 341 |     fn len(&self) -> usize {
[INFO] [stderr]     |        ^^^
[INFO] [stderr]     |
[INFO] [stderr]     = note: `#[warn(dead_code)]` on by default
[INFO] [stderr] 
[INFO] [stderr] warning: methods `with_store_depth` and `build_using_single_threaded_algorithm` are never used
[INFO] [stderr]    --> src/binary_tree/tree_builder.rs:117:12
[INFO] [stderr]     |
[INFO] [stderr] 70  | / impl<C: fmt::Display> BinaryTreeBuilder<C>
[INFO] [stderr] 71  | | where
[INFO] [stderr] 72  | |     C: Clone + Mergeable + 'static, /* The static is needed when the single threaded builder
[INFO] [stderr]     | |___________________________________- methods in this implementation
[INFO] [stderr] ...
[INFO] [stderr] 117 |       pub fn with_store_depth(mut self, store_depth: u8) -> Self {
[INFO] [stderr]     |              ^^^^^^^^^^^^^^^^
[INFO] [stderr] ...
[INFO] [stderr] 162 |       pub fn build_using_single_threaded_algorithm<F>(
[INFO] [stderr]     |              ^^^^^^^^^^^^^^^^^^^^^^^^^^^^^^^^^^^^^
[INFO] [stderr] 
[INFO] [stderr] warning: method `len` is never used
[INFO] [stderr]    --> src/binary_tree/tree_builder/multi_threaded.rs:154:12
[INFO] [stderr]     |
[INFO] [stderr] 149 | impl<C: Clone + fmt::Display> DashMapStore<C> {
[INFO] [stderr]     | --------------------------------------------- method in this implementation
[INFO] [stderr] ...
[INFO] [stderr] 154 |     pub fn len(&self) -> usize {
[INFO] [stderr]     |            ^^^
[INFO] [stderr] 
[INFO] [stderr] warning: associated function `from_node` is never used
[INFO] [stderr]    --> src/binary_tree/tree_builder/multi_threaded.rs:207:8
[INFO] [stderr]     |
[INFO] [stderr] 201 | impl<C: Mergeable + fmt::Display> MatchedPair<C> {
[INFO] [stderr]     | ------------------------------------------------ associated function in this implementation
[INFO] [stderr] ...
[INFO] [stderr] 207 |     fn from_node<F>(node: Node<C>, new_padding_node_content: Arc<F>) -> Self
[INFO] [stderr]     |        ^^^^^^^^^
[INFO] [stderr] 
[INFO] [stderr] warning: associated function `new_with_height` is never used
[INFO] [stderr]    --> src/binary_tree/tree_builder/multi_threaded.rs:339:8
[INFO] [stderr]     |
[INFO] [stderr] 307 | impl RecursionParams {
[INFO] [stderr]     | -------------------- associated function in this implementation
[INFO] [stderr] ...
[INFO] [stderr] 339 |     fn new_with_height(height: Height) -> Self {
[INFO] [stderr]     |        ^^^^^^^^^^^^^^^
[INFO] [stderr] 
[INFO] [stderr] warning: method `len` is never used
[INFO] [stderr]    --> src/binary_tree/tree_builder/single_threaded.rs:100:12
[INFO] [stderr]     |
[INFO] [stderr] 95  | impl<C: Clone + fmt::Display> HashMapStore<C> {
[INFO] [stderr]     | --------------------------------------------- method in this implementation
[INFO] [stderr] ...
[INFO] [stderr] 100 |     pub fn len(&self) -> usize {
[INFO] [stderr]     |            ^^^
[INFO] [stderr] 
[INFO] [stderr] warning: methods `with_path` and `with_num_entities` are never used
[INFO] [stderr]   --> src/entity/entities_parser.rs:51:12
[INFO] [stderr]    |
[INFO] [stderr] 38 | impl EntitiesParser {
[INFO] [stderr]    | ------------------- methods in this implementation
[INFO] [stderr] ...
[INFO] [stderr] 51 |     pub fn with_path(self, path: PathBuf) -> Self {
[INFO] [stderr]    |            ^^^^^^^^^
[INFO] [stderr] ...
[INFO] [stderr] 60 |     pub fn with_num_entities(self, num_entities: u64) -> Self {
[INFO] [stderr]    |            ^^^^^^^^^^^^^^^^^
[INFO] [stderr] 
[INFO] [stderr] warning: `dapol` (lib) generated 16 warnings (run `cargo fix --lib -p dapol` to apply 6 suggestions)
[INFO] [stderr] warning: unused import: `crate::accumulators::Accumulator`
[INFO] [stderr]    --> src/dapol_config.rs:550:9
[INFO] [stderr]     |
[INFO] [stderr] 550 |     use crate::accumulators::Accumulator;
[INFO] [stderr]     |         ^^^^^^^^^^^^^^^^^^^^^^^^^^^^^^^^
[INFO] [stderr]     |
[INFO] [stderr]     = note: `#[warn(unused_imports)]` on by default
[INFO] [stderr] 
[INFO] [stderr] warning: unused import: `Uniform`
[INFO] [stderr]  --> src/accumulators/ndm_smt/x_coord_generator.rs:2:27
[INFO] [stderr]   |
[INFO] [stderr] 2 | use rand::distributions::{Uniform};
[INFO] [stderr]   |                           ^^^^^^^
[INFO] [stderr] 
[INFO] [stderr] warning: unexpected `cfg` condition name: `fuzzing`
[INFO] [stderr]    --> src/binary_tree/tree_builder/multi_threaded.rs:831:11
[INFO] [stderr]     |
[INFO] [stderr] 831 |     #[cfg(fuzzing)]
[INFO] [stderr]     |           ^^^^^^^ help: found config with similar value: `feature = "fuzzing"`
[INFO] [stderr]     |
[INFO] [stderr]     = help: consider using a Cargo feature instead
[INFO] [stderr]     = help: or consider adding in `Cargo.toml` the `check-cfg` lint config for the lint:
[INFO] [stderr]              [lints.rust]
[INFO] [stderr]              unexpected_cfgs = { level = "warn", check-cfg = ['cfg(fuzzing)'] }
[INFO] [stderr]     = help: or consider adding `println!("cargo::rustc-check-cfg=cfg(fuzzing)");` to the top of the `build.rs`
[INFO] [stderr]     = note: see <https://doc.rust-lang.org/nightly/rustc/check-cfg/cargo-specifics.html> for more information about checking conditional configuration
[INFO] [stderr] 
[INFO] [stderr] warning: unused import: `std::str::FromStr`
[INFO] [stderr]    --> src/binary_tree/tree_builder/multi_threaded.rs:606:9
[INFO] [stderr]     |
[INFO] [stderr] 606 |     use std::str::FromStr;
[INFO] [stderr]     |         ^^^^^^^^^^^^^^^^^
[INFO] [stderr] 
[INFO] [stderr] warning: unused import: `TestContent`
[INFO] [stderr]    --> src/binary_tree/path_siblings.rs:566:82
[INFO] [stderr]     |
[INFO] [stderr] 566 |         full_bottom_layer, generate_padding_closure, single_leaf, sparse_leaves, TestContent,
[INFO] [stderr]     |                                                                                  ^^^^^^^^^^^
[INFO] [stderr] 
[INFO] [stderr] warning: unused variable: `leaf_nodes`
[INFO] [stderr]    --> src/binary_tree/tree_builder/multi_threaded.rs:677:24
[INFO] [stderr]     |
[INFO] [stderr] 677 |                 given: leaf_nodes,
[INFO] [stderr]     |                        ^^^^^^^^^^ help: if this is intentional, prefix it with an underscore: `_leaf_nodes`
[INFO] [stderr] 
[INFO] [stderr] warning: unused variable: `max_nodes`
[INFO] [stderr]    --> src/binary_tree/tree_builder/multi_threaded.rs:678:22
[INFO] [stderr]     |
[INFO] [stderr] 678 |                 max: max_nodes,
[INFO] [stderr]     |                      ^^^^^^^^^ help: if this is intentional, prefix it with an underscore: `_max_nodes`
[INFO] [stderr] 
[INFO] [stderr] warning: unused variable: `leaf_nodes`
[INFO] [stderr]    --> src/binary_tree/tree_builder/single_threaded.rs:383:24
[INFO] [stderr]     |
[INFO] [stderr] 383 |                 given: leaf_nodes,
[INFO] [stderr]     |                        ^^^^^^^^^^ help: if this is intentional, prefix it with an underscore: `_leaf_nodes`
[INFO] [stderr] 
[INFO] [stderr] warning: unused variable: `max_nodes`
[INFO] [stderr]    --> src/binary_tree/tree_builder/single_threaded.rs:384:22
[INFO] [stderr]     |
[INFO] [stderr] 384 |                 max: max_nodes,
[INFO] [stderr]     |                      ^^^^^^^^^ help: if this is intentional, prefix it with an underscore: `_max_nodes`
[INFO] [stderr] 
[INFO] [stderr] warning: unused variable: `leaf_nodes`
[INFO] [stderr]    --> src/binary_tree/tree_builder.rs:459:24
[INFO] [stderr]     |
[INFO] [stderr] 459 |                 given: leaf_nodes,
[INFO] [stderr]     |                        ^^^^^^^^^^ help: if this is intentional, prefix it with an underscore: `_leaf_nodes`
[INFO] [stderr] 
[INFO] [stderr] warning: unused variable: `max_nodes`
[INFO] [stderr]    --> src/binary_tree/tree_builder.rs:460:22
[INFO] [stderr]     |
[INFO] [stderr] 460 |                 max: max_nodes,
[INFO] [stderr]     |                      ^^^^^^^^^ help: if this is intentional, prefix it with an underscore: `_max_nodes`
[INFO] [stderr] 
[INFO] [stderr] warning: associated function `from_node` is never used
[INFO] [stderr]    --> src/binary_tree/tree_builder/multi_threaded.rs:207:8
[INFO] [stderr]     |
[INFO] [stderr] 201 | impl<C: Mergeable + fmt::Display> MatchedPair<C> {
[INFO] [stderr]     | ------------------------------------------------ associated function in this implementation
[INFO] [stderr] ...
[INFO] [stderr] 207 |     fn from_node<F>(node: Node<C>, new_padding_node_content: Arc<F>) -> Self
[INFO] [stderr]     |        ^^^^^^^^^
[INFO] [stderr]     |
[INFO] [stderr]     = note: `#[warn(dead_code)]` on by default
[INFO] [stderr] 
[INFO] [stderr] warning: unused variable: `aggregation_factor`
[INFO] [stderr]    --> examples/main.rs:168:9
[INFO] [stderr]     |
[INFO] [stderr] 168 |     let aggregation_factor = dapol::AggregationFactor::Percent(aggregation_percentage);
[INFO] [stderr]     |         ^^^^^^^^^^^^^^^^^^ help: if this is intentional, prefix it with an underscore: `_aggregation_factor`
[INFO] [stderr]     |
[INFO] [stderr]     = note: `#[warn(unused_variables)]` on by default
[INFO] [stderr] 
[INFO] [stderr] warning: `dapol` (lib test) generated 20 warnings (8 duplicates) (run `cargo fix --lib -p dapol --tests` to apply 4 suggestions)
[INFO] [stderr] warning: `dapol` (example "main") generated 1 warning
[INFO] [stderr]     Finished `test` profile [unoptimized + debuginfo] target(s) in 0.30s
[INFO] [stderr]      Running unittests src/lib.rs (/opt/rustwide/target/debug/deps/dapol-7e2008784c0df5b1)
[INFO] [stdout] 
[INFO] [stdout] running 134 tests
[INFO] [stdout] test accumulators::ndm_smt::x_coord_generator::tests::generated_values_all_unique ... ok
[INFO] [stdout] test accumulators::ndm_smt::x_coord_generator::tests::new_unique_value_fails_for_large_i ... ok
[INFO] [stdout] test accumulators::ndm_smt::x_coord_generator::tests::constructor_works ... ok
[INFO] [stdout] test accumulators::ndm_smt::x_coord_generator::tests::new_unique_value_works ... ok
[INFO] [stdout] test binary_tree::node_content::hidden_node::tests::new_pad_works ... ok
[INFO] [stdout] test binary_tree::path_siblings::tests::path_works_for_full_base_layer_multi_threaded ... ok
[INFO] [stdout] test binary_tree::node_content::hidden_node::tests::new_leaf_works ... ok
[INFO] [stdout] test binary_tree::node_content::full_node::tests::new_pad_works ... ok
[INFO] [stdout] test binary_tree::node_content::full_node::tests::merge_works ... ok
[INFO] [stdout] test binary_tree::path_siblings::tests::path_works_for_sparse_leaves_single_threaded ... ok
[INFO] [stdout] test binary_tree::tests::coord_byte_conversion_correct ... ok
[INFO] [stdout] test binary_tree::tests::input_node_correctly_converted_into_node ... ok
[INFO] [stdout] test binary_tree::node_content::full_node::tests::new_leaf_works ... ok
[INFO] [stdout] test binary_tree::tests::matched_pair_merge_works ... ok
[INFO] [stdout] test binary_tree::tests::is_sibling_of_works ... ok
[INFO] [stdout] test binary_tree::path_siblings::tests::path_works_for_sparse_leaves_multi_threaded ... ok
[INFO] [stdout] test binary_tree::tests::node_orientation_correctly_determined ... ok
[INFO] [stdout] test binary_tree::tests::parent_coord_calculated_correctly ... ok
[INFO] [stdout] test binary_tree::tests::sibling_coord_calculated_correctly ... ok
[INFO] [stdout] test binary_tree::tree_builder::multi_threaded::tests::bottom_layer_leaf_nodes_all_present_in_store ... ok
[INFO] [stdout] test binary_tree::tests::subtree_bounds_works ... ok
[INFO] [stdout] test binary_tree::tests::sibling_from_node_works ... ok
[INFO] [stdout] test binary_tree::tree_builder::multi_threaded::tests::err_for_empty_leaves ... ok
[INFO] [stdout] test binary_tree::tree_builder::multi_threaded::tests::err_for_duplicate_leaves ... ok
[INFO] [stdout] test binary_tree::tree_builder::multi_threaded::tests::err_when_parent_builder_height_not_set ... ok
[INFO] [stdout] test binary_tree::tree_builder::multi_threaded::tests::err_when_parent_builder_leaf_nodes_not_set ... ok
[INFO] [stdout] test binary_tree::tree_builder::multi_threaded::tests::err_when_x_coord_greater_than_max ... ok
[INFO] [stdout] test binary_tree::tree_builder::multi_threaded::tests::different_ordering_of_leaf_nodes_gives_same_root ... ok
[INFO] [stdout] test binary_tree::node_content::hidden_node::tests::merge_works ... ok
[INFO] [stdout] test binary_tree::path_siblings::tests::path_works_for_single_leaf_single_threaded ... ok
[INFO] [stdout] test binary_tree::tree_builder::single_threaded::tests::bottom_layer_leaf_nodes_all_present_in_store ... ok
[INFO] [stdout] test binary_tree::tree_builder::multi_threaded::tests::err_for_too_many_leaves_with_height_first ... ok
[INFO] [stdout] test binary_tree::tree_builder::multi_threaded::tests::max_nodes_to_store_equality ... ok
[INFO] [stdout] test binary_tree::tree_builder::single_threaded::tests::different_ordering_of_leaf_nodes_gives_same_root ... ok
[INFO] [stdout] test binary_tree::tree_builder::multi_threaded::tests::expected_internal_nodes_are_in_the_store_for_custom_store_depth ... ok
[INFO] [stdout] test binary_tree::path_siblings::tests::path_works_for_full_base_layer_single_threaded ... ok
[INFO] [stdout] test binary_tree::tree_builder::single_threaded::tests::err_for_duplicate_leaves ... ok
[INFO] [stdout] test binary_tree::tree_builder::single_threaded::tests::err_for_empty_leaves ... ok
[INFO] [stdout] test binary_tree::tree_builder::single_threaded::tests::err_when_parent_builder_leaf_nodes_not_set ... ok
[INFO] [stdout] test binary_tree::tree_builder::single_threaded::tests::err_when_x_coord_greater_than_max ... ok
[INFO] [stdout] test binary_tree::tree_builder::single_threaded::tests::err_when_parent_builder_height_not_set ... ok
[INFO] [stdout] test binary_tree::tree_builder::single_threaded::tests::err_for_too_many_leaves_with_height_first ... ok
[INFO] [stdout] test binary_tree::tree_builder::tests::err_for_duplicate_leaves ... ok
[INFO] [stdout] test binary_tree::tree_builder::tests::err_when_parent_builder_height_not_set ... ok
[INFO] [stdout] test binary_tree::tree_builder::multi_threaded::tests::expected_internal_nodes_are_in_the_store_for_default_store_depth ... ok
[INFO] [stdout] test binary_tree::tree_builder::single_threaded::tests::expected_internal_nodes_are_in_the_store_for_default_store_depth ... ok
[INFO] [stdout] test binary_tree::tree_builder::tests::err_when_parent_builder_leaf_nodes_not_set ... ok
[INFO] [stdout] test binary_tree::tree_builder::tests::err_for_empty_leaves ... ok
[INFO] [stdout] test binary_tree::tree_builder::single_threaded::tests::expected_internal_nodes_are_in_the_store_for_custom_store_depth ... ok
[INFO] [stdout] test binary_tree::tree_builder::tests::no_err_if_no_duplicates ... ok
[INFO] [stdout] test binary_tree::tree_builder::tests::no_err_if_duplicates_but_not_sorted ... ok
[INFO] [stdout] test binary_tree::tree_builder::tests::err_for_too_many_leaves ... ok
[INFO] [stdout] test binary_tree::tree_builder::tests::multi_and_single_give_same_root_sparse_leaves ... ok
[INFO] [stdout] test accumulators::ndm_smt::tests::constructor_works ... ok
[INFO] [stdout] test dapol_config::tests::creating_config::builder_with_all_default_values_gives_correct_config ... ok
[INFO] [stdout] test binary_tree::path_siblings::tests::path_works_for_multi_leaf_multi_threaded ... ok
[INFO] [stdout] test dapol_config::tests::creating_config::builder_without_accumulator_type_fails ... ok
[INFO] [stdout] test dapol_config::tests::creating_config::builder_without_entities_fails ... ok
[INFO] [stdout] test dapol_config::tests::creating_config::builder_without_secrets_fails ... ok
[INFO] [stdout] test dapol_config::tests::creating_config::builder_with_no_default_values_gives_correct_config ... ok
[INFO] [stdout] test dapol_config::tests::creating_config::fail_when_unknown_secrets_file_type ... ok
[INFO] [stdout] test dapol_config::tests::creating_config::config_file_gives_same_config_as_builder ... ok
[INFO] [stdout] test binary_tree::tree_builder::tests::multi_and_single_give_same_root_single_leaf ... ok
[INFO] [stdout] test binary_tree::tree_builder::tests::multi_and_single_give_same_root_full_tree ... ok
[INFO] [stdout] test dapol_config::tests::creating_config::fail_when_unsupproted_secrets_file_type ... ok
[INFO] [stdout] test dapol_tree::tests::serde::public_root_data::public_root_data_serialization_path_parser_fails_for_unsupported_extensions ... ok
[INFO] [stdout] test dapol_tree::tests::serde::public_root_data::public_root_data_serialization_path_parser_gives_correct_file_prefix ... ok
[INFO] [stdout] test dapol_tree::tests::serde::public_root_data::serde_does_not_change_public_root_data ... FAILED
[INFO] [stdout] test dapol_tree::tests::serde::secret_root_data::secret_root_data_serialization_path_parser_fails_for_unsupported_extensions ... ok
[INFO] [stdout] test dapol_tree::tests::serde::secret_root_data::secret_root_data_serialization_path_parser_gives_correct_file_prefix ... ok
[INFO] [stdout] test dapol_tree::tests::construction::constructor_and_getters_work ... ok
[INFO] [stdout] test dapol_tree::tests::serde::secret_root_data::serde_does_not_change_secret_root_data ... FAILED
[INFO] [stdout] test dapol_tree::tests::serde::tree::serialization_path_parser_fails_for_unsupported_extensions ... ok
[INFO] [stdout] test dapol_tree::tests::serde::tree::serialization_path_parser_gives_correct_file_prefix ... ok
[INFO] [stdout] test entity::entities_parser::tests::fail_when_unknown_file_type ... ok
[INFO] [stdout] test entity::entities_parser::tests::fail_when_unsupproted_file_type ... ok
[INFO] [stdout] test entity::entities_parser::tests::generate_random_entities_happy_case ... ok
[INFO] [stdout] test entity::entities_parser::tests::parser_csv_file_happy_case ... ok
[INFO] [stdout] test entity::entity_ids_parser::tests::parser_csv_file_happy_case ... ok
[INFO] [stdout] test hasher::tests::verify_hasher ... ok
[INFO] [stdout] test inclusion_proof::aggregated_range_proof::tests::next_power_of_2_works_for_boundary_value ... ok
[INFO] [stdout] test dapol_tree::tests::serde::tree::serde_does_not_change_tree ... FAILED
[INFO] [stdout] test dapol_config::tests::config_to_tree::secrets_file_preferred_over_setting_directly ... ok
[INFO] [stdout] test dapol_config::tests::config_to_tree::config_with_random_entities_gives_correct_tree ... ok
[INFO] [stdout] test dapol_config::tests::config_to_tree::parsing_config_gives_correct_tree ... ok
[INFO] [stdout] test dapol_config::tests::config_to_tree::secrets_file_gives_same_master_secret_as_setting_directly ... ok
[INFO] [stdout] test inclusion_proof::aggregated_range_proof::tests::padding::verification_error_when_secret_out_of_bounds_with_same_bounds ... ok
[INFO] [stdout] test inclusion_proof::aggregated_range_proof::tests::padding::verification_error_when_commitment_not_same_as_secret_used_for_generation ... ok
[INFO] [stdout] test inclusion_proof::aggregated_range_proof::tests::splitting::verification_error_when_secret_out_of_bounds_with_same_bounds ... ok
[INFO] [stdout] test inclusion_proof::aggregated_range_proof::tests::padding::verification_error_when_secret_out_of_bounds_with_different_bounds ... ok
[INFO] [stdout] test inclusion_proof::aggregated_range_proof::tests::splitting::verification_error_when_secret_out_of_bounds_with_different_bounds ... ok
[INFO] [stdout] test inclusion_proof::aggregation_factor::tests::divisor::greater_than_tree_height_divisor_gives_zero_aggregation ... ok
[INFO] [stdout] test inclusion_proof::aggregation_factor::tests::divisor::one_divisor_gives_full_aggregation ... ok
[INFO] [stdout] test inclusion_proof::aggregation_factor::tests::divisor::tree_height_divisor_gives_one_aggregation ... ok
[INFO] [stdout] test inclusion_proof::aggregation_factor::tests::divisor::zero_divisor_gives_zero_aggregation ... ok
[INFO] [stdout] test inclusion_proof::aggregation_factor::tests::number::greater_than_tree_height_number_gives_full_aggregation ... ok
[INFO] [stdout] test inclusion_proof::aggregation_factor::tests::number::one_number_gives_one_aggregation ... ok
[INFO] [stdout] test inclusion_proof::aggregation_factor::tests::number::tree_height_number_gives_full_aggregation ... ok
[INFO] [stdout] test inclusion_proof::aggregation_factor::tests::number::zero_number_gives_zero_aggregation ... ok
[INFO] [stdout] test inclusion_proof::aggregation_factor::tests::percent::fifty_percent_gives_half_aggregation ... ok
[INFO] [stdout] test inclusion_proof::aggregation_factor::tests::percent::one_hundred_percent_gives_full_aggregation ... ok
[INFO] [stdout] test inclusion_proof::aggregation_factor::tests::percent::zero_percent_gives_zero_aggregation ... ok
[INFO] [stdout] test inclusion_proof::aggregated_range_proof::tests::padding::verify_works_for_padding ... ok
[INFO] [stdout] test inclusion_proof::aggregated_range_proof::tests::padding::generate_works ... ok
[INFO] [stdout] test inclusion_proof::individual_range_proof::tests::generation_works_when_secret_out_of_bounds ... ok
[INFO] [stdout] test inclusion_proof::aggregated_range_proof::tests::splitting::generate_works_for_splitting ... ok
[INFO] [stdout] test inclusion_proof::individual_range_proof::tests::verification_error_when_commitment_not_same_as_blinding_used_for_generation ... ok
[INFO] [stdout] test inclusion_proof::individual_range_proof::tests::generate_works ... ok
[INFO] [stdout] test inclusion_proof::aggregated_range_proof::tests::verification_error_when_commitment_not_same_as_secret_used_for_generation ... ok
[INFO] [stdout] test inclusion_proof::individual_range_proof::tests::verification_error_when_secret_out_of_bounds_with_different_bounds_reverse ... ok
[INFO] [stdout] test inclusion_proof::aggregated_range_proof::tests::splitting::verify_works_for_splitting ... ok
[INFO] [stdout] test inclusion_proof::individual_range_proof::tests::verification_error_when_secret_out_of_bounds_with_same_bounds ... ok
[INFO] [stdout] test kdf::tests::generate_key_matches_external_tool ... ok
[INFO] [stdout] test max_liability::tests::default_max_liability_is_in_allowed_list ... ok
[INFO] [stdout] test max_liability::tests::upper_bound_bit_length_works_for_100 ... ok
[INFO] [stdout] test max_thread_count::tests::default_without_initializing_machine_parallelism ... ok
[INFO] [stdout] test percentage::tests::from_happy_case ... ok
[INFO] [stdout] test percentage::tests::from_should_give_err_if_value_is_over_100 ... ok
[INFO] [stdout] test percentage::tests::from_should_panic_if_value_is_over_100 - should panic ... ok
[INFO] [stdout] test percentage::tests::from_str_happy_case ... ok
[INFO] [stdout] test percentage::tests::from_str_should_panic_if_value_is_not_u8 - should panic ... ok
[INFO] [stdout] test percentage::tests::from_str_should_panic_if_value_is_over_100 - should panic ... ok
[INFO] [stdout] test percentage::tests::try_from_happy_case ... ok
[INFO] [stdout] test read_write_utils::tests::parse_serialization_path::parse_serialization_path_for_existing_directory_gives_correct_file_name ... ok
[INFO] [stdout] test read_write_utils::tests::parse_serialization_path::parse_serialization_path_for_existing_file ... ok
[INFO] [stdout] test read_write_utils::tests::parse_serialization_path::parse_serialization_path_for_existing_file_wrong_extension - should panic ... ok
[INFO] [stdout] test salt::tests::randomly_generated_salts_differ_enough ... ok
[INFO] [stdout] test inclusion_proof::individual_range_proof::tests::verification_error_when_commitment_not_same_as_secret_used_for_generation ... ok
[INFO] [stdout] test inclusion_proof::individual_range_proof::tests::verification_error_when_secret_out_of_bounds_with_different_bounds ... ok
[INFO] [stdout] test inclusion_proof::individual_range_proof::tests::verify_works ... ok
[INFO] [stdout] test dapol_tree::tests::inclusion_proofs::generate_inclusion_proof_with_aggregation_factor_works ... ok
[INFO] [stdout] test dapol_tree::tests::inclusion_proofs::generate_inclusion_proof_works ... ok
[INFO] [stdout] test inclusion_proof::tests::generate_works ... ok
[INFO] [stdout] test inclusion_proof::tests::verify_works ... ok
[INFO] [stdout] 
[INFO] [stdout] failures:
[INFO] [stdout] 
[INFO] [stdout] ---- dapol_tree::tests::serde::public_root_data::serde_does_not_change_public_root_data stdout ----
[INFO] [stdout] thread 'dapol_tree::tests::serde::public_root_data::serde_does_not_change_public_root_data' panicked at src/dapol_tree.rs:807:76:
[INFO] [stdout] called `Result::unwrap()` on an `Err` value: SerdeError(FileWriteError(Os { code: 30, kind: ReadOnlyFilesystem, message: "Read-only file system" }))
[INFO] [stdout] stack backtrace:
[INFO] [stdout]    0:     0x62faff80d4fa - std::backtrace_rs::backtrace::libunwind::trace::h207520d6e9873551
[INFO] [stdout]                                at /rustc/df4ca44d3fbc9301ee17f30f4d474e6ae4b05252/library/std/src/../../backtrace/src/backtrace/libunwind.rs:116:5
[INFO] [stdout]    1:     0x62faff80d4fa - std::backtrace_rs::backtrace::trace_unsynchronized::h2ed7433f370e3eca
[INFO] [stdout]                                at /rustc/df4ca44d3fbc9301ee17f30f4d474e6ae4b05252/library/std/src/../../backtrace/src/backtrace/mod.rs:66:5
[INFO] [stdout]    2:     0x62faff80d4fa - std::sys::backtrace::_print_fmt::h916fac51166b18d7
[INFO] [stdout]                                at /rustc/df4ca44d3fbc9301ee17f30f4d474e6ae4b05252/library/std/src/sys/backtrace.rs:66:9
[INFO] [stdout]    3:     0x62faff80d4fa - <std::sys::backtrace::BacktraceLock::print::DisplayBacktrace as core::fmt::Display>::fmt::ha0a4c9b8ce3802e6
[INFO] [stdout]                                at /rustc/df4ca44d3fbc9301ee17f30f4d474e6ae4b05252/library/std/src/sys/backtrace.rs:39:26
[INFO] [stdout]    4:     0x62faff835ca3 - core::fmt::rt::Argument::fmt::h4cfc8587d52b3eb5
[INFO] [stdout]                                at /rustc/df4ca44d3fbc9301ee17f30f4d474e6ae4b05252/library/core/src/fmt/rt.rs:177:76
[INFO] [stdout]    5:     0x62faff835ca3 - core::fmt::write::h522cc39e5b36ae9f
[INFO] [stdout]                                at /rustc/df4ca44d3fbc9301ee17f30f4d474e6ae4b05252/library/core/src/fmt/mod.rs:1190:21
[INFO] [stdout]    6:     0x62faff809b83 - std::io::Write::write_fmt::h7d3c26752da97734
[INFO] [stdout]                                at /rustc/df4ca44d3fbc9301ee17f30f4d474e6ae4b05252/library/std/src/io/mod.rs:1839:15
[INFO] [stdout]    7:     0x62faff80d342 - std::sys::backtrace::BacktraceLock::print::h4b9e00b29e9c0942
[INFO] [stdout]                                at /rustc/df4ca44d3fbc9301ee17f30f4d474e6ae4b05252/library/std/src/sys/backtrace.rs:42:9
[INFO] [stdout]    8:     0x62faff80e98a - std::panicking::default_hook::{{closure}}::hb59b88280d0324d9
[INFO] [stdout]                                at /rustc/df4ca44d3fbc9301ee17f30f4d474e6ae4b05252/library/std/src/panicking.rs:268:22
[INFO] [stdout]    9:     0x62faff80e794 - std::panicking::default_hook::he1dd496665be4a29
[INFO] [stdout]                                at /rustc/df4ca44d3fbc9301ee17f30f4d474e6ae4b05252/library/std/src/panicking.rs:292:9
[INFO] [stdout]   10:     0x62faff629c09 - <alloc::boxed::Box<F,A> as core::ops::function::Fn<Args>>::call::h4ff71de18744e1dc
[INFO] [stdout]                                at /rustc/df4ca44d3fbc9301ee17f30f4d474e6ae4b05252/library/alloc/src/boxed.rs:2468:9
[INFO] [stdout]   11:     0x62faff629c09 - test::test_main::{{closure}}::hcf7c055ce117aa81
[INFO] [stdout]                                at /rustc/df4ca44d3fbc9301ee17f30f4d474e6ae4b05252/library/test/src/lib.rs:133:21
[INFO] [stdout]   12:     0x62faff80f088 - <alloc::boxed::Box<F,A> as core::ops::function::Fn<Args>>::call::h1d66c6bbd60c9692
[INFO] [stdout]                                at /rustc/df4ca44d3fbc9301ee17f30f4d474e6ae4b05252/library/alloc/src/boxed.rs:2468:9
[INFO] [stdout]   13:     0x62faff80f088 - std::panicking::rust_panic_with_hook::h2ff17fe8f26dfcf8
[INFO] [stdout]                                at /rustc/df4ca44d3fbc9301ee17f30f4d474e6ae4b05252/library/std/src/panicking.rs:809:13
[INFO] [stdout]   14:     0x62faff80ee4a - std::panicking::begin_panic_handler::{{closure}}::h4fad77951c07e101
[INFO] [stdout]                                at /rustc/df4ca44d3fbc9301ee17f30f4d474e6ae4b05252/library/std/src/panicking.rs:674:13
[INFO] [stdout]   15:     0x62faff80d9d9 - std::sys::backtrace::__rust_end_short_backtrace::hb1a25b3da5d0ea08
[INFO] [stdout]                                at /rustc/df4ca44d3fbc9301ee17f30f4d474e6ae4b05252/library/std/src/sys/backtrace.rs:170:18
[INFO] [stdout]   16:     0x62faff80eadc - rust_begin_unwind
[INFO] [stdout]                                at /rustc/df4ca44d3fbc9301ee17f30f4d474e6ae4b05252/library/std/src/panicking.rs:665:5
[INFO] [stdout]   17:     0x62faff834310 - core::panicking::panic_fmt::ha9db07b529f9b256
[INFO] [stdout]                                at /rustc/df4ca44d3fbc9301ee17f30f4d474e6ae4b05252/library/core/src/panicking.rs:75:14
[INFO] [stdout]   18:     0x62faff834796 - core::result::unwrap_failed::h5e8218e4d4338b8a
[INFO] [stdout]                                at /rustc/df4ca44d3fbc9301ee17f30f4d474e6ae4b05252/library/core/src/result.rs:1698:5
[INFO] [stdout]   19:     0x62faff3d79c3 - core::result::Result<T,E>::unwrap::he8cf0deef8ccde7b
[INFO] [stdout]                                at /rustc/df4ca44d3fbc9301ee17f30f4d474e6ae4b05252/library/core/src/result.rs:1103:23
[INFO] [stdout]   20:     0x62faff3d79c3 - dapol::dapol_tree::tests::serde::public_root_data::serde_does_not_change_public_root_data::h8615fc6f814d5455
[INFO] [stdout]                                at /opt/rustwide/workdir/src/dapol_tree.rs:807:30
[INFO] [stdout]   21:     0x62faff3d7797 - dapol::dapol_tree::tests::serde::public_root_data::serde_does_not_change_public_root_data::{{closure}}::h9f0d94adb48b49dd
[INFO] [stdout]                                at /opt/rustwide/workdir/src/dapol_tree.rs:800:56
[INFO] [stdout]   22:     0x62faff36b986 - core::ops::function::FnOnce::call_once::h34e65af4457afead
[INFO] [stdout]                                at /rustc/df4ca44d3fbc9301ee17f30f4d474e6ae4b05252/library/core/src/ops/function.rs:250:5
[INFO] [stdout]   23:     0x62faff62e4db - core::ops::function::FnOnce::call_once::h22c3ba5715e93f05
[INFO] [stdout]                                at /rustc/df4ca44d3fbc9301ee17f30f4d474e6ae4b05252/library/core/src/ops/function.rs:250:5
[INFO] [stdout]   24:     0x62faff62e4db - test::__rust_begin_short_backtrace::h8e82d8113d0da17f
[INFO] [stdout]                                at /rustc/df4ca44d3fbc9301ee17f30f4d474e6ae4b05252/library/test/src/lib.rs:621:18
[INFO] [stdout]   25:     0x62faff62de57 - test::run_test_in_process::{{closure}}::h33235f4f20b7b7c7
[INFO] [stdout]                                at /rustc/df4ca44d3fbc9301ee17f30f4d474e6ae4b05252/library/test/src/lib.rs:644:60
[INFO] [stdout]   26:     0x62faff62de57 - <core::panic::unwind_safe::AssertUnwindSafe<F> as core::ops::function::FnOnce<()>>::call_once::hb5043206310c586f
[INFO] [stdout]                                at /rustc/df4ca44d3fbc9301ee17f30f4d474e6ae4b05252/library/core/src/panic/unwind_safe.rs:272:9
[INFO] [stdout]   27:     0x62faff62de57 - std::panicking::try::do_call::h9ad4731a60ab23e2
[INFO] [stdout]                                at /rustc/df4ca44d3fbc9301ee17f30f4d474e6ae4b05252/library/std/src/panicking.rs:557:40
[INFO] [stdout]   28:     0x62faff62de57 - std::panicking::try::h3824d23db772a716
[INFO] [stdout]                                at /rustc/df4ca44d3fbc9301ee17f30f4d474e6ae4b05252/library/std/src/panicking.rs:520:19
[INFO] [stdout]   29:     0x62faff62de57 - std::panic::catch_unwind::h5afd514605fde46b
[INFO] [stdout]                                at /rustc/df4ca44d3fbc9301ee17f30f4d474e6ae4b05252/library/std/src/panic.rs:358:14
[INFO] [stdout]   30:     0x62faff62de57 - test::run_test_in_process::h0d5cbfa7067d1720
[INFO] [stdout]                                at /rustc/df4ca44d3fbc9301ee17f30f4d474e6ae4b05252/library/test/src/lib.rs:644:27
[INFO] [stdout]   31:     0x62faff62de57 - test::run_test::{{closure}}::h708eb8872708115d
[INFO] [stdout]                                at /rustc/df4ca44d3fbc9301ee17f30f4d474e6ae4b05252/library/test/src/lib.rs:565:43
[INFO] [stdout]   32:     0x62faff5f1574 - test::run_test::{{closure}}::h392c51cee94713ab
[INFO] [stdout]                                at /rustc/df4ca44d3fbc9301ee17f30f4d474e6ae4b05252/library/test/src/lib.rs:595:41
[INFO] [stdout]   33:     0x62faff5f1574 - std::sys::backtrace::__rust_begin_short_backtrace::h2f40290710935a8b
[INFO] [stdout]                                at /rustc/df4ca44d3fbc9301ee17f30f4d474e6ae4b05252/library/std/src/sys/backtrace.rs:154:18
[INFO] [stdout]   34:     0x62faff5f4d1e - std::thread::Builder::spawn_unchecked_::{{closure}}::{{closure}}::h3fd968d89053a903
[INFO] [stdout]                                at /rustc/df4ca44d3fbc9301ee17f30f4d474e6ae4b05252/library/std/src/thread/mod.rs:541:17
[INFO] [stdout]   35:     0x62faff5f4d1e - <core::panic::unwind_safe::AssertUnwindSafe<F> as core::ops::function::FnOnce<()>>::call_once::h743f637ba4229880
[INFO] [stdout]                                at /rustc/df4ca44d3fbc9301ee17f30f4d474e6ae4b05252/library/core/src/panic/unwind_safe.rs:272:9
[INFO] [stdout]   36:     0x62faff5f4d1e - std::panicking::try::do_call::h07440897322525a6
[INFO] [stdout]                                at /rustc/df4ca44d3fbc9301ee17f30f4d474e6ae4b05252/library/std/src/panicking.rs:557:40
[INFO] [stdout]   37:     0x62faff5f4d1e - std::panicking::try::he5a2e00188156637
[INFO] [stdout]                                at /rustc/df4ca44d3fbc9301ee17f30f4d474e6ae4b05252/library/std/src/panicking.rs:520:19
[INFO] [stdout]   38:     0x62faff5f4d1e - std::panic::catch_unwind::hbaf3cae49b3c6433
[INFO] [stdout]                                at /rustc/df4ca44d3fbc9301ee17f30f4d474e6ae4b05252/library/std/src/panic.rs:358:14
[INFO] [stdout]   39:     0x62faff5f4d1e - std::thread::Builder::spawn_unchecked_::{{closure}}::h8e141ea224820bce
[INFO] [stdout]                                at /rustc/df4ca44d3fbc9301ee17f30f4d474e6ae4b05252/library/std/src/thread/mod.rs:540:30
[INFO] [stdout]   40:     0x62faff5f4d1e - core::ops::function::FnOnce::call_once{{vtable.shim}}::h90d312fedd7b8ea8
[INFO] [stdout]                                at /rustc/df4ca44d3fbc9301ee17f30f4d474e6ae4b05252/library/core/src/ops/function.rs:250:5
[INFO] [stdout]   41:     0x62faff81331b - <alloc::boxed::Box<F,A> as core::ops::function::FnOnce<Args>>::call_once::h69aa08ddb6adb8b6
[INFO] [stdout]                                at /rustc/df4ca44d3fbc9301ee17f30f4d474e6ae4b05252/library/alloc/src/boxed.rs:2454:9
[INFO] [stdout]   42:     0x62faff81331b - <alloc::boxed::Box<F,A> as core::ops::function::FnOnce<Args>>::call_once::h5aa36efdb79c806f
[INFO] [stdout]                                at /rustc/df4ca44d3fbc9301ee17f30f4d474e6ae4b05252/library/alloc/src/boxed.rs:2454:9
[INFO] [stdout]   43:     0x62faff81331b - std::sys::pal::unix::thread::Thread::new::thread_start::h6cd80a1b4be5158d
[INFO] [stdout]                                at /rustc/df4ca44d3fbc9301ee17f30f4d474e6ae4b05252/library/std/src/sys/pal/unix/thread.rs:105:17
[INFO] [stdout]   44:     0x792898856ac3 - <unknown>
[INFO] [stdout]   45:     0x7928988e7a04 - clone
[INFO] [stdout]   46:                0x0 - <unknown>
[INFO] [stdout] 
[INFO] [stdout] ---- dapol_tree::tests::serde::secret_root_data::serde_does_not_change_secret_root_data stdout ----
[INFO] [stdout] thread 'dapol_tree::tests::serde::secret_root_data::serde_does_not_change_secret_root_data' panicked at src/dapol_tree.rs:848:76:
[INFO] [stdout] called `Result::unwrap()` on an `Err` value: SerdeError(FileWriteError(Os { code: 30, kind: ReadOnlyFilesystem, message: "Read-only file system" }))
[INFO] [stdout] stack backtrace:
[INFO] [stdout]    0:     0x62faff80d4fa - std::backtrace_rs::backtrace::libunwind::trace::h207520d6e9873551
[INFO] [stdout]                                at /rustc/df4ca44d3fbc9301ee17f30f4d474e6ae4b05252/library/std/src/../../backtrace/src/backtrace/libunwind.rs:116:5
[INFO] [stdout]    1:     0x62faff80d4fa - std::backtrace_rs::backtrace::trace_unsynchronized::h2ed7433f370e3eca
[INFO] [stdout]                                at /rustc/df4ca44d3fbc9301ee17f30f4d474e6ae4b05252/library/std/src/../../backtrace/src/backtrace/mod.rs:66:5
[INFO] [stdout]    2:     0x62faff80d4fa - std::sys::backtrace::_print_fmt::h916fac51166b18d7
[INFO] [stdout]                                at /rustc/df4ca44d3fbc9301ee17f30f4d474e6ae4b05252/library/std/src/sys/backtrace.rs:66:9
[INFO] [stdout]    3:     0x62faff80d4fa - <std::sys::backtrace::BacktraceLock::print::DisplayBacktrace as core::fmt::Display>::fmt::ha0a4c9b8ce3802e6
[INFO] [stdout]                                at /rustc/df4ca44d3fbc9301ee17f30f4d474e6ae4b05252/library/std/src/sys/backtrace.rs:39:26
[INFO] [stdout]    4:     0x62faff835ca3 - core::fmt::rt::Argument::fmt::h4cfc8587d52b3eb5
[INFO] [stdout]                                at /rustc/df4ca44d3fbc9301ee17f30f4d474e6ae4b05252/library/core/src/fmt/rt.rs:177:76
[INFO] [stdout]    5:     0x62faff835ca3 - core::fmt::write::h522cc39e5b36ae9f
[INFO] [stdout]                                at /rustc/df4ca44d3fbc9301ee17f30f4d474e6ae4b05252/library/core/src/fmt/mod.rs:1190:21
[INFO] [stdout]    6:     0x62faff809b83 - std::io::Write::write_fmt::h7d3c26752da97734
[INFO] [stdout]                                at /rustc/df4ca44d3fbc9301ee17f30f4d474e6ae4b05252/library/std/src/io/mod.rs:1839:15
[INFO] [stdout]    7:     0x62faff80d342 - std::sys::backtrace::BacktraceLock::print::h4b9e00b29e9c0942
[INFO] [stdout]                                at /rustc/df4ca44d3fbc9301ee17f30f4d474e6ae4b05252/library/std/src/sys/backtrace.rs:42:9
[INFO] [stdout]    8:     0x62faff80e98a - std::panicking::default_hook::{{closure}}::hb59b88280d0324d9
[INFO] [stdout]                                at /rustc/df4ca44d3fbc9301ee17f30f4d474e6ae4b05252/library/std/src/panicking.rs:268:22
[INFO] [stdout]    9:     0x62faff80e794 - std::panicking::default_hook::he1dd496665be4a29
[INFO] [stdout]                                at /rustc/df4ca44d3fbc9301ee17f30f4d474e6ae4b05252/library/std/src/panicking.rs:292:9
[INFO] [stdout]   10:     0x62faff629c09 - <alloc::boxed::Box<F,A> as core::ops::function::Fn<Args>>::call::h4ff71de18744e1dc
[INFO] [stdout]                                at /rustc/df4ca44d3fbc9301ee17f30f4d474e6ae4b05252/library/alloc/src/boxed.rs:2468:9
[INFO] [stdout]   11:     0x62faff629c09 - test::test_main::{{closure}}::hcf7c055ce117aa81
[INFO] [stdout]                                at /rustc/df4ca44d3fbc9301ee17f30f4d474e6ae4b05252/library/test/src/lib.rs:133:21
[INFO] [stdout]   12:     0x62faff80f088 - <alloc::boxed::Box<F,A> as core::ops::function::Fn<Args>>::call::h1d66c6bbd60c9692
[INFO] [stdout]                                at /rustc/df4ca44d3fbc9301ee17f30f4d474e6ae4b05252/library/alloc/src/boxed.rs:2468:9
[INFO] [stdout]   13:     0x62faff80f088 - std::panicking::rust_panic_with_hook::h2ff17fe8f26dfcf8
[INFO] [stdout]                                at /rustc/df4ca44d3fbc9301ee17f30f4d474e6ae4b05252/library/std/src/panicking.rs:809:13
[INFO] [stdout]   14:     0x62faff80ee4a - std::panicking::begin_panic_handler::{{closure}}::h4fad77951c07e101
[INFO] [stdout]                                at /rustc/df4ca44d3fbc9301ee17f30f4d474e6ae4b05252/library/std/src/panicking.rs:674:13
[INFO] [stdout]   15:     0x62faff80d9d9 - std::sys::backtrace::__rust_end_short_backtrace::hb1a25b3da5d0ea08
[INFO] [stdout]                                at /rustc/df4ca44d3fbc9301ee17f30f4d474e6ae4b05252/library/std/src/sys/backtrace.rs:170:18
[INFO] [stdout]   16:     0x62faff80eadc - rust_begin_unwind
[INFO] [stdout]                                at /rustc/df4ca44d3fbc9301ee17f30f4d474e6ae4b05252/library/std/src/panicking.rs:665:5
[INFO] [stdout]   17:     0x62faff834310 - core::panicking::panic_fmt::ha9db07b529f9b256
[INFO] [stdout]                                at /rustc/df4ca44d3fbc9301ee17f30f4d474e6ae4b05252/library/core/src/panicking.rs:75:14
[INFO] [stdout]   18:     0x62faff834796 - core::result::unwrap_failed::h5e8218e4d4338b8a
[INFO] [stdout]                                at /rustc/df4ca44d3fbc9301ee17f30f4d474e6ae4b05252/library/core/src/result.rs:1698:5
[INFO] [stdout]   19:     0x62faff393e23 - core::result::Result<T,E>::unwrap::he8cf0deef8ccde7b
[INFO] [stdout]                                at /rustc/df4ca44d3fbc9301ee17f30f4d474e6ae4b05252/library/core/src/result.rs:1103:23
[INFO] [stdout]   20:     0x62faff393e23 - dapol::dapol_tree::tests::serde::secret_root_data::serde_does_not_change_secret_root_data::hece23cc58f690f30
[INFO] [stdout]                                at /opt/rustwide/workdir/src/dapol_tree.rs:848:30
[INFO] [stdout]   21:     0x62faff393bf7 - dapol::dapol_tree::tests::serde::secret_root_data::serde_does_not_change_secret_root_data::{{closure}}::hf50f4a9f594dc1c0
[INFO] [stdout]                                at /opt/rustwide/workdir/src/dapol_tree.rs:841:56
[INFO] [stdout]   22:     0x62faff36d366 - core::ops::function::FnOnce::call_once::hc0f113d5bc9c3f45
[INFO] [stdout]                                at /rustc/df4ca44d3fbc9301ee17f30f4d474e6ae4b05252/library/core/src/ops/function.rs:250:5
[INFO] [stdout]   23:     0x62faff62e4db - core::ops::function::FnOnce::call_once::h22c3ba5715e93f05
[INFO] [stdout]                                at /rustc/df4ca44d3fbc9301ee17f30f4d474e6ae4b05252/library/core/src/ops/function.rs:250:5
[INFO] [stdout]   24:     0x62faff62e4db - test::__rust_begin_short_backtrace::h8e82d8113d0da17f
[INFO] [stdout]                                at /rustc/df4ca44d3fbc9301ee17f30f4d474e6ae4b05252/library/test/src/lib.rs:621:18
[INFO] [stdout]   25:     0x62faff62de57 - test::run_test_in_process::{{closure}}::h33235f4f20b7b7c7
[INFO] [stdout]                                at /rustc/df4ca44d3fbc9301ee17f30f4d474e6ae4b05252/library/test/src/lib.rs:644:60
[INFO] [stdout]   26:     0x62faff62de57 - <core::panic::unwind_safe::AssertUnwindSafe<F> as core::ops::function::FnOnce<()>>::call_once::hb5043206310c586f
[INFO] [stdout]                                at /rustc/df4ca44d3fbc9301ee17f30f4d474e6ae4b05252/library/core/src/panic/unwind_safe.rs:272:9
[INFO] [stdout]   27:     0x62faff62de57 - std::panicking::try::do_call::h9ad4731a60ab23e2
[INFO] [stdout]                                at /rustc/df4ca44d3fbc9301ee17f30f4d474e6ae4b05252/library/std/src/panicking.rs:557:40
[INFO] [stdout]   28:     0x62faff62de57 - std::panicking::try::h3824d23db772a716
[INFO] [stdout]                                at /rustc/df4ca44d3fbc9301ee17f30f4d474e6ae4b05252/library/std/src/panicking.rs:520:19
[INFO] [stdout]   29:     0x62faff62de57 - std::panic::catch_unwind::h5afd514605fde46b
[INFO] [stdout]                                at /rustc/df4ca44d3fbc9301ee17f30f4d474e6ae4b05252/library/std/src/panic.rs:358:14
[INFO] [stdout]   30:     0x62faff62de57 - test::run_test_in_process::h0d5cbfa7067d1720
[INFO] [stdout]                                at /rustc/df4ca44d3fbc9301ee17f30f4d474e6ae4b05252/library/test/src/lib.rs:644:27
[INFO] [stdout]   31:     0x62faff62de57 - test::run_test::{{closure}}::h708eb8872708115d
[INFO] [stdout]                                at /rustc/df4ca44d3fbc9301ee17f30f4d474e6ae4b05252/library/test/src/lib.rs:565:43
[INFO] [stdout]   32:     0x62faff5f1574 - test::run_test::{{closure}}::h392c51cee94713ab
[INFO] [stdout]                                at /rustc/df4ca44d3fbc9301ee17f30f4d474e6ae4b05252/library/test/src/lib.rs:595:41
[INFO] [stdout]   33:     0x62faff5f1574 - std::sys::backtrace::__rust_begin_short_backtrace::h2f40290710935a8b
[INFO] [stdout]                                at /rustc/df4ca44d3fbc9301ee17f30f4d474e6ae4b05252/library/std/src/sys/backtrace.rs:154:18
[INFO] [stdout]   34:     0x62faff5f4d1e - std::thread::Builder::spawn_unchecked_::{{closure}}::{{closure}}::h3fd968d89053a903
[INFO] [stdout]                                at /rustc/df4ca44d3fbc9301ee17f30f4d474e6ae4b05252/library/std/src/thread/mod.rs:541:17
[INFO] [stdout]   35:     0x62faff5f4d1e - <core::panic::unwind_safe::AssertUnwindSafe<F> as core::ops::function::FnOnce<()>>::call_once::h743f637ba4229880
[INFO] [stdout]                                at /rustc/df4ca44d3fbc9301ee17f30f4d474e6ae4b05252/library/core/src/panic/unwind_safe.rs:272:9
[INFO] [stdout]   36:     0x62faff5f4d1e - std::panicking::try::do_call::h07440897322525a6
[INFO] [stdout]                                at /rustc/df4ca44d3fbc9301ee17f30f4d474e6ae4b05252/library/std/src/panicking.rs:557:40
[INFO] [stdout]   37:     0x62faff5f4d1e - std::panicking::try::he5a2e00188156637
[INFO] [stdout]                                at /rustc/df4ca44d3fbc9301ee17f30f4d474e6ae4b05252/library/std/src/panicking.rs:520:19
[INFO] [stdout]   38:     0x62faff5f4d1e - std::panic::catch_unwind::hbaf3cae49b3c6433
[INFO] [stdout]                                at /rustc/df4ca44d3fbc9301ee17f30f4d474e6ae4b05252/library/std/src/panic.rs:358:14
[INFO] [stdout]   39:     0x62faff5f4d1e - std::thread::Builder::spawn_unchecked_::{{closure}}::h8e141ea224820bce
[INFO] [stdout]                                at /rustc/df4ca44d3fbc9301ee17f30f4d474e6ae4b05252/library/std/src/thread/mod.rs:540:30
[INFO] [stdout]   40:     0x62faff5f4d1e - core::ops::function::FnOnce::call_once{{vtable.shim}}::h90d312fedd7b8ea8
[INFO] [stdout]                                at /rustc/df4ca44d3fbc9301ee17f30f4d474e6ae4b05252/library/core/src/ops/function.rs:250:5
[INFO] [stdout]   41:     0x62faff81331b - <alloc::boxed::Box<F,A> as core::ops::function::FnOnce<Args>>::call_once::h69aa08ddb6adb8b6
[INFO] [stdout]                                at /rustc/df4ca44d3fbc9301ee17f30f4d474e6ae4b05252/library/alloc/src/boxed.rs:2454:9
[INFO] [stdout]   42:     0x62faff81331b - <alloc::boxed::Box<F,A> as core::ops::function::FnOnce<Args>>::call_once::h5aa36efdb79c806f
[INFO] [stdout]                                at /rustc/df4ca44d3fbc9301ee17f30f4d474e6ae4b05252/library/alloc/src/boxed.rs:2454:9
[INFO] [stdout]   43:     0x62faff81331b - std::sys::pal::unix::thread::Thread::new::thread_start::h6cd80a1b4be5158d
[INFO] [stdout]                                at /rustc/df4ca44d3fbc9301ee17f30f4d474e6ae4b05252/library/std/src/sys/pal/unix/thread.rs:105:17
[INFO] [stdout]   44:     0x792898856ac3 - <unknown>
[INFO] [stdout]   45:     0x7928988e7a04 - clone
[INFO] [stdout]   46:                0x0 - <unknown>
[INFO] [stdout] 
[INFO] [stdout] ---- dapol_tree::tests::serde::tree::serde_does_not_change_tree stdout ----
[INFO] [stdout] thread 'dapol_tree::tests::serde::tree::serde_does_not_change_tree' panicked at src/dapol_tree.rs:757:59:
[INFO] [stdout] called `Result::unwrap()` on an `Err` value: SerdeError(FileWriteError(Os { code: 30, kind: ReadOnlyFilesystem, message: "Read-only file system" }))
[INFO] [stdout] stack backtrace:
[INFO] [stdout]    0:     0x62faff80d4fa - std::backtrace_rs::backtrace::libunwind::trace::h207520d6e9873551
[INFO] [stdout]                                at /rustc/df4ca44d3fbc9301ee17f30f4d474e6ae4b05252/library/std/src/../../backtrace/src/backtrace/libunwind.rs:116:5
[INFO] [stdout]    1:     0x62faff80d4fa - std::backtrace_rs::backtrace::trace_unsynchronized::h2ed7433f370e3eca
[INFO] [stdout]                                at /rustc/df4ca44d3fbc9301ee17f30f4d474e6ae4b05252/library/std/src/../../backtrace/src/backtrace/mod.rs:66:5
[INFO] [stdout]    2:     0x62faff80d4fa - std::sys::backtrace::_print_fmt::h916fac51166b18d7
[INFO] [stdout]                                at /rustc/df4ca44d3fbc9301ee17f30f4d474e6ae4b05252/library/std/src/sys/backtrace.rs:66:9
[INFO] [stdout]    3:     0x62faff80d4fa - <std::sys::backtrace::BacktraceLock::print::DisplayBacktrace as core::fmt::Display>::fmt::ha0a4c9b8ce3802e6
[INFO] [stdout]                                at /rustc/df4ca44d3fbc9301ee17f30f4d474e6ae4b05252/library/std/src/sys/backtrace.rs:39:26
[INFO] [stdout]    4:     0x62faff835ca3 - core::fmt::rt::Argument::fmt::h4cfc8587d52b3eb5
[INFO] [stdout]                                at /rustc/df4ca44d3fbc9301ee17f30f4d474e6ae4b05252/library/core/src/fmt/rt.rs:177:76
[INFO] [stdout]    5:     0x62faff835ca3 - core::fmt::write::h522cc39e5b36ae9f
[INFO] [stdout]                                at /rustc/df4ca44d3fbc9301ee17f30f4d474e6ae4b05252/library/core/src/fmt/mod.rs:1190:21
[INFO] [stdout]    6:     0x62faff809b83 - std::io::Write::write_fmt::h7d3c26752da97734
[INFO] [stdout]                                at /rustc/df4ca44d3fbc9301ee17f30f4d474e6ae4b05252/library/std/src/io/mod.rs:1839:15
[INFO] [stdout]    7:     0x62faff80d342 - std::sys::backtrace::BacktraceLock::print::h4b9e00b29e9c0942
[INFO] [stdout]                                at /rustc/df4ca44d3fbc9301ee17f30f4d474e6ae4b05252/library/std/src/sys/backtrace.rs:42:9
[INFO] [stdout]    8:     0x62faff80e98a - std::panicking::default_hook::{{closure}}::hb59b88280d0324d9
[INFO] [stdout]                                at /rustc/df4ca44d3fbc9301ee17f30f4d474e6ae4b05252/library/std/src/panicking.rs:268:22
[INFO] [stdout]    9:     0x62faff80e794 - std::panicking::default_hook::he1dd496665be4a29
[INFO] [stdout]                                at /rustc/df4ca44d3fbc9301ee17f30f4d474e6ae4b05252/library/std/src/panicking.rs:292:9
[INFO] [stdout]   10:     0x62faff629c09 - <alloc::boxed::Box<F,A> as core::ops::function::Fn<Args>>::call::h4ff71de18744e1dc
[INFO] [stdout]                                at /rustc/df4ca44d3fbc9301ee17f30f4d474e6ae4b05252/library/alloc/src/boxed.rs:2468:9
[INFO] [stdout]   11:     0x62faff629c09 - test::test_main::{{closure}}::hcf7c055ce117aa81
[INFO] [stdout]                                at /rustc/df4ca44d3fbc9301ee17f30f4d474e6ae4b05252/library/test/src/lib.rs:133:21
[INFO] [stdout]   12:     0x62faff80f088 - <alloc::boxed::Box<F,A> as core::ops::function::Fn<Args>>::call::h1d66c6bbd60c9692
[INFO] [stdout]                                at /rustc/df4ca44d3fbc9301ee17f30f4d474e6ae4b05252/library/alloc/src/boxed.rs:2468:9
[INFO] [stdout]   13:     0x62faff80f088 - std::panicking::rust_panic_with_hook::h2ff17fe8f26dfcf8
[INFO] [stdout]                                at /rustc/df4ca44d3fbc9301ee17f30f4d474e6ae4b05252/library/std/src/panicking.rs:809:13
[INFO] [stdout]   14:     0x62faff80ee4a - std::panicking::begin_panic_handler::{{closure}}::h4fad77951c07e101
[INFO] [stdout]                                at /rustc/df4ca44d3fbc9301ee17f30f4d474e6ae4b05252/library/std/src/panicking.rs:674:13
[INFO] [stdout]   15:     0x62faff80d9d9 - std::sys::backtrace::__rust_end_short_backtrace::hb1a25b3da5d0ea08
[INFO] [stdout]                                at /rustc/df4ca44d3fbc9301ee17f30f4d474e6ae4b05252/library/std/src/sys/backtrace.rs:170:18
[INFO] [stdout]   16:     0x62faff80eadc - rust_begin_unwind
[INFO] [stdout]                                at /rustc/df4ca44d3fbc9301ee17f30f4d474e6ae4b05252/library/std/src/panicking.rs:665:5
[INFO] [stdout]   17:     0x62faff834310 - core::panicking::panic_fmt::ha9db07b529f9b256
[INFO] [stdout]                                at /rustc/df4ca44d3fbc9301ee17f30f4d474e6ae4b05252/library/core/src/panicking.rs:75:14
[INFO] [stdout]   18:     0x62faff834796 - core::result::unwrap_failed::h5e8218e4d4338b8a
[INFO] [stdout]                                at /rustc/df4ca44d3fbc9301ee17f30f4d474e6ae4b05252/library/core/src/result.rs:1698:5
[INFO] [stdout]   19:     0x62faff3792a7 - core::result::Result<T,E>::unwrap::he8cf0deef8ccde7b
[INFO] [stdout]                                at /rustc/df4ca44d3fbc9301ee17f30f4d474e6ae4b05252/library/core/src/result.rs:1103:23
[INFO] [stdout]   20:     0x62faff3792a7 - dapol::dapol_tree::tests::serde::tree::serde_does_not_change_tree::h73931c5aa30d8943
[INFO] [stdout]                                at /opt/rustwide/workdir/src/dapol_tree.rs:757:30
[INFO] [stdout]   21:     0x62faff379067 - dapol::dapol_tree::tests::serde::tree::serde_does_not_change_tree::{{closure}}::hbc2ba90129a8efef
[INFO] [stdout]                                at /opt/rustwide/workdir/src/dapol_tree.rs:751:44
[INFO] [stdout]   22:     0x62faff36e0a6 - core::ops::function::FnOnce::call_once::hfd4149dadc31d5b2
[INFO] [stdout]                                at /rustc/df4ca44d3fbc9301ee17f30f4d474e6ae4b05252/library/core/src/ops/function.rs:250:5
[INFO] [stdout]   23:     0x62faff62e4db - core::ops::function::FnOnce::call_once::h22c3ba5715e93f05
[INFO] [stdout]                                at /rustc/df4ca44d3fbc9301ee17f30f4d474e6ae4b05252/library/core/src/ops/function.rs:250:5
[INFO] [stdout]   24:     0x62faff62e4db - test::__rust_begin_short_backtrace::h8e82d8113d0da17f
[INFO] [stdout]                                at /rustc/df4ca44d3fbc9301ee17f30f4d474e6ae4b05252/library/test/src/lib.rs:621:18
[INFO] [stdout]   25:     0x62faff62de57 - test::run_test_in_process::{{closure}}::h33235f4f20b7b7c7
[INFO] [stdout]                                at /rustc/df4ca44d3fbc9301ee17f30f4d474e6ae4b05252/library/test/src/lib.rs:644:60
[INFO] [stdout]   26:     0x62faff62de57 - <core::panic::unwind_safe::AssertUnwindSafe<F> as core::ops::function::FnOnce<()>>::call_once::hb5043206310c586f
[INFO] [stdout]                                at /rustc/df4ca44d3fbc9301ee17f30f4d474e6ae4b05252/library/core/src/panic/unwind_safe.rs:272:9
[INFO] [stdout]   27:     0x62faff62de57 - std::panicking::try::do_call::h9ad4731a60ab23e2
[INFO] [stdout]                                at /rustc/df4ca44d3fbc9301ee17f30f4d474e6ae4b05252/library/std/src/panicking.rs:557:40
[INFO] [stdout]   28:     0x62faff62de57 - std::panicking::try::h3824d23db772a716
[INFO] [stdout]                                at /rustc/df4ca44d3fbc9301ee17f30f4d474e6ae4b05252/library/std/src/panicking.rs:520:19
[INFO] [stdout]   29:     0x62faff62de57 - std::panic::catch_unwind::h5afd514605fde46b
[INFO] [stdout]                                at /rustc/df4ca44d3fbc9301ee17f30f4d474e6ae4b05252/library/std/src/panic.rs:358:14
[INFO] [stdout]   30:     0x62faff62de57 - test::run_test_in_process::h0d5cbfa7067d1720
[INFO] [stdout]                                at /rustc/df4ca44d3fbc9301ee17f30f4d474e6ae4b05252/library/test/src/lib.rs:644:27
[INFO] [stdout]   31:     0x62faff62de57 - test::run_test::{{closure}}::h708eb8872708115d
[INFO] [stdout]                                at /rustc/df4ca44d3fbc9301ee17f30f4d474e6ae4b05252/library/test/src/lib.rs:565:43
[INFO] [stdout]   32:     0x62faff5f1574 - test::run_test::{{closure}}::h392c51cee94713ab
[INFO] [stdout]                                at /rustc/df4ca44d3fbc9301ee17f30f4d474e6ae4b05252/library/test/src/lib.rs:595:41
[INFO] [stdout]   33:     0x62faff5f1574 - std::sys::backtrace::__rust_begin_short_backtrace::h2f40290710935a8b
[INFO] [stdout]                                at /rustc/df4ca44d3fbc9301ee17f30f4d474e6ae4b05252/library/std/src/sys/backtrace.rs:154:18
[INFO] [stdout]   34:     0x62faff5f4d1e - std::thread::Builder::spawn_unchecked_::{{closure}}::{{closure}}::h3fd968d89053a903
[INFO] [stdout]                                at /rustc/df4ca44d3fbc9301ee17f30f4d474e6ae4b05252/library/std/src/thread/mod.rs:541:17
[INFO] [stdout]   35:     0x62faff5f4d1e - <core::panic::unwind_safe::AssertUnwindSafe<F> as core::ops::function::FnOnce<()>>::call_once::h743f637ba4229880
[INFO] [stdout]                                at /rustc/df4ca44d3fbc9301ee17f30f4d474e6ae4b05252/library/core/src/panic/unwind_safe.rs:272:9
[INFO] [stdout]   36:     0x62faff5f4d1e - std::panicking::try::do_call::h07440897322525a6
[INFO] [stdout]                                at /rustc/df4ca44d3fbc9301ee17f30f4d474e6ae4b05252/library/std/src/panicking.rs:557:40
[INFO] [stdout]   37:     0x62faff5f4d1e - std::panicking::try::he5a2e00188156637
[INFO] [stdout]                                at /rustc/df4ca44d3fbc9301ee17f30f4d474e6ae4b05252/library/std/src/panicking.rs:520:19
[INFO] [stdout]   38:     0x62faff5f4d1e - std::panic::catch_unwind::hbaf3cae49b3c6433
[INFO] [stdout]                                at /rustc/df4ca44d3fbc9301ee17f30f4d474e6ae4b05252/library/std/src/panic.rs:358:14
[INFO] [stdout]   39:     0x62faff5f4d1e - std::thread::Builder::spawn_unchecked_::{{closure}}::h8e141ea224820bce
[INFO] [stdout]                                at /rustc/df4ca44d3fbc9301ee17f30f4d474e6ae4b05252/library/std/src/thread/mod.rs:540:30
[INFO] [stdout]   40:     0x62faff5f4d1e - core::ops::function::FnOnce::call_once{{vtable.shim}}::h90d312fedd7b8ea8
[INFO] [stdout]                                at /rustc/df4ca44d3fbc9301ee17f30f4d474e6ae4b05252/library/core/src/ops/function.rs:250:5
[INFO] [stdout]   41:     0x62faff81331b - <alloc::boxed::Box<F,A> as core::ops::function::FnOnce<Args>>::call_once::h69aa08ddb6adb8b6
[INFO] [stdout]                                at /rustc/df4ca44d3fbc9301ee17f30f4d474e6ae4b05252/library/alloc/src/boxed.rs:2454:9
[INFO] [stdout]   42:     0x62faff81331b - <alloc::boxed::Box<F,A> as core::ops::function::FnOnce<Args>>::call_once::h5aa36efdb79c806f
[INFO] [stdout]                                at /rustc/df4ca44d3fbc9301ee17f30f4d474e6ae4b05252/library/alloc/src/boxed.rs:2454:9
[INFO] [stdout]   43:     0x62faff81331b - std::sys::pal::unix::thread::Thread::new::thread_start::h6cd80a1b4be5158d
[INFO] [stdout]                                at /rustc/df4ca44d3fbc9301ee17f30f4d474e6ae4b05252/library/std/src/sys/pal/unix/thread.rs:105:17
[INFO] [stdout]   44:     0x792898856ac3 - <unknown>
[INFO] [stdout]   45:     0x7928988e7a04 - clone
[INFO] [stdout]   46:                0x0 - <unknown>
[INFO] [stdout] 
[INFO] [stdout] 
[INFO] [stdout] failures:
[INFO] [stdout]     dapol_tree::tests::serde::public_root_data::serde_does_not_change_public_root_data
[INFO] [stdout]     dapol_tree::tests::serde::secret_root_data::serde_does_not_change_secret_root_data
[INFO] [stdout]     dapol_tree::tests::serde::tree::serde_does_not_change_tree
[INFO] [stdout] 
[INFO] [stdout] test result: FAILED. 131 passed; 3 failed; 0 ignored; 0 measured; 0 filtered out; finished in 40.97s
[INFO] [stdout] 
[INFO] [stderr] error: test failed, to rerun pass `--lib`
[INFO] running `Command { std: "docker" "inspect" "6afc713b5da7ae9fd272c72c8a619ab45d3840a23518b6158c676abc1652a050", kill_on_drop: false }`
[INFO] running `Command { std: "docker" "rm" "-f" "6afc713b5da7ae9fd272c72c8a619ab45d3840a23518b6158c676abc1652a050", kill_on_drop: false }`
[INFO] [stdout] 6afc713b5da7ae9fd272c72c8a619ab45d3840a23518b6158c676abc1652a050
