[INFO] fetching crate dangerous 0.10.0...
[INFO] testing dangerous-0.10.0 against nightly-2024-10-28+rustflags=-Zrandomize-layout for randomize-layout
[INFO] extracting crate dangerous 0.10.0 into /workspace/builds/worker-1-tc2/source
[INFO] validating manifest of crates.io crate dangerous 0.10.0 on toolchain nightly-2024-10-28
[INFO] running `Command { std: CARGO_HOME="/workspace/cargo-home" RUSTUP_HOME="/workspace/rustup-home" "/workspace/cargo-home/bin/cargo" "+nightly-2024-10-28" "metadata" "--manifest-path" "Cargo.toml" "--no-deps", kill_on_drop: false }`
[INFO] started tweaking crates.io crate dangerous 0.10.0
[INFO] removed 0 missing examples
[INFO] removed 0 missing tests
[INFO] finished tweaking crates.io crate dangerous 0.10.0
[INFO] tweaked toml for crates.io crate dangerous 0.10.0 written to /workspace/builds/worker-1-tc2/source/Cargo.toml
[INFO] crate crates.io crate dangerous 0.10.0 already has a lockfile, it will not be regenerated
[INFO] running `Command { std: CARGO_HOME="/workspace/cargo-home" RUSTUP_HOME="/workspace/rustup-home" "/workspace/cargo-home/bin/cargo" "+nightly-2024-10-28" "fetch" "--manifest-path" "Cargo.toml", kill_on_drop: false }`
[INFO] running `Command { std: "docker" "create" "-v" "/var/lib/crater-agent-workspace/builds/worker-1-tc2/target:/opt/rustwide/target:rw,Z" "-v" "/var/lib/crater-agent-workspace/builds/worker-1-tc2/source:/opt/rustwide/workdir:ro,Z" "-v" "/var/lib/crater-agent-workspace/cargo-home:/opt/rustwide/cargo-home:ro,Z" "-v" "/var/lib/crater-agent-workspace/rustup-home:/opt/rustwide/rustup-home:ro,Z" "-e" "SOURCE_DIR=/opt/rustwide/workdir" "-e" "CARGO_TARGET_DIR=/opt/rustwide/target" "-e" "CARGO_HOME=/opt/rustwide/cargo-home" "-e" "RUSTUP_HOME=/opt/rustwide/rustup-home" "-w" "/opt/rustwide/workdir" "-m" "1610612736" "--user" "0:0" "--network" "none" "ghcr.io/rust-lang/crates-build-env/linux@sha256:4a844ea9eb2546a2d2c7022eacef16ef2e8229c7fbb2c7d4d55a9ceca922f72d" "/opt/rustwide/cargo-home/bin/cargo" "+nightly-2024-10-28" "metadata" "--no-deps" "--format-version=1", kill_on_drop: false }`
[INFO] [stdout] 3bd66ee227fb720b7ba8a0a177e8fda02f10a24112c9cc3022fe3b6445da954a
[INFO] running `Command { std: "docker" "start" "-a" "3bd66ee227fb720b7ba8a0a177e8fda02f10a24112c9cc3022fe3b6445da954a", kill_on_drop: false }`
[INFO] running `Command { std: "docker" "inspect" "3bd66ee227fb720b7ba8a0a177e8fda02f10a24112c9cc3022fe3b6445da954a", kill_on_drop: false }`
[INFO] running `Command { std: "docker" "rm" "-f" "3bd66ee227fb720b7ba8a0a177e8fda02f10a24112c9cc3022fe3b6445da954a", kill_on_drop: false }`
[INFO] [stdout] 3bd66ee227fb720b7ba8a0a177e8fda02f10a24112c9cc3022fe3b6445da954a
[INFO] running `Command { std: "docker" "create" "-v" "/var/lib/crater-agent-workspace/builds/worker-1-tc2/target:/opt/rustwide/target:rw,Z" "-v" "/var/lib/crater-agent-workspace/builds/worker-1-tc2/source:/opt/rustwide/workdir:ro,Z" "-v" "/var/lib/crater-agent-workspace/cargo-home:/opt/rustwide/cargo-home:ro,Z" "-v" "/var/lib/crater-agent-workspace/rustup-home:/opt/rustwide/rustup-home:ro,Z" "-e" "SOURCE_DIR=/opt/rustwide/workdir" "-e" "CARGO_TARGET_DIR=/opt/rustwide/target" "-e" "CARGO_INCREMENTAL=0" "-e" "RUST_BACKTRACE=full" "-e" "RUSTFLAGS=--cap-lints=forbid -Zrandomize-layout" "-e" "RUSTDOCFLAGS=--cap-lints=forbid" "-e" "CARGO_HOME=/opt/rustwide/cargo-home" "-e" "RUSTUP_HOME=/opt/rustwide/rustup-home" "-w" "/opt/rustwide/workdir" "-m" "1610612736" "--user" "0:0" "--network" "none" "ghcr.io/rust-lang/crates-build-env/linux@sha256:4a844ea9eb2546a2d2c7022eacef16ef2e8229c7fbb2c7d4d55a9ceca922f72d" "/opt/rustwide/cargo-home/bin/cargo" "+nightly-2024-10-28" "build" "--frozen" "--message-format=json", kill_on_drop: false }`
[INFO] [stdout] 32d24a7eca6c9e964289c9464ab188e539bdf14963a1f481a5c861efbc6551b9
[INFO] running `Command { std: "docker" "start" "-a" "32d24a7eca6c9e964289c9464ab188e539bdf14963a1f481a5c861efbc6551b9", kill_on_drop: false }`
[INFO] [stderr]    Compiling memchr v2.4.0
[INFO] [stderr]    Compiling bytecount v0.6.2
[INFO] [stderr]    Compiling unicode-width v0.1.8
[INFO] [stderr]    Compiling dangerous v0.10.0 (/opt/rustwide/workdir)
[INFO] [stderr]     Finished `dev` profile [unoptimized + debuginfo] target(s) in 1.66s
[INFO] running `Command { std: "docker" "inspect" "32d24a7eca6c9e964289c9464ab188e539bdf14963a1f481a5c861efbc6551b9", kill_on_drop: false }`
[INFO] running `Command { std: "docker" "rm" "-f" "32d24a7eca6c9e964289c9464ab188e539bdf14963a1f481a5c861efbc6551b9", kill_on_drop: false }`
[INFO] [stdout] 32d24a7eca6c9e964289c9464ab188e539bdf14963a1f481a5c861efbc6551b9
[INFO] running `Command { std: "docker" "create" "-v" "/var/lib/crater-agent-workspace/builds/worker-1-tc2/target:/opt/rustwide/target:rw,Z" "-v" "/var/lib/crater-agent-workspace/builds/worker-1-tc2/source:/opt/rustwide/workdir:ro,Z" "-v" "/var/lib/crater-agent-workspace/cargo-home:/opt/rustwide/cargo-home:ro,Z" "-v" "/var/lib/crater-agent-workspace/rustup-home:/opt/rustwide/rustup-home:ro,Z" "-e" "SOURCE_DIR=/opt/rustwide/workdir" "-e" "CARGO_TARGET_DIR=/opt/rustwide/target" "-e" "CARGO_INCREMENTAL=0" "-e" "RUST_BACKTRACE=full" "-e" "RUSTFLAGS=--cap-lints=forbid -Zrandomize-layout" "-e" "RUSTDOCFLAGS=--cap-lints=forbid" "-e" "CARGO_HOME=/opt/rustwide/cargo-home" "-e" "RUSTUP_HOME=/opt/rustwide/rustup-home" "-w" "/opt/rustwide/workdir" "-m" "1610612736" "--user" "0:0" "--network" "none" "ghcr.io/rust-lang/crates-build-env/linux@sha256:4a844ea9eb2546a2d2c7022eacef16ef2e8229c7fbb2c7d4d55a9ceca922f72d" "/opt/rustwide/cargo-home/bin/cargo" "+nightly-2024-10-28" "test" "--frozen" "--no-run" "--message-format=json", kill_on_drop: false }`
[INFO] [stdout] 407de3e2c3db463b66c677964dd1cd179b85c494ccfc7a10543a7c1351343ae7
[INFO] running `Command { std: "docker" "start" "-a" "407de3e2c3db463b66c677964dd1cd179b85c494ccfc7a10543a7c1351343ae7", kill_on_drop: false }`
[INFO] [stderr]    Compiling proc-macro2 v1.0.24
[INFO] [stderr]    Compiling radium v0.5.3
[INFO] [stderr]    Compiling unicode-xid v0.2.1
[INFO] [stderr]    Compiling syn v1.0.64
[INFO] [stderr]    Compiling version_check v0.9.3
[INFO] [stderr]    Compiling funty v1.1.0
[INFO] [stderr]    Compiling wyz v0.2.0
[INFO] [stderr]    Compiling tap v1.0.1
[INFO] [stderr]    Compiling either v1.6.1
[INFO] [stderr]    Compiling anyhow v1.0.39
[INFO] [stderr]    Compiling ansi_term v0.11.0
[INFO] [stderr]    Compiling unindent v0.1.7
[INFO] [stderr]    Compiling difference v2.0.0
[INFO] [stderr]    Compiling aliasable v0.1.3
[INFO] [stderr]    Compiling paste v1.0.5
[INFO] [stderr]    Compiling itertools v0.7.11
[INFO] [stderr]    Compiling indoc v1.0.3
[INFO] [stderr]    Compiling nom v6.1.2
[INFO] [stderr]    Compiling bitvec v0.19.5
[INFO] [stderr]    Compiling colored-diff v0.2.2
[INFO] [stderr]    Compiling quote v1.0.9
[INFO] [stderr]    Compiling zc-derive v0.4.0
[INFO] [stderr]    Compiling zc v0.4.0
[INFO] [stderr]    Compiling imap-proto v0.14.0
[INFO] [stderr]    Compiling dangerous v0.10.0 (/opt/rustwide/workdir)
[INFO] [stdout] warning: unused import: `indoc::indoc`
[INFO] [stdout]  --> tests/common.rs:4:9
[INFO] [stdout]   |
[INFO] [stdout] 4 | pub use indoc::indoc;
[INFO] [stdout]   |         ^^^^^^^^^^^^
[INFO] [stdout]   |
[INFO] [stdout]   = note: `#[warn(unused_imports)]` on by default
[INFO] [stdout] 
[INFO] [stdout] 
[INFO] [stdout] warning: unused import: `paste::paste`
[INFO] [stdout]  --> tests/common.rs:5:9
[INFO] [stdout]   |
[INFO] [stdout] 5 | pub use paste::paste;
[INFO] [stdout]   |         ^^^^^^^^^^^^
[INFO] [stdout] 
[INFO] [stdout] 
[INFO] [stdout] warning: unused import: `error::*`
[INFO] [stdout]  --> tests/common.rs:3:21
[INFO] [stdout]   |
[INFO] [stdout] 3 | pub use dangerous::{error::*, *};
[INFO] [stdout]   |                     ^^^^^^^^
[INFO] [stdout]   |
[INFO] [stdout]   = note: `#[warn(unused_imports)]` on by default
[INFO] [stdout] 
[INFO] [stdout] 
[INFO] [stdout] warning: unused import: `indoc::indoc`
[INFO] [stdout]  --> tests/common.rs:4:9
[INFO] [stdout]   |
[INFO] [stdout] 4 | pub use indoc::indoc;
[INFO] [stdout]   |         ^^^^^^^^^^^^
[INFO] [stdout] 
[INFO] [stdout] 
[INFO] [stdout] warning: unused import: `paste::paste`
[INFO] [stdout]  --> tests/common.rs:5:9
[INFO] [stdout]   |
[INFO] [stdout] 5 | pub use paste::paste;
[INFO] [stdout]   |         ^^^^^^^^^^^^
[INFO] [stdout] 
[INFO] [stdout] 
[INFO] [stdout] warning: unused import: `indoc::indoc`
[INFO] [stdout]  --> tests/common.rs:4:9
[INFO] [stdout]   |
[INFO] [stdout] 4 | pub use indoc::indoc;
[INFO] [stdout]   |         ^^^^^^^^^^^^
[INFO] [stdout]   |
[INFO] [stdout]   = note: `#[warn(unused_imports)]` on by default
[INFO] [stdout] 
[INFO] [stdout] 
[INFO] [stdout] warning: unused import: `paste::paste`
[INFO] [stdout]  --> tests/common.rs:5:9
[INFO] [stdout]   |
[INFO] [stdout] 5 | pub use paste::paste;
[INFO] [stdout]   |         ^^^^^^^^^^^^
[INFO] [stdout] 
[INFO] [stdout] 
[INFO] [stdout] warning: unused import: `paste::paste`
[INFO] [stdout]  --> tests/common.rs:5:9
[INFO] [stdout]   |
[INFO] [stdout] 5 | pub use paste::paste;
[INFO] [stdout]   |         ^^^^^^^^^^^^
[INFO] [stdout]   |
[INFO] [stdout]   = note: `#[warn(unused_imports)]` on by default
[INFO] [stdout] 
[INFO] [stdout] 
[INFO] [stdout] warning: unused import: `paste::paste`
[INFO] [stdout]  --> tests/common.rs:5:9
[INFO] [stdout]   |
[INFO] [stdout] 5 | pub use paste::paste;
[INFO] [stdout]   |         ^^^^^^^^^^^^
[INFO] [stdout]   |
[INFO] [stdout]   = note: `#[warn(unused_imports)]` on by default
[INFO] [stdout] 
[INFO] [stdout] 
[INFO] [stdout] warning: unused import: `error::*`
[INFO] [stdout]  --> tests/common.rs:3:21
[INFO] [stdout]   |
[INFO] [stdout] 3 | pub use dangerous::{error::*, *};
[INFO] [stdout]   |                     ^^^^^^^^
[INFO] [stdout]   |
[INFO] [stdout]   = note: `#[warn(unused_imports)]` on by default
[INFO] [stdout] 
[INFO] [stdout] 
[INFO] [stdout] warning: unused import: `indoc::indoc`
[INFO] [stdout]  --> tests/common.rs:4:9
[INFO] [stdout]   |
[INFO] [stdout] 4 | pub use indoc::indoc;
[INFO] [stdout]   |         ^^^^^^^^^^^^
[INFO] [stdout] 
[INFO] [stdout] 
[INFO] [stdout] warning: unused import: `paste::paste`
[INFO] [stdout]  --> tests/common.rs:5:9
[INFO] [stdout]   |
[INFO] [stdout] 5 | pub use paste::paste;
[INFO] [stdout]   |         ^^^^^^^^^^^^
[INFO] [stdout] 
[INFO] [stdout] 
[INFO] [stdout] warning: unused import: `paste::paste`
[INFO] [stdout]  --> tests/common.rs:5:9
[INFO] [stdout]   |
[INFO] [stdout] 5 | pub use paste::paste;
[INFO] [stdout]   |         ^^^^^^^^^^^^
[INFO] [stdout]   |
[INFO] [stdout]   = note: `#[warn(unused_imports)]` on by default
[INFO] [stdout] 
[INFO] [stdout] 
[INFO] [stdout] warning: unused import: `indoc::indoc`
[INFO] [stdout]  --> tests/common.rs:4:9
[INFO] [stdout]   |
[INFO] [stdout] 4 | pub use indoc::indoc;
[INFO] [stdout]   |         ^^^^^^^^^^^^
[INFO] [stdout]   |
[INFO] [stdout]   = note: `#[warn(unused_imports)]` on by default
[INFO] [stdout] 
[INFO] [stdout] 
[INFO] [stdout] warning: unused import: `paste::paste`
[INFO] [stdout]  --> tests/common.rs:5:9
[INFO] [stdout]   |
[INFO] [stdout] 5 | pub use paste::paste;
[INFO] [stdout]   |         ^^^^^^^^^^^^
[INFO] [stdout] 
[INFO] [stdout] 
[INFO] [stdout] warning: field `0` is never read
[INFO] [stdout]   --> examples/json.rs:26:10
[INFO] [stdout]    |
[INFO] [stdout] 26 |     Bool(bool),
[INFO] [stdout]    |     ---- ^^^^
[INFO] [stdout]    |     |
[INFO] [stdout]    |     field in this variant
[INFO] [stdout]    |
[INFO] [stdout]    = note: `Value` has a derived impl for the trait `Debug`, but this is intentionally ignored during dead code analysis
[INFO] [stdout]    = note: `#[warn(dead_code)]` on by default
[INFO] [stdout] help: consider changing the field to be of unit type to suppress this warning while preserving the field numbering, or remove the field
[INFO] [stdout]    |
[INFO] [stdout] 26 |     Bool(()),
[INFO] [stdout]    |          ~~
[INFO] [stdout] 
[INFO] [stdout] 
[INFO] [stdout] warning: field `0` is never read
[INFO] [stdout]   --> examples/json.rs:27:9
[INFO] [stdout]    |
[INFO] [stdout] 27 |     Str(&'a str),
[INFO] [stdout]    |     --- ^^^^^^^
[INFO] [stdout]    |     |
[INFO] [stdout]    |     field in this variant
[INFO] [stdout]    |
[INFO] [stdout]    = note: `Value` has a derived impl for the trait `Debug`, but this is intentionally ignored during dead code analysis
[INFO] [stdout] help: consider changing the field to be of unit type to suppress this warning while preserving the field numbering, or remove the field
[INFO] [stdout]    |
[INFO] [stdout] 27 |     Str(()),
[INFO] [stdout]    |         ~~
[INFO] [stdout] 
[INFO] [stdout] 
[INFO] [stdout] warning: field `0` is never read
[INFO] [stdout]   --> examples/json.rs:28:12
[INFO] [stdout]    |
[INFO] [stdout] 28 |     Number(f64),
[INFO] [stdout]    |     ------ ^^^
[INFO] [stdout]    |     |
[INFO] [stdout]    |     field in this variant
[INFO] [stdout]    |
[INFO] [stdout]    = note: `Value` has a derived impl for the trait `Debug`, but this is intentionally ignored during dead code analysis
[INFO] [stdout] help: consider changing the field to be of unit type to suppress this warning while preserving the field numbering, or remove the field
[INFO] [stdout]    |
[INFO] [stdout] 28 |     Number(()),
[INFO] [stdout]    |            ~~
[INFO] [stdout] 
[INFO] [stdout] 
[INFO] [stdout] warning: field `0` is never read
[INFO] [stdout]   --> examples/json.rs:29:11
[INFO] [stdout]    |
[INFO] [stdout] 29 |     Array(Vec<Value<'a>>),
[INFO] [stdout]    |     ----- ^^^^^^^^^^^^^^
[INFO] [stdout]    |     |
[INFO] [stdout]    |     field in this variant
[INFO] [stdout]    |
[INFO] [stdout]    = note: `Value` has a derived impl for the trait `Debug`, but this is intentionally ignored during dead code analysis
[INFO] [stdout] help: consider changing the field to be of unit type to suppress this warning while preserving the field numbering, or remove the field
[INFO] [stdout]    |
[INFO] [stdout] 29 |     Array(()),
[INFO] [stdout]    |           ~~
[INFO] [stdout] 
[INFO] [stdout] 
[INFO] [stdout] warning: field `0` is never read
[INFO] [stdout]   --> examples/json.rs:30:12
[INFO] [stdout]    |
[INFO] [stdout] 30 |     Object(Vec<(&'a str, Value<'a>)>),
[INFO] [stdout]    |     ------ ^^^^^^^^^^^^^^^^^^^^^^^^^
[INFO] [stdout]    |     |
[INFO] [stdout]    |     field in this variant
[INFO] [stdout]    |
[INFO] [stdout]    = note: `Value` has a derived impl for the trait `Debug`, but this is intentionally ignored during dead code analysis
[INFO] [stdout] help: consider changing the field to be of unit type to suppress this warning while preserving the field numbering, or remove the field
[INFO] [stdout]    |
[INFO] [stdout] 30 |     Object(()),
[INFO] [stdout]    |            ~~
[INFO] [stdout] 
[INFO] [stdout] 
[INFO] [stdout] warning: field `0` is never read
[INFO] [stdout]   --> examples/external.rs:18:23
[INFO] [stdout]    |
[INFO] [stdout] 18 | pub struct Custom<'i>(&'i str);
[INFO] [stdout]    |            ------     ^^^^^^^
[INFO] [stdout]    |            |
[INFO] [stdout]    |            field in this struct
[INFO] [stdout]    |
[INFO] [stdout]    = help: consider removing this field
[INFO] [stdout]    = note: `Custom` has a derived impl for the trait `Debug`, but this is intentionally ignored during dead code analysis
[INFO] [stdout]    = note: `#[warn(dead_code)]` on by default
[INFO] [stdout] 
[INFO] [stdout] 
[INFO] [stderr]     Finished `test` profile [unoptimized + debuginfo] target(s) in 9.48s
[INFO] [stderr] warning: the following packages contain code that will be rejected by a future version of Rust: nom v6.1.2
[INFO] [stderr] note: to see what the problems were, use the option `--future-incompat-report`, or run `cargo report future-incompatibilities --id 1`
[INFO] running `Command { std: "docker" "inspect" "407de3e2c3db463b66c677964dd1cd179b85c494ccfc7a10543a7c1351343ae7", kill_on_drop: false }`
[INFO] running `Command { std: "docker" "rm" "-f" "407de3e2c3db463b66c677964dd1cd179b85c494ccfc7a10543a7c1351343ae7", kill_on_drop: false }`
[INFO] [stdout] 407de3e2c3db463b66c677964dd1cd179b85c494ccfc7a10543a7c1351343ae7
[INFO] running `Command { std: "docker" "create" "-v" "/var/lib/crater-agent-workspace/builds/worker-1-tc2/target:/opt/rustwide/target:rw,Z" "-v" "/var/lib/crater-agent-workspace/builds/worker-1-tc2/source:/opt/rustwide/workdir:ro,Z" "-v" "/var/lib/crater-agent-workspace/cargo-home:/opt/rustwide/cargo-home:ro,Z" "-v" "/var/lib/crater-agent-workspace/rustup-home:/opt/rustwide/rustup-home:ro,Z" "-e" "SOURCE_DIR=/opt/rustwide/workdir" "-e" "CARGO_TARGET_DIR=/opt/rustwide/target" "-e" "CARGO_INCREMENTAL=0" "-e" "RUST_BACKTRACE=full" "-e" "RUSTFLAGS=--cap-lints=forbid -Zrandomize-layout" "-e" "RUSTDOCFLAGS=--cap-lints=forbid" "-e" "CARGO_HOME=/opt/rustwide/cargo-home" "-e" "RUSTUP_HOME=/opt/rustwide/rustup-home" "-w" "/opt/rustwide/workdir" "-m" "1610612736" "--user" "0:0" "--network" "none" "ghcr.io/rust-lang/crates-build-env/linux@sha256:4a844ea9eb2546a2d2c7022eacef16ef2e8229c7fbb2c7d4d55a9ceca922f72d" "/opt/rustwide/cargo-home/bin/cargo" "+nightly-2024-10-28" "test" "--frozen", kill_on_drop: false }`
[INFO] [stdout] e881ea7b8b07a71136f11a8470e26417117b32d6a305724aa9a1525a70687a0a
[INFO] running `Command { std: "docker" "start" "-a" "e881ea7b8b07a71136f11a8470e26417117b32d6a305724aa9a1525a70687a0a", kill_on_drop: false }`
[INFO] [stderr] warning: field `0` is never read
[INFO] [stderr]   --> examples/external.rs:18:23
[INFO] [stderr]    |
[INFO] [stderr] 18 | pub struct Custom<'i>(&'i str);
[INFO] [stderr]    |            ------     ^^^^^^^
[INFO] [stderr]    |            |
[INFO] [stderr]    |            field in this struct
[INFO] [stderr]    |
[INFO] [stderr]    = help: consider removing this field
[INFO] [stderr]    = note: `Custom` has a derived impl for the trait `Debug`, but this is intentionally ignored during dead code analysis
[INFO] [stderr]    = note: `#[warn(dead_code)]` on by default
[INFO] [stderr] 
[INFO] [stderr] warning: unused import: `indoc::indoc`
[INFO] [stderr]  --> tests/common.rs:4:9
[INFO] [stderr]   |
[INFO] [stderr] 4 | pub use indoc::indoc;
[INFO] [stderr]   |         ^^^^^^^^^^^^
[INFO] [stderr]   |
[INFO] [stderr]   = note: `#[warn(unused_imports)]` on by default
[INFO] [stderr] 
[INFO] [stderr] warning: unused import: `paste::paste`
[INFO] [stderr]  --> tests/common.rs:5:9
[INFO] [stderr]   |
[INFO] [stderr] 5 | pub use paste::paste;
[INFO] [stderr]   |         ^^^^^^^^^^^^
[INFO] [stderr] 
[INFO] [stderr] warning: unused import: `paste::paste`
[INFO] [stderr]  --> tests/common.rs:5:9
[INFO] [stderr]   |
[INFO] [stderr] 5 | pub use paste::paste;
[INFO] [stderr]   |         ^^^^^^^^^^^^
[INFO] [stderr]   |
[INFO] [stderr]   = note: `#[warn(unused_imports)]` on by default
[INFO] [stderr] 
[INFO] [stderr] warning: unused import: `error::*`
[INFO] [stderr]  --> tests/common.rs:3:21
[INFO] [stderr]   |
[INFO] [stderr] 3 | pub use dangerous::{error::*, *};
[INFO] [stderr]   |                     ^^^^^^^^
[INFO] [stderr]   |
[INFO] [stderr]   = note: `#[warn(unused_imports)]` on by default
[INFO] [stderr] 
[INFO] [stderr] warning: unused import: `indoc::indoc`
[INFO] [stderr]  --> tests/common.rs:4:9
[INFO] [stderr]   |
[INFO] [stderr] 4 | pub use indoc::indoc;
[INFO] [stderr]   |         ^^^^^^^^^^^^
[INFO] [stderr] 
[INFO] [stderr] warning: field `0` is never read
[INFO] [stderr]   --> examples/json.rs:26:10
[INFO] [stderr]    |
[INFO] [stderr] 26 |     Bool(bool),
[INFO] [stderr]    |     ---- ^^^^
[INFO] [stderr]    |     |
[INFO] [stderr]    |     field in this variant
[INFO] [stderr]    |
[INFO] [stderr]    = note: `Value` has a derived impl for the trait `Debug`, but this is intentionally ignored during dead code analysis
[INFO] [stderr]    = note: `#[warn(dead_code)]` on by default
[INFO] [stderr] help: consider changing the field to be of unit type to suppress this warning while preserving the field numbering, or remove the field
[INFO] [stderr]    |
[INFO] [stderr] 26 |     Bool(()),
[INFO] [stderr]    |          ~~
[INFO] [stderr] 
[INFO] [stderr] warning: field `0` is never read
[INFO] [stderr]   --> examples/json.rs:27:9
[INFO] [stderr]    |
[INFO] [stderr] 27 |     Str(&'a str),
[INFO] [stderr]    |     --- ^^^^^^^
[INFO] [stderr]    |     |
[INFO] [stderr]    |     field in this variant
[INFO] [stderr]    |
[INFO] [stderr]    = note: `Value` has a derived impl for the trait `Debug`, but this is intentionally ignored during dead code analysis
[INFO] [stderr] help: consider changing the field to be of unit type to suppress this warning while preserving the field numbering, or remove the field
[INFO] [stderr]    |
[INFO] [stderr] 27 |     Str(()),
[INFO] [stderr]    |         ~~
[INFO] [stderr] 
[INFO] [stderr] warning: field `0` is never read
[INFO] [stderr]   --> examples/json.rs:28:12
[INFO] [stderr]    |
[INFO] [stderr] 28 |     Number(f64),
[INFO] [stderr]    |     ------ ^^^
[INFO] [stderr]    |     |
[INFO] [stderr]    |     field in this variant
[INFO] [stderr]    |
[INFO] [stderr]    = note: `Value` has a derived impl for the trait `Debug`, but this is intentionally ignored during dead code analysis
[INFO] [stderr] help: consider changing the field to be of unit type to suppress this warning while preserving the field numbering, or remove the field
[INFO] [stderr]    |
[INFO] [stderr] 28 |     Number(()),
[INFO] [stderr]    |            ~~
[INFO] [stderr] 
[INFO] [stderr] warning: field `0` is never read
[INFO] [stderr]   --> examples/json.rs:29:11
[INFO] [stderr]    |
[INFO] [stderr] 29 |     Array(Vec<Value<'a>>),
[INFO] [stderr]    |     ----- ^^^^^^^^^^^^^^
[INFO] [stderr]    |     |
[INFO] [stderr]    |     field in this variant
[INFO] [stderr]    |
[INFO] [stderr]    = note: `Value` has a derived impl for the trait `Debug`, but this is intentionally ignored during dead code analysis
[INFO] [stderr] help: consider changing the field to be of unit type to suppress this warning while preserving the field numbering, or remove the field
[INFO] [stderr]    |
[INFO] [stderr] 29 |     Array(()),
[INFO] [stderr]    |           ~~
[INFO] [stderr] 
[INFO] [stderr] warning: field `0` is never read
[INFO] [stderr]   --> examples/json.rs:30:12
[INFO] [stderr]    |
[INFO] [stderr] 30 |     Object(Vec<(&'a str, Value<'a>)>),
[INFO] [stderr]    |     ------ ^^^^^^^^^^^^^^^^^^^^^^^^^
[INFO] [stderr]    |     |
[INFO] [stderr]    |     field in this variant
[INFO] [stderr]    |
[INFO] [stderr]    = note: `Value` has a derived impl for the trait `Debug`, but this is intentionally ignored during dead code analysis
[INFO] [stderr] help: consider changing the field to be of unit type to suppress this warning while preserving the field numbering, or remove the field
[INFO] [stderr]    |
[INFO] [stderr] 30 |     Object(()),
[INFO] [stderr]    |            ~~
[INFO] [stderr] 
[INFO] [stderr] warning: `dangerous` (example "external") generated 1 warning
[INFO] [stderr] warning: `dangerous` (test "test_reader") generated 2 warnings (run `cargo fix --test "test_reader"` to apply 2 suggestions)
[INFO] [stderr] warning: `dangerous` (test "test_errors") generated 1 warning (run `cargo fix --test "test_errors"` to apply 1 suggestion)
[INFO] [stderr] warning: `dangerous` (test "test_pattern") generated 3 warnings (1 duplicate) (run `cargo fix --test "test_pattern"` to apply 2 suggestions)
[INFO] [stderr] warning: `dangerous` (test "test_input") generated 2 warnings (2 duplicates)
[INFO] [stderr] warning: `dangerous` (test "test_display") generated 2 warnings (2 duplicates)
[INFO] [stderr] warning: `dangerous` (test "test_reader_string") generated 1 warning (1 duplicate)
[INFO] [stderr] warning: `dangerous` (example "json") generated 5 warnings
[INFO] [stderr] warning: `dangerous` (test "test_reader_bytes") generated 1 warning (1 duplicate)
[INFO] [stderr] warning: `dangerous` (test "test_span") generated 3 warnings (3 duplicates)
[INFO] [stderr]     Finished `test` profile [unoptimized + debuginfo] target(s) in 0.03s
[INFO] [stderr] warning: the following packages contain code that will be rejected by a future version of Rust: nom v6.1.2
[INFO] [stderr] note: to see what the problems were, use the option `--future-incompat-report`, or run `cargo report future-incompatibilities --id 1`
[INFO] [stderr]      Running unittests src/lib.rs (/opt/rustwide/target/debug/deps/dangerous-73c28d66c9df901f)
[INFO] [stdout] 
[INFO] [stdout] running 30 tests
[INFO] [stdout] test display::section::tests::test_computed_head_str_min_width ... ok
[INFO] [stdout] test display::section::tests::test_computed_head_str_min_width_bad_utf8 ... ok
[INFO] [stdout] test display::section::tests::test_computed_head_str_over_min_width_bad_utf8 ... ok
[INFO] [stdout] test display::section::tests::test_computed_head_str_short_bad_utf8 ... ok
[INFO] [stdout] test display::section::tests::test_computed_head_str_short_non_ascii ... ok
[INFO] [stdout] test display::section::tests::test_computed_head_str_short_non_ascii_bad_utf8 ... ok
[INFO] [stdout] test display::section::tests::test_computed_head_str_single ... ok
[INFO] [stdout] test display::section::tests::test_computed_head_tail_str_min_width ... ok
[INFO] [stdout] test display::section::tests::test_computed_head_tail_str_min_width_bad_utf8 ... ok
[INFO] [stdout] test display::section::tests::test_computed_head_tail_str_over_min_width_bad_utf8 ... ok
[INFO] [stdout] test display::section::tests::test_computed_head_tail_str_non_ascii_bad_utf8 ... ok
[INFO] [stdout] test display::section::tests::test_computed_head_tail_str_short_non_ascii ... ok
[INFO] [stdout] test display::section::tests::test_computed_head_tail_str_single ... ok
[INFO] [stdout] test display::section::tests::test_computed_span_bytes_last ... ok
[INFO] [stdout] test display::section::tests::test_computed_span_str_last ... ok
[INFO] [stdout] test display::section::tests::test_computed_span_str_last_bad_utf8 ... ok
[INFO] [stdout] test display::section::tests::test_computed_span_str_long_head ... ok
[INFO] [stdout] test display::section::tests::test_computed_span_str_long_middle ... ok
[INFO] [stdout] test display::section::tests::test_computed_tail_str_min_width ... ok
[INFO] [stdout] test display::section::tests::test_computed_tail_str_min_width_bad_utf8 ... ok
[INFO] [stdout] test display::section::tests::test_computed_span_str_long_tail ... ok
[INFO] [stdout] test display::section::tests::test_computed_tail_str_over_min_width_bad_utf8 ... ok
[INFO] [stdout] test util::utf8::tests::test_char_iter ... ok
[INFO] [stdout] test util::utf8::tests::test_first_codepoint ... ok
[INFO] [stdout] test display::section::tests::test_computed_tail_str_short_non_ascii_bad_utf8 ... ok
[INFO] [stdout] test display::section::tests::test_computed_span_str_over_min_tail ... ok
[INFO] [stdout] test display::section::tests::test_computed_tail_str_short_non_ascii ... ok
[INFO] [stdout] test util::utf8::tests::test_last_codepoint ... ok
[INFO] [stdout] test display::section::tests::test_computed_tail_str_single ... ok
[INFO] [stdout] test error::expected::tests::test_expected_size ... FAILED
[INFO] [stdout] 
[INFO] [stdout] failures:
[INFO] [stdout] 
[INFO] [stdout] ---- error::expected::tests::test_expected_size stdout ----
[INFO] [stdout] thread 'error::expected::tests::test_expected_size' panicked at src/error/expected/mod.rs:275:9:
[INFO] [stdout] assertion `left == right` failed
[INFO] [stdout]   left: 208
[INFO] [stdout]  right: 216
[INFO] [stdout] stack backtrace:
[INFO] [stdout]    0:     0x603c65182afa - std::backtrace_rs::backtrace::libunwind::trace::h207520d6e9873551
[INFO] [stdout]                                at /rustc/df4ca44d3fbc9301ee17f30f4d474e6ae4b05252/library/std/src/../../backtrace/src/backtrace/libunwind.rs:116:5
[INFO] [stdout]    1:     0x603c65182afa - std::backtrace_rs::backtrace::trace_unsynchronized::h2ed7433f370e3eca
[INFO] [stdout]                                at /rustc/df4ca44d3fbc9301ee17f30f4d474e6ae4b05252/library/std/src/../../backtrace/src/backtrace/mod.rs:66:5
[INFO] [stdout]    2:     0x603c65182afa - std::sys::backtrace::_print_fmt::h916fac51166b18d7
[INFO] [stdout]                                at /rustc/df4ca44d3fbc9301ee17f30f4d474e6ae4b05252/library/std/src/sys/backtrace.rs:66:9
[INFO] [stdout]    3:     0x603c65182afa - <std::sys::backtrace::BacktraceLock::print::DisplayBacktrace as core::fmt::Display>::fmt::ha0a4c9b8ce3802e6
[INFO] [stdout]                                at /rustc/df4ca44d3fbc9301ee17f30f4d474e6ae4b05252/library/std/src/sys/backtrace.rs:39:26
[INFO] [stdout]    4:     0x603c651a8fd3 - core::fmt::rt::Argument::fmt::h4cfc8587d52b3eb5
[INFO] [stdout]                                at /rustc/df4ca44d3fbc9301ee17f30f4d474e6ae4b05252/library/core/src/fmt/rt.rs:177:76
[INFO] [stdout]    5:     0x603c651a8fd3 - core::fmt::write::h522cc39e5b36ae9f
[INFO] [stdout]                                at /rustc/df4ca44d3fbc9301ee17f30f4d474e6ae4b05252/library/core/src/fmt/mod.rs:1190:21
[INFO] [stdout]    6:     0x603c6517f763 - std::io::Write::write_fmt::h7d3c26752da97734
[INFO] [stdout]                                at /rustc/df4ca44d3fbc9301ee17f30f4d474e6ae4b05252/library/std/src/io/mod.rs:1839:15
[INFO] [stdout]    7:     0x603c65182942 - std::sys::backtrace::BacktraceLock::print::h4b9e00b29e9c0942
[INFO] [stdout]                                at /rustc/df4ca44d3fbc9301ee17f30f4d474e6ae4b05252/library/std/src/sys/backtrace.rs:42:9
[INFO] [stdout]    8:     0x603c65183f8a - std::panicking::default_hook::{{closure}}::hb59b88280d0324d9
[INFO] [stdout]                                at /rustc/df4ca44d3fbc9301ee17f30f4d474e6ae4b05252/library/std/src/panicking.rs:268:22
[INFO] [stdout]    9:     0x603c65183d94 - std::panicking::default_hook::he1dd496665be4a29
[INFO] [stdout]                                at /rustc/df4ca44d3fbc9301ee17f30f4d474e6ae4b05252/library/std/src/panicking.rs:292:9
[INFO] [stdout]   10:     0x603c6514db89 - <alloc::boxed::Box<F,A> as core::ops::function::Fn<Args>>::call::h4ff71de18744e1dc
[INFO] [stdout]                                at /rustc/df4ca44d3fbc9301ee17f30f4d474e6ae4b05252/library/alloc/src/boxed.rs:2468:9
[INFO] [stdout]   11:     0x603c6514db89 - test::test_main::{{closure}}::hcf7c055ce117aa81
[INFO] [stdout]                                at /rustc/df4ca44d3fbc9301ee17f30f4d474e6ae4b05252/library/test/src/lib.rs:133:21
[INFO] [stdout]   12:     0x603c65184688 - <alloc::boxed::Box<F,A> as core::ops::function::Fn<Args>>::call::h1d66c6bbd60c9692
[INFO] [stdout]                                at /rustc/df4ca44d3fbc9301ee17f30f4d474e6ae4b05252/library/alloc/src/boxed.rs:2468:9
[INFO] [stdout]   13:     0x603c65184688 - std::panicking::rust_panic_with_hook::h2ff17fe8f26dfcf8
[INFO] [stdout]                                at /rustc/df4ca44d3fbc9301ee17f30f4d474e6ae4b05252/library/std/src/panicking.rs:809:13
[INFO] [stdout]   14:     0x603c6518444a - std::panicking::begin_panic_handler::{{closure}}::h4fad77951c07e101
[INFO] [stdout]                                at /rustc/df4ca44d3fbc9301ee17f30f4d474e6ae4b05252/library/std/src/panicking.rs:674:13
[INFO] [stdout]   15:     0x603c65182fd9 - std::sys::backtrace::__rust_end_short_backtrace::hb1a25b3da5d0ea08
[INFO] [stdout]                                at /rustc/df4ca44d3fbc9301ee17f30f4d474e6ae4b05252/library/std/src/sys/backtrace.rs:170:18
[INFO] [stdout]   16:     0x603c651840dc - rust_begin_unwind
[INFO] [stdout]                                at /rustc/df4ca44d3fbc9301ee17f30f4d474e6ae4b05252/library/std/src/panicking.rs:665:5
[INFO] [stdout]   17:     0x603c651a7a70 - core::panicking::panic_fmt::ha9db07b529f9b256
[INFO] [stdout]                                at /rustc/df4ca44d3fbc9301ee17f30f4d474e6ae4b05252/library/core/src/panicking.rs:75:14
[INFO] [stdout]   18:     0x603c651a7d9b - core::panicking::assert_failed_inner::h04f38944d74a80a8
[INFO] [stdout]   19:     0x603c651139c8 - core::panicking::assert_failed::h7791e5b8c26b1e3f
[INFO] [stdout]                                at /rustc/df4ca44d3fbc9301ee17f30f4d474e6ae4b05252/library/core/src/panicking.rs:377:5
[INFO] [stdout]   20:     0x603c651133b2 - dangerous::error::expected::tests::test_expected_size::ha2832e18306c5d9c
[INFO] [stdout]                                at /opt/rustwide/workdir/src/error/expected/mod.rs:275:9
[INFO] [stdout]   21:     0x603c65113337 - dangerous::error::expected::tests::test_expected_size::{{closure}}::h575689b3fefa1187
[INFO] [stdout]                                at /opt/rustwide/workdir/src/error/expected/mod.rs:273:28
[INFO] [stdout]   22:     0x603c650fe786 - core::ops::function::FnOnce::call_once::hf4add6747db2d172
[INFO] [stdout]                                at /rustc/df4ca44d3fbc9301ee17f30f4d474e6ae4b05252/library/core/src/ops/function.rs:250:5
[INFO] [stdout]   23:     0x603c6515245b - core::ops::function::FnOnce::call_once::h22c3ba5715e93f05
[INFO] [stdout]                                at /rustc/df4ca44d3fbc9301ee17f30f4d474e6ae4b05252/library/core/src/ops/function.rs:250:5
[INFO] [stdout]   24:     0x603c6515245b - test::__rust_begin_short_backtrace::h8e82d8113d0da17f
[INFO] [stdout]                                at /rustc/df4ca44d3fbc9301ee17f30f4d474e6ae4b05252/library/test/src/lib.rs:621:18
[INFO] [stdout]   25:     0x603c65151dd7 - test::run_test_in_process::{{closure}}::h33235f4f20b7b7c7
[INFO] [stdout]                                at /rustc/df4ca44d3fbc9301ee17f30f4d474e6ae4b05252/library/test/src/lib.rs:644:60
[INFO] [stdout]   26:     0x603c65151dd7 - <core::panic::unwind_safe::AssertUnwindSafe<F> as core::ops::function::FnOnce<()>>::call_once::hb5043206310c586f
[INFO] [stdout]                                at /rustc/df4ca44d3fbc9301ee17f30f4d474e6ae4b05252/library/core/src/panic/unwind_safe.rs:272:9
[INFO] [stdout]   27:     0x603c65151dd7 - std::panicking::try::do_call::h9ad4731a60ab23e2
[INFO] [stdout]                                at /rustc/df4ca44d3fbc9301ee17f30f4d474e6ae4b05252/library/std/src/panicking.rs:557:40
[INFO] [stdout]   28:     0x603c65151dd7 - std::panicking::try::h3824d23db772a716
[INFO] [stdout]                                at /rustc/df4ca44d3fbc9301ee17f30f4d474e6ae4b05252/library/std/src/panicking.rs:520:19
[INFO] [stdout]   29:     0x603c65151dd7 - std::panic::catch_unwind::h5afd514605fde46b
[INFO] [stdout]                                at /rustc/df4ca44d3fbc9301ee17f30f4d474e6ae4b05252/library/std/src/panic.rs:358:14
[INFO] [stdout]   30:     0x603c65151dd7 - test::run_test_in_process::h0d5cbfa7067d1720
[INFO] [stdout]                                at /rustc/df4ca44d3fbc9301ee17f30f4d474e6ae4b05252/library/test/src/lib.rs:644:27
[INFO] [stdout]   31:     0x603c65151dd7 - test::run_test::{{closure}}::h708eb8872708115d
[INFO] [stdout]                                at /rustc/df4ca44d3fbc9301ee17f30f4d474e6ae4b05252/library/test/src/lib.rs:565:43
[INFO] [stdout]   32:     0x603c651154f4 - test::run_test::{{closure}}::h392c51cee94713ab
[INFO] [stdout]                                at /rustc/df4ca44d3fbc9301ee17f30f4d474e6ae4b05252/library/test/src/lib.rs:595:41
[INFO] [stdout]   33:     0x603c651154f4 - std::sys::backtrace::__rust_begin_short_backtrace::h2f40290710935a8b
[INFO] [stdout]                                at /rustc/df4ca44d3fbc9301ee17f30f4d474e6ae4b05252/library/std/src/sys/backtrace.rs:154:18
[INFO] [stdout]   34:     0x603c65118c9e - std::thread::Builder::spawn_unchecked_::{{closure}}::{{closure}}::h3fd968d89053a903
[INFO] [stdout]                                at /rustc/df4ca44d3fbc9301ee17f30f4d474e6ae4b05252/library/std/src/thread/mod.rs:541:17
[INFO] [stdout]   35:     0x603c65118c9e - <core::panic::unwind_safe::AssertUnwindSafe<F> as core::ops::function::FnOnce<()>>::call_once::h743f637ba4229880
[INFO] [stdout]                                at /rustc/df4ca44d3fbc9301ee17f30f4d474e6ae4b05252/library/core/src/panic/unwind_safe.rs:272:9
[INFO] [stdout]   36:     0x603c65118c9e - std::panicking::try::do_call::h07440897322525a6
[INFO] [stdout]                                at /rustc/df4ca44d3fbc9301ee17f30f4d474e6ae4b05252/library/std/src/panicking.rs:557:40
[INFO] [stdout]   37:     0x603c65118c9e - std::panicking::try::he5a2e00188156637
[INFO] [stdout]                                at /rustc/df4ca44d3fbc9301ee17f30f4d474e6ae4b05252/library/std/src/panicking.rs:520:19
[INFO] [stdout]   38:     0x603c65118c9e - std::panic::catch_unwind::hbaf3cae49b3c6433
[INFO] [stdout]                                at /rustc/df4ca44d3fbc9301ee17f30f4d474e6ae4b05252/library/std/src/panic.rs:358:14
[INFO] [stdout]   39:     0x603c65118c9e - std::thread::Builder::spawn_unchecked_::{{closure}}::h8e141ea224820bce
[INFO] [stdout]                                at /rustc/df4ca44d3fbc9301ee17f30f4d474e6ae4b05252/library/std/src/thread/mod.rs:540:30
[INFO] [stdout]   40:     0x603c65118c9e - core::ops::function::FnOnce::call_once{{vtable.shim}}::h90d312fedd7b8ea8
[INFO] [stdout]                                at /rustc/df4ca44d3fbc9301ee17f30f4d474e6ae4b05252/library/core/src/ops/function.rs:250:5
[INFO] [stdout]   41:     0x603c6518847b - <alloc::boxed::Box<F,A> as core::ops::function::FnOnce<Args>>::call_once::h69aa08ddb6adb8b6
[INFO] [stdout]                                at /rustc/df4ca44d3fbc9301ee17f30f4d474e6ae4b05252/library/alloc/src/boxed.rs:2454:9
[INFO] [stdout]   42:     0x603c6518847b - <alloc::boxed::Box<F,A> as core::ops::function::FnOnce<Args>>::call_once::h5aa36efdb79c806f
[INFO] [stdout]                                at /rustc/df4ca44d3fbc9301ee17f30f4d474e6ae4b05252/library/alloc/src/boxed.rs:2454:9
[INFO] [stdout]   43:     0x603c6518847b - std::sys::pal::unix::thread::Thread::new::thread_start::h6cd80a1b4be5158d
[INFO] [stdout]                                at /rustc/df4ca44d3fbc9301ee17f30f4d474e6ae4b05252/library/std/src/sys/pal/unix/thread.rs:105:17
[INFO] [stdout]   44:     0x72c9003eeac3 - <unknown>
[INFO] [stdout]   45:     0x72c90047fa04 - clone
[INFO] [stdout]   46:                0x0 - <unknown>
[INFO] [stdout] 
[INFO] [stdout] 
[INFO] [stdout] failures:
[INFO] [stdout]     error::expected::tests::test_expected_size
[INFO] [stdout] 
[INFO] [stdout] test result: FAILED. 29 passed; 1 failed; 0 ignored; 0 measured; 0 filtered out; finished in 0.01s
[INFO] [stdout] 
[INFO] [stderr] error: test failed, to rerun pass `--lib`
[INFO] running `Command { std: "docker" "inspect" "e881ea7b8b07a71136f11a8470e26417117b32d6a305724aa9a1525a70687a0a", kill_on_drop: false }`
[INFO] running `Command { std: "docker" "rm" "-f" "e881ea7b8b07a71136f11a8470e26417117b32d6a305724aa9a1525a70687a0a", kill_on_drop: false }`
[INFO] [stdout] e881ea7b8b07a71136f11a8470e26417117b32d6a305724aa9a1525a70687a0a
