[INFO] fetching crate dahlia 2.0.0...
[INFO] testing dahlia-2.0.0 against nightly-2024-10-28+rustflags=-Zrandomize-layout for randomize-layout
[INFO] extracting crate dahlia 2.0.0 into /workspace/builds/worker-3-tc2/source
[INFO] validating manifest of crates.io crate dahlia 2.0.0 on toolchain nightly-2024-10-28
[INFO] running `Command { std: CARGO_HOME="/workspace/cargo-home" RUSTUP_HOME="/workspace/rustup-home" "/workspace/cargo-home/bin/cargo" "+nightly-2024-10-28" "metadata" "--manifest-path" "Cargo.toml" "--no-deps", kill_on_drop: false }`
[INFO] started tweaking crates.io crate dahlia 2.0.0
[INFO] finished tweaking crates.io crate dahlia 2.0.0
[INFO] tweaked toml for crates.io crate dahlia 2.0.0 written to /workspace/builds/worker-3-tc2/source/Cargo.toml
[INFO] running `Command { std: CARGO_HOME="/workspace/cargo-home" RUSTUP_HOME="/workspace/rustup-home" "/workspace/cargo-home/bin/cargo" "+nightly-2024-10-28" "generate-lockfile" "--manifest-path" "Cargo.toml", kill_on_drop: false }`
[INFO] [stderr]     Updating crates.io index
[INFO] [stderr]      Locking 7 packages to latest compatible versions
[INFO] running `Command { std: CARGO_HOME="/workspace/cargo-home" RUSTUP_HOME="/workspace/rustup-home" "/workspace/cargo-home/bin/cargo" "+nightly-2024-10-28" "fetch" "--manifest-path" "Cargo.toml", kill_on_drop: false }`
[INFO] running `Command { std: "docker" "create" "-v" "/var/lib/crater-agent-workspace/builds/worker-3-tc2/target:/opt/rustwide/target:rw,Z" "-v" "/var/lib/crater-agent-workspace/builds/worker-3-tc2/source:/opt/rustwide/workdir:ro,Z" "-v" "/var/lib/crater-agent-workspace/cargo-home:/opt/rustwide/cargo-home:ro,Z" "-v" "/var/lib/crater-agent-workspace/rustup-home:/opt/rustwide/rustup-home:ro,Z" "-e" "SOURCE_DIR=/opt/rustwide/workdir" "-e" "CARGO_TARGET_DIR=/opt/rustwide/target" "-e" "CARGO_HOME=/opt/rustwide/cargo-home" "-e" "RUSTUP_HOME=/opt/rustwide/rustup-home" "-w" "/opt/rustwide/workdir" "-m" "1610612736" "--user" "0:0" "--network" "none" "ghcr.io/rust-lang/crates-build-env/linux@sha256:4a844ea9eb2546a2d2c7022eacef16ef2e8229c7fbb2c7d4d55a9ceca922f72d" "/opt/rustwide/cargo-home/bin/cargo" "+nightly-2024-10-28" "metadata" "--no-deps" "--format-version=1", kill_on_drop: false }`
[INFO] [stdout] 1af47aff0d5a4e4f0aa84e11b816c4984f628e5429f0d38a74ca8a48ef6e7992
[INFO] running `Command { std: "docker" "start" "-a" "1af47aff0d5a4e4f0aa84e11b816c4984f628e5429f0d38a74ca8a48ef6e7992", kill_on_drop: false }`
[INFO] running `Command { std: "docker" "inspect" "1af47aff0d5a4e4f0aa84e11b816c4984f628e5429f0d38a74ca8a48ef6e7992", kill_on_drop: false }`
[INFO] running `Command { std: "docker" "rm" "-f" "1af47aff0d5a4e4f0aa84e11b816c4984f628e5429f0d38a74ca8a48ef6e7992", kill_on_drop: false }`
[INFO] [stdout] 1af47aff0d5a4e4f0aa84e11b816c4984f628e5429f0d38a74ca8a48ef6e7992
[INFO] running `Command { std: "docker" "create" "-v" "/var/lib/crater-agent-workspace/builds/worker-3-tc2/target:/opt/rustwide/target:rw,Z" "-v" "/var/lib/crater-agent-workspace/builds/worker-3-tc2/source:/opt/rustwide/workdir:ro,Z" "-v" "/var/lib/crater-agent-workspace/cargo-home:/opt/rustwide/cargo-home:ro,Z" "-v" "/var/lib/crater-agent-workspace/rustup-home:/opt/rustwide/rustup-home:ro,Z" "-e" "SOURCE_DIR=/opt/rustwide/workdir" "-e" "CARGO_TARGET_DIR=/opt/rustwide/target" "-e" "CARGO_INCREMENTAL=0" "-e" "RUST_BACKTRACE=full" "-e" "RUSTFLAGS=--cap-lints=forbid -Zrandomize-layout" "-e" "RUSTDOCFLAGS=--cap-lints=forbid" "-e" "CARGO_HOME=/opt/rustwide/cargo-home" "-e" "RUSTUP_HOME=/opt/rustwide/rustup-home" "-w" "/opt/rustwide/workdir" "-m" "1610612736" "--user" "0:0" "--network" "none" "ghcr.io/rust-lang/crates-build-env/linux@sha256:4a844ea9eb2546a2d2c7022eacef16ef2e8229c7fbb2c7d4d55a9ceca922f72d" "/opt/rustwide/cargo-home/bin/cargo" "+nightly-2024-10-28" "build" "--frozen" "--message-format=json", kill_on_drop: false }`
[INFO] [stdout] 887a90f993c755d8bd48d7e49b3e91bb958ae5802b378ed33a563f9b4e7c642b
[INFO] running `Command { std: "docker" "start" "-a" "887a90f993c755d8bd48d7e49b3e91bb958ae5802b378ed33a563f9b4e7c642b", kill_on_drop: false }`
[INFO] [stderr]    Compiling regex-syntax v0.8.5
[INFO] [stderr]    Compiling regex-automata v0.4.8
[INFO] [stderr]    Compiling regex v1.11.1
[INFO] [stderr]    Compiling dahlia v2.0.0 (/opt/rustwide/workdir)
[INFO] [stderr]     Finished `dev` profile [unoptimized + debuginfo] target(s) in 3.45s
[INFO] running `Command { std: "docker" "inspect" "887a90f993c755d8bd48d7e49b3e91bb958ae5802b378ed33a563f9b4e7c642b", kill_on_drop: false }`
[INFO] running `Command { std: "docker" "rm" "-f" "887a90f993c755d8bd48d7e49b3e91bb958ae5802b378ed33a563f9b4e7c642b", kill_on_drop: false }`
[INFO] [stdout] 887a90f993c755d8bd48d7e49b3e91bb958ae5802b378ed33a563f9b4e7c642b
[INFO] running `Command { std: "docker" "create" "-v" "/var/lib/crater-agent-workspace/builds/worker-3-tc2/target:/opt/rustwide/target:rw,Z" "-v" "/var/lib/crater-agent-workspace/builds/worker-3-tc2/source:/opt/rustwide/workdir:ro,Z" "-v" "/var/lib/crater-agent-workspace/cargo-home:/opt/rustwide/cargo-home:ro,Z" "-v" "/var/lib/crater-agent-workspace/rustup-home:/opt/rustwide/rustup-home:ro,Z" "-e" "SOURCE_DIR=/opt/rustwide/workdir" "-e" "CARGO_TARGET_DIR=/opt/rustwide/target" "-e" "CARGO_INCREMENTAL=0" "-e" "RUST_BACKTRACE=full" "-e" "RUSTFLAGS=--cap-lints=forbid -Zrandomize-layout" "-e" "RUSTDOCFLAGS=--cap-lints=forbid" "-e" "CARGO_HOME=/opt/rustwide/cargo-home" "-e" "RUSTUP_HOME=/opt/rustwide/rustup-home" "-w" "/opt/rustwide/workdir" "-m" "1610612736" "--user" "0:0" "--network" "none" "ghcr.io/rust-lang/crates-build-env/linux@sha256:4a844ea9eb2546a2d2c7022eacef16ef2e8229c7fbb2c7d4d55a9ceca922f72d" "/opt/rustwide/cargo-home/bin/cargo" "+nightly-2024-10-28" "test" "--frozen" "--no-run" "--message-format=json", kill_on_drop: false }`
[INFO] [stdout] 739f53d7c1c0935a2ffe8c1fda06dd777533e1884d0b4beb96b894eedcf1be35
[INFO] running `Command { std: "docker" "start" "-a" "739f53d7c1c0935a2ffe8c1fda06dd777533e1884d0b4beb96b894eedcf1be35", kill_on_drop: false }`
[INFO] [stderr]    Compiling dahlia v2.0.0 (/opt/rustwide/workdir)
[INFO] [stderr]     Finished `test` profile [unoptimized + debuginfo] target(s) in 0.44s
[INFO] running `Command { std: "docker" "inspect" "739f53d7c1c0935a2ffe8c1fda06dd777533e1884d0b4beb96b894eedcf1be35", kill_on_drop: false }`
[INFO] running `Command { std: "docker" "rm" "-f" "739f53d7c1c0935a2ffe8c1fda06dd777533e1884d0b4beb96b894eedcf1be35", kill_on_drop: false }`
[INFO] [stdout] 739f53d7c1c0935a2ffe8c1fda06dd777533e1884d0b4beb96b894eedcf1be35
[INFO] running `Command { std: "docker" "create" "-v" "/var/lib/crater-agent-workspace/builds/worker-3-tc2/target:/opt/rustwide/target:rw,Z" "-v" "/var/lib/crater-agent-workspace/builds/worker-3-tc2/source:/opt/rustwide/workdir:ro,Z" "-v" "/var/lib/crater-agent-workspace/cargo-home:/opt/rustwide/cargo-home:ro,Z" "-v" "/var/lib/crater-agent-workspace/rustup-home:/opt/rustwide/rustup-home:ro,Z" "-e" "SOURCE_DIR=/opt/rustwide/workdir" "-e" "CARGO_TARGET_DIR=/opt/rustwide/target" "-e" "CARGO_INCREMENTAL=0" "-e" "RUST_BACKTRACE=full" "-e" "RUSTFLAGS=--cap-lints=forbid -Zrandomize-layout" "-e" "RUSTDOCFLAGS=--cap-lints=forbid" "-e" "CARGO_HOME=/opt/rustwide/cargo-home" "-e" "RUSTUP_HOME=/opt/rustwide/rustup-home" "-w" "/opt/rustwide/workdir" "-m" "1610612736" "--user" "0:0" "--network" "none" "ghcr.io/rust-lang/crates-build-env/linux@sha256:4a844ea9eb2546a2d2c7022eacef16ef2e8229c7fbb2c7d4d55a9ceca922f72d" "/opt/rustwide/cargo-home/bin/cargo" "+nightly-2024-10-28" "test" "--frozen", kill_on_drop: false }`
[INFO] [stdout] 4f6d817c2dbad3fee06235c086ae8344f3ce38b2c5ee8f9efb50e552d27b411d
[INFO] running `Command { std: "docker" "start" "-a" "4f6d817c2dbad3fee06235c086ae8344f3ce38b2c5ee8f9efb50e552d27b411d", kill_on_drop: false }`
[INFO] [stderr]     Finished `test` profile [unoptimized + debuginfo] target(s) in 0.01s
[INFO] [stderr]      Running unittests src/lib.rs (/opt/rustwide/target/debug/deps/dahlia-5eeffce287f8b2a1)
[INFO] [stdout] 
[INFO] [stdout] running 51 tests
[INFO] [stdout] test tests::clean::handles_input_underlined_yellow ... ok
[INFO] [stdout] test tests::clean::handles_input_hex ... ok
[INFO] [stdout] test tests::clean::handles_input_gives_red ... ok
[INFO] [stdout] test tests::clean::handles_input_changed_marker ... ok
[INFO] [stdout] test tests::clean::handles_weird_marker_backslash ... ok
[INFO] [stdout] test tests::clean::handles_input_same_marker ... ok
[INFO] [stdout] test tests::clean::handles_weird_marker_asterisk ... ok
[INFO] [stdout] test tests::clean::handles_weird_marker_close_bracket ... ok
[INFO] [stdout] test tests::clean::handles_weird_marker_caret ... ok
[INFO] [stdout] test tests::clean::handles_weird_marker_dollar ... ok
[INFO] [stdout] test tests::clean::handles_weird_marker_close_parenthesis ... ok
[INFO] [stdout] test tests::clean::handles_weird_marker_open_parenthesis ... ok
[INFO] [stdout] test tests::clean::handles_weird_marker_open_bracket ... ok
[INFO] [stdout] test tests::clean::handles_weird_marker_dot ... ok
[INFO] [stdout] test tests::clean::handles_weird_marker_plus ... ok
[INFO] [stdout] test tests::clean::handles_weird_marker_question ... ok
[INFO] [stdout] test tests::convert::handles_auto_reset_false ... ok
[INFO] [stdout] test tests::clean::handles_weird_marker_slash ... ok
[INFO] [stdout] test tests::convert::handles_auto_reset_false_present ... ok
[INFO] [stdout] test tests::convert::handles_auto_reset_true ... ok
[INFO] [stdout] test tests::convert::handles_auto_reset_true_present ... ok
[INFO] [stdout] test tests::convert::handles_depth_low ... ok
[INFO] [stdout] test tests::convert::handles_depth_tty ... ok
[INFO] [stdout] test tests::convert::handles_depth_high ... ok
[INFO] [stdout] test tests::convert::handles_hex_long ... ok
[INFO] [stdout] test tests::convert::handles_depth_none ... ok
[INFO] [stdout] test tests::convert::handles_hex_long_without_repeat ... ok
[INFO] [stdout] test tests::convert::handles_depth_medium ... ok
[INFO] [stdout] test tests::convert::handles_hex_short ... ok
[INFO] [stdout] test tests::convert::handles_marker_ampersand ... ok
[INFO] [stdout] test tests::convert::handles_marker_four ... ok
[INFO] [stdout] test tests::convert::handles_marker_e ... ok
[INFO] [stdout] test tests::convert::handles_marker_underscore ... ok
[INFO] [stdout] test tests::convert::handles_marker_x ... ok
[INFO] [stdout] test tests::convert::handles_marker_section ... ok
[INFO] [stdout] test tests::convert::handles_weird_marker_caret ... ok
[INFO] [stdout] test tests::convert::handles_weird_marker_backslash ... ok
[INFO] [stdout] test tests::convert::handles_weird_marker_close_bracket ... ok
[INFO] [stdout] test tests::convert::handles_weird_marker_asterisk ... ok
[INFO] [stdout] test tests::convert::handles_weird_marker_close_parenthesis ... ok
[INFO] [stdout] test tests::convert::handles_weird_marker_dot ... ok
[INFO] [stdout] test tests::convert::handles_weird_marker_question ... ok
[INFO] [stdout] test tests::convert::handles_weird_marker_slash ... ok
[INFO] [stdout] test tests::convert::handles_weird_marker_dollar ... ok
[INFO] [stdout] test tests::convert::handles_weird_marker_open_parenthesis ... ok
[INFO] [stdout] test tests::convert::handles_weird_marker_open_bracket ... ok
[INFO] [stdout] test tests::convert::handles_weird_marker_plus ... ok
[INFO] [stdout] test tests::clean_ansi_invalid_escape ... ok
[INFO] [stdout] test tests::clean_ansi_invalid_escape_code ... ok
[INFO] [stdout] test tests::clean_ansi_underlined_yellow ... ok
[INFO] [stdout] test tests::clean_ansi_underlined_yellow_rgb ... ok
[INFO] [stdout] 
[INFO] [stdout] test result: ok. 51 passed; 0 failed; 0 ignored; 0 measured; 0 filtered out; finished in 0.01s
[INFO] [stdout] 
[INFO] [stderr]    Doc-tests dahlia
[INFO] [stdout] 
[INFO] [stdout] running 7 tests
[INFO] [stdout] test src/lib.rs - (line 9) ... FAILED
[INFO] [stdout] test src/lib.rs - dprintln (line 429) ... ok
[INFO] [stdout] test src/lib.rs - Dahlia::convert (line 217) ... ok
[INFO] [stdout] test src/lib.rs - Dahlia::escape (line 282) ... ok
[INFO] [stdout] test src/lib.rs - dprint (line 410) ... ok
[INFO] [stdout] test src/lib.rs - Dahlia::clean (line 203) ... ok
[INFO] [stdout] test src/lib.rs - clean_ansi (line 393) ... ok
[INFO] [stdout] 
[INFO] [stdout] failures:
[INFO] [stdout] 
[INFO] [stdout] ---- src/lib.rs - (line 9) stdout ----
[INFO] [stdout] error[E0061]: this function takes 3 arguments but 0 arguments were supplied
[INFO] [stdout]    --> src/lib.rs:13:14
[INFO] [stdout]     |
[INFO] [stdout] 7   | let dahlia = Dahlia::new().with_auto_depth();
[INFO] [stdout]     |              ^^^^^^^^^^^-- three arguments of type `Option<Depth>`, `bool`, and `char` are missing
[INFO] [stdout]     |
[INFO] [stdout] note: associated function defined here
[INFO] [stdout]    --> /opt/rustwide/workdir/src/lib.rs:150:12
[INFO] [stdout]     |
[INFO] [stdout] 150 |     pub fn new(depth: Option<Depth>, auto_reset: bool, marker: char) -> Self {
[INFO] [stdout]     |            ^^^
[INFO] [stdout] help: provide the arguments
[INFO] [stdout]     |
[INFO] [stdout] 7   | let dahlia = Dahlia::new(/* Option<Depth> */, /* bool */, /* char */).with_auto_depth();
[INFO] [stdout]     |                         ~~~~~~~~~~~~~~~~~~~~~~~~~~~~~~~~~~~~~~~~~~~~~
[INFO] [stdout] 
[INFO] [stdout] error: aborting due to 1 previous error
[INFO] [stdout] 
[INFO] [stdout] For more information about this error, try `rustc --explain E0061`.
[INFO] [stdout] Couldn't compile the test.
[INFO] [stdout] 
[INFO] [stdout] failures:
[INFO] [stdout]     src/lib.rs - (line 9)
[INFO] [stdout] 
[INFO] [stdout] test result: FAILED. 6 passed; 1 failed; 0 ignored; 0 measured; 0 filtered out; finished in 0.20s
[INFO] [stdout] 
[INFO] [stderr] error: doctest failed, to rerun pass `--doc`
[INFO] running `Command { std: "docker" "inspect" "4f6d817c2dbad3fee06235c086ae8344f3ce38b2c5ee8f9efb50e552d27b411d", kill_on_drop: false }`
[INFO] running `Command { std: "docker" "rm" "-f" "4f6d817c2dbad3fee06235c086ae8344f3ce38b2c5ee8f9efb50e552d27b411d", kill_on_drop: false }`
[INFO] [stdout] 4f6d817c2dbad3fee06235c086ae8344f3ce38b2c5ee8f9efb50e552d27b411d
