[INFO] fetching crate cyaxon_rocket_okapi 0.9.2...
[INFO] testing cyaxon_rocket_okapi-0.9.2 against nightly-2024-10-28 for randomize-layout
[INFO] extracting crate cyaxon_rocket_okapi 0.9.2 into /workspace/builds/worker-6-tc1/source
[INFO] validating manifest of crates.io crate cyaxon_rocket_okapi 0.9.2 on toolchain nightly-2024-10-28
[INFO] running `Command { std: CARGO_HOME="/workspace/cargo-home" RUSTUP_HOME="/workspace/rustup-home" "/workspace/cargo-home/bin/cargo" "+nightly-2024-10-28" "metadata" "--manifest-path" "Cargo.toml" "--no-deps", kill_on_drop: false }`
[INFO] started tweaking crates.io crate cyaxon_rocket_okapi 0.9.2
[INFO] finished tweaking crates.io crate cyaxon_rocket_okapi 0.9.2
[INFO] tweaked toml for crates.io crate cyaxon_rocket_okapi 0.9.2 written to /workspace/builds/worker-6-tc1/source/Cargo.toml
[INFO] running `Command { std: CARGO_HOME="/workspace/cargo-home" RUSTUP_HOME="/workspace/rustup-home" "/workspace/cargo-home/bin/cargo" "+nightly-2024-10-28" "generate-lockfile" "--manifest-path" "Cargo.toml", kill_on_drop: false }`
[INFO] [stderr]     Updating crates.io index
[INFO] [stderr]      Locking 212 packages to latest compatible versions
[INFO] running `Command { std: CARGO_HOME="/workspace/cargo-home" RUSTUP_HOME="/workspace/rustup-home" "/workspace/cargo-home/bin/cargo" "+nightly-2024-10-28" "fetch" "--manifest-path" "Cargo.toml", kill_on_drop: false }`
[INFO] [stderr]  Downloading crates ...
[INFO] [stderr]   Downloaded cyaxon_rocket_okapi_codegen v0.9.2
[INFO] [stderr]   Downloaded cyaxon_okapi v0.9.2
[INFO] running `Command { std: "docker" "create" "-v" "/var/lib/crater-agent-workspace/builds/worker-6-tc1/target:/opt/rustwide/target:rw,Z" "-v" "/var/lib/crater-agent-workspace/builds/worker-6-tc1/source:/opt/rustwide/workdir:ro,Z" "-v" "/var/lib/crater-agent-workspace/cargo-home:/opt/rustwide/cargo-home:ro,Z" "-v" "/var/lib/crater-agent-workspace/rustup-home:/opt/rustwide/rustup-home:ro,Z" "-e" "SOURCE_DIR=/opt/rustwide/workdir" "-e" "CARGO_TARGET_DIR=/opt/rustwide/target" "-e" "CARGO_HOME=/opt/rustwide/cargo-home" "-e" "RUSTUP_HOME=/opt/rustwide/rustup-home" "-w" "/opt/rustwide/workdir" "-m" "1610612736" "--user" "0:0" "--network" "none" "ghcr.io/rust-lang/crates-build-env/linux@sha256:4a844ea9eb2546a2d2c7022eacef16ef2e8229c7fbb2c7d4d55a9ceca922f72d" "/opt/rustwide/cargo-home/bin/cargo" "+nightly-2024-10-28" "metadata" "--no-deps" "--format-version=1", kill_on_drop: false }`
[INFO] [stdout] 9ee425cd97eb94977bfe247099c30408a025424898010ee87ba39c43a3246d3d
[INFO] running `Command { std: "docker" "start" "-a" "9ee425cd97eb94977bfe247099c30408a025424898010ee87ba39c43a3246d3d", kill_on_drop: false }`
[INFO] running `Command { std: "docker" "inspect" "9ee425cd97eb94977bfe247099c30408a025424898010ee87ba39c43a3246d3d", kill_on_drop: false }`
[INFO] running `Command { std: "docker" "rm" "-f" "9ee425cd97eb94977bfe247099c30408a025424898010ee87ba39c43a3246d3d", kill_on_drop: false }`
[INFO] [stdout] 9ee425cd97eb94977bfe247099c30408a025424898010ee87ba39c43a3246d3d
[INFO] running `Command { std: "docker" "create" "-v" "/var/lib/crater-agent-workspace/builds/worker-6-tc1/target:/opt/rustwide/target:rw,Z" "-v" "/var/lib/crater-agent-workspace/builds/worker-6-tc1/source:/opt/rustwide/workdir:ro,Z" "-v" "/var/lib/crater-agent-workspace/cargo-home:/opt/rustwide/cargo-home:ro,Z" "-v" "/var/lib/crater-agent-workspace/rustup-home:/opt/rustwide/rustup-home:ro,Z" "-e" "SOURCE_DIR=/opt/rustwide/workdir" "-e" "CARGO_TARGET_DIR=/opt/rustwide/target" "-e" "CARGO_INCREMENTAL=0" "-e" "RUST_BACKTRACE=full" "-e" "RUSTFLAGS=--cap-lints=forbid" "-e" "RUSTDOCFLAGS=--cap-lints=forbid" "-e" "CARGO_HOME=/opt/rustwide/cargo-home" "-e" "RUSTUP_HOME=/opt/rustwide/rustup-home" "-w" "/opt/rustwide/workdir" "-m" "1610612736" "--user" "0:0" "--network" "none" "ghcr.io/rust-lang/crates-build-env/linux@sha256:4a844ea9eb2546a2d2c7022eacef16ef2e8229c7fbb2c7d4d55a9ceca922f72d" "/opt/rustwide/cargo-home/bin/cargo" "+nightly-2024-10-28" "build" "--frozen" "--message-format=json", kill_on_drop: false }`
[INFO] [stdout] edc9fa48a5b2a26d65679404959edf3a664df80dd7b64cea0708fe7837107a1b
[INFO] running `Command { std: "docker" "start" "-a" "edc9fa48a5b2a26d65679404959edf3a664df80dd7b64cea0708fe7837107a1b", kill_on_drop: false }`
[INFO] [stderr]    Compiling proc-macro2-diagnostics v0.10.1
[INFO] [stderr]    Compiling futures-io v0.3.31
[INFO] [stderr]    Compiling futures-task v0.3.31
[INFO] [stderr]    Compiling uncased v0.9.10
[INFO] [stderr]    Compiling bitflags v2.6.0
[INFO] [stderr]    Compiling time-macros v0.2.18
[INFO] [stderr]    Compiling cookie v0.18.1
[INFO] [stderr]    Compiling tracing-core v0.1.32
[INFO] [stderr]    Compiling ref-cast v1.0.23
[INFO] [stderr]    Compiling is-terminal v0.4.13
[INFO] [stderr]    Compiling mio v1.0.2
[INFO] [stderr]    Compiling socket2 v0.5.7
[INFO] [stderr]    Compiling signal-hook-registry v1.4.2
[INFO] [stderr]    Compiling inlinable_string v0.1.15
[INFO] [stderr]    Compiling smallvec v1.13.2
[INFO] [stderr]    Compiling indexmap v2.6.0
[INFO] [stderr]    Compiling yansi v1.0.1
[INFO] [stderr]    Compiling futures-util v0.3.31
[INFO] [stderr]    Compiling ref-cast-impl v1.0.23
[INFO] [stderr]    Compiling zerocopy v0.7.35
[INFO] [stderr]    Compiling serde_spanned v0.6.8
[INFO] [stderr]    Compiling toml_datetime v0.6.8
[INFO] [stderr]    Compiling getrandom v0.2.15
[INFO] [stderr]    Compiling stable-pattern v0.1.0
[INFO] [stderr]    Compiling indexmap v1.9.3
[INFO] [stderr]    Compiling state v0.6.0
[INFO] [stderr]    Compiling winnow v0.6.20
[INFO] [stderr]    Compiling tokio v1.41.0
[INFO] [stderr]    Compiling tracing v0.1.40
[INFO] [stderr]    Compiling strsim v0.10.0
[INFO] [stderr]    Compiling serde_json v1.0.132
[INFO] [stderr]    Compiling rustix v0.38.38
[INFO] [stderr]    Compiling devise_core v0.4.2
[INFO] [stderr]    Compiling darling_core v0.13.4
[INFO] [stderr]    Compiling rand_core v0.6.4
[INFO] [stderr]    Compiling figment v0.10.19
[INFO] [stderr]    Compiling multer v3.1.0
[INFO] [stderr]    Compiling linux-raw-sys v0.4.14
[INFO] [stderr]    Compiling pear_codegen v0.2.9
[INFO] [stderr]    Compiling schemars v0.8.21
[INFO] [stderr]    Compiling parking_lot_core v0.9.10
[INFO] [stderr]    Compiling encoding_rs v0.8.35
[INFO] [stderr]    Compiling http v1.1.0
[INFO] [stderr]    Compiling rocket v0.5.1
[INFO] [stderr]    Compiling ppv-lite86 v0.2.20
[INFO] [stderr]    Compiling unicode-xid v0.2.6
[INFO] [stderr]    Compiling spin v0.9.8
[INFO] [stderr]    Compiling fastrand v2.1.1
[INFO] [stderr]    Compiling parking_lot v0.12.3
[INFO] [stderr]    Compiling ubyte v0.10.4
[INFO] [stderr]    Compiling rand_chacha v0.3.1
[INFO] [stderr]    Compiling num_cpus v1.16.0
[INFO] [stderr]    Compiling binascii v0.1.4
[INFO] [stderr]    Compiling pear v0.2.9
[INFO] [stderr]    Compiling time v0.3.36
[INFO] [stderr]    Compiling atomic v0.5.3
[INFO] [stderr]    Compiling rand v0.8.5
[INFO] [stderr]    Compiling devise_codegen v0.4.2
[INFO] [stderr]    Compiling devise v0.4.2
[INFO] [stderr]    Compiling toml_edit v0.22.22
[INFO] [stderr]    Compiling cyaxon_okapi v0.9.2
[INFO] [stderr]    Compiling darling_macro v0.13.4
[INFO] [stderr]    Compiling darling v0.13.4
[INFO] [stderr]    Compiling tempfile v3.13.0
[INFO] [stderr]    Compiling futures v0.3.31
[INFO] [stderr]    Compiling toml v0.8.19
[INFO] [stderr]    Compiling hyper v0.14.31
[INFO] [stderr]    Compiling tokio-util v0.7.12
[INFO] [stderr]    Compiling tokio-stream v0.1.16
[INFO] [stderr]    Compiling rocket_http v0.5.1
[INFO] [stderr]    Compiling rocket_codegen v0.5.1
[INFO] [stderr]    Compiling cyaxon_rocket_okapi_codegen v0.9.2
[INFO] [stderr]    Compiling cyaxon_rocket_okapi v0.9.2 (/opt/rustwide/workdir)
[INFO] [stdout] warning: field `settings` is never read
[INFO] [stdout]   --> src/gen.rs:14:5
[INFO] [stdout]    |
[INFO] [stdout] 13 | pub struct OpenApiGenerator {
[INFO] [stdout]    |            ---------------- field in this struct
[INFO] [stdout] 14 |     settings: OpenApiSettings,
[INFO] [stdout]    |     ^^^^^^^^
[INFO] [stdout]    |
[INFO] [stdout]    = note: `OpenApiGenerator` has derived impls for the traits `Clone` and `Debug`, but these are intentionally ignored during dead code analysis
[INFO] [stdout]    = note: `#[warn(dead_code)]` on by default
[INFO] [stdout] 
[INFO] [stdout] 
[INFO] [stderr]     Finished `dev` profile [unoptimized + debuginfo] target(s) in 26.70s
[INFO] running `Command { std: "docker" "inspect" "edc9fa48a5b2a26d65679404959edf3a664df80dd7b64cea0708fe7837107a1b", kill_on_drop: false }`
[INFO] running `Command { std: "docker" "rm" "-f" "edc9fa48a5b2a26d65679404959edf3a664df80dd7b64cea0708fe7837107a1b", kill_on_drop: false }`
[INFO] [stdout] edc9fa48a5b2a26d65679404959edf3a664df80dd7b64cea0708fe7837107a1b
[INFO] running `Command { std: "docker" "create" "-v" "/var/lib/crater-agent-workspace/builds/worker-6-tc1/target:/opt/rustwide/target:rw,Z" "-v" "/var/lib/crater-agent-workspace/builds/worker-6-tc1/source:/opt/rustwide/workdir:ro,Z" "-v" "/var/lib/crater-agent-workspace/cargo-home:/opt/rustwide/cargo-home:ro,Z" "-v" "/var/lib/crater-agent-workspace/rustup-home:/opt/rustwide/rustup-home:ro,Z" "-e" "SOURCE_DIR=/opt/rustwide/workdir" "-e" "CARGO_TARGET_DIR=/opt/rustwide/target" "-e" "CARGO_INCREMENTAL=0" "-e" "RUST_BACKTRACE=full" "-e" "RUSTFLAGS=--cap-lints=forbid" "-e" "RUSTDOCFLAGS=--cap-lints=forbid" "-e" "CARGO_HOME=/opt/rustwide/cargo-home" "-e" "RUSTUP_HOME=/opt/rustwide/rustup-home" "-w" "/opt/rustwide/workdir" "-m" "1610612736" "--user" "0:0" "--network" "none" "ghcr.io/rust-lang/crates-build-env/linux@sha256:4a844ea9eb2546a2d2c7022eacef16ef2e8229c7fbb2c7d4d55a9ceca922f72d" "/opt/rustwide/cargo-home/bin/cargo" "+nightly-2024-10-28" "test" "--frozen" "--no-run" "--message-format=json", kill_on_drop: false }`
[INFO] [stdout] 5b41e450846b03baa7566c8e4e061b59840b6cba44d2b486100cc43ec4063c93
[INFO] running `Command { std: "docker" "start" "-a" "5b41e450846b03baa7566c8e4e061b59840b6cba44d2b486100cc43ec4063c93", kill_on_drop: false }`
[INFO] [stderr]    Compiling cyaxon_rocket_okapi v0.9.2 (/opt/rustwide/workdir)
[INFO] [stdout] warning: field `settings` is never read
[INFO] [stdout]   --> src/gen.rs:14:5
[INFO] [stdout]    |
[INFO] [stdout] 13 | pub struct OpenApiGenerator {
[INFO] [stdout]    |            ---------------- field in this struct
[INFO] [stdout] 14 |     settings: OpenApiSettings,
[INFO] [stdout]    |     ^^^^^^^^
[INFO] [stdout]    |
[INFO] [stdout]    = note: `OpenApiGenerator` has derived impls for the traits `Clone` and `Debug`, but these are intentionally ignored during dead code analysis
[INFO] [stdout]    = note: `#[warn(dead_code)]` on by default
[INFO] [stdout] 
[INFO] [stdout] 
[INFO] [stdout] warning: field `settings` is never read
[INFO] [stdout]   --> src/gen.rs:14:5
[INFO] [stdout]    |
[INFO] [stdout] 13 | pub struct OpenApiGenerator {
[INFO] [stdout]    |            ---------------- field in this struct
[INFO] [stdout] 14 |     settings: OpenApiSettings,
[INFO] [stdout]    |     ^^^^^^^^
[INFO] [stdout]    |
[INFO] [stdout]    = note: `OpenApiGenerator` has derived impls for the traits `Clone` and `Debug`, but these are intentionally ignored during dead code analysis
[INFO] [stdout]    = note: `#[warn(dead_code)]` on by default
[INFO] [stdout] 
[INFO] [stdout] 
[INFO] [stderr]     Finished `test` profile [unoptimized + debuginfo] target(s) in 1.49s
[INFO] running `Command { std: "docker" "inspect" "5b41e450846b03baa7566c8e4e061b59840b6cba44d2b486100cc43ec4063c93", kill_on_drop: false }`
[INFO] running `Command { std: "docker" "rm" "-f" "5b41e450846b03baa7566c8e4e061b59840b6cba44d2b486100cc43ec4063c93", kill_on_drop: false }`
[INFO] [stdout] 5b41e450846b03baa7566c8e4e061b59840b6cba44d2b486100cc43ec4063c93
[INFO] running `Command { std: "docker" "create" "-v" "/var/lib/crater-agent-workspace/builds/worker-6-tc1/target:/opt/rustwide/target:rw,Z" "-v" "/var/lib/crater-agent-workspace/builds/worker-6-tc1/source:/opt/rustwide/workdir:ro,Z" "-v" "/var/lib/crater-agent-workspace/cargo-home:/opt/rustwide/cargo-home:ro,Z" "-v" "/var/lib/crater-agent-workspace/rustup-home:/opt/rustwide/rustup-home:ro,Z" "-e" "SOURCE_DIR=/opt/rustwide/workdir" "-e" "CARGO_TARGET_DIR=/opt/rustwide/target" "-e" "CARGO_INCREMENTAL=0" "-e" "RUST_BACKTRACE=full" "-e" "RUSTFLAGS=--cap-lints=forbid" "-e" "RUSTDOCFLAGS=--cap-lints=forbid" "-e" "CARGO_HOME=/opt/rustwide/cargo-home" "-e" "RUSTUP_HOME=/opt/rustwide/rustup-home" "-w" "/opt/rustwide/workdir" "-m" "1610612736" "--user" "0:0" "--network" "none" "ghcr.io/rust-lang/crates-build-env/linux@sha256:4a844ea9eb2546a2d2c7022eacef16ef2e8229c7fbb2c7d4d55a9ceca922f72d" "/opt/rustwide/cargo-home/bin/cargo" "+nightly-2024-10-28" "test" "--frozen", kill_on_drop: false }`
[INFO] [stdout] f1cf1f4557b54f278fde59a384cba996f9ef7ad4966952b4dfb06997cfa44675
[INFO] running `Command { std: "docker" "start" "-a" "f1cf1f4557b54f278fde59a384cba996f9ef7ad4966952b4dfb06997cfa44675", kill_on_drop: false }`
[INFO] [stderr] warning: field `settings` is never read
[INFO] [stderr]   --> src/gen.rs:14:5
[INFO] [stderr]    |
[INFO] [stderr] 13 | pub struct OpenApiGenerator {
[INFO] [stderr]    |            ---------------- field in this struct
[INFO] [stderr] 14 |     settings: OpenApiSettings,
[INFO] [stderr]    |     ^^^^^^^^
[INFO] [stderr]    |
[INFO] [stderr]    = note: `OpenApiGenerator` has derived impls for the traits `Clone` and `Debug`, but these are intentionally ignored during dead code analysis
[INFO] [stderr]    = note: `#[warn(dead_code)]` on by default
[INFO] [stderr] 
[INFO] [stderr] warning: `cyaxon_rocket_okapi` (lib) generated 1 warning
[INFO] [stderr] warning: `cyaxon_rocket_okapi` (lib test) generated 1 warning (1 duplicate)
[INFO] [stderr]     Finished `test` profile [unoptimized + debuginfo] target(s) in 0.22s
[INFO] [stdout] 
[INFO] [stderr]      Running unittests src/lib.rs (/opt/rustwide/target/debug/deps/cyaxon_rocket_okapi-09647eee4e3f8dc1)
[INFO] [stdout] running 0 tests
[INFO] [stderr]    Doc-tests cyaxon_rocket_okapi
[INFO] [stdout] 
[INFO] [stdout] test result: ok. 0 passed; 0 failed; 0 ignored; 0 measured; 0 filtered out; finished in 0.00s
[INFO] [stdout] 
[INFO] [stdout] 
[INFO] [stdout] running 9 tests
[INFO] [stdout] test src/lib.rs - mount_endpoints_and_merged_docs (line 143) ... ignored
[INFO] [stdout] test src/lib.rs - openapi_get_routes (line 188) ... ignored
[INFO] [stdout] test src/lib.rs - openapi_get_routes (line 195) ... ignored
[INFO] [stdout] test src/lib.rs - openapi_get_routes_spec (line 227) ... ignored
[INFO] [stdout] test src/lib.rs - openapi_get_routes_spec (line 234) ... ignored
[INFO] [stdout] test src/lib.rs - openapi_get_spec (line 262) ... ignored
[INFO] [stdout] test src/lib.rs - openapi_get_spec (line 268) ... ignored
[INFO] [stdout] test src/request/mod.rs - request::OpenApiFromRequest (line 97) ... ignored
[INFO] [stdout] test src/lib.rs - (line 25) - compile ... FAILED
[INFO] [stdout] 
[INFO] [stdout] failures:
[INFO] [stdout] 
[INFO] [stdout] ---- src/lib.rs - (line 25) stdout ----
[INFO] [stdout] error[E0432]: unresolved import `cyaxon_rocket_okapi::swagger_ui`
[INFO] [stdout]   --> src/lib.rs:30:26
[INFO] [stdout]    |
[INFO] [stdout] 7  | use cyaxon_rocket_okapi::swagger_ui::{make_swagger_ui, SwaggerUIConfig};
[INFO] [stdout]    |                          ^^^^^^^^^^ could not find `swagger_ui` in `cyaxon_rocket_okapi`
[INFO] [stdout]    |
[INFO] [stdout] note: found an item that was configured out
[INFO] [stdout]   --> /opt/rustwide/workdir/src/lib.rs:96:9
[INFO] [stdout]    |
[INFO] [stdout] 96 | pub mod swagger_ui;
[INFO] [stdout]    |         ^^^^^^^^^^
[INFO] [stdout] note: the item is gated behind the `swagger` feature
[INFO] [stdout]   --> /opt/rustwide/workdir/src/lib.rs:95:7
[INFO] [stdout]    |
[INFO] [stdout] 95 | #[cfg(feature = "swagger")]
[INFO] [stdout]    |       ^^^^^^^^^^^^^^^^^^^
[INFO] [stdout] 
[INFO] [stdout] error: aborting due to 1 previous error
[INFO] [stdout] 
[INFO] [stdout] For more information about this error, try `rustc --explain E0432`.
[INFO] [stdout] Couldn't compile the test.
[INFO] [stdout] 
[INFO] [stdout] failures:
[INFO] [stdout]     src/lib.rs - (line 25)
[INFO] [stdout] 
[INFO] [stdout] test result: FAILED. 0 passed; 1 failed; 8 ignored; 0 measured; 0 filtered out; finished in 0.25s
[INFO] [stdout] 
[INFO] [stderr] error: doctest failed, to rerun pass `--doc`
[INFO] running `Command { std: "docker" "inspect" "f1cf1f4557b54f278fde59a384cba996f9ef7ad4966952b4dfb06997cfa44675", kill_on_drop: false }`
[INFO] running `Command { std: "docker" "rm" "-f" "f1cf1f4557b54f278fde59a384cba996f9ef7ad4966952b4dfb06997cfa44675", kill_on_drop: false }`
[INFO] [stdout] f1cf1f4557b54f278fde59a384cba996f9ef7ad4966952b4dfb06997cfa44675
