[INFO] fetching crate cw-orch-interchain-core 0.9.1...
[INFO] testing cw-orch-interchain-core-0.9.1 against nightly-2024-10-28+rustflags=-Zrandomize-layout for randomize-layout
[INFO] extracting crate cw-orch-interchain-core 0.9.1 into /workspace/builds/worker-1-tc2/source
[INFO] validating manifest of crates.io crate cw-orch-interchain-core 0.9.1 on toolchain nightly-2024-10-28
[INFO] running `Command { std: CARGO_HOME="/workspace/cargo-home" RUSTUP_HOME="/workspace/rustup-home" "/workspace/cargo-home/bin/cargo" "+nightly-2024-10-28" "metadata" "--manifest-path" "Cargo.toml" "--no-deps", kill_on_drop: false }`
[INFO] started tweaking crates.io crate cw-orch-interchain-core 0.9.1
[INFO] finished tweaking crates.io crate cw-orch-interchain-core 0.9.1
[INFO] tweaked toml for crates.io crate cw-orch-interchain-core 0.9.1 written to /workspace/builds/worker-1-tc2/source/Cargo.toml
[INFO] running `Command { std: CARGO_HOME="/workspace/cargo-home" RUSTUP_HOME="/workspace/rustup-home" "/workspace/cargo-home/bin/cargo" "+nightly-2024-10-28" "generate-lockfile" "--manifest-path" "Cargo.toml", kill_on_drop: false }`
[INFO] [stderr]     Updating crates.io index
[INFO] [stderr]      Locking 397 packages to latest compatible versions
[INFO] [stderr]       Adding cosmos-sdk-proto v0.24.0 (available: v0.26.0)
[INFO] [stderr]       Adding ibc-proto v0.47.1 (available: v0.51.0)
[INFO] [stderr]       Adding unicode-normalization v0.1.22 (available: v0.1.24)
[INFO] running `Command { std: CARGO_HOME="/workspace/cargo-home" RUSTUP_HOME="/workspace/rustup-home" "/workspace/cargo-home/bin/cargo" "+nightly-2024-10-28" "fetch" "--manifest-path" "Cargo.toml", kill_on_drop: false }`
[INFO] running `Command { std: "docker" "create" "-v" "/var/lib/crater-agent-workspace/builds/worker-1-tc2/target:/opt/rustwide/target:rw,Z" "-v" "/var/lib/crater-agent-workspace/builds/worker-1-tc2/source:/opt/rustwide/workdir:ro,Z" "-v" "/var/lib/crater-agent-workspace/cargo-home:/opt/rustwide/cargo-home:ro,Z" "-v" "/var/lib/crater-agent-workspace/rustup-home:/opt/rustwide/rustup-home:ro,Z" "-e" "SOURCE_DIR=/opt/rustwide/workdir" "-e" "CARGO_TARGET_DIR=/opt/rustwide/target" "-e" "CARGO_HOME=/opt/rustwide/cargo-home" "-e" "RUSTUP_HOME=/opt/rustwide/rustup-home" "-w" "/opt/rustwide/workdir" "-m" "1610612736" "--user" "0:0" "--network" "none" "ghcr.io/rust-lang/crates-build-env/linux@sha256:4a844ea9eb2546a2d2c7022eacef16ef2e8229c7fbb2c7d4d55a9ceca922f72d" "/opt/rustwide/cargo-home/bin/cargo" "+nightly-2024-10-28" "metadata" "--no-deps" "--format-version=1", kill_on_drop: false }`
[INFO] [stdout] 581ff80d861b9f78155434f7b5324cd9d94c12e6d3d57731505cda066c05e4ef
[INFO] running `Command { std: "docker" "start" "-a" "581ff80d861b9f78155434f7b5324cd9d94c12e6d3d57731505cda066c05e4ef", kill_on_drop: false }`
[INFO] running `Command { std: "docker" "inspect" "581ff80d861b9f78155434f7b5324cd9d94c12e6d3d57731505cda066c05e4ef", kill_on_drop: false }`
[INFO] running `Command { std: "docker" "rm" "-f" "581ff80d861b9f78155434f7b5324cd9d94c12e6d3d57731505cda066c05e4ef", kill_on_drop: false }`
[INFO] [stdout] 581ff80d861b9f78155434f7b5324cd9d94c12e6d3d57731505cda066c05e4ef
[INFO] running `Command { std: "docker" "create" "-v" "/var/lib/crater-agent-workspace/builds/worker-1-tc2/target:/opt/rustwide/target:rw,Z" "-v" "/var/lib/crater-agent-workspace/builds/worker-1-tc2/source:/opt/rustwide/workdir:ro,Z" "-v" "/var/lib/crater-agent-workspace/cargo-home:/opt/rustwide/cargo-home:ro,Z" "-v" "/var/lib/crater-agent-workspace/rustup-home:/opt/rustwide/rustup-home:ro,Z" "-e" "SOURCE_DIR=/opt/rustwide/workdir" "-e" "CARGO_TARGET_DIR=/opt/rustwide/target" "-e" "CARGO_INCREMENTAL=0" "-e" "RUST_BACKTRACE=full" "-e" "RUSTFLAGS=--cap-lints=forbid -Zrandomize-layout" "-e" "RUSTDOCFLAGS=--cap-lints=forbid" "-e" "CARGO_HOME=/opt/rustwide/cargo-home" "-e" "RUSTUP_HOME=/opt/rustwide/rustup-home" "-w" "/opt/rustwide/workdir" "-m" "1610612736" "--user" "0:0" "--network" "none" "ghcr.io/rust-lang/crates-build-env/linux@sha256:4a844ea9eb2546a2d2c7022eacef16ef2e8229c7fbb2c7d4d55a9ceca922f72d" "/opt/rustwide/cargo-home/bin/cargo" "+nightly-2024-10-28" "build" "--frozen" "--message-format=json", kill_on_drop: false }`
[INFO] [stdout] 67671b4a208f3432571346cc62a79e4e4605d9263193bb53c344120724361a70
[INFO] running `Command { std: "docker" "start" "-a" "67671b4a208f3432571346cc62a79e4e4605d9263193bb53c344120724361a70", kill_on_drop: false }`
[INFO] [stderr]    Compiling proc-macro2 v1.0.89
[INFO] [stderr]    Compiling autocfg v1.4.0
[INFO] [stderr]    Compiling typenum v1.17.0
[INFO] [stderr]    Compiling serde v1.0.214
[INFO] [stderr]    Compiling subtle v2.6.1
[INFO] [stderr]    Compiling const-oid v0.9.6
[INFO] [stderr]    Compiling byteorder v1.5.0
[INFO] [stderr]    Compiling memchr v2.7.4
[INFO] [stderr]    Compiling once_cell v1.20.2
[INFO] [stderr]    Compiling either v1.13.0
[INFO] [stderr]    Compiling paste v1.0.15
[INFO] [stderr]    Compiling generic-array v0.14.7
[INFO] [stderr]    Compiling crossbeam-utils v0.8.20
[INFO] [stderr]    Compiling cpufeatures v0.2.14
[INFO] [stderr]    Compiling pin-project-lite v0.2.15
[INFO] [stderr]    Compiling getrandom v0.2.15
[INFO] [stderr]    Compiling syn v1.0.109
[INFO] [stderr]    Compiling futures-core v0.3.31
[INFO] [stderr]    Compiling hex v0.4.3
[INFO] [stderr]    Compiling rand_core v0.6.4
[INFO] [stderr]    Compiling ahash v0.8.11
[INFO] [stderr]    Compiling futures-sink v0.3.31
[INFO] [stderr]    Compiling semver v1.0.23
[INFO] [stderr]    Compiling base16ct v0.2.0
[INFO] [stderr]    Compiling anyhow v1.0.92
[INFO] [stderr]    Compiling serde_json v1.0.132
[INFO] [stderr]    Compiling futures-io v0.3.31
[INFO] [stderr]    Compiling futures-channel v0.3.31
[INFO] [stderr]    Compiling ff v0.13.0
[INFO] [stderr]    Compiling ryu v1.0.18
[INFO] [stderr]    Compiling pin-utils v0.1.0
[INFO] [stderr]    Compiling futures-task v0.3.31
[INFO] [stderr]    Compiling itertools v0.13.0
[INFO] [stderr]    Compiling itertools v0.10.5
[INFO] [stderr]    Compiling thiserror v1.0.66
[INFO] [stderr]    Compiling static_assertions v1.1.0
[INFO] [stderr]    Compiling group v0.13.0
[INFO] [stderr]    Compiling num-traits v0.2.19
[INFO] [stderr]    Compiling slab v0.4.9
[INFO] [stderr]    Compiling schemars v0.8.21
[INFO] [stderr]    Compiling base64 v0.22.1
[INFO] [stderr]    Compiling allocator-api2 v0.2.18
[INFO] [stderr]    Compiling socket2 v0.5.7
[INFO] [stderr]    Compiling crossbeam-epoch v0.9.18
[INFO] [stderr]    Compiling rustc_version v0.4.1
[INFO] [stderr]    Compiling quote v1.0.37
[INFO] [stderr]    Compiling mio v1.0.2
[INFO] [stderr]    Compiling fnv v1.0.7
[INFO] [stderr]    Compiling crossbeam-deque v0.8.5
[INFO] [stderr]    Compiling dyn-clone v1.0.17
[INFO] [stderr]    Compiling unicode-xid v0.2.6
[INFO] [stderr]    Compiling cosmwasm-core v2.1.4
[INFO] [stderr]    Compiling curve25519-dalek v4.1.3
[INFO] [stderr]    Compiling syn v2.0.86
[INFO] [stderr]    Compiling powerfmt v0.2.0
[INFO] [stderr]    Compiling time-core v0.1.2
[INFO] [stderr]    Compiling num-conv v0.1.0
[INFO] [stderr]    Compiling bnum v0.11.0
[INFO] [stderr]    Compiling rayon-core v1.12.1
[INFO] [stderr]    Compiling bech32 v0.11.0
[INFO] [stderr]    Compiling flex-error v0.4.4
[INFO] [stderr]    Compiling ring v0.17.8
[INFO] [stderr]    Compiling time-macros v0.2.18
[INFO] [stderr]    Compiling deranged v0.3.11
[INFO] [stderr]    Compiling tracing-core v0.1.32
[INFO] [stderr]    Compiling tower-service v0.3.3
[INFO] [stderr]    Compiling httparse v1.9.5
[INFO] [stderr]    Compiling rustls-pki-types v1.10.0
[INFO] [stderr]    Compiling num-integer v0.1.46
[INFO] [stderr]    Compiling rayon v1.10.0
[INFO] [stderr]    Compiling log v0.4.22
[INFO] [stderr]    Compiling num-bigint v0.4.6
[INFO] [stderr]    Compiling atomic-waker v1.1.2
[INFO] [stderr]    Compiling tower-layer v0.3.3
[INFO] [stderr]    Compiling spin v0.9.8
[INFO] [stderr]    Compiling untrusted v0.9.0
[INFO] [stderr]    Compiling rustversion v1.0.18
[INFO] [stderr]    Compiling try-lock v0.2.5
[INFO] [stderr]    Compiling indexmap v1.9.3
[INFO] [stderr]    Compiling httpdate v1.0.3
[INFO] [stderr]    Compiling smallvec v1.13.2
[INFO] [stderr]    Compiling want v0.3.1
[INFO] [stderr]    Compiling rustls v0.23.16
[INFO] [stderr]    Compiling blake3 v1.5.4
[INFO] [stderr]    Compiling sync_wrapper v0.1.2
[INFO] [stderr]    Compiling subtle-ng v2.5.0
[INFO] [stderr]    Compiling mime v0.3.17
[INFO] [stderr]    Compiling opaque-debug v0.3.1
[INFO] [stderr]    Compiling sync_wrapper v1.0.1
[INFO] [stderr]    Compiling crunchy v0.2.2
[INFO] [stderr]    Compiling hashbrown v0.12.3
[INFO] [stderr]    Compiling rustls-pemfile v2.2.0
[INFO] [stderr]    Compiling option-ext v0.2.0
[INFO] [stderr]    Compiling matchit v0.7.3
[INFO] [stderr]    Compiling keccak v0.1.5
[INFO] [stderr]    Compiling base64 v0.21.7
[INFO] [stderr]    Compiling constant_time_eq v0.3.1
[INFO] [stderr]    Compiling openssl-probe v0.1.5
[INFO] [stderr]    Compiling arrayref v0.3.9
[INFO] [stderr]    Compiling percent-encoding v2.3.1
[INFO] [stderr]    Compiling arrayvec v0.7.6
[INFO] [stderr]    Compiling rustls-native-certs v0.8.0
[INFO] [stderr]    Compiling time v0.3.36
[INFO] [stderr]    Compiling dirs-sys v0.4.1
[INFO] [stderr]    Compiling aho-corasick v1.1.3
[INFO] [stderr]    Compiling regex-syntax v0.8.5
[INFO] [stderr]    Compiling uint v0.9.5
[INFO] [stderr]    Compiling fixed-hash v0.8.0
[INFO] [stderr]    Compiling dirs v5.0.1
[INFO] [stderr]    Compiling num-rational v0.4.2
[INFO] [stderr]    Compiling serde_derive_internals v0.29.1
[INFO] [stderr]    Compiling regex-automata v0.4.8
[INFO] [stderr]    Compiling ark-serialize-derive v0.4.2
[INFO] [stderr]    Compiling ark-ff-asm v0.4.2
[INFO] [stderr]    Compiling ark-ff-macros v0.4.2
[INFO] [stderr]    Compiling derivative v2.2.0
[INFO] [stderr]    Compiling rustls-webpki v0.102.8
[INFO] [stderr]    Compiling zeroize_derive v1.4.2
[INFO] [stderr]    Compiling serde_derive v1.0.214
[INFO] [stderr]    Compiling zerocopy-derive v0.7.35
[INFO] [stderr]    Compiling futures-macro v0.3.31
[INFO] [stderr]    Compiling prost-derive v0.13.3
[INFO] [stderr]    Compiling thiserror-impl v1.0.66
[INFO] [stderr]    Compiling curve25519-dalek-derive v0.1.1
[INFO] [stderr]    Compiling schemars_derive v0.8.21
[INFO] [stderr]    Compiling tokio-macros v2.4.0
[INFO] [stderr]    Compiling derive_more-impl v1.0.0
[INFO] [stderr]    Compiling cosmwasm-derive v2.1.4
[INFO] [stderr]    Compiling cosmwasm-schema-derive v2.1.4
[INFO] [stderr]    Compiling zeroize v1.8.1
[INFO] [stderr]    Compiling tracing-attributes v0.1.27
[INFO] [stderr]    Compiling pin-project-internal v1.1.7
[INFO] [stderr]    Compiling der v0.7.9
[INFO] [stderr]    Compiling subtle-encoding v0.5.1
[INFO] [stderr]    Compiling futures-util v0.3.31
[INFO] [stderr]    Compiling zerocopy v0.7.35
[INFO] [stderr]    Compiling async-trait v0.1.83
[INFO] [stderr]    Compiling crypto-common v0.1.6
[INFO] [stderr]    Compiling block-buffer v0.10.4
[INFO] [stderr]    Compiling crypto-bigint v0.5.5
[INFO] [stderr]    Compiling digest v0.10.7
[INFO] [stderr]    Compiling sec1 v0.7.3
[INFO] [stderr]    Compiling ppv-lite86 v0.2.20
[INFO] [stderr]    Compiling sha2 v0.10.8
[INFO] [stderr]    Compiling signature v2.2.0
[INFO] [stderr]    Compiling hmac v0.12.1
[INFO] [stderr]    Compiling ed25519 v2.2.3
[INFO] [stderr]    Compiling rfc6979 v0.4.0
[INFO] [stderr]    Compiling derive_more v1.0.0
[INFO] [stderr]    Compiling digest v0.9.0
[INFO] [stderr]    Compiling block-buffer v0.9.0
[INFO] [stderr]    Compiling rand_chacha v0.3.1
[INFO] [stderr]    Compiling hashbrown v0.13.2
[INFO] [stderr]    Compiling hashbrown v0.14.5
[INFO] [stderr]    Compiling curve25519-dalek-ng v4.1.1
[INFO] [stderr]    Compiling sha2 v0.9.9
[INFO] [stderr]    Compiling pin-project v1.1.7
[INFO] [stderr]    Compiling async-stream-impl v0.3.6
[INFO] [stderr]    Compiling ripemd v0.1.3
[INFO] [stderr]    Compiling sha3 v0.10.8
[INFO] [stderr]    Compiling tracing v0.1.40
[INFO] [stderr]    Compiling rand v0.8.5
[INFO] [stderr]    Compiling blake2 v0.10.6
[INFO] [stderr]    Compiling serde_repr v0.1.19
[INFO] [stderr]    Compiling derive_more v0.99.18
[INFO] [stderr]    Compiling ed25519-consensus v2.1.0
[INFO] [stderr]    Compiling async-stream v0.3.6
[INFO] [stderr]    Compiling regex v1.11.1
[INFO] [stderr]    Compiling ed25519-zebra v4.0.3
[INFO] [stderr]    Compiling ark-std v0.4.0
[INFO] [stderr]    Compiling elliptic-curve v0.13.8
[INFO] [stderr]    Compiling ark-serialize v0.4.2
[INFO] [stderr]    Compiling ecdsa v0.16.9
[INFO] [stderr]    Compiling primeorder v0.13.6
[INFO] [stderr]    Compiling ark-ff v0.4.2
[INFO] [stderr]    Compiling p256 v0.13.2
[INFO] [stderr]    Compiling k256 v0.13.4
[INFO] [stderr]    Compiling tower v0.5.1
[INFO] [stderr]    Compiling futures-executor v0.3.31
[INFO] [stderr]    Compiling futures v0.3.31
[INFO] [stderr]    Compiling bytes v1.8.0
[INFO] [stderr]    Compiling serde-json-wasm v1.0.1
[INFO] [stderr]    Compiling serde_bytes v0.11.15
[INFO] [stderr]    Compiling informalsystems-pbjson v0.7.0
[INFO] [stderr]    Compiling impl-serde v0.4.0
[INFO] [stderr]    Compiling primitive-types v0.12.2
[INFO] [stderr]    Compiling prost v0.13.3
[INFO] [stderr]    Compiling http v1.1.0
[INFO] [stderr]    Compiling tokio v1.41.0
[INFO] [stderr]    Compiling prost-types v0.13.3
[INFO] [stderr]    Compiling tendermint-proto v0.39.1
[INFO] [stderr]    Compiling ics23 v0.12.0
[INFO] [stderr]    Compiling http-body v1.0.1
[INFO] [stderr]    Compiling http-body-util v0.1.2
[INFO] [stderr]    Compiling axum-core v0.4.5
[INFO] [stderr]    Compiling tendermint-proto v0.38.1
[INFO] [stderr]    Compiling cosmwasm-schema v2.1.4
[INFO] [stderr]    Compiling axum v0.7.7
[INFO] [stderr]    Compiling tokio-util v0.7.12
[INFO] [stderr]    Compiling tokio-rustls v0.26.0
[INFO] [stderr]    Compiling tokio-stream v0.1.16
[INFO] [stderr]    Compiling h2 v0.4.6
[INFO] [stderr]    Compiling tower v0.4.13
[INFO] [stderr]    Compiling ark-poly v0.4.2
[INFO] [stderr]    Compiling ark-ec v0.4.2
[INFO] [stderr]    Compiling hyper v1.5.0
[INFO] [stderr]    Compiling ark-bls12-381 v0.4.0
[INFO] [stderr]    Compiling hyper-util v0.1.10
[INFO] [stderr]    Compiling cosmwasm-crypto v2.1.4
[INFO] [stderr]    Compiling hyper-timeout v0.5.1
[INFO] [stderr]    Compiling tonic v0.12.3
[INFO] [stderr]    Compiling cosmwasm-std v2.1.4
[INFO] [stderr]    Compiling cosmos-sdk-proto v0.24.0
[INFO] [stderr]    Compiling tendermint v0.38.1
[INFO] [stderr]    Compiling ibc-proto v0.47.1
[INFO] [stderr]    Compiling cw-storage-plus v2.0.0
[INFO] [stderr]    Compiling cw-utils v2.0.0
[INFO] [stderr]    Compiling cw20 v2.0.0
[INFO] [stderr]    Compiling cw-controllers v2.0.0
[INFO] [stderr]    Compiling cw2 v2.0.0
[INFO] [stderr]    Compiling cw20-ics20 v2.0.0
[INFO] [stderr]    Compiling tendermint-light-client-verifier v0.38.1
[INFO] [stderr]    Compiling abstract-cw-multi-test v2.1.4
[INFO] [stderr]    Compiling cw-orch-core v2.1.3
[INFO] [stderr]    Compiling cw-orch-mock v0.24.2
[INFO] [stderr]    Compiling ibc-relayer-types v0.29.3
[INFO] [stderr]    Compiling cw-orch-interchain-core v0.9.1 (/opt/rustwide/workdir)
[INFO] [stderr]     Finished `dev` profile [unoptimized + debuginfo] target(s) in 1m 11s
[INFO] running `Command { std: "docker" "inspect" "67671b4a208f3432571346cc62a79e4e4605d9263193bb53c344120724361a70", kill_on_drop: false }`
[INFO] running `Command { std: "docker" "rm" "-f" "67671b4a208f3432571346cc62a79e4e4605d9263193bb53c344120724361a70", kill_on_drop: false }`
[INFO] [stdout] 67671b4a208f3432571346cc62a79e4e4605d9263193bb53c344120724361a70
[INFO] running `Command { std: "docker" "create" "-v" "/var/lib/crater-agent-workspace/builds/worker-1-tc2/target:/opt/rustwide/target:rw,Z" "-v" "/var/lib/crater-agent-workspace/builds/worker-1-tc2/source:/opt/rustwide/workdir:ro,Z" "-v" "/var/lib/crater-agent-workspace/cargo-home:/opt/rustwide/cargo-home:ro,Z" "-v" "/var/lib/crater-agent-workspace/rustup-home:/opt/rustwide/rustup-home:ro,Z" "-e" "SOURCE_DIR=/opt/rustwide/workdir" "-e" "CARGO_TARGET_DIR=/opt/rustwide/target" "-e" "CARGO_INCREMENTAL=0" "-e" "RUST_BACKTRACE=full" "-e" "RUSTFLAGS=--cap-lints=forbid -Zrandomize-layout" "-e" "RUSTDOCFLAGS=--cap-lints=forbid" "-e" "CARGO_HOME=/opt/rustwide/cargo-home" "-e" "RUSTUP_HOME=/opt/rustwide/rustup-home" "-w" "/opt/rustwide/workdir" "-m" "1610612736" "--user" "0:0" "--network" "none" "ghcr.io/rust-lang/crates-build-env/linux@sha256:4a844ea9eb2546a2d2c7022eacef16ef2e8229c7fbb2c7d4d55a9ceca922f72d" "/opt/rustwide/cargo-home/bin/cargo" "+nightly-2024-10-28" "test" "--frozen" "--no-run" "--message-format=json", kill_on_drop: false }`
[INFO] [stdout] c9b67a8c2e2eeb430c0914c1c23c579ccf2b49263959194cb219486daf738139
[INFO] running `Command { std: "docker" "start" "-a" "c9b67a8c2e2eeb430c0914c1c23c579ccf2b49263959194cb219486daf738139", kill_on_drop: false }`
[INFO] [stderr]    Compiling prost-types v0.13.3
[INFO] [stderr]    Compiling unicode-segmentation v1.12.0
[INFO] [stderr]    Compiling convert_case v0.6.0
[INFO] [stderr]    Compiling cw-orch-fns-derive v0.23.1
[INFO] [stderr]    Compiling cw-orch-contract-derive v0.21.1
[INFO] [stderr]    Compiling tendermint-proto v0.38.1
[INFO] [stderr]    Compiling cw-orch-traits v0.25.0
[INFO] [stderr]    Compiling cw-orch v0.27.0
[INFO] [stderr]    Compiling tendermint v0.38.1
[INFO] [stderr]    Compiling ibc-proto v0.47.1
[INFO] [stderr]    Compiling tendermint-light-client-verifier v0.38.1
[INFO] [stderr]    Compiling ibc-relayer-types v0.29.3
[INFO] [stderr]    Compiling cw-orch-interchain-core v0.9.1 (/opt/rustwide/workdir)
[INFO] [stderr]     Finished `test` profile [unoptimized + debuginfo] target(s) in 40.25s
[INFO] running `Command { std: "docker" "inspect" "c9b67a8c2e2eeb430c0914c1c23c579ccf2b49263959194cb219486daf738139", kill_on_drop: false }`
[INFO] running `Command { std: "docker" "rm" "-f" "c9b67a8c2e2eeb430c0914c1c23c579ccf2b49263959194cb219486daf738139", kill_on_drop: false }`
[INFO] [stdout] c9b67a8c2e2eeb430c0914c1c23c579ccf2b49263959194cb219486daf738139
[INFO] running `Command { std: "docker" "create" "-v" "/var/lib/crater-agent-workspace/builds/worker-1-tc2/target:/opt/rustwide/target:rw,Z" "-v" "/var/lib/crater-agent-workspace/builds/worker-1-tc2/source:/opt/rustwide/workdir:ro,Z" "-v" "/var/lib/crater-agent-workspace/cargo-home:/opt/rustwide/cargo-home:ro,Z" "-v" "/var/lib/crater-agent-workspace/rustup-home:/opt/rustwide/rustup-home:ro,Z" "-e" "SOURCE_DIR=/opt/rustwide/workdir" "-e" "CARGO_TARGET_DIR=/opt/rustwide/target" "-e" "CARGO_INCREMENTAL=0" "-e" "RUST_BACKTRACE=full" "-e" "RUSTFLAGS=--cap-lints=forbid -Zrandomize-layout" "-e" "RUSTDOCFLAGS=--cap-lints=forbid" "-e" "CARGO_HOME=/opt/rustwide/cargo-home" "-e" "RUSTUP_HOME=/opt/rustwide/rustup-home" "-w" "/opt/rustwide/workdir" "-m" "1610612736" "--user" "0:0" "--network" "none" "ghcr.io/rust-lang/crates-build-env/linux@sha256:4a844ea9eb2546a2d2c7022eacef16ef2e8229c7fbb2c7d4d55a9ceca922f72d" "/opt/rustwide/cargo-home/bin/cargo" "+nightly-2024-10-28" "test" "--frozen", kill_on_drop: false }`
[INFO] [stdout] 6bdae3bb5cf9215da37ce49165bec7d941d9bbc9085961ea48828e215a8b3f8d
[INFO] running `Command { std: "docker" "start" "-a" "6bdae3bb5cf9215da37ce49165bec7d941d9bbc9085961ea48828e215a8b3f8d", kill_on_drop: false }`
[INFO] [stderr]     Finished `test` profile [unoptimized + debuginfo] target(s) in 0.20s
[INFO] [stderr]      Running unittests src/lib.rs (/opt/rustwide/target/debug/deps/cw_orch_interchain_core-7dfa080d1b3b1ab5)
[INFO] [stdout] 
[INFO] [stdout] running 1 test
[INFO] [stdout] test ack_parser::test::ics20_ack_test ... ok
[INFO] [stdout] 
[INFO] [stdout] test result: ok. 1 passed; 0 failed; 0 ignored; 0 measured; 0 filtered out; finished in 0.00s
[INFO] [stdout] 
[INFO] [stderr]    Doc-tests cw_orch_interchain_core
[INFO] [stdout] 
[INFO] [stdout] running 8 tests
[INFO] [stdout] test src/env.rs - env::ChannelCreation (line 25) ... ignored
[INFO] [stdout] test src/env.rs - env::InterchainEnv::create_contract_channel (line 281) - compile ... FAILED
[INFO] [stdout] test src/env.rs - env::InterchainEnv::await_and_check_packets (line 390) ... FAILED
[INFO] [stdout] test src/env.rs - env::InterchainEnv (line 69) ... FAILED
[INFO] [stdout] test src/env.rs - env::InterchainEnv::chains (line 142) ... FAILED
[INFO] [stdout] test src/env.rs - env::InterchainEnv::get_chain (line 125) ... FAILED
[INFO] [stdout] test src/env.rs - env::InterchainEnv::create_channel (line 182) ... FAILED
[INFO] [stdout] test src/env.rs - env::InterchainEnv::await_packets (line 325) - compile ... FAILED
[INFO] [stdout] 
[INFO] [stdout] failures:
[INFO] [stdout] 
[INFO] [stdout] ---- src/env.rs - env::InterchainEnv::create_contract_channel (line 281) stdout ----
[INFO] [stdout] error[E0433]: failed to resolve: use of undeclared crate or module `cw_orch_interchain`
[INFO] [stdout]  --> src/env.rs:282:5
[INFO] [stdout]   |
[INFO] [stdout] 3 | use cw_orch_interchain::prelude::*;
[INFO] [stdout]   |     ^^^^^^^^^^^^^^^^^^ use of undeclared crate or module `cw_orch_interchain`
[INFO] [stdout]   |
[INFO] [stdout] help: there is a crate or module with a similar name
[INFO] [stdout]   |
[INFO] [stdout] 3 | use cw_orch_interchain_core::prelude::*;
[INFO] [stdout]   |     ~~~~~~~~~~~~~~~~~~~~~~~
[INFO] [stdout] 
[INFO] [stdout] error[E0432]: unresolved import `counter_contract`
[INFO] [stdout]  --> src/env.rs:285:5
[INFO] [stdout]   |
[INFO] [stdout] 6 | use counter_contract::CounterContract as Host;
[INFO] [stdout]   |     ^^^^^^^^^^^^^^^^ use of undeclared crate or module `counter_contract`
[INFO] [stdout] 
[INFO] [stdout] error[E0432]: unresolved import `counter_contract`
[INFO] [stdout]  --> src/env.rs:286:5
[INFO] [stdout]   |
[INFO] [stdout] 7 | use counter_contract::CounterContract as Controller;
[INFO] [stdout]   |     ^^^^^^^^^^^^^^^^ use of undeclared crate or module `counter_contract`
[INFO] [stdout] 
[INFO] [stdout] error[E0433]: failed to resolve: use of undeclared type `MockBech32InterchainEnv`
[INFO] [stdout]  --> src/env.rs:288:18
[INFO] [stdout]   |
[INFO] [stdout] 9 | let interchain = MockBech32InterchainEnv::new(vec![("osmosis-1","osmo"),("archway-1","arch")]);
[INFO] [stdout]   |                  ^^^^^^^^^^^^^^^^^^^^^^^ use of undeclared type `MockBech32InterchainEnv`
[INFO] [stdout] 
[INFO] [stdout] error: aborting due to 4 previous errors
[INFO] [stdout] 
[INFO] [stdout] Some errors have detailed explanations: E0432, E0433.
[INFO] [stdout] For more information about an error, try `rustc --explain E0432`.
[INFO] [stdout] Couldn't compile the test.
[INFO] [stdout] ---- src/env.rs - env::InterchainEnv::await_and_check_packets (line 390) stdout ----
[INFO] [stdout] error[E0433]: failed to resolve: use of undeclared crate or module `cw_orch_interchain`
[INFO] [stdout]  --> src/env.rs:394:5
[INFO] [stdout]   |
[INFO] [stdout] 6 | use cw_orch_interchain::prelude::*;
[INFO] [stdout]   |     ^^^^^^^^^^^^^^^^^^ use of undeclared crate or module `cw_orch_interchain`
[INFO] [stdout]   |
[INFO] [stdout] help: there is a crate or module with a similar name
[INFO] [stdout]   |
[INFO] [stdout] 6 | use cw_orch_interchain_core::prelude::*;
[INFO] [stdout]   |     ~~~~~~~~~~~~~~~~~~~~~~~
[INFO] [stdout] 
[INFO] [stdout] error[E0433]: failed to resolve: use of undeclared type `MockInterchainEnv`
[INFO] [stdout]  --> src/env.rs:397:18
[INFO] [stdout]   |
[INFO] [stdout] 9 | let interchain = MockInterchainEnv::new(vec![("juno-1", "sender"), ("stargaze-1", "sender")]);
[INFO] [stdout]   |                  ^^^^^^^^^^^^^^^^^ use of undeclared type `MockInterchainEnv`
[INFO] [stdout] 
[INFO] [stdout] error: aborting due to 2 previous errors
[INFO] [stdout] 
[INFO] [stdout] For more information about this error, try `rustc --explain E0433`.
[INFO] [stdout] Couldn't compile the test.
[INFO] [stdout] ---- src/env.rs - env::InterchainEnv (line 69) stdout ----
[INFO] [stdout] error[E0433]: failed to resolve: use of undeclared crate or module `cw_orch_interchain`
[INFO] [stdout]  --> src/env.rs:73:5
[INFO] [stdout]   |
[INFO] [stdout] 6 | use cw_orch_interchain::prelude::*;
[INFO] [stdout]   |     ^^^^^^^^^^^^^^^^^^ use of undeclared crate or module `cw_orch_interchain`
[INFO] [stdout]   |
[INFO] [stdout] help: there is a crate or module with a similar name
[INFO] [stdout]   |
[INFO] [stdout] 6 | use cw_orch_interchain_core::prelude::*;
[INFO] [stdout]   |     ~~~~~~~~~~~~~~~~~~~~~~~
[INFO] [stdout] 
[INFO] [stdout] error[E0433]: failed to resolve: use of undeclared type `MockInterchainEnv`
[INFO] [stdout]  --> src/env.rs:76:18
[INFO] [stdout]   |
[INFO] [stdout] 9 | let interchain = MockInterchainEnv::new(vec![("juno-1", "sender"), ("stargaze-1", "sender")]);
[INFO] [stdout]   |                  ^^^^^^^^^^^^^^^^^ use of undeclared type `MockInterchainEnv`
[INFO] [stdout] 
[INFO] [stdout] error: aborting due to 2 previous errors
[INFO] [stdout] 
[INFO] [stdout] For more information about this error, try `rustc --explain E0433`.
[INFO] [stdout] Couldn't compile the test.
[INFO] [stdout] ---- src/env.rs - env::InterchainEnv::chains (line 142) stdout ----
[INFO] [stdout] error[E0433]: failed to resolve: use of undeclared crate or module `cw_orch_interchain`
[INFO] [stdout]  --> src/env.rs:144:5
[INFO] [stdout]   |
[INFO] [stdout] 4 | use cw_orch_interchain::prelude::*;
[INFO] [stdout]   |     ^^^^^^^^^^^^^^^^^^ use of undeclared crate or module `cw_orch_interchain`
[INFO] [stdout]   |
[INFO] [stdout] help: there is a crate or module with a similar name
[INFO] [stdout]   |
[INFO] [stdout] 4 | use cw_orch_interchain_core::prelude::*;
[INFO] [stdout]   |     ~~~~~~~~~~~~~~~~~~~~~~~
[INFO] [stdout] 
[INFO] [stdout] error[E0432]: unresolved import `counter_contract`
[INFO] [stdout]  --> src/env.rs:145:5
[INFO] [stdout]   |
[INFO] [stdout] 5 | use counter_contract::CounterContract;
[INFO] [stdout]   |     ^^^^^^^^^^^^^^^^ use of undeclared crate or module `counter_contract`
[INFO] [stdout] 
[INFO] [stdout] error[E0433]: failed to resolve: use of undeclared type `MockBech32InterchainEnv`
[INFO] [stdout]  --> src/env.rs:146:18
[INFO] [stdout]   |
[INFO] [stdout] 6 | let interchain = MockBech32InterchainEnv::new(vec![("osmosis-1","osmo"),("archway-1","arch")]);
[INFO] [stdout]   |                  ^^^^^^^^^^^^^^^^^^^^^^^ use of undeclared type `MockBech32InterchainEnv`
[INFO] [stdout] 
[INFO] [stdout] error: aborting due to 3 previous errors
[INFO] [stdout] 
[INFO] [stdout] Some errors have detailed explanations: E0432, E0433.
[INFO] [stdout] For more information about an error, try `rustc --explain E0432`.
[INFO] [stdout] Couldn't compile the test.
[INFO] [stdout] ---- src/env.rs - env::InterchainEnv::get_chain (line 125) stdout ----
[INFO] [stdout] error[E0433]: failed to resolve: use of undeclared crate or module `cw_orch_interchain`
[INFO] [stdout]  --> src/env.rs:127:5
[INFO] [stdout]   |
[INFO] [stdout] 4 | use cw_orch_interchain::prelude::*;
[INFO] [stdout]   |     ^^^^^^^^^^^^^^^^^^ use of undeclared crate or module `cw_orch_interchain`
[INFO] [stdout]   |
[INFO] [stdout] help: there is a crate or module with a similar name
[INFO] [stdout]   |
[INFO] [stdout] 4 | use cw_orch_interchain_core::prelude::*;
[INFO] [stdout]   |     ~~~~~~~~~~~~~~~~~~~~~~~
[INFO] [stdout] 
[INFO] [stdout] error[E0432]: unresolved import `counter_contract`
[INFO] [stdout]  --> src/env.rs:128:5
[INFO] [stdout]   |
[INFO] [stdout] 5 | use counter_contract::CounterContract;
[INFO] [stdout]   |     ^^^^^^^^^^^^^^^^ use of undeclared crate or module `counter_contract`
[INFO] [stdout] 
[INFO] [stdout] error[E0433]: failed to resolve: use of undeclared type `MockBech32InterchainEnv`
[INFO] [stdout]  --> src/env.rs:129:18
[INFO] [stdout]   |
[INFO] [stdout] 6 | let interchain = MockBech32InterchainEnv::new(vec![("osmosis-1","osmo"),("archway-1","arch")]);
[INFO] [stdout]   |                  ^^^^^^^^^^^^^^^^^^^^^^^ use of undeclared type `MockBech32InterchainEnv`
[INFO] [stdout] 
[INFO] [stdout] error: aborting due to 3 previous errors
[INFO] [stdout] 
[INFO] [stdout] Some errors have detailed explanations: E0432, E0433.
[INFO] [stdout] For more information about an error, try `rustc --explain E0432`.
[INFO] [stdout] Couldn't compile the test.
[INFO] [stdout] ---- src/env.rs - env::InterchainEnv::create_channel (line 182) stdout ----
[INFO] [stdout] error[E0433]: failed to resolve: use of undeclared crate or module `cw_orch_interchain`
[INFO] [stdout]  --> src/env.rs:183:5
[INFO] [stdout]   |
[INFO] [stdout] 3 | use cw_orch_interchain::prelude::*;
[INFO] [stdout]   |     ^^^^^^^^^^^^^^^^^^ use of undeclared crate or module `cw_orch_interchain`
[INFO] [stdout]   |
[INFO] [stdout] help: there is a crate or module with a similar name
[INFO] [stdout]   |
[INFO] [stdout] 3 | use cw_orch_interchain_core::prelude::*;
[INFO] [stdout]   |     ~~~~~~~~~~~~~~~~~~~~~~~
[INFO] [stdout] 
[INFO] [stdout] error[E0433]: failed to resolve: use of undeclared type `PortId`
[INFO] [stdout]  --> src/env.rs:189:6
[INFO] [stdout]   |
[INFO] [stdout] 9 |     &PortId::transfer(),
[INFO] [stdout]   |      ^^^^^^ use of undeclared type `PortId`
[INFO] [stdout]   |
[INFO] [stdout] help: consider importing this struct
[INFO] [stdout]   |
[INFO] [stdout] 2 + use ibc_relayer_types::core::ics24_host::identifier::PortId;
[INFO] [stdout]   |
[INFO] [stdout] 
[INFO] [stdout] error[E0433]: failed to resolve: use of undeclared type `PortId`
[INFO] [stdout]   --> src/env.rs:190:6
[INFO] [stdout]    |
[INFO] [stdout] 10 |     &PortId::transfer(),
[INFO] [stdout]    |      ^^^^^^ use of undeclared type `PortId`
[INFO] [stdout]    |
[INFO] [stdout] help: consider importing this struct
[INFO] [stdout]    |
[INFO] [stdout] 2  + use ibc_relayer_types::core::ics24_host::identifier::PortId;
[INFO] [stdout]    |
[INFO] [stdout] 
[INFO] [stdout] error[E0433]: failed to resolve: use of undeclared type `MockBech32InterchainEnv`
[INFO] [stdout]  --> src/env.rs:184:18
[INFO] [stdout]   |
[INFO] [stdout] 4 | let interchain = MockBech32InterchainEnv::new(vec![("osmosis-1","osmo"),("archway-1","arch")]);
[INFO] [stdout]   |                  ^^^^^^^^^^^^^^^^^^^^^^^ use of undeclared type `MockBech32InterchainEnv`
[INFO] [stdout] 
[INFO] [stdout] error: aborting due to 4 previous errors
[INFO] [stdout] 
[INFO] [stdout] For more information about this error, try `rustc --explain E0433`.
[INFO] [stdout] Couldn't compile the test.
[INFO] [stdout] ---- src/env.rs - env::InterchainEnv::await_packets (line 325) stdout ----
[INFO] [stdout] error[E0433]: failed to resolve: use of undeclared crate or module `cw_orch_interchain`
[INFO] [stdout]  --> src/env.rs:327:5
[INFO] [stdout]   |
[INFO] [stdout] 4 | use cw_orch_interchain::prelude::*;
[INFO] [stdout]   |     ^^^^^^^^^^^^^^^^^^ use of undeclared crate or module `cw_orch_interchain`
[INFO] [stdout]   |
[INFO] [stdout] help: there is a crate or module with a similar name
[INFO] [stdout]   |
[INFO] [stdout] 4 | use cw_orch_interchain_core::prelude::*;
[INFO] [stdout]   |     ~~~~~~~~~~~~~~~~~~~~~~~
[INFO] [stdout] 
[INFO] [stdout] error[E0433]: failed to resolve: use of undeclared type `PortId`
[INFO] [stdout]   --> src/env.rs:342:6
[INFO] [stdout]    |
[INFO] [stdout] 19 |     &PortId::transfer(),
[INFO] [stdout]    |      ^^^^^^ use of undeclared type `PortId`
[INFO] [stdout]    |
[INFO] [stdout] help: consider importing this struct
[INFO] [stdout]    |
[INFO] [stdout] 2  + use ibc_relayer_types::core::ics24_host::identifier::PortId;
[INFO] [stdout]    |
[INFO] [stdout] 
[INFO] [stdout] error[E0433]: failed to resolve: use of undeclared type `PortId`
[INFO] [stdout]   --> src/env.rs:343:6
[INFO] [stdout]    |
[INFO] [stdout] 20 |     &PortId::transfer(),
[INFO] [stdout]    |      ^^^^^^ use of undeclared type `PortId`
[INFO] [stdout]    |
[INFO] [stdout] help: consider importing this struct
[INFO] [stdout]    |
[INFO] [stdout] 2  + use ibc_relayer_types::core::ics24_host::identifier::PortId;
[INFO] [stdout]    |
[INFO] [stdout] 
[INFO] [stdout] error[E0433]: failed to resolve: use of undeclared type `Starship`
[INFO] [stdout]   --> src/env.rs:336:16
[INFO] [stdout]    |
[INFO] [stdout] 13 | let starship = Starship::new(None).unwrap();
[INFO] [stdout]    |                ^^^^^^^^ use of undeclared type `Starship`
[INFO] [stdout] 
[INFO] [stdout] error: aborting due to 4 previous errors
[INFO] [stdout] 
[INFO] [stdout] For more information about this error, try `rustc --explain E0433`.
[INFO] [stdout] Couldn't compile the test.
[INFO] [stdout] 
[INFO] [stdout] failures:
[INFO] [stdout]     src/env.rs - env::InterchainEnv (line 69)
[INFO] [stdout]     src/env.rs - env::InterchainEnv::await_and_check_packets (line 390)
[INFO] [stdout]     src/env.rs - env::InterchainEnv::await_packets (line 325)
[INFO] [stdout]     src/env.rs - env::InterchainEnv::chains (line 142)
[INFO] [stdout]     src/env.rs - env::InterchainEnv::create_channel (line 182)
[INFO] [stdout]     src/env.rs - env::InterchainEnv::create_contract_channel (line 281)
[INFO] [stdout]     src/env.rs - env::InterchainEnv::get_chain (line 125)
[INFO] [stdout] 
[INFO] [stdout] test result: FAILED. 0 passed; 7 failed; 1 ignored; 0 measured; 0 filtered out; finished in 0.17s
[INFO] [stdout] 
[INFO] [stderr] error: doctest failed, to rerun pass `--doc`
[INFO] running `Command { std: "docker" "inspect" "6bdae3bb5cf9215da37ce49165bec7d941d9bbc9085961ea48828e215a8b3f8d", kill_on_drop: false }`
[INFO] running `Command { std: "docker" "rm" "-f" "6bdae3bb5cf9215da37ce49165bec7d941d9bbc9085961ea48828e215a8b3f8d", kill_on_drop: false }`
[INFO] [stdout] 6bdae3bb5cf9215da37ce49165bec7d941d9bbc9085961ea48828e215a8b3f8d
