[INFO] fetching crate csvquery 0.3.1...
[INFO] testing csvquery-0.3.1 against nightly-2024-10-28 for randomize-layout
[INFO] extracting crate csvquery 0.3.1 into /workspace/builds/worker-2-tc1/source
[INFO] validating manifest of crates.io crate csvquery 0.3.1 on toolchain nightly-2024-10-28
[INFO] running `Command { std: CARGO_HOME="/workspace/cargo-home" RUSTUP_HOME="/workspace/rustup-home" "/workspace/cargo-home/bin/cargo" "+nightly-2024-10-28" "metadata" "--manifest-path" "Cargo.toml" "--no-deps", kill_on_drop: false }`
[INFO] started tweaking crates.io crate csvquery 0.3.1
[INFO] finished tweaking crates.io crate csvquery 0.3.1
[INFO] tweaked toml for crates.io crate csvquery 0.3.1 written to /workspace/builds/worker-2-tc1/source/Cargo.toml
[INFO] running `Command { std: CARGO_HOME="/workspace/cargo-home" RUSTUP_HOME="/workspace/rustup-home" "/workspace/cargo-home/bin/cargo" "+nightly-2024-10-28" "generate-lockfile" "--manifest-path" "Cargo.toml", kill_on_drop: false }`
[INFO] [stderr]     Updating crates.io index
[INFO] [stderr]      Locking 11 packages to latest compatible versions
[INFO] running `Command { std: CARGO_HOME="/workspace/cargo-home" RUSTUP_HOME="/workspace/rustup-home" "/workspace/cargo-home/bin/cargo" "+nightly-2024-10-28" "fetch" "--manifest-path" "Cargo.toml", kill_on_drop: false }`
[INFO] running `Command { std: "docker" "create" "-v" "/var/lib/crater-agent-workspace/builds/worker-2-tc1/target:/opt/rustwide/target:rw,Z" "-v" "/var/lib/crater-agent-workspace/builds/worker-2-tc1/source:/opt/rustwide/workdir:ro,Z" "-v" "/var/lib/crater-agent-workspace/cargo-home:/opt/rustwide/cargo-home:ro,Z" "-v" "/var/lib/crater-agent-workspace/rustup-home:/opt/rustwide/rustup-home:ro,Z" "-e" "SOURCE_DIR=/opt/rustwide/workdir" "-e" "CARGO_TARGET_DIR=/opt/rustwide/target" "-e" "CARGO_HOME=/opt/rustwide/cargo-home" "-e" "RUSTUP_HOME=/opt/rustwide/rustup-home" "-w" "/opt/rustwide/workdir" "-m" "1610612736" "--user" "0:0" "--network" "none" "ghcr.io/rust-lang/crates-build-env/linux@sha256:4a844ea9eb2546a2d2c7022eacef16ef2e8229c7fbb2c7d4d55a9ceca922f72d" "/opt/rustwide/cargo-home/bin/cargo" "+nightly-2024-10-28" "metadata" "--no-deps" "--format-version=1", kill_on_drop: false }`
[INFO] [stdout] 15559430210a65dbc121189bba57046455039ef797723020864cf5d4106a18f2
[INFO] running `Command { std: "docker" "start" "-a" "15559430210a65dbc121189bba57046455039ef797723020864cf5d4106a18f2", kill_on_drop: false }`
[INFO] running `Command { std: "docker" "inspect" "15559430210a65dbc121189bba57046455039ef797723020864cf5d4106a18f2", kill_on_drop: false }`
[INFO] running `Command { std: "docker" "rm" "-f" "15559430210a65dbc121189bba57046455039ef797723020864cf5d4106a18f2", kill_on_drop: false }`
[INFO] [stdout] 15559430210a65dbc121189bba57046455039ef797723020864cf5d4106a18f2
[INFO] running `Command { std: "docker" "create" "-v" "/var/lib/crater-agent-workspace/builds/worker-2-tc1/target:/opt/rustwide/target:rw,Z" "-v" "/var/lib/crater-agent-workspace/builds/worker-2-tc1/source:/opt/rustwide/workdir:ro,Z" "-v" "/var/lib/crater-agent-workspace/cargo-home:/opt/rustwide/cargo-home:ro,Z" "-v" "/var/lib/crater-agent-workspace/rustup-home:/opt/rustwide/rustup-home:ro,Z" "-e" "SOURCE_DIR=/opt/rustwide/workdir" "-e" "CARGO_TARGET_DIR=/opt/rustwide/target" "-e" "CARGO_INCREMENTAL=0" "-e" "RUST_BACKTRACE=full" "-e" "RUSTFLAGS=--cap-lints=forbid" "-e" "RUSTDOCFLAGS=--cap-lints=forbid" "-e" "CARGO_HOME=/opt/rustwide/cargo-home" "-e" "RUSTUP_HOME=/opt/rustwide/rustup-home" "-w" "/opt/rustwide/workdir" "-m" "1610612736" "--user" "0:0" "--network" "none" "ghcr.io/rust-lang/crates-build-env/linux@sha256:4a844ea9eb2546a2d2c7022eacef16ef2e8229c7fbb2c7d4d55a9ceca922f72d" "/opt/rustwide/cargo-home/bin/cargo" "+nightly-2024-10-28" "build" "--frozen" "--message-format=json", kill_on_drop: false }`
[INFO] [stdout] 5f961f19b8c1c191f48413055874dc9cdafd42a50240ea7a26d26ddfd7f59e8a
[INFO] running `Command { std: "docker" "start" "-a" "5f961f19b8c1c191f48413055874dc9cdafd42a50240ea7a26d26ddfd7f59e8a", kill_on_drop: false }`
[INFO] [stderr]    Compiling serde v1.0.214
[INFO] [stderr]    Compiling memchr v2.7.4
[INFO] [stderr]    Compiling itoa v1.0.11
[INFO] [stderr]    Compiling ryu v1.0.18
[INFO] [stderr]    Compiling csv-core v0.1.11
[INFO] [stderr]    Compiling csv v1.3.0
[INFO] [stderr]    Compiling csvquery v0.3.1 (/opt/rustwide/workdir)
[INFO] [stderr]     Finished `dev` profile [unoptimized + debuginfo] target(s) in 2.36s
[INFO] running `Command { std: "docker" "inspect" "5f961f19b8c1c191f48413055874dc9cdafd42a50240ea7a26d26ddfd7f59e8a", kill_on_drop: false }`
[INFO] running `Command { std: "docker" "rm" "-f" "5f961f19b8c1c191f48413055874dc9cdafd42a50240ea7a26d26ddfd7f59e8a", kill_on_drop: false }`
[INFO] [stdout] 5f961f19b8c1c191f48413055874dc9cdafd42a50240ea7a26d26ddfd7f59e8a
[INFO] running `Command { std: "docker" "create" "-v" "/var/lib/crater-agent-workspace/builds/worker-2-tc1/target:/opt/rustwide/target:rw,Z" "-v" "/var/lib/crater-agent-workspace/builds/worker-2-tc1/source:/opt/rustwide/workdir:ro,Z" "-v" "/var/lib/crater-agent-workspace/cargo-home:/opt/rustwide/cargo-home:ro,Z" "-v" "/var/lib/crater-agent-workspace/rustup-home:/opt/rustwide/rustup-home:ro,Z" "-e" "SOURCE_DIR=/opt/rustwide/workdir" "-e" "CARGO_TARGET_DIR=/opt/rustwide/target" "-e" "CARGO_INCREMENTAL=0" "-e" "RUST_BACKTRACE=full" "-e" "RUSTFLAGS=--cap-lints=forbid" "-e" "RUSTDOCFLAGS=--cap-lints=forbid" "-e" "CARGO_HOME=/opt/rustwide/cargo-home" "-e" "RUSTUP_HOME=/opt/rustwide/rustup-home" "-w" "/opt/rustwide/workdir" "-m" "1610612736" "--user" "0:0" "--network" "none" "ghcr.io/rust-lang/crates-build-env/linux@sha256:4a844ea9eb2546a2d2c7022eacef16ef2e8229c7fbb2c7d4d55a9ceca922f72d" "/opt/rustwide/cargo-home/bin/cargo" "+nightly-2024-10-28" "test" "--frozen" "--no-run" "--message-format=json", kill_on_drop: false }`
[INFO] [stdout] 6ff25e6c75fb847d2562f32b726967bf338115e1b3c33f47203b278cbce0ea19
[INFO] running `Command { std: "docker" "start" "-a" "6ff25e6c75fb847d2562f32b726967bf338115e1b3c33f47203b278cbce0ea19", kill_on_drop: false }`
[INFO] [stderr]    Compiling csvquery v0.3.1 (/opt/rustwide/workdir)
[INFO] [stderr]     Finished `test` profile [unoptimized + debuginfo] target(s) in 0.15s
[INFO] running `Command { std: "docker" "inspect" "6ff25e6c75fb847d2562f32b726967bf338115e1b3c33f47203b278cbce0ea19", kill_on_drop: false }`
[INFO] running `Command { std: "docker" "rm" "-f" "6ff25e6c75fb847d2562f32b726967bf338115e1b3c33f47203b278cbce0ea19", kill_on_drop: false }`
[INFO] [stdout] 6ff25e6c75fb847d2562f32b726967bf338115e1b3c33f47203b278cbce0ea19
[INFO] running `Command { std: "docker" "create" "-v" "/var/lib/crater-agent-workspace/builds/worker-2-tc1/target:/opt/rustwide/target:rw,Z" "-v" "/var/lib/crater-agent-workspace/builds/worker-2-tc1/source:/opt/rustwide/workdir:ro,Z" "-v" "/var/lib/crater-agent-workspace/cargo-home:/opt/rustwide/cargo-home:ro,Z" "-v" "/var/lib/crater-agent-workspace/rustup-home:/opt/rustwide/rustup-home:ro,Z" "-e" "SOURCE_DIR=/opt/rustwide/workdir" "-e" "CARGO_TARGET_DIR=/opt/rustwide/target" "-e" "CARGO_INCREMENTAL=0" "-e" "RUST_BACKTRACE=full" "-e" "RUSTFLAGS=--cap-lints=forbid" "-e" "RUSTDOCFLAGS=--cap-lints=forbid" "-e" "CARGO_HOME=/opt/rustwide/cargo-home" "-e" "RUSTUP_HOME=/opt/rustwide/rustup-home" "-w" "/opt/rustwide/workdir" "-m" "1610612736" "--user" "0:0" "--network" "none" "ghcr.io/rust-lang/crates-build-env/linux@sha256:4a844ea9eb2546a2d2c7022eacef16ef2e8229c7fbb2c7d4d55a9ceca922f72d" "/opt/rustwide/cargo-home/bin/cargo" "+nightly-2024-10-28" "test" "--frozen", kill_on_drop: false }`
[INFO] [stdout] c1473f117842c2a45c140ead5428b1cad08cb0efa665f08a8f9e1d01c75363c5
[INFO] running `Command { std: "docker" "start" "-a" "c1473f117842c2a45c140ead5428b1cad08cb0efa665f08a8f9e1d01c75363c5", kill_on_drop: false }`
[INFO] [stderr]     Finished `test` profile [unoptimized + debuginfo] target(s) in 0.01s
[INFO] [stderr]      Running unittests src/lib.rs (/opt/rustwide/target/debug/deps/csvquery-5652e6c240bdabf1)
[INFO] [stdout] 
[INFO] [stdout] running 0 tests
[INFO] [stdout] 
[INFO] [stdout] test result: ok. 0 passed; 0 failed; 0 ignored; 0 measured; 0 filtered out; finished in 0.00s
[INFO] [stdout] 
[INFO] [stderr]    Doc-tests csvquery
[INFO] [stdout] 
[INFO] [stdout] running 1 test
[INFO] [stdout] test src/lib.rs - Engine (line 28) ... FAILED
[INFO] [stdout] 
[INFO] [stdout] failures:
[INFO] [stdout] 
[INFO] [stdout] ---- src/lib.rs - Engine (line 28) stdout ----
[INFO] [stdout] error[E0433]: failed to resolve: use of undeclared type `EngineOptions`
[INFO] [stdout]  --> src/lib.rs:29:12
[INFO] [stdout]   |
[INFO] [stdout] 3 | let opts = EngineOptions::default();
[INFO] [stdout]   |            ^^^^^^^^^^^^^ use of undeclared type `EngineOptions`
[INFO] [stdout]   |
[INFO] [stdout] help: consider importing this struct
[INFO] [stdout]   |
[INFO] [stdout] 2 + use csvquery::EngineOptions;
[INFO] [stdout]   |
[INFO] [stdout] 
[INFO] [stdout] error[E0412]: cannot find type `Engine` in this scope
[INFO] [stdout]  --> src/lib.rs:30:17
[INFO] [stdout]   |
[INFO] [stdout] 4 | let mut engine: Engine<String, YourType> = Engine::from_file_with_opts("file.csv", YourType::make_key, opts).unwrap();
[INFO] [stdout]   |                 ^^^^^^ not found in this scope
[INFO] [stdout]   |
[INFO] [stdout] help: consider importing this struct
[INFO] [stdout]   |
[INFO] [stdout] 2 + use csvquery::Engine;
[INFO] [stdout]   |
[INFO] [stdout] 
[INFO] [stdout] error[E0412]: cannot find type `YourType` in this scope
[INFO] [stdout]  --> src/lib.rs:30:32
[INFO] [stdout]   |
[INFO] [stdout] 4 | let mut engine: Engine<String, YourType> = Engine::from_file_with_opts("file.csv", YourType::make_key, opts).unwrap();
[INFO] [stdout]   |                                ^^^^^^^^ not found in this scope
[INFO] [stdout]   |
[INFO] [stdout] help: you might be missing a type parameter
[INFO] [stdout]   |
[INFO] [stdout] 2 | fn main() { #[allow(non_snake_case)] fn _doctest_main_src_lib_rs_28_0<YourType>() {
[INFO] [stdout]   |                                                                      ++++++++++
[INFO] [stdout] 
[INFO] [stdout] error[E0433]: failed to resolve: use of undeclared type `Engine`
[INFO] [stdout]  --> src/lib.rs:30:44
[INFO] [stdout]   |
[INFO] [stdout] 4 | let mut engine: Engine<String, YourType> = Engine::from_file_with_opts("file.csv", YourType::make_key, opts).unwrap();
[INFO] [stdout]   |                                            ^^^^^^ use of undeclared type `Engine`
[INFO] [stdout]   |
[INFO] [stdout] help: consider importing this struct
[INFO] [stdout]   |
[INFO] [stdout] 2 + use csvquery::Engine;
[INFO] [stdout]   |
[INFO] [stdout] 
[INFO] [stdout] error[E0433]: failed to resolve: use of undeclared type `YourType`
[INFO] [stdout]  --> src/lib.rs:30:84
[INFO] [stdout]   |
[INFO] [stdout] 4 | let mut engine: Engine<String, YourType> = Engine::from_file_with_opts("file.csv", YourType::make_key, opts).unwrap();
[INFO] [stdout]   |                                                                                    ^^^^^^^^ use of undeclared type `YourType`
[INFO] [stdout] 
[INFO] [stdout] error: aborting due to 5 previous errors
[INFO] [stdout] 
[INFO] [stdout] Some errors have detailed explanations: E0412, E0433.
[INFO] [stdout] For more information about an error, try `rustc --explain E0412`.
[INFO] [stdout] Couldn't compile the test.
[INFO] [stdout] 
[INFO] [stdout] failures:
[INFO] [stdout]     src/lib.rs - Engine (line 28)
[INFO] [stdout] 
[INFO] [stdout] test result: FAILED. 0 passed; 1 failed; 0 ignored; 0 measured; 0 filtered out; finished in 0.04s
[INFO] [stdout] 
[INFO] [stderr] error: doctest failed, to rerun pass `--doc`
[INFO] running `Command { std: "docker" "inspect" "c1473f117842c2a45c140ead5428b1cad08cb0efa665f08a8f9e1d01c75363c5", kill_on_drop: false }`
[INFO] running `Command { std: "docker" "rm" "-f" "c1473f117842c2a45c140ead5428b1cad08cb0efa665f08a8f9e1d01c75363c5", kill_on_drop: false }`
[INFO] [stdout] c1473f117842c2a45c140ead5428b1cad08cb0efa665f08a8f9e1d01c75363c5
