[INFO] fetching crate crate-sample-pdaj 0.1.0...
[INFO] testing crate-sample-pdaj-0.1.0 against nightly-2024-10-28+rustflags=-Zrandomize-layout for randomize-layout
[INFO] extracting crate crate-sample-pdaj 0.1.0 into /workspace/builds/worker-3-tc2/source
[INFO] validating manifest of crates.io crate crate-sample-pdaj 0.1.0 on toolchain nightly-2024-10-28
[INFO] running `Command { std: CARGO_HOME="/workspace/cargo-home" RUSTUP_HOME="/workspace/rustup-home" "/workspace/cargo-home/bin/cargo" "+nightly-2024-10-28" "metadata" "--manifest-path" "Cargo.toml" "--no-deps", kill_on_drop: false }`
[INFO] started tweaking crates.io crate crate-sample-pdaj 0.1.0
[INFO] finished tweaking crates.io crate crate-sample-pdaj 0.1.0
[INFO] tweaked toml for crates.io crate crate-sample-pdaj 0.1.0 written to /workspace/builds/worker-3-tc2/source/Cargo.toml
[INFO] running `Command { std: CARGO_HOME="/workspace/cargo-home" RUSTUP_HOME="/workspace/rustup-home" "/workspace/cargo-home/bin/cargo" "+nightly-2024-10-28" "generate-lockfile" "--manifest-path" "Cargo.toml", kill_on_drop: false }`
[INFO] running `Command { std: CARGO_HOME="/workspace/cargo-home" RUSTUP_HOME="/workspace/rustup-home" "/workspace/cargo-home/bin/cargo" "+nightly-2024-10-28" "fetch" "--manifest-path" "Cargo.toml", kill_on_drop: false }`
[INFO] running `Command { std: "docker" "create" "-v" "/var/lib/crater-agent-workspace/builds/worker-3-tc2/target:/opt/rustwide/target:rw,Z" "-v" "/var/lib/crater-agent-workspace/builds/worker-3-tc2/source:/opt/rustwide/workdir:ro,Z" "-v" "/var/lib/crater-agent-workspace/cargo-home:/opt/rustwide/cargo-home:ro,Z" "-v" "/var/lib/crater-agent-workspace/rustup-home:/opt/rustwide/rustup-home:ro,Z" "-e" "SOURCE_DIR=/opt/rustwide/workdir" "-e" "CARGO_TARGET_DIR=/opt/rustwide/target" "-e" "CARGO_HOME=/opt/rustwide/cargo-home" "-e" "RUSTUP_HOME=/opt/rustwide/rustup-home" "-w" "/opt/rustwide/workdir" "-m" "1610612736" "--user" "0:0" "--network" "none" "ghcr.io/rust-lang/crates-build-env/linux@sha256:4a844ea9eb2546a2d2c7022eacef16ef2e8229c7fbb2c7d4d55a9ceca922f72d" "/opt/rustwide/cargo-home/bin/cargo" "+nightly-2024-10-28" "metadata" "--no-deps" "--format-version=1", kill_on_drop: false }`
[INFO] [stdout] 06fe4d9160436222aad5c6965723e4423fe3229602a5765b557120289a4f6073
[INFO] running `Command { std: "docker" "start" "-a" "06fe4d9160436222aad5c6965723e4423fe3229602a5765b557120289a4f6073", kill_on_drop: false }`
[INFO] running `Command { std: "docker" "inspect" "06fe4d9160436222aad5c6965723e4423fe3229602a5765b557120289a4f6073", kill_on_drop: false }`
[INFO] running `Command { std: "docker" "rm" "-f" "06fe4d9160436222aad5c6965723e4423fe3229602a5765b557120289a4f6073", kill_on_drop: false }`
[INFO] [stdout] 06fe4d9160436222aad5c6965723e4423fe3229602a5765b557120289a4f6073
[INFO] running `Command { std: "docker" "create" "-v" "/var/lib/crater-agent-workspace/builds/worker-3-tc2/target:/opt/rustwide/target:rw,Z" "-v" "/var/lib/crater-agent-workspace/builds/worker-3-tc2/source:/opt/rustwide/workdir:ro,Z" "-v" "/var/lib/crater-agent-workspace/cargo-home:/opt/rustwide/cargo-home:ro,Z" "-v" "/var/lib/crater-agent-workspace/rustup-home:/opt/rustwide/rustup-home:ro,Z" "-e" "SOURCE_DIR=/opt/rustwide/workdir" "-e" "CARGO_TARGET_DIR=/opt/rustwide/target" "-e" "CARGO_INCREMENTAL=0" "-e" "RUST_BACKTRACE=full" "-e" "RUSTFLAGS=--cap-lints=forbid -Zrandomize-layout" "-e" "RUSTDOCFLAGS=--cap-lints=forbid" "-e" "CARGO_HOME=/opt/rustwide/cargo-home" "-e" "RUSTUP_HOME=/opt/rustwide/rustup-home" "-w" "/opt/rustwide/workdir" "-m" "1610612736" "--user" "0:0" "--network" "none" "ghcr.io/rust-lang/crates-build-env/linux@sha256:4a844ea9eb2546a2d2c7022eacef16ef2e8229c7fbb2c7d4d55a9ceca922f72d" "/opt/rustwide/cargo-home/bin/cargo" "+nightly-2024-10-28" "build" "--frozen" "--message-format=json", kill_on_drop: false }`
[INFO] [stdout] 290ef9c0340f2b425efcf6e2249bf92d96d156963b70fff2b3eab5f0fa63bf96
[INFO] running `Command { std: "docker" "start" "-a" "290ef9c0340f2b425efcf6e2249bf92d96d156963b70fff2b3eab5f0fa63bf96", kill_on_drop: false }`
[INFO] [stderr]    Compiling crate-sample-pdaj v0.1.0 (/opt/rustwide/workdir)
[INFO] [stderr]     Finished `dev` profile [unoptimized + debuginfo] target(s) in 0.07s
[INFO] running `Command { std: "docker" "inspect" "290ef9c0340f2b425efcf6e2249bf92d96d156963b70fff2b3eab5f0fa63bf96", kill_on_drop: false }`
[INFO] running `Command { std: "docker" "rm" "-f" "290ef9c0340f2b425efcf6e2249bf92d96d156963b70fff2b3eab5f0fa63bf96", kill_on_drop: false }`
[INFO] [stdout] 290ef9c0340f2b425efcf6e2249bf92d96d156963b70fff2b3eab5f0fa63bf96
[INFO] running `Command { std: "docker" "create" "-v" "/var/lib/crater-agent-workspace/builds/worker-3-tc2/target:/opt/rustwide/target:rw,Z" "-v" "/var/lib/crater-agent-workspace/builds/worker-3-tc2/source:/opt/rustwide/workdir:ro,Z" "-v" "/var/lib/crater-agent-workspace/cargo-home:/opt/rustwide/cargo-home:ro,Z" "-v" "/var/lib/crater-agent-workspace/rustup-home:/opt/rustwide/rustup-home:ro,Z" "-e" "SOURCE_DIR=/opt/rustwide/workdir" "-e" "CARGO_TARGET_DIR=/opt/rustwide/target" "-e" "CARGO_INCREMENTAL=0" "-e" "RUST_BACKTRACE=full" "-e" "RUSTFLAGS=--cap-lints=forbid -Zrandomize-layout" "-e" "RUSTDOCFLAGS=--cap-lints=forbid" "-e" "CARGO_HOME=/opt/rustwide/cargo-home" "-e" "RUSTUP_HOME=/opt/rustwide/rustup-home" "-w" "/opt/rustwide/workdir" "-m" "1610612736" "--user" "0:0" "--network" "none" "ghcr.io/rust-lang/crates-build-env/linux@sha256:4a844ea9eb2546a2d2c7022eacef16ef2e8229c7fbb2c7d4d55a9ceca922f72d" "/opt/rustwide/cargo-home/bin/cargo" "+nightly-2024-10-28" "test" "--frozen" "--no-run" "--message-format=json", kill_on_drop: false }`
[INFO] [stdout] 76ef86a287e79dc89ca0f690ac2cb76d7939e019f64a73c13256658a8a2a0ddd
[INFO] running `Command { std: "docker" "start" "-a" "76ef86a287e79dc89ca0f690ac2cb76d7939e019f64a73c13256658a8a2a0ddd", kill_on_drop: false }`
[INFO] [stderr]    Compiling crate-sample-pdaj v0.1.0 (/opt/rustwide/workdir)
[INFO] [stderr]     Finished `test` profile [unoptimized + debuginfo] target(s) in 0.07s
[INFO] running `Command { std: "docker" "inspect" "76ef86a287e79dc89ca0f690ac2cb76d7939e019f64a73c13256658a8a2a0ddd", kill_on_drop: false }`
[INFO] running `Command { std: "docker" "rm" "-f" "76ef86a287e79dc89ca0f690ac2cb76d7939e019f64a73c13256658a8a2a0ddd", kill_on_drop: false }`
[INFO] [stdout] 76ef86a287e79dc89ca0f690ac2cb76d7939e019f64a73c13256658a8a2a0ddd
[INFO] running `Command { std: "docker" "create" "-v" "/var/lib/crater-agent-workspace/builds/worker-3-tc2/target:/opt/rustwide/target:rw,Z" "-v" "/var/lib/crater-agent-workspace/builds/worker-3-tc2/source:/opt/rustwide/workdir:ro,Z" "-v" "/var/lib/crater-agent-workspace/cargo-home:/opt/rustwide/cargo-home:ro,Z" "-v" "/var/lib/crater-agent-workspace/rustup-home:/opt/rustwide/rustup-home:ro,Z" "-e" "SOURCE_DIR=/opt/rustwide/workdir" "-e" "CARGO_TARGET_DIR=/opt/rustwide/target" "-e" "CARGO_INCREMENTAL=0" "-e" "RUST_BACKTRACE=full" "-e" "RUSTFLAGS=--cap-lints=forbid -Zrandomize-layout" "-e" "RUSTDOCFLAGS=--cap-lints=forbid" "-e" "CARGO_HOME=/opt/rustwide/cargo-home" "-e" "RUSTUP_HOME=/opt/rustwide/rustup-home" "-w" "/opt/rustwide/workdir" "-m" "1610612736" "--user" "0:0" "--network" "none" "ghcr.io/rust-lang/crates-build-env/linux@sha256:4a844ea9eb2546a2d2c7022eacef16ef2e8229c7fbb2c7d4d55a9ceca922f72d" "/opt/rustwide/cargo-home/bin/cargo" "+nightly-2024-10-28" "test" "--frozen", kill_on_drop: false }`
[INFO] [stdout] b4dfe38684810711e4df340e905dc8c2e0bdd029921f9b323d6f483c592a561e
[INFO] running `Command { std: "docker" "start" "-a" "b4dfe38684810711e4df340e905dc8c2e0bdd029921f9b323d6f483c592a561e", kill_on_drop: false }`
[INFO] [stderr]     Finished `test` profile [unoptimized + debuginfo] target(s) in 0.00s
[INFO] [stderr]      Running unittests src/lib.rs (/opt/rustwide/target/debug/deps/crate_sample-04c51272b08db5cd)
[INFO] [stdout] 
[INFO] [stdout] running 0 tests
[INFO] [stdout] 
[INFO] [stdout] test result: ok. 0 passed; 0 failed; 0 ignored; 0 measured; 0 filtered out; finished in 0.00s
[INFO] [stdout] 
[INFO] [stderr]    Doc-tests crate_sample
[INFO] [stdout] 
[INFO] [stdout] running 2 tests
[INFO] [stdout] test src/lib.rs - example::add_one (line 8) ... FAILED
[INFO] [stdout] test src/lib.rs - example2::add_any (line 26) ... FAILED
[INFO] [stdout] 
[INFO] [stdout] failures:
[INFO] [stdout] 
[INFO] [stdout] ---- src/lib.rs - example::add_one (line 8) stdout ----
[INFO] [stdout] error[E0603]: module `example` is private
[INFO] [stdout]  --> src/lib.rs:11:28
[INFO] [stdout]   |
[INFO] [stdout] 6 | let answer = crate_sample::example::add_one(arg);
[INFO] [stdout]   |                            ^^^^^^^ private module
[INFO] [stdout]   |
[INFO] [stdout] note: the module `example` is defined here
[INFO] [stdout]  --> /opt/rustwide/workdir/src/lib.rs:2:1
[INFO] [stdout]   |
[INFO] [stdout] 2 | mod example {
[INFO] [stdout]   | ^^^^^^^^^^^
[INFO] [stdout] help: consider importing this function instead
[INFO] [stdout]   |
[INFO] [stdout] 6 | let answer = crate_sample::add_one(arg);
[INFO] [stdout]   |              ~~~~~~~~~~~~~~~~~~~~~
[INFO] [stdout] 
[INFO] [stdout] error: aborting due to 1 previous error
[INFO] [stdout] 
[INFO] [stdout] For more information about this error, try `rustc --explain E0603`.
[INFO] [stdout] Couldn't compile the test.
[INFO] [stdout] ---- src/lib.rs - example2::add_any (line 26) stdout ----
[INFO] [stdout] error[E0603]: module `example2` is private
[INFO] [stdout]   --> src/lib.rs:30:28
[INFO] [stdout]    |
[INFO] [stdout] 7  | let answer = crate_sample::example2::add_any(arg, num);
[INFO] [stdout]    |                            ^^^^^^^^ private module
[INFO] [stdout]    |
[INFO] [stdout] note: the module `example2` is defined here
[INFO] [stdout]   --> /opt/rustwide/workdir/src/lib.rs:20:1
[INFO] [stdout]    |
[INFO] [stdout] 20 | mod example2 {
[INFO] [stdout]    | ^^^^^^^^^^^^
[INFO] [stdout] help: consider importing this function instead
[INFO] [stdout]    |
[INFO] [stdout] 7  | let answer = crate_sample::add_any(arg, num);
[INFO] [stdout]    |              ~~~~~~~~~~~~~~~~~~~~~
[INFO] [stdout] 
[INFO] [stdout] error: aborting due to 1 previous error
[INFO] [stdout] 
[INFO] [stdout] For more information about this error, try `rustc --explain E0603`.
[INFO] [stdout] Couldn't compile the test.
[INFO] [stdout] 
[INFO] [stdout] failures:
[INFO] [stdout]     src/lib.rs - example2::add_any (line 26)
[INFO] [stdout]     src/lib.rs - example::add_one (line 8)
[INFO] [stdout] 
[INFO] [stdout] test result: FAILED. 0 passed; 2 failed; 0 ignored; 0 measured; 0 filtered out; finished in 0.05s
[INFO] [stdout] 
[INFO] [stderr] error: doctest failed, to rerun pass `--doc`
[INFO] running `Command { std: "docker" "inspect" "b4dfe38684810711e4df340e905dc8c2e0bdd029921f9b323d6f483c592a561e", kill_on_drop: false }`
[INFO] running `Command { std: "docker" "rm" "-f" "b4dfe38684810711e4df340e905dc8c2e0bdd029921f9b323d6f483c592a561e", kill_on_drop: false }`
[INFO] [stdout] b4dfe38684810711e4df340e905dc8c2e0bdd029921f9b323d6f483c592a561e
