[INFO] fetching crate crab_rocket_utils 0.1.1...
[INFO] testing crab_rocket_utils-0.1.1 against nightly-2024-10-28 for randomize-layout
[INFO] extracting crate crab_rocket_utils 0.1.1 into /workspace/builds/worker-4-tc1/source
[INFO] validating manifest of crates.io crate crab_rocket_utils 0.1.1 on toolchain nightly-2024-10-28
[INFO] running `Command { std: CARGO_HOME="/workspace/cargo-home" RUSTUP_HOME="/workspace/rustup-home" "/workspace/cargo-home/bin/cargo" "+nightly-2024-10-28" "metadata" "--manifest-path" "Cargo.toml" "--no-deps", kill_on_drop: false }`
[INFO] started tweaking crates.io crate crab_rocket_utils 0.1.1
[INFO] finished tweaking crates.io crate crab_rocket_utils 0.1.1
[INFO] tweaked toml for crates.io crate crab_rocket_utils 0.1.1 written to /workspace/builds/worker-4-tc1/source/Cargo.toml
[INFO] running `Command { std: CARGO_HOME="/workspace/cargo-home" RUSTUP_HOME="/workspace/rustup-home" "/workspace/cargo-home/bin/cargo" "+nightly-2024-10-28" "generate-lockfile" "--manifest-path" "Cargo.toml", kill_on_drop: false }`
[INFO] [stderr]     Updating crates.io index
[INFO] [stderr]      Locking 48 packages to latest compatible versions
[INFO] running `Command { std: CARGO_HOME="/workspace/cargo-home" RUSTUP_HOME="/workspace/rustup-home" "/workspace/cargo-home/bin/cargo" "+nightly-2024-10-28" "fetch" "--manifest-path" "Cargo.toml", kill_on_drop: false }`
[INFO] running `Command { std: "docker" "create" "-v" "/var/lib/crater-agent-workspace/builds/worker-4-tc1/target:/opt/rustwide/target:rw,Z" "-v" "/var/lib/crater-agent-workspace/builds/worker-4-tc1/source:/opt/rustwide/workdir:ro,Z" "-v" "/var/lib/crater-agent-workspace/cargo-home:/opt/rustwide/cargo-home:ro,Z" "-v" "/var/lib/crater-agent-workspace/rustup-home:/opt/rustwide/rustup-home:ro,Z" "-e" "SOURCE_DIR=/opt/rustwide/workdir" "-e" "CARGO_TARGET_DIR=/opt/rustwide/target" "-e" "CARGO_HOME=/opt/rustwide/cargo-home" "-e" "RUSTUP_HOME=/opt/rustwide/rustup-home" "-w" "/opt/rustwide/workdir" "-m" "1610612736" "--user" "0:0" "--network" "none" "ghcr.io/rust-lang/crates-build-env/linux@sha256:4a844ea9eb2546a2d2c7022eacef16ef2e8229c7fbb2c7d4d55a9ceca922f72d" "/opt/rustwide/cargo-home/bin/cargo" "+nightly-2024-10-28" "metadata" "--no-deps" "--format-version=1", kill_on_drop: false }`
[INFO] [stdout] 07022ccec1b7052ee546b515239c45a4d5221e41c092a375d1099cc347678b4f
[INFO] running `Command { std: "docker" "start" "-a" "07022ccec1b7052ee546b515239c45a4d5221e41c092a375d1099cc347678b4f", kill_on_drop: false }`
[INFO] running `Command { std: "docker" "inspect" "07022ccec1b7052ee546b515239c45a4d5221e41c092a375d1099cc347678b4f", kill_on_drop: false }`
[INFO] running `Command { std: "docker" "rm" "-f" "07022ccec1b7052ee546b515239c45a4d5221e41c092a375d1099cc347678b4f", kill_on_drop: false }`
[INFO] [stdout] 07022ccec1b7052ee546b515239c45a4d5221e41c092a375d1099cc347678b4f
[INFO] running `Command { std: "docker" "create" "-v" "/var/lib/crater-agent-workspace/builds/worker-4-tc1/target:/opt/rustwide/target:rw,Z" "-v" "/var/lib/crater-agent-workspace/builds/worker-4-tc1/source:/opt/rustwide/workdir:ro,Z" "-v" "/var/lib/crater-agent-workspace/cargo-home:/opt/rustwide/cargo-home:ro,Z" "-v" "/var/lib/crater-agent-workspace/rustup-home:/opt/rustwide/rustup-home:ro,Z" "-e" "SOURCE_DIR=/opt/rustwide/workdir" "-e" "CARGO_TARGET_DIR=/opt/rustwide/target" "-e" "CARGO_INCREMENTAL=0" "-e" "RUST_BACKTRACE=full" "-e" "RUSTFLAGS=--cap-lints=forbid" "-e" "RUSTDOCFLAGS=--cap-lints=forbid" "-e" "CARGO_HOME=/opt/rustwide/cargo-home" "-e" "RUSTUP_HOME=/opt/rustwide/rustup-home" "-w" "/opt/rustwide/workdir" "-m" "1610612736" "--user" "0:0" "--network" "none" "ghcr.io/rust-lang/crates-build-env/linux@sha256:4a844ea9eb2546a2d2c7022eacef16ef2e8229c7fbb2c7d4d55a9ceca922f72d" "/opt/rustwide/cargo-home/bin/cargo" "+nightly-2024-10-28" "build" "--frozen" "--message-format=json", kill_on_drop: false }`
[INFO] [stdout] 17607c1a7868ce27e0c54ffbeab6473271ec088f954ecff39a66d7564f2f90e4
[INFO] running `Command { std: "docker" "start" "-a" "17607c1a7868ce27e0c54ffbeab6473271ec088f954ecff39a66d7564f2f90e4", kill_on_drop: false }`
[INFO] [stderr]    Compiling num-traits v0.2.19
[INFO] [stderr]    Compiling serde v1.0.214
[INFO] [stderr]    Compiling iana-time-zone v0.1.61
[INFO] [stderr]    Compiling colored v2.1.0
[INFO] [stderr]    Compiling chrono v0.4.38
[INFO] [stderr]    Compiling crab_rocket_utils v0.1.1 (/opt/rustwide/workdir)
[INFO] [stderr]     Finished `dev` profile [unoptimized + debuginfo] target(s) in 3.76s
[INFO] running `Command { std: "docker" "inspect" "17607c1a7868ce27e0c54ffbeab6473271ec088f954ecff39a66d7564f2f90e4", kill_on_drop: false }`
[INFO] running `Command { std: "docker" "rm" "-f" "17607c1a7868ce27e0c54ffbeab6473271ec088f954ecff39a66d7564f2f90e4", kill_on_drop: false }`
[INFO] [stdout] 17607c1a7868ce27e0c54ffbeab6473271ec088f954ecff39a66d7564f2f90e4
[INFO] running `Command { std: "docker" "create" "-v" "/var/lib/crater-agent-workspace/builds/worker-4-tc1/target:/opt/rustwide/target:rw,Z" "-v" "/var/lib/crater-agent-workspace/builds/worker-4-tc1/source:/opt/rustwide/workdir:ro,Z" "-v" "/var/lib/crater-agent-workspace/cargo-home:/opt/rustwide/cargo-home:ro,Z" "-v" "/var/lib/crater-agent-workspace/rustup-home:/opt/rustwide/rustup-home:ro,Z" "-e" "SOURCE_DIR=/opt/rustwide/workdir" "-e" "CARGO_TARGET_DIR=/opt/rustwide/target" "-e" "CARGO_INCREMENTAL=0" "-e" "RUST_BACKTRACE=full" "-e" "RUSTFLAGS=--cap-lints=forbid" "-e" "RUSTDOCFLAGS=--cap-lints=forbid" "-e" "CARGO_HOME=/opt/rustwide/cargo-home" "-e" "RUSTUP_HOME=/opt/rustwide/rustup-home" "-w" "/opt/rustwide/workdir" "-m" "1610612736" "--user" "0:0" "--network" "none" "ghcr.io/rust-lang/crates-build-env/linux@sha256:4a844ea9eb2546a2d2c7022eacef16ef2e8229c7fbb2c7d4d55a9ceca922f72d" "/opt/rustwide/cargo-home/bin/cargo" "+nightly-2024-10-28" "test" "--frozen" "--no-run" "--message-format=json", kill_on_drop: false }`
[INFO] [stdout] b39c2b1748621e6626c6b7d59342f6a6d0457f0d315ccb229e99ff4d9d620100
[INFO] running `Command { std: "docker" "start" "-a" "b39c2b1748621e6626c6b7d59342f6a6d0457f0d315ccb229e99ff4d9d620100", kill_on_drop: false }`
[INFO] [stderr]    Compiling crab_rocket_utils v0.1.1 (/opt/rustwide/workdir)
[INFO] [stderr]     Finished `test` profile [unoptimized + debuginfo] target(s) in 0.15s
[INFO] running `Command { std: "docker" "inspect" "b39c2b1748621e6626c6b7d59342f6a6d0457f0d315ccb229e99ff4d9d620100", kill_on_drop: false }`
[INFO] running `Command { std: "docker" "rm" "-f" "b39c2b1748621e6626c6b7d59342f6a6d0457f0d315ccb229e99ff4d9d620100", kill_on_drop: false }`
[INFO] [stdout] b39c2b1748621e6626c6b7d59342f6a6d0457f0d315ccb229e99ff4d9d620100
[INFO] running `Command { std: "docker" "create" "-v" "/var/lib/crater-agent-workspace/builds/worker-4-tc1/target:/opt/rustwide/target:rw,Z" "-v" "/var/lib/crater-agent-workspace/builds/worker-4-tc1/source:/opt/rustwide/workdir:ro,Z" "-v" "/var/lib/crater-agent-workspace/cargo-home:/opt/rustwide/cargo-home:ro,Z" "-v" "/var/lib/crater-agent-workspace/rustup-home:/opt/rustwide/rustup-home:ro,Z" "-e" "SOURCE_DIR=/opt/rustwide/workdir" "-e" "CARGO_TARGET_DIR=/opt/rustwide/target" "-e" "CARGO_INCREMENTAL=0" "-e" "RUST_BACKTRACE=full" "-e" "RUSTFLAGS=--cap-lints=forbid" "-e" "RUSTDOCFLAGS=--cap-lints=forbid" "-e" "CARGO_HOME=/opt/rustwide/cargo-home" "-e" "RUSTUP_HOME=/opt/rustwide/rustup-home" "-w" "/opt/rustwide/workdir" "-m" "1610612736" "--user" "0:0" "--network" "none" "ghcr.io/rust-lang/crates-build-env/linux@sha256:4a844ea9eb2546a2d2c7022eacef16ef2e8229c7fbb2c7d4d55a9ceca922f72d" "/opt/rustwide/cargo-home/bin/cargo" "+nightly-2024-10-28" "test" "--frozen", kill_on_drop: false }`
[INFO] [stdout] 51960d21baa29f22ef9695612809fd28d112490af2d073e6219821ba23ef3ba6
[INFO] running `Command { std: "docker" "start" "-a" "51960d21baa29f22ef9695612809fd28d112490af2d073e6219821ba23ef3ba6", kill_on_drop: false }`
[INFO] [stderr]     Finished `test` profile [unoptimized + debuginfo] target(s) in 0.02s
[INFO] [stderr]      Running unittests src/lib.rs (/opt/rustwide/target/debug/deps/crab_rocket_utils-6412d1132bc909fe)
[INFO] [stderr]    Doc-tests crab_rocket_utils
[INFO] [stdout] 
[INFO] [stdout] running 2 tests
[INFO] [stdout] test mkdir::test_make_directory ... ok
[INFO] [stdout] test test_run_preload ... ok
[INFO] [stdout] 
[INFO] [stdout] test result: ok. 2 passed; 0 failed; 0 ignored; 0 measured; 0 filtered out; finished in 0.00s
[INFO] [stdout] 
[INFO] [stdout] 
[INFO] [stdout] running 2 tests
[INFO] [stdout] test src/mkdir.rs - mkdir::make_directory (line 16) ... FAILED
[INFO] [stdout] test src/time.rs - time::get_e8_time (line 11) ... FAILED
[INFO] [stdout] 
[INFO] [stdout] failures:
[INFO] [stdout] 
[INFO] [stdout] ---- src/mkdir.rs - mkdir::make_directory (line 16) stdout ----
[INFO] [stdout] error[E0425]: cannot find function `make_directory` in this scope
[INFO] [stdout]  --> src/mkdir.rs:18:14
[INFO] [stdout]   |
[INFO] [stdout] 4 | let result = make_directory(path);
[INFO] [stdout]   |              ^^^^^^^^^^^^^^ not found in this scope
[INFO] [stdout]   |
[INFO] [stdout] help: consider importing this function
[INFO] [stdout]   |
[INFO] [stdout] 2 + use crab_rocket_utils::mkdir::make_directory;
[INFO] [stdout]   |
[INFO] [stdout] 
[INFO] [stdout] error: aborting due to 1 previous error
[INFO] [stdout] 
[INFO] [stdout] For more information about this error, try `rustc --explain E0425`.
[INFO] [stdout] Couldn't compile the test.
[INFO] [stdout] ---- src/time.rs - time::get_e8_time (line 11) stdout ----
[INFO] [stdout] error[E0425]: cannot find function `get_e8_time` in this scope
[INFO] [stdout]  --> src/time.rs:12:15
[INFO] [stdout]   |
[INFO] [stdout] 3 | let bj_time = get_e8_time();
[INFO] [stdout]   |               ^^^^^^^^^^^ not found in this scope
[INFO] [stdout]   |
[INFO] [stdout] help: consider importing this function
[INFO] [stdout]   |
[INFO] [stdout] 2 + use crab_rocket_utils::time::get_e8_time;
[INFO] [stdout]   |
[INFO] [stdout] 
[INFO] [stdout] error: aborting due to 1 previous error
[INFO] [stdout] 
[INFO] [stdout] For more information about this error, try `rustc --explain E0425`.
[INFO] [stdout] Couldn't compile the test.
[INFO] [stdout] 
[INFO] [stdout] failures:
[INFO] [stdout]     src/mkdir.rs - mkdir::make_directory (line 16)
[INFO] [stdout]     src/time.rs - time::get_e8_time (line 11)
[INFO] [stdout] 
[INFO] [stdout] test result: FAILED. 0 passed; 2 failed; 0 ignored; 0 measured; 0 filtered out; finished in 0.04s
[INFO] [stdout] 
[INFO] [stderr] error: doctest failed, to rerun pass `--doc`
[INFO] running `Command { std: "docker" "inspect" "51960d21baa29f22ef9695612809fd28d112490af2d073e6219821ba23ef3ba6", kill_on_drop: false }`
[INFO] running `Command { std: "docker" "rm" "-f" "51960d21baa29f22ef9695612809fd28d112490af2d073e6219821ba23ef3ba6", kill_on_drop: false }`
[INFO] [stdout] 51960d21baa29f22ef9695612809fd28d112490af2d073e6219821ba23ef3ba6
