[INFO] fetching crate cp437-tools 0.6.0...
[INFO] testing cp437-tools-0.6.0 against nightly-2024-10-28+rustflags=-Zrandomize-layout for randomize-layout
[INFO] extracting crate cp437-tools 0.6.0 into /workspace/builds/worker-2-tc2/source
[INFO] validating manifest of crates.io crate cp437-tools 0.6.0 on toolchain nightly-2024-10-28
[INFO] running `Command { std: CARGO_HOME="/workspace/cargo-home" RUSTUP_HOME="/workspace/rustup-home" "/workspace/cargo-home/bin/cargo" "+nightly-2024-10-28" "metadata" "--manifest-path" "Cargo.toml" "--no-deps", kill_on_drop: false }`
[INFO] started tweaking crates.io crate cp437-tools 0.6.0
[INFO] finished tweaking crates.io crate cp437-tools 0.6.0
[INFO] tweaked toml for crates.io crate cp437-tools 0.6.0 written to /workspace/builds/worker-2-tc2/source/Cargo.toml
[INFO] crate crates.io crate cp437-tools 0.6.0 already has a lockfile, it will not be regenerated
[INFO] running `Command { std: CARGO_HOME="/workspace/cargo-home" RUSTUP_HOME="/workspace/rustup-home" "/workspace/cargo-home/bin/cargo" "+nightly-2024-10-28" "fetch" "--manifest-path" "Cargo.toml", kill_on_drop: false }`
[INFO] running `Command { std: "docker" "create" "-v" "/var/lib/crater-agent-workspace/builds/worker-2-tc2/target:/opt/rustwide/target:rw,Z" "-v" "/var/lib/crater-agent-workspace/builds/worker-2-tc2/source:/opt/rustwide/workdir:ro,Z" "-v" "/var/lib/crater-agent-workspace/cargo-home:/opt/rustwide/cargo-home:ro,Z" "-v" "/var/lib/crater-agent-workspace/rustup-home:/opt/rustwide/rustup-home:ro,Z" "-e" "SOURCE_DIR=/opt/rustwide/workdir" "-e" "CARGO_TARGET_DIR=/opt/rustwide/target" "-e" "CARGO_HOME=/opt/rustwide/cargo-home" "-e" "RUSTUP_HOME=/opt/rustwide/rustup-home" "-w" "/opt/rustwide/workdir" "-m" "1610612736" "--user" "0:0" "--network" "none" "ghcr.io/rust-lang/crates-build-env/linux@sha256:4a844ea9eb2546a2d2c7022eacef16ef2e8229c7fbb2c7d4d55a9ceca922f72d" "/opt/rustwide/cargo-home/bin/cargo" "+nightly-2024-10-28" "metadata" "--no-deps" "--format-version=1", kill_on_drop: false }`
[INFO] [stdout] 4e127ea4ecb0b63c94dd213d2ec5d182a992e516b2addc9b0793d1bb9273b542
[INFO] running `Command { std: "docker" "start" "-a" "4e127ea4ecb0b63c94dd213d2ec5d182a992e516b2addc9b0793d1bb9273b542", kill_on_drop: false }`
[INFO] running `Command { std: "docker" "inspect" "4e127ea4ecb0b63c94dd213d2ec5d182a992e516b2addc9b0793d1bb9273b542", kill_on_drop: false }`
[INFO] running `Command { std: "docker" "rm" "-f" "4e127ea4ecb0b63c94dd213d2ec5d182a992e516b2addc9b0793d1bb9273b542", kill_on_drop: false }`
[INFO] [stdout] 4e127ea4ecb0b63c94dd213d2ec5d182a992e516b2addc9b0793d1bb9273b542
[INFO] running `Command { std: "docker" "create" "-v" "/var/lib/crater-agent-workspace/builds/worker-2-tc2/target:/opt/rustwide/target:rw,Z" "-v" "/var/lib/crater-agent-workspace/builds/worker-2-tc2/source:/opt/rustwide/workdir:ro,Z" "-v" "/var/lib/crater-agent-workspace/cargo-home:/opt/rustwide/cargo-home:ro,Z" "-v" "/var/lib/crater-agent-workspace/rustup-home:/opt/rustwide/rustup-home:ro,Z" "-e" "SOURCE_DIR=/opt/rustwide/workdir" "-e" "CARGO_TARGET_DIR=/opt/rustwide/target" "-e" "CARGO_INCREMENTAL=0" "-e" "RUST_BACKTRACE=full" "-e" "RUSTFLAGS=--cap-lints=forbid -Zrandomize-layout" "-e" "RUSTDOCFLAGS=--cap-lints=forbid" "-e" "CARGO_HOME=/opt/rustwide/cargo-home" "-e" "RUSTUP_HOME=/opt/rustwide/rustup-home" "-w" "/opt/rustwide/workdir" "-m" "1610612736" "--user" "0:0" "--network" "none" "ghcr.io/rust-lang/crates-build-env/linux@sha256:4a844ea9eb2546a2d2c7022eacef16ef2e8229c7fbb2c7d4d55a9ceca922f72d" "/opt/rustwide/cargo-home/bin/cargo" "+nightly-2024-10-28" "build" "--frozen" "--message-format=json", kill_on_drop: false }`
[INFO] [stdout] a6e89d4f2d35c305fbc76f0ce71363614c9b496f6da7d28637ac54135cd7c29b
[INFO] running `Command { std: "docker" "start" "-a" "a6e89d4f2d35c305fbc76f0ce71363614c9b496f6da7d28637ac54135cd7c29b", kill_on_drop: false }`
[INFO] [stderr]    Compiling memchr v2.7.4
[INFO] [stderr]    Compiling proc-macro2 v1.0.88
[INFO] [stderr]    Compiling log v0.4.22
[INFO] [stderr]    Compiling regex-syntax v0.8.5
[INFO] [stderr]    Compiling option-ext v0.2.0
[INFO] [stderr]    Compiling same-file v1.0.6
[INFO] [stderr]    Compiling simd-adler32 v0.3.7
[INFO] [stderr]    Compiling walkdir v2.5.0
[INFO] [stderr]    Compiling dirs-sys v0.4.1
[INFO] [stderr]    Compiling num-traits v0.2.19
[INFO] [stderr]    Compiling syn v1.0.109
[INFO] [stderr]    Compiling libm v0.2.8
[INFO] [stderr]    Compiling aho-corasick v1.1.3
[INFO] [stderr]    Compiling bstr v1.10.0
[INFO] [stderr]    Compiling dirs v5.0.1
[INFO] [stderr]    Compiling miniz_oxide v0.8.0
[INFO] [stderr]    Compiling shellexpand v3.1.0
[INFO] [stderr]    Compiling quote v1.0.37
[INFO] [stderr]    Compiling syn v2.0.79
[INFO] [stderr]    Compiling indoc v2.0.5
[INFO] [stderr]    Compiling flate2 v1.0.34
[INFO] [stderr]    Compiling cp437-tools v0.6.0 (/opt/rustwide/workdir)
[INFO] [stderr]    Compiling regex-automata v0.4.8
[INFO] [stderr]    Compiling fdeflate v0.3.5
[INFO] [stderr]    Compiling base64 v0.13.1
[INFO] [stderr]    Compiling equivalent v1.0.1
[INFO] [stderr]    Compiling hashbrown v0.15.0
[INFO] [stderr]    Compiling png v0.17.14
[INFO] [stderr]    Compiling indexmap v2.6.0
[INFO] [stderr]    Compiling humansize v2.1.3
[INFO] [stderr]    Compiling chrono v0.4.38
[INFO] [stderr]    Compiling svg v0.18.0
[INFO] [stderr]    Compiling globset v0.4.15
[INFO] [stderr]    Compiling ttf-parser v0.25.0
[INFO] [stderr]    Compiling rust-embed-utils v8.5.0
[INFO] [stderr]    Compiling regex v1.11.0
[INFO] [stderr]    Compiling base64 v0.22.1
[INFO] [stderr]    Compiling rust-embed-impl v8.5.0
[INFO] [stderr]    Compiling embed-doc-image v0.1.4
[INFO] [stderr]    Compiling rust-embed v8.5.0
[INFO] [stderr]     Finished `dev` profile [unoptimized + debuginfo] target(s) in 15.68s
[INFO] running `Command { std: "docker" "inspect" "a6e89d4f2d35c305fbc76f0ce71363614c9b496f6da7d28637ac54135cd7c29b", kill_on_drop: false }`
[INFO] running `Command { std: "docker" "rm" "-f" "a6e89d4f2d35c305fbc76f0ce71363614c9b496f6da7d28637ac54135cd7c29b", kill_on_drop: false }`
[INFO] [stdout] a6e89d4f2d35c305fbc76f0ce71363614c9b496f6da7d28637ac54135cd7c29b
[INFO] running `Command { std: "docker" "create" "-v" "/var/lib/crater-agent-workspace/builds/worker-2-tc2/target:/opt/rustwide/target:rw,Z" "-v" "/var/lib/crater-agent-workspace/builds/worker-2-tc2/source:/opt/rustwide/workdir:ro,Z" "-v" "/var/lib/crater-agent-workspace/cargo-home:/opt/rustwide/cargo-home:ro,Z" "-v" "/var/lib/crater-agent-workspace/rustup-home:/opt/rustwide/rustup-home:ro,Z" "-e" "SOURCE_DIR=/opt/rustwide/workdir" "-e" "CARGO_TARGET_DIR=/opt/rustwide/target" "-e" "CARGO_INCREMENTAL=0" "-e" "RUST_BACKTRACE=full" "-e" "RUSTFLAGS=--cap-lints=forbid -Zrandomize-layout" "-e" "RUSTDOCFLAGS=--cap-lints=forbid" "-e" "CARGO_HOME=/opt/rustwide/cargo-home" "-e" "RUSTUP_HOME=/opt/rustwide/rustup-home" "-w" "/opt/rustwide/workdir" "-m" "1610612736" "--user" "0:0" "--network" "none" "ghcr.io/rust-lang/crates-build-env/linux@sha256:4a844ea9eb2546a2d2c7022eacef16ef2e8229c7fbb2c7d4d55a9ceca922f72d" "/opt/rustwide/cargo-home/bin/cargo" "+nightly-2024-10-28" "test" "--frozen" "--no-run" "--message-format=json", kill_on_drop: false }`
[INFO] [stdout] 8885a46931853d5fade829be9360e8036149cc7849f0037f2b7a7d8a18cfe9e4
[INFO] running `Command { std: "docker" "start" "-a" "8885a46931853d5fade829be9360e8036149cc7849f0037f2b7a7d8a18cfe9e4", kill_on_drop: false }`
[INFO] [stderr]    Compiling rustix v0.38.37
[INFO] [stderr]    Compiling once_cell v1.20.2
[INFO] [stderr]    Compiling yansi v1.0.1
[INFO] [stderr]    Compiling diff v0.1.13
[INFO] [stderr]    Compiling fastrand v2.1.1
[INFO] [stderr]    Compiling file_diff v1.0.0
[INFO] [stderr]    Compiling pretty_assertions v1.4.1
[INFO] [stderr]    Compiling tempfile v3.13.0
[INFO] [stderr]    Compiling cp437-tools v0.6.0 (/opt/rustwide/workdir)
[INFO] [stderr]     Finished `test` profile [unoptimized + debuginfo] target(s) in 8.30s
[INFO] running `Command { std: "docker" "inspect" "8885a46931853d5fade829be9360e8036149cc7849f0037f2b7a7d8a18cfe9e4", kill_on_drop: false }`
[INFO] running `Command { std: "docker" "rm" "-f" "8885a46931853d5fade829be9360e8036149cc7849f0037f2b7a7d8a18cfe9e4", kill_on_drop: false }`
[INFO] [stdout] 8885a46931853d5fade829be9360e8036149cc7849f0037f2b7a7d8a18cfe9e4
[INFO] running `Command { std: "docker" "create" "-v" "/var/lib/crater-agent-workspace/builds/worker-2-tc2/target:/opt/rustwide/target:rw,Z" "-v" "/var/lib/crater-agent-workspace/builds/worker-2-tc2/source:/opt/rustwide/workdir:ro,Z" "-v" "/var/lib/crater-agent-workspace/cargo-home:/opt/rustwide/cargo-home:ro,Z" "-v" "/var/lib/crater-agent-workspace/rustup-home:/opt/rustwide/rustup-home:ro,Z" "-e" "SOURCE_DIR=/opt/rustwide/workdir" "-e" "CARGO_TARGET_DIR=/opt/rustwide/target" "-e" "CARGO_INCREMENTAL=0" "-e" "RUST_BACKTRACE=full" "-e" "RUSTFLAGS=--cap-lints=forbid -Zrandomize-layout" "-e" "RUSTDOCFLAGS=--cap-lints=forbid" "-e" "CARGO_HOME=/opt/rustwide/cargo-home" "-e" "RUSTUP_HOME=/opt/rustwide/rustup-home" "-w" "/opt/rustwide/workdir" "-m" "1610612736" "--user" "0:0" "--network" "none" "ghcr.io/rust-lang/crates-build-env/linux@sha256:4a844ea9eb2546a2d2c7022eacef16ef2e8229c7fbb2c7d4d55a9ceca922f72d" "/opt/rustwide/cargo-home/bin/cargo" "+nightly-2024-10-28" "test" "--frozen", kill_on_drop: false }`
[INFO] [stdout] c873b1961be596da6d7f99ca1e41a95619481c62121d5cc793e10910202f316f
[INFO] running `Command { std: "docker" "start" "-a" "c873b1961be596da6d7f99ca1e41a95619481c62121d5cc793e10910202f316f", kill_on_drop: false }`
[INFO] [stderr]     Finished `test` profile [unoptimized + debuginfo] target(s) in 0.19s
[INFO] [stderr]      Running unittests src/lib.rs (/opt/rustwide/target/debug/deps/cp437_tools-5aeaeafbae142e5a)
[INFO] [stdout] 
[INFO] [stdout] running 98 tests
[INFO] [stdout] test internal::exit::tests::error_code ... ok
[INFO] [stdout] test internal::exit::tests::error_message ... ok
[INFO] [stdout] test internal::exit::tests::display_message ... ok
[INFO] [stdout] test internal::escape::tests::empty ... ok
[INFO] [stdout] test internal::escape::tests::ascii ... ok
[INFO] [stdout] test internal::escape::tests::others ... ok
[INFO] [stdout] test internal::exit::tests::from_error ... ok
[INFO] [stdout] test internal::escape::tests::unicode ... ok
[INFO] [stdout] test internal::exit::tests::from_io_error ... ok
[INFO] [stdout] test internal::exit::tests::from_ok ... ok
[INFO] [stdout] test internal::exit::tests::from_output_ok ... ok
[INFO] [stdout] test internal::exit::tests::from_residual_error ... ok
[INFO] [stdout] test internal::exit::tests::from_residual_io_error ... ok
[INFO] [stdout] test internal::exit::tests::from_residual_result_io_error ... ok
[INFO] [stdout] test internal::exit::tests::from_residual_string ... ok
[INFO] [stdout] test internal::exit::tests::from_residual_result_error ... ok
[INFO] [stdout] test internal::exit::tests::from_str ... ok
[INFO] [stdout] test internal::exit::tests::from_string ... ok
[INFO] [stdout] test internal::exit::tests::from_tuple ... ok
[INFO] [stdout] test internal::exit::tests::from_residual_result_str ... ok
[INFO] [stdout] test internal::exit::tests::is_ok ... ok
[INFO] [stdout] test internal::exit::tests::from_residual_result_string ... ok
[INFO] [stdout] test internal::exit::tests::is_err ... ok
[INFO] [stdout] test internal::escape::tests::no_escape ... ok
[INFO] [stdout] test internal::exit::tests::from_residual_str ... ok
[INFO] [stdout] test internal::exit::tests::ok_code ... ok
[INFO] [stdout] test internal::exit::tests::ok_message ... ok
[INFO] [stdout] test internal::exit::tests::try_ok ... ok
[INFO] [stdout] test public::cp437::tests::cp437_to_utf8 ... ok
[INFO] [stdout] test public::cp437::tests::utf8_to_cp437 ... ok
[INFO] [stdout] test internal::exit::tests::try_error ... ok
[INFO] [stdout] test public::cp437::tests::vec_to_utf8 ... ok
[INFO] [stdout] test public::meta::tests::check::date::illegal ... ok
[INFO] [stdout] test public::meta::tests::check::date::invalid ... ok
[INFO] [stdout] test public::meta::tests::check::date::valid ... ok
[INFO] [stdout] test public::meta::tests::check::flags::ar_00 ... ok
[INFO] [stdout] test public::cp437::tests::str_to_cp437_err ... ok
[INFO] [stdout] test public::cp437::tests::str_to_cp437_ok ... ok
[INFO] [stdout] test public::meta::tests::check::flags::font_size_8x16 ... ok
[INFO] [stdout] test public::meta::tests::check::flags::invalid ... ok
[INFO] [stdout] test public::meta::tests::check::flags::font_size_9x16 ... ok
[INFO] [stdout] test public::meta::tests::check::flags::ar_01 ... ok
[INFO] [stdout] test public::meta::tests::check::flags::ar_11 ... ok
[INFO] [stdout] test public::meta::tests::check::flags::ar_10 ... ok
[INFO] [stdout] test public::meta::tests::check::flags::b_0 ... ok
[INFO] [stdout] test public::meta::tests::check::flags::ls_00 ... ok
[INFO] [stdout] test public::meta::tests::check::flags::ratio_1_35 ... ok
[INFO] [stdout] test public::meta::tests::check::flags::ratio_1_20 ... ok
[INFO] [stdout] test public::meta::tests::check::flags::ratio_1_00 ... ok
[INFO] [stdout] test public::meta::tests::check::flags::ls_10 ... ok
[INFO] [stdout] test public::meta::tests::check::flags::ls_01 ... ok
[INFO] [stdout] test public::meta::tests::check::flags::ls_11 ... ok
[INFO] [stdout] test public::meta::tests::check::font::valid ... ok
[INFO] [stdout] test public::meta::tests::check::font::invalid ... ok
[INFO] [stdout] test public::meta::tests::check::meta::none ... ok
[INFO] [stdout] test public::meta::tests::check::meta::some ... ok
[INFO] [stdout] test public::meta::tests::check::notes::too_many ... ok
[INFO] [stdout] test public::meta::tests::check::font::font_face_8x16 ... ok
[INFO] [stdout] test public::meta::tests::check::font::font_face_9x16 ... ok
[INFO] [stdout] test public::meta::tests::check::r#type::ansi ... ok
[INFO] [stdout] test public::meta::tests::check::notes::empty ... ok
[INFO] [stdout] test public::meta::tests::check::notes::not_empty ... ok
[INFO] [stdout] test internal::exit::tests::from_output_err - should panic ... ok
[INFO] [stdout] test internal::exit::tests::from_residual_ok - should panic ... ok
[INFO] [stdout] test public::meta::tests::check::r#type::ansimation ... ok
[INFO] [stdout] test public::meta::tests::check::r#type::archive ... ok
[INFO] [stdout] test public::meta::tests::check::r#type::audio ... ok
[INFO] [stdout] test public::meta::tests::check::r#type::avatar ... ok
[INFO] [stdout] test public::meta::tests::check::r#type::binary_test ... ok
[INFO] [stdout] test public::meta::tests::check::r#type::bitmap ... ok
[INFO] [stdout] test public::meta::tests::check::r#type::none ... ok
[INFO] [stdout] test public::meta::tests::check::r#type::source ... ok
[INFO] [stdout] test public::meta::tests::check::r#type::pcboard ... ok
[INFO] [stdout] test public::meta::tests::check::r#type::ascii ... ok
[INFO] [stdout] test public::meta::tests::check::r#type::xbin ... ok
[INFO] [stdout] test public::meta::tests::check::r#type::tundra_draw ... ok
[INFO] [stdout] test public::meta::tests::check::r#type::vector ... ok
[INFO] [stdout] test public::meta::tests::check::str::control ... ok
[INFO] [stdout] test public::meta::tests::check::r#type::rip_script ... ok
[INFO] [stdout] test public::meta::tests::check::r#type::executable ... ok
[INFO] [stdout] test public::meta::tests::check::r#type::html ... ok
[INFO] [stdout] test public::meta::tests::check::str::invalid ... ok
[INFO] [stdout] test public::meta::tests::check::str::long ... ok
[INFO] [stdout] test public::meta::tests::check::str::valid ... ok
[INFO] [stdout] test public::meta::tests::empty ... ok
[INFO] [stdout] test public::meta::tests::none ... ok
[INFO] [stdout] test public::meta::tests::no_data ... ok
[INFO] [stdout] test public::meta::tests::notes ... ok
[INFO] [stdout] test public::meta::tests::raw::empty ... ok
[INFO] [stdout] test public::meta::tests::one_hundred_twenty_eight_bytes ... ok
[INFO] [stdout] test public::meta::tests::check::str::valid_non_ascii ... ok
[INFO] [stdout] test public::meta::tests::default ... ok
[INFO] [stdout] test public::meta::tests::raw::one_hundred_twenty_eight_bytes ... ok
[INFO] [stdout] test public::meta::tests::raw::notes ... ok
[INFO] [stdout] test public::meta::tests::raw::no_data ... ok
[INFO] [stdout] test public::meta::tests::raw::none ... ok
[INFO] [stdout] test public::meta::tests::raw::some ... ok
[INFO] [stdout] test public::meta::tests::some ... ok
[INFO] [stdout] 
[INFO] [stdout] test result: ok. 98 passed; 0 failed; 0 ignored; 0 measured; 0 filtered out; finished in 0.08s
[INFO] [stdout] 
[INFO] [stderr]      Running unittests src/bins/check-meta/main.rs (/opt/rustwide/target/debug/deps/cp437_check_meta-3bc5e9d8586b4fe6)
[INFO] [stdout] 
[INFO] [stdout] running 12 tests
[INFO] [stdout] test tests::flags ... ok
[INFO] [stdout] test tests::author ... ok
[INFO] [stdout] test tests::date ... ok
[INFO] [stdout] test tests::font ... ok
[INFO] [stdout] test tests::ok ... ok
[INFO] [stdout] test tests::r#type ... ok
[INFO] [stdout] test tests::no_input ... ok
[INFO] [stdout] test tests::too_many_args ... ok
[INFO] [stdout] test tests::group ... ok
[INFO] [stdout] test tests::notes ... ok
[INFO] [stdout] test tests::no_meta ... ok
[INFO] [stdout] test tests::title ... ok
[INFO] [stdout] 
[INFO] [stdout] test result: ok. 12 passed; 0 failed; 0 ignored; 0 measured; 0 filtered out; finished in 0.01s
[INFO] [stdout] 
[INFO] [stderr]      Running unittests src/bins/help/main.rs (/opt/rustwide/target/debug/deps/cp437_help-88d30404f8f65cbf)
[INFO] [stdout] 
[INFO] [stdout] running 4 tests
[INFO] [stdout] test tests::unknown ... ok
[INFO] [stdout] test tests::too_many_args ... ok
[INFO] [stdout] test tests::no_args ... ok
[INFO] [stdout] test tests::with_command ... ok
[INFO] [stdout] 
[INFO] [stdout] test result: ok. 4 passed; 0 failed; 0 ignored; 0 measured; 0 filtered out; finished in 0.01s
[INFO] [stdout] 
[INFO] [stderr]      Running unittests src/bins/read-meta/main.rs (/opt/rustwide/target/debug/deps/cp437_read_meta-2833c2991514fc0d)
[INFO] [stdout] 
[INFO] [stdout] running 5 tests
[INFO] [stdout] test tests::no_input ... ok
[INFO] [stdout] test tests::simple ... ok
[INFO] [stdout] test tests::meta ... ok
[INFO] [stdout] test tests::notes ... ok
[INFO] [stdout] test tests::too_many_args ... ok
[INFO] [stdout] 
[INFO] [stdout] test result: ok. 5 passed; 0 failed; 0 ignored; 0 measured; 0 filtered out; finished in 0.02s
[INFO] [stdout] 
[INFO] [stderr]      Running unittests src/bins/remove-meta/main.rs (/opt/rustwide/target/debug/deps/cp437_remove_meta-6d1805d55bf16b17)
[INFO] [stdout] 
[INFO] [stdout] running 6 tests
[INFO] [stdout] test tests::simple ... ok
[INFO] [stdout] test tests::meta ... ok
[INFO] [stdout] test tests::empty ... ok
[INFO] [stdout] test tests::no_input ... ok
[INFO] [stdout] test tests::too_many_args ... ok
[INFO] [stdout] test tests::stdout ... FAILED
[INFO] [stdout] 
[INFO] [stdout] failures:
[INFO] [stdout] 
[INFO] [stdout] ---- tests::stdout stdout ----
[INFO] [stdout] [31mERROR: No such file or directory (os error 2)[0m
[INFO] [stdout] thread 'tests::stdout' panicked at src/bins/remove-meta/main.rs:74:9:
[INFO] [stdout] assertion failed: `(left == right)`
[INFO] [stdout] 
[INFO] [stdout] [1mDiff[0m [31m< left[0m / [32mright >[0m :
[INFO] [stdout] [31m<ERROR([0m
[INFO] [stdout] [31m<    "No such file or directory (os error 2)",[0m
[INFO] [stdout] [32m>USAGE([0m
[INFO] [stdout] [32m>    "Refusing to write to terminal",[0m
[INFO] [stdout]  )
[INFO] [stdout] 
[INFO] [stdout] 
[INFO] [stdout] stack backtrace:
[INFO] [stdout]    0:     0x64df2279610a - std::backtrace_rs::backtrace::libunwind::trace::h207520d6e9873551
[INFO] [stdout]                                at /rustc/df4ca44d3fbc9301ee17f30f4d474e6ae4b05252/library/std/src/../../backtrace/src/backtrace/libunwind.rs:116:5
[INFO] [stdout]    1:     0x64df2279610a - std::backtrace_rs::backtrace::trace_unsynchronized::h2ed7433f370e3eca
[INFO] [stdout]                                at /rustc/df4ca44d3fbc9301ee17f30f4d474e6ae4b05252/library/std/src/../../backtrace/src/backtrace/mod.rs:66:5
[INFO] [stdout]    2:     0x64df2279610a - std::sys::backtrace::_print_fmt::h916fac51166b18d7
[INFO] [stdout]                                at /rustc/df4ca44d3fbc9301ee17f30f4d474e6ae4b05252/library/std/src/sys/backtrace.rs:66:9
[INFO] [stdout]    3:     0x64df2279610a - <std::sys::backtrace::BacktraceLock::print::DisplayBacktrace as core::fmt::Display>::fmt::ha0a4c9b8ce3802e6
[INFO] [stdout]                                at /rustc/df4ca44d3fbc9301ee17f30f4d474e6ae4b05252/library/std/src/sys/backtrace.rs:39:26
[INFO] [stdout]    4:     0x64df227bde73 - core::fmt::rt::Argument::fmt::h4cfc8587d52b3eb5
[INFO] [stdout]                                at /rustc/df4ca44d3fbc9301ee17f30f4d474e6ae4b05252/library/core/src/fmt/rt.rs:177:76
[INFO] [stdout]    5:     0x64df227bde73 - core::fmt::write::h522cc39e5b36ae9f
[INFO] [stdout]                                at /rustc/df4ca44d3fbc9301ee17f30f4d474e6ae4b05252/library/core/src/fmt/mod.rs:1190:21
[INFO] [stdout]    6:     0x64df22792b03 - std::io::Write::write_fmt::h7d3c26752da97734
[INFO] [stdout]                                at /rustc/df4ca44d3fbc9301ee17f30f4d474e6ae4b05252/library/std/src/io/mod.rs:1839:15
[INFO] [stdout]    7:     0x64df22795f52 - std::sys::backtrace::BacktraceLock::print::h4b9e00b29e9c0942
[INFO] [stdout]                                at /rustc/df4ca44d3fbc9301ee17f30f4d474e6ae4b05252/library/std/src/sys/backtrace.rs:42:9
[INFO] [stdout]    8:     0x64df2279759a - std::panicking::default_hook::{{closure}}::hb59b88280d0324d9
[INFO] [stdout]                                at /rustc/df4ca44d3fbc9301ee17f30f4d474e6ae4b05252/library/std/src/panicking.rs:268:22
[INFO] [stdout]    9:     0x64df227973a4 - std::panicking::default_hook::he1dd496665be4a29
[INFO] [stdout]                                at /rustc/df4ca44d3fbc9301ee17f30f4d474e6ae4b05252/library/std/src/panicking.rs:292:9
[INFO] [stdout]   10:     0x64df224676e9 - <alloc::boxed::Box<F,A> as core::ops::function::Fn<Args>>::call::h4ff71de18744e1dc
[INFO] [stdout]                                at /rustc/df4ca44d3fbc9301ee17f30f4d474e6ae4b05252/library/alloc/src/boxed.rs:2468:9
[INFO] [stdout]   11:     0x64df224676e9 - test::test_main::{{closure}}::hcf7c055ce117aa81
[INFO] [stdout]                                at /rustc/df4ca44d3fbc9301ee17f30f4d474e6ae4b05252/library/test/src/lib.rs:133:21
[INFO] [stdout]   12:     0x64df22797c98 - <alloc::boxed::Box<F,A> as core::ops::function::Fn<Args>>::call::h1d66c6bbd60c9692
[INFO] [stdout]                                at /rustc/df4ca44d3fbc9301ee17f30f4d474e6ae4b05252/library/alloc/src/boxed.rs:2468:9
[INFO] [stdout]   13:     0x64df22797c98 - std::panicking::rust_panic_with_hook::h2ff17fe8f26dfcf8
[INFO] [stdout]                                at /rustc/df4ca44d3fbc9301ee17f30f4d474e6ae4b05252/library/std/src/panicking.rs:809:13
[INFO] [stdout]   14:     0x64df22797a5a - std::panicking::begin_panic_handler::{{closure}}::h4fad77951c07e101
[INFO] [stdout]                                at /rustc/df4ca44d3fbc9301ee17f30f4d474e6ae4b05252/library/std/src/panicking.rs:674:13
[INFO] [stdout]   15:     0x64df227965e9 - std::sys::backtrace::__rust_end_short_backtrace::hb1a25b3da5d0ea08
[INFO] [stdout]                                at /rustc/df4ca44d3fbc9301ee17f30f4d474e6ae4b05252/library/std/src/sys/backtrace.rs:170:18
[INFO] [stdout]   16:     0x64df227976ec - rust_begin_unwind
[INFO] [stdout]                                at /rustc/df4ca44d3fbc9301ee17f30f4d474e6ae4b05252/library/std/src/panicking.rs:665:5
[INFO] [stdout]   17:     0x64df227bc4a0 - core::panicking::panic_fmt::ha9db07b529f9b256
[INFO] [stdout]                                at /rustc/df4ca44d3fbc9301ee17f30f4d474e6ae4b05252/library/core/src/panicking.rs:75:14
[INFO] [stdout]   18:     0x64df22428f63 - cp437_remove_meta::tests::stdout::h7bae101b59140415
[INFO] [stdout]                                at /opt/rustwide/workdir/src/bins/remove-meta/main.rs:74:9
[INFO] [stdout]   19:     0x64df22428c47 - cp437_remove_meta::tests::stdout::{{closure}}::heafb5e578e194f00
[INFO] [stdout]                                at /opt/rustwide/workdir/src/bins/remove-meta/main.rs:73:16
[INFO] [stdout]   20:     0x64df2242a576 - core::ops::function::FnOnce::call_once::h8037e2c32d3adc6e
[INFO] [stdout]                                at /rustc/df4ca44d3fbc9301ee17f30f4d474e6ae4b05252/library/core/src/ops/function.rs:250:5
[INFO] [stdout]   21:     0x64df2246bfbb - core::ops::function::FnOnce::call_once::h22c3ba5715e93f05
[INFO] [stdout]                                at /rustc/df4ca44d3fbc9301ee17f30f4d474e6ae4b05252/library/core/src/ops/function.rs:250:5
[INFO] [stdout]   22:     0x64df2246bfbb - test::__rust_begin_short_backtrace::h8e82d8113d0da17f
[INFO] [stdout]                                at /rustc/df4ca44d3fbc9301ee17f30f4d474e6ae4b05252/library/test/src/lib.rs:621:18
[INFO] [stdout]   23:     0x64df2246b937 - test::run_test_in_process::{{closure}}::h33235f4f20b7b7c7
[INFO] [stdout]                                at /rustc/df4ca44d3fbc9301ee17f30f4d474e6ae4b05252/library/test/src/lib.rs:644:60
[INFO] [stdout]   24:     0x64df2246b937 - <core::panic::unwind_safe::AssertUnwindSafe<F> as core::ops::function::FnOnce<()>>::call_once::hb5043206310c586f
[INFO] [stdout]                                at /rustc/df4ca44d3fbc9301ee17f30f4d474e6ae4b05252/library/core/src/panic/unwind_safe.rs:272:9
[INFO] [stdout]   25:     0x64df2246b937 - std::panicking::try::do_call::h9ad4731a60ab23e2
[INFO] [stdout]                                at /rustc/df4ca44d3fbc9301ee17f30f4d474e6ae4b05252/library/std/src/panicking.rs:557:40
[INFO] [stdout]   26:     0x64df2246b937 - std::panicking::try::h3824d23db772a716
[INFO] [stdout]                                at /rustc/df4ca44d3fbc9301ee17f30f4d474e6ae4b05252/library/std/src/panicking.rs:520:19
[INFO] [stdout]   27:     0x64df2246b937 - std::panic::catch_unwind::h5afd514605fde46b
[INFO] [stdout]                                at /rustc/df4ca44d3fbc9301ee17f30f4d474e6ae4b05252/library/std/src/panic.rs:358:14
[INFO] [stdout]   28:     0x64df2246b937 - test::run_test_in_process::h0d5cbfa7067d1720
[INFO] [stdout]                                at /rustc/df4ca44d3fbc9301ee17f30f4d474e6ae4b05252/library/test/src/lib.rs:644:27
[INFO] [stdout]   29:     0x64df2246b937 - test::run_test::{{closure}}::h708eb8872708115d
[INFO] [stdout]                                at /rustc/df4ca44d3fbc9301ee17f30f4d474e6ae4b05252/library/test/src/lib.rs:565:43
[INFO] [stdout]   30:     0x64df2242f054 - test::run_test::{{closure}}::h392c51cee94713ab
[INFO] [stdout]                                at /rustc/df4ca44d3fbc9301ee17f30f4d474e6ae4b05252/library/test/src/lib.rs:595:41
[INFO] [stdout]   31:     0x64df2242f054 - std::sys::backtrace::__rust_begin_short_backtrace::h2f40290710935a8b
[INFO] [stdout]                                at /rustc/df4ca44d3fbc9301ee17f30f4d474e6ae4b05252/library/std/src/sys/backtrace.rs:154:18
[INFO] [stdout]   32:     0x64df224327fe - std::thread::Builder::spawn_unchecked_::{{closure}}::{{closure}}::h3fd968d89053a903
[INFO] [stdout]                                at /rustc/df4ca44d3fbc9301ee17f30f4d474e6ae4b05252/library/std/src/thread/mod.rs:541:17
[INFO] [stdout]   33:     0x64df224327fe - <core::panic::unwind_safe::AssertUnwindSafe<F> as core::ops::function::FnOnce<()>>::call_once::h743f637ba4229880
[INFO] [stdout]                                at /rustc/df4ca44d3fbc9301ee17f30f4d474e6ae4b05252/library/core/src/panic/unwind_safe.rs:272:9
[INFO] [stdout]   34:     0x64df224327fe - std::panicking::try::do_call::h07440897322525a6
[INFO] [stdout]                                at /rustc/df4ca44d3fbc9301ee17f30f4d474e6ae4b05252/library/std/src/panicking.rs:557:40
[INFO] [stdout]   35:     0x64df224327fe - std::panicking::try::he5a2e00188156637
[INFO] [stdout]                                at /rustc/df4ca44d3fbc9301ee17f30f4d474e6ae4b05252/library/std/src/panicking.rs:520:19
[INFO] [stdout]   36:     0x64df224327fe - std::panic::catch_unwind::hbaf3cae49b3c6433
[INFO] [stdout]                                at /rustc/df4ca44d3fbc9301ee17f30f4d474e6ae4b05252/library/std/src/panic.rs:358:14
[INFO] [stdout]   37:     0x64df224327fe - std::thread::Builder::spawn_unchecked_::{{closure}}::h8e141ea224820bce
[INFO] [stdout]                                at /rustc/df4ca44d3fbc9301ee17f30f4d474e6ae4b05252/library/std/src/thread/mod.rs:540:30
[INFO] [stdout]   38:     0x64df224327fe - core::ops::function::FnOnce::call_once{{vtable.shim}}::h90d312fedd7b8ea8
[INFO] [stdout]                                at /rustc/df4ca44d3fbc9301ee17f30f4d474e6ae4b05252/library/core/src/ops/function.rs:250:5
[INFO] [stdout]   39:     0x64df2279c55b - <alloc::boxed::Box<F,A> as core::ops::function::FnOnce<Args>>::call_once::h69aa08ddb6adb8b6
[INFO] [stdout]                                at /rustc/df4ca44d3fbc9301ee17f30f4d474e6ae4b05252/library/alloc/src/boxed.rs:2454:9
[INFO] [stdout]   40:     0x64df2279c55b - <alloc::boxed::Box<F,A> as core::ops::function::FnOnce<Args>>::call_once::h5aa36efdb79c806f
[INFO] [stdout]                                at /rustc/df4ca44d3fbc9301ee17f30f4d474e6ae4b05252/library/alloc/src/boxed.rs:2454:9
[INFO] [stdout]   41:     0x64df2279c55b - std::sys::pal::unix::thread::Thread::new::thread_start::h6cd80a1b4be5158d
[INFO] [stdout]                                at /rustc/df4ca44d3fbc9301ee17f30f4d474e6ae4b05252/library/std/src/sys/pal/unix/thread.rs:105:17
[INFO] [stdout]   42:     0x7001eb1f9ac3 - <unknown>
[INFO] [stdout]   43:     0x7001eb28aa04 - clone
[INFO] [stdout]   44:                0x0 - <unknown>
[INFO] [stdout] 
[INFO] [stdout] 
[INFO] [stdout] failures:
[INFO] [stdout]     tests::stdout
[INFO] [stdout] 
[INFO] [stdout] test result: FAILED. 5 passed; 1 failed; 0 ignored; 0 measured; 0 filtered out; finished in 0.07s
[INFO] [stdout] 
[INFO] [stderr] error: test failed, to rerun pass `--bin cp437-remove-meta`
[INFO] running `Command { std: "docker" "inspect" "c873b1961be596da6d7f99ca1e41a95619481c62121d5cc793e10910202f316f", kill_on_drop: false }`
[INFO] running `Command { std: "docker" "rm" "-f" "c873b1961be596da6d7f99ca1e41a95619481c62121d5cc793e10910202f316f", kill_on_drop: false }`
[INFO] [stdout] c873b1961be596da6d7f99ca1e41a95619481c62121d5cc793e10910202f316f
