[INFO] fetching crate cosmian_crypto_core 9.5.0...
[INFO] testing cosmian_crypto_core-9.5.0 against nightly-2024-10-28 for randomize-layout
[INFO] extracting crate cosmian_crypto_core 9.5.0 into /workspace/builds/worker-3-tc1/source
[INFO] validating manifest of crates.io crate cosmian_crypto_core 9.5.0 on toolchain nightly-2024-10-28
[INFO] running `Command { std: CARGO_HOME="/workspace/cargo-home" RUSTUP_HOME="/workspace/rustup-home" "/workspace/cargo-home/bin/cargo" "+nightly-2024-10-28" "metadata" "--manifest-path" "Cargo.toml" "--no-deps", kill_on_drop: false }`
[INFO] started tweaking crates.io crate cosmian_crypto_core 9.5.0
[INFO] finished tweaking crates.io crate cosmian_crypto_core 9.5.0
[INFO] tweaked toml for crates.io crate cosmian_crypto_core 9.5.0 written to /workspace/builds/worker-3-tc1/source/Cargo.toml
[INFO] crate crates.io crate cosmian_crypto_core 9.5.0 already has a lockfile, it will not be regenerated
[INFO] running `Command { std: CARGO_HOME="/workspace/cargo-home" RUSTUP_HOME="/workspace/rustup-home" "/workspace/cargo-home/bin/cargo" "+nightly-2024-10-28" "fetch" "--manifest-path" "Cargo.toml", kill_on_drop: false }`
[INFO] [stderr]     Updating crates.io index
[INFO] [stderr]  Downloading crates ...
[INFO] [stderr]   Downloaded tls_codec_derive v0.4.1
[INFO] [stderr]   Downloaded scrypt v0.11.0
[INFO] [stderr]   Downloaded x509-cert v0.2.5
[INFO] [stderr]   Downloaded libflate_lz77 v2.1.0
[INFO] [stderr]   Downloaded plotters-svg v0.3.6
[INFO] [stderr]   Downloaded pkcs5 v0.7.1
[INFO] [stderr]   Downloaded crypto_secretbox v0.1.1
[INFO] [stderr]   Downloaded dary_heap v0.3.6
[INFO] [stderr]   Downloaded plotters-backend v0.3.6
[INFO] [stderr]   Downloaded crypto_box v0.9.1
[INFO] [stderr]   Downloaded der_derive v0.7.2
[INFO] [stderr]   Downloaded zopfli v0.8.1
[INFO] [stderr]   Downloaded libflate v2.1.0
[INFO] [stderr]   Downloaded clap v4.5.9
[INFO] [stderr]   Downloaded lockfree-object-pool v0.1.6
[INFO] [stderr]   Downloaded zip v2.1.3
[INFO] [stderr]   Downloaded p224 v0.13.2
[INFO] [stderr]   Downloaded ureq v2.10.0
[INFO] [stderr]   Downloaded cc v1.0.106
[INFO] [stderr]   Downloaded clap_builder v4.5.9
[INFO] [stderr]   Downloaded plotters v0.3.6
[INFO] [stderr]   Downloaded p192 v0.13.0
[INFO] [stderr]   Downloaded syn v2.0.70
[INFO] [stderr]   Downloaded tls_codec v0.4.1
[INFO] [stderr]   Downloaded minisign-verify v0.2.1
[INFO] [stderr]   Downloaded flagset v0.4.5
[INFO] [stderr]   Downloaded libsodium-sys-stable v1.20.9
[INFO] [stderr]   Downloaded openssl-src v300.3.1+3.3.1
[INFO] running `Command { std: "docker" "create" "-v" "/var/lib/crater-agent-workspace/builds/worker-3-tc1/target:/opt/rustwide/target:rw,Z" "-v" "/var/lib/crater-agent-workspace/builds/worker-3-tc1/source:/opt/rustwide/workdir:ro,Z" "-v" "/var/lib/crater-agent-workspace/cargo-home:/opt/rustwide/cargo-home:ro,Z" "-v" "/var/lib/crater-agent-workspace/rustup-home:/opt/rustwide/rustup-home:ro,Z" "-e" "SOURCE_DIR=/opt/rustwide/workdir" "-e" "CARGO_TARGET_DIR=/opt/rustwide/target" "-e" "CARGO_HOME=/opt/rustwide/cargo-home" "-e" "RUSTUP_HOME=/opt/rustwide/rustup-home" "-w" "/opt/rustwide/workdir" "-m" "1610612736" "--user" "0:0" "--network" "none" "ghcr.io/rust-lang/crates-build-env/linux@sha256:4a844ea9eb2546a2d2c7022eacef16ef2e8229c7fbb2c7d4d55a9ceca922f72d" "/opt/rustwide/cargo-home/bin/cargo" "+nightly-2024-10-28" "metadata" "--no-deps" "--format-version=1", kill_on_drop: false }`
[INFO] [stdout] 182df007665888d9a95d44cf48bbf21b1702adc0d9b5e923982af757d77aeea6
[INFO] running `Command { std: "docker" "start" "-a" "182df007665888d9a95d44cf48bbf21b1702adc0d9b5e923982af757d77aeea6", kill_on_drop: false }`
[INFO] running `Command { std: "docker" "inspect" "182df007665888d9a95d44cf48bbf21b1702adc0d9b5e923982af757d77aeea6", kill_on_drop: false }`
[INFO] running `Command { std: "docker" "rm" "-f" "182df007665888d9a95d44cf48bbf21b1702adc0d9b5e923982af757d77aeea6", kill_on_drop: false }`
[INFO] [stdout] 182df007665888d9a95d44cf48bbf21b1702adc0d9b5e923982af757d77aeea6
[INFO] running `Command { std: "docker" "create" "-v" "/var/lib/crater-agent-workspace/builds/worker-3-tc1/target:/opt/rustwide/target:rw,Z" "-v" "/var/lib/crater-agent-workspace/builds/worker-3-tc1/source:/opt/rustwide/workdir:ro,Z" "-v" "/var/lib/crater-agent-workspace/cargo-home:/opt/rustwide/cargo-home:ro,Z" "-v" "/var/lib/crater-agent-workspace/rustup-home:/opt/rustwide/rustup-home:ro,Z" "-e" "SOURCE_DIR=/opt/rustwide/workdir" "-e" "CARGO_TARGET_DIR=/opt/rustwide/target" "-e" "CARGO_INCREMENTAL=0" "-e" "RUST_BACKTRACE=full" "-e" "RUSTFLAGS=--cap-lints=forbid" "-e" "RUSTDOCFLAGS=--cap-lints=forbid" "-e" "CARGO_HOME=/opt/rustwide/cargo-home" "-e" "RUSTUP_HOME=/opt/rustwide/rustup-home" "-w" "/opt/rustwide/workdir" "-m" "1610612736" "--user" "0:0" "--network" "none" "ghcr.io/rust-lang/crates-build-env/linux@sha256:4a844ea9eb2546a2d2c7022eacef16ef2e8229c7fbb2c7d4d55a9ceca922f72d" "/opt/rustwide/cargo-home/bin/cargo" "+nightly-2024-10-28" "build" "--frozen" "--message-format=json", kill_on_drop: false }`
[INFO] [stdout] 4ffbb4e44aa8db7b333fc9e09d8ca38dc33ad236584deb9b5ff749acdc8b7f04
[INFO] running `Command { std: "docker" "start" "-a" "4ffbb4e44aa8db7b333fc9e09d8ca38dc33ad236584deb9b5ff749acdc8b7f04", kill_on_drop: false }`
[INFO] [stderr]    Compiling libc v0.2.155
[INFO] [stderr]    Compiling generic-array v0.14.7
[INFO] [stderr]    Compiling subtle v2.6.1
[INFO] [stderr]    Compiling base64ct v1.6.0
[INFO] [stderr]    Compiling flagset v0.4.5
[INFO] [stderr]    Compiling base16ct v0.2.0
[INFO] [stderr]    Compiling opaque-debug v0.3.1
[INFO] [stderr]    Compiling libm v0.2.8
[INFO] [stderr]    Compiling ppv-lite86 v0.2.17
[INFO] [stderr]    Compiling spin v0.9.8
[INFO] [stderr]    Compiling num-bigint-dig v0.8.4
[INFO] [stderr]    Compiling quote v1.0.36
[INFO] [stderr]    Compiling num-traits v0.2.19
[INFO] [stderr]    Compiling crunchy v0.2.2
[INFO] [stderr]    Compiling rustc_version v0.4.0
[INFO] [stderr]    Compiling tiny-keccak v2.0.2
[INFO] [stderr]    Compiling keccak v0.1.5
[INFO] [stderr]    Compiling lazy_static v1.5.0
[INFO] [stderr]    Compiling leb128 v0.2.5
[INFO] [stderr]    Compiling syn v2.0.70
[INFO] [stderr]    Compiling pem-rfc7468 v0.7.0
[INFO] [stderr]    Compiling curve25519-dalek v4.1.3
[INFO] [stderr]    Compiling getrandom v0.2.15
[INFO] [stderr]    Compiling rand_core v0.6.4
[INFO] [stderr]    Compiling uuid v1.10.0
[INFO] [stderr]    Compiling ff v0.13.0
[INFO] [stderr]    Compiling rand_chacha v0.3.1
[INFO] [stderr]    Compiling group v0.13.0
[INFO] [stderr]    Compiling rand v0.8.5
[INFO] [stderr]    Compiling num-integer v0.1.46
[INFO] [stderr]    Compiling num-iter v0.1.45
[INFO] [stderr]    Compiling zeroize_derive v1.4.2
[INFO] [stderr]    Compiling derive_arbitrary v1.3.2
[INFO] [stderr]    Compiling der_derive v0.7.2
[INFO] [stderr]    Compiling curve25519-dalek-derive v0.1.1
[INFO] [stderr]    Compiling zeroize v1.8.1
[INFO] [stderr]    Compiling arbitrary v1.3.2
[INFO] [stderr]    Compiling const-oid v0.9.6
[INFO] [stderr]    Compiling crypto-common v0.1.6
[INFO] [stderr]    Compiling block-buffer v0.10.4
[INFO] [stderr]    Compiling block-padding v0.3.3
[INFO] [stderr]    Compiling crypto-bigint v0.5.5
[INFO] [stderr]    Compiling universal-hash v0.5.1
[INFO] [stderr]    Compiling aead v0.5.2
[INFO] [stderr]    Compiling inout v0.1.3
[INFO] [stderr]    Compiling poly1305 v0.8.0
[INFO] [stderr]    Compiling polyval v0.6.2
[INFO] [stderr]    Compiling cipher v0.4.4
[INFO] [stderr]    Compiling ghash v0.5.1
[INFO] [stderr]    Compiling salsa20 v0.10.2
[INFO] [stderr]    Compiling aes v0.8.4
[INFO] [stderr]    Compiling cbc v0.1.2
[INFO] [stderr]    Compiling ctr v0.9.2
[INFO] [stderr]    Compiling chacha20 v0.9.1
[INFO] [stderr]    Compiling crypto_secretbox v0.1.1
[INFO] [stderr]    Compiling chacha20poly1305 v0.10.1
[INFO] [stderr]    Compiling aes-gcm v0.10.3
[INFO] [stderr]    Compiling digest v0.10.7
[INFO] [stderr]    Compiling der v0.7.9
[INFO] [stderr]    Compiling hmac v0.12.1
[INFO] [stderr]    Compiling sha2 v0.10.8
[INFO] [stderr]    Compiling signature v2.2.0
[INFO] [stderr]    Compiling sha1 v0.10.6
[INFO] [stderr]    Compiling blake2 v0.10.6
[INFO] [stderr]    Compiling sha3 v0.10.8
[INFO] [stderr]    Compiling ed25519 v2.2.3
[INFO] [stderr]    Compiling pbkdf2 v0.12.2
[INFO] [stderr]    Compiling hkdf v0.12.4
[INFO] [stderr]    Compiling rfc6979 v0.4.0
[INFO] [stderr]    Compiling scrypt v0.11.0
[INFO] [stderr]    Compiling spki v0.7.3
[INFO] [stderr]    Compiling pkcs5 v0.7.1
[INFO] [stderr]    Compiling x509-cert v0.2.5
[INFO] [stderr]    Compiling ed25519-dalek v2.1.1
[INFO] [stderr]    Compiling crypto_box v0.9.1
[INFO] [stderr]    Compiling pkcs8 v0.10.2
[INFO] [stderr]    Compiling sec1 v0.7.3
[INFO] [stderr]    Compiling pkcs1 v0.7.5
[INFO] [stderr]    Compiling elliptic-curve v0.13.8
[INFO] [stderr]    Compiling rsa v0.9.6
[INFO] [stderr]    Compiling ecdsa v0.16.9
[INFO] [stderr]    Compiling primeorder v0.13.6
[INFO] [stderr]    Compiling p256 v0.13.2
[INFO] [stderr]    Compiling p384 v0.13.0
[INFO] [stderr]    Compiling p192 v0.13.0
[INFO] [stderr]    Compiling p224 v0.13.2
[INFO] [stderr]    Compiling cosmian_crypto_core v9.5.0 (/opt/rustwide/workdir)
[INFO] [stdout] warning: unexpected `cfg` condition value: `curve_25519`
[INFO] [stdout]    --> src/ecies/generic_ecies_aes128gcm.rs:248:42
[INFO] [stdout]     |
[INFO] [stdout] 248 | #[cfg(all(test, feature = "nist_curves", feature = "curve_25519"))]
[INFO] [stdout]     |                                          ^^^^^^^^^^-------------
[INFO] [stdout]     |                                                    |
[INFO] [stdout]     |                                                    help: there is a expected value with a similar name: `"curve25519"`
[INFO] [stdout]     |
[INFO] [stdout]     = note: expected values for `feature` are: `aead`, `aes`, `aes-gcm`, `blake`, `blake2`, `certificate`, `chacha`, `chacha20`, `chacha20poly1305`, `crypto_box`, `curve25519`, `curve25519-dalek`, `default`, `digest`, `ecies`, `ed25519-dalek`, `elliptic-curve`, `leb128`, `nist_curves`, `p192`, `p224`, `p256`, `p384`, `pkcs8`, `rfc5649`, `rsa`, `ser`, `sha1`, `sha2`, `sha3`, `signature`, `tiny-keccak`, `uuid`, and `x509-cert`
[INFO] [stdout]     = help: consider adding `curve_25519` as a feature in `Cargo.toml`
[INFO] [stdout]     = note: see <https://doc.rust-lang.org/nightly/rustc/check-cfg/cargo-specifics.html> for more information about checking conditional configuration
[INFO] [stdout]     = note: `#[warn(unexpected_cfgs)]` on by default
[INFO] [stdout] 
[INFO] [stdout] 
[INFO] [stderr]     Finished `dev` profile [unoptimized + debuginfo] target(s) in 8.56s
[INFO] running `Command { std: "docker" "inspect" "4ffbb4e44aa8db7b333fc9e09d8ca38dc33ad236584deb9b5ff749acdc8b7f04", kill_on_drop: false }`
[INFO] running `Command { std: "docker" "rm" "-f" "4ffbb4e44aa8db7b333fc9e09d8ca38dc33ad236584deb9b5ff749acdc8b7f04", kill_on_drop: false }`
[INFO] [stdout] 4ffbb4e44aa8db7b333fc9e09d8ca38dc33ad236584deb9b5ff749acdc8b7f04
[INFO] running `Command { std: "docker" "create" "-v" "/var/lib/crater-agent-workspace/builds/worker-3-tc1/target:/opt/rustwide/target:rw,Z" "-v" "/var/lib/crater-agent-workspace/builds/worker-3-tc1/source:/opt/rustwide/workdir:ro,Z" "-v" "/var/lib/crater-agent-workspace/cargo-home:/opt/rustwide/cargo-home:ro,Z" "-v" "/var/lib/crater-agent-workspace/rustup-home:/opt/rustwide/rustup-home:ro,Z" "-e" "SOURCE_DIR=/opt/rustwide/workdir" "-e" "CARGO_TARGET_DIR=/opt/rustwide/target" "-e" "CARGO_INCREMENTAL=0" "-e" "RUST_BACKTRACE=full" "-e" "RUSTFLAGS=--cap-lints=forbid" "-e" "RUSTDOCFLAGS=--cap-lints=forbid" "-e" "CARGO_HOME=/opt/rustwide/cargo-home" "-e" "RUSTUP_HOME=/opt/rustwide/rustup-home" "-w" "/opt/rustwide/workdir" "-m" "1610612736" "--user" "0:0" "--network" "none" "ghcr.io/rust-lang/crates-build-env/linux@sha256:4a844ea9eb2546a2d2c7022eacef16ef2e8229c7fbb2c7d4d55a9ceca922f72d" "/opt/rustwide/cargo-home/bin/cargo" "+nightly-2024-10-28" "test" "--frozen" "--no-run" "--message-format=json", kill_on_drop: false }`
[INFO] [stdout] ebdc290d1130ef3c823fba2a909fde9190f939f32f8343c4e4953276bb8cba9b
[INFO] running `Command { std: "docker" "start" "-a" "ebdc290d1130ef3c823fba2a909fde9190f939f32f8343c4e4953276bb8cba9b", kill_on_drop: false }`
[INFO] [stderr]    Compiling libc v0.2.155
[INFO] [stderr]    Compiling num-traits v0.2.19
[INFO] [stderr]    Compiling cc v1.0.106
[INFO] [stderr]    Compiling ahash v0.8.11
[INFO] [stderr]    Compiling tinyvec_macros v0.1.1
[INFO] [stderr]    Compiling pkg-config v0.3.30
[INFO] [stderr]    Compiling zerocopy v0.7.35
[INFO] [stderr]    Compiling rustix v0.38.34
[INFO] [stderr]    Compiling serde v1.0.204
[INFO] [stderr]    Compiling allocator-api2 v0.2.18
[INFO] [stderr]    Compiling memchr v2.7.4
[INFO] [stderr]    Compiling linux-raw-sys v0.4.14
[INFO] [stderr]    Compiling unicode-bidi v0.3.15
[INFO] [stderr]    Compiling percent-encoding v2.3.1
[INFO] [stderr]    Compiling serde_derive v1.0.204
[INFO] [stderr]    Compiling rle-decode-fast v1.0.3
[INFO] [stderr]    Compiling tinyvec v1.8.0
[INFO] [stderr]    Compiling crc32fast v1.4.2
[INFO] [stderr]    Compiling form_urlencoded v1.2.1
[INFO] [stderr]    Compiling adler32 v1.2.0
[INFO] [stderr]    Compiling serde_json v1.0.120
[INFO] [stderr]    Compiling base64 v0.22.1
[INFO] [stderr]    Compiling log v0.4.22
[INFO] [stderr]    Compiling either v1.13.0
[INFO] [stderr]    Compiling dary_heap v0.3.6
[INFO] [stderr]    Compiling half v2.4.1
[INFO] [stderr]    Compiling minisign-verify v0.2.1
[INFO] [stderr]    Compiling core2 v0.4.0
[INFO] [stderr]    Compiling hashbrown v0.14.5
[INFO] [stderr]    Compiling clap_lex v0.7.1
[INFO] [stderr]    Compiling regex-syntax v0.8.4
[INFO] [stderr]    Compiling plotters-backend v0.3.6
[INFO] [stderr]    Compiling anstyle v1.0.7
[INFO] [stderr]    Compiling ciborium-io v0.2.2
[INFO] [stderr]    Compiling openssl-src v300.3.1+3.3.1
[INFO] [stderr]    Compiling ciborium-ll v0.2.2
[INFO] [stderr]    Compiling itertools v0.10.5
[INFO] [stderr]    Compiling clap_builder v4.5.9
[INFO] [stderr]    Compiling plotters-svg v0.3.6
[INFO] [stderr]    Compiling openssl v0.10.64
[INFO] [stderr]    Compiling cast v0.3.0
[INFO] [stderr]    Compiling unicode-normalization v0.1.23
[INFO] [stderr]    Compiling rayon v1.10.0
[INFO] [stderr]    Compiling openssl-macros v0.1.1
[INFO] [stderr]    Compiling getrandom v0.2.15
[INFO] [stderr]    Compiling filetime v0.2.23
[INFO] [stderr]    Compiling is-terminal v0.4.12
[INFO] [stderr]    Compiling num-integer v0.1.46
[INFO] [stderr]    Compiling rand_core v0.6.4
[INFO] [stderr]    Compiling libflate_lz77 v2.1.0
[INFO] [stderr]    Compiling uuid v1.10.0
[INFO] [stderr]    Compiling plotters v0.3.6
[INFO] [stderr]    Compiling fastrand v2.1.0
[INFO] [stderr]    Compiling crypto-common v0.1.6
[INFO] [stderr]    Compiling ff v0.13.0
[INFO] [stderr]    Compiling digest v0.10.7
[INFO] [stderr]    Compiling cipher v0.4.4
[INFO] [stderr]    Compiling group v0.13.0
[INFO] [stderr]    Compiling universal-hash v0.5.1
[INFO] [stderr]    Compiling crypto-bigint v0.5.5
[INFO] [stderr]    Compiling aead v0.5.2
[INFO] [stderr]    Compiling idna v0.5.0
[INFO] [stderr]    Compiling poly1305 v0.8.0
[INFO] [stderr]    Compiling openssl-sys v0.9.102
[INFO] [stderr]    Compiling rand_chacha v0.3.1
[INFO] [stderr]    Compiling hmac v0.12.1
[INFO] [stderr]    Compiling salsa20 v0.10.2
[INFO] [stderr]    Compiling sha2 v0.10.8
[INFO] [stderr]    Compiling pbkdf2 v0.12.2
[INFO] [stderr]    Compiling aes v0.8.4
[INFO] [stderr]    Compiling cbc v0.1.2
[INFO] [stderr]    Compiling signature v2.2.0
[INFO] [stderr]    Compiling scrypt v0.11.0
[INFO] [stderr]    Compiling hkdf v0.12.4
[INFO] [stderr]    Compiling rfc6979 v0.4.0
[INFO] [stderr]    Compiling url v2.5.2
[INFO] [stderr]    Compiling rand v0.8.5
[INFO] [stderr]    Compiling curve25519-dalek v4.1.3
[INFO] [stderr]    Compiling pkcs5 v0.7.1
[INFO] [stderr]    Compiling xattr v1.3.1
[INFO] [stderr]    Compiling polyval v0.6.2
[INFO] [stderr]    Compiling tar v0.4.41
[INFO] [stderr]    Compiling num-iter v0.1.45
[INFO] [stderr]    Compiling libflate v2.1.0
[INFO] [stderr]    Compiling pkcs8 v0.10.2
[INFO] [stderr]    Compiling ghash v0.5.1
[INFO] [stderr]    Compiling ed25519 v2.2.3
[INFO] [stderr]    Compiling crypto_secretbox v0.1.1
[INFO] [stderr]    Compiling sec1 v0.7.3
[INFO] [stderr]    Compiling ureq v2.10.0
[INFO] [stderr]    Compiling num-bigint-dig v0.8.4
[INFO] [stderr]    Compiling pkcs1 v0.7.5
[INFO] [stderr]    Compiling regex-automata v0.4.7
[INFO] [stderr]    Compiling chacha20 v0.9.1
[INFO] [stderr]    Compiling elliptic-curve v0.13.8
[INFO] [stderr]    Compiling ctr v0.9.2
[INFO] [stderr]    Compiling sha1 v0.10.6
[INFO] [stderr]    Compiling blake2 v0.10.6
[INFO] [stderr]    Compiling chacha20poly1305 v0.10.1
[INFO] [stderr]    Compiling clap v4.5.9
[INFO] [stderr]    Compiling criterion-plot v0.5.0
[INFO] [stderr]    Compiling aes-gcm v0.10.3
[INFO] [stderr]    Compiling sha3 v0.10.8
[INFO] [stderr]    Compiling anes v0.1.6
[INFO] [stderr]    Compiling oorandom v11.1.4
[INFO] [stderr]    Compiling primeorder v0.13.6
[INFO] [stderr]    Compiling ecdsa v0.16.9
[INFO] [stderr]    Compiling ed25519-dalek v2.1.1
[INFO] [stderr]    Compiling crypto_box v0.9.1
[INFO] [stderr]    Compiling x509-cert v0.2.5
[INFO] [stderr]    Compiling tempfile v3.10.1
[INFO] [stderr]    Compiling p192 v0.13.0
[INFO] [stderr]    Compiling p224 v0.13.2
[INFO] [stderr]    Compiling rsa v0.9.6
[INFO] [stderr]    Compiling libsodium-sys-stable v1.20.9
[INFO] [stderr]    Compiling p384 v0.13.0
[INFO] [stderr]    Compiling p256 v0.13.2
[INFO] [stderr]    Compiling regex v1.10.5
[INFO] [stderr]    Compiling cosmian_crypto_core v9.5.0 (/opt/rustwide/workdir)
[INFO] [stdout] warning: unexpected `cfg` condition value: `curve_25519`
[INFO] [stdout]    --> src/ecies/generic_ecies_aes128gcm.rs:248:42
[INFO] [stdout]     |
[INFO] [stdout] 248 | #[cfg(all(test, feature = "nist_curves", feature = "curve_25519"))]
[INFO] [stdout]     |                                          ^^^^^^^^^^-------------
[INFO] [stdout]     |                                                    |
[INFO] [stdout]     |                                                    help: there is a expected value with a similar name: `"curve25519"`
[INFO] [stdout]     |
[INFO] [stdout]     = note: expected values for `feature` are: `aead`, `aes`, `aes-gcm`, `blake`, `blake2`, `certificate`, `chacha`, `chacha20`, `chacha20poly1305`, `crypto_box`, `curve25519`, `curve25519-dalek`, `default`, `digest`, `ecies`, `ed25519-dalek`, `elliptic-curve`, `leb128`, `nist_curves`, `p192`, `p224`, `p256`, `p384`, `pkcs8`, `rfc5649`, `rsa`, `ser`, `sha1`, `sha2`, `sha3`, `signature`, `tiny-keccak`, `uuid`, and `x509-cert`
[INFO] [stdout]     = help: consider adding `curve_25519` as a feature in `Cargo.toml`
[INFO] [stdout]     = note: see <https://doc.rust-lang.org/nightly/rustc/check-cfg/cargo-specifics.html> for more information about checking conditional configuration
[INFO] [stdout]     = note: `#[warn(unexpected_cfgs)]` on by default
[INFO] [stdout] 
[INFO] [stdout] 
[INFO] [stderr]    Compiling ciborium v0.2.2
[INFO] [stderr]    Compiling tinytemplate v1.2.1
[INFO] [stderr]    Compiling criterion v0.5.1
[INFO] [stdout] warning: unexpected `cfg` condition value: `curve_25519`
[INFO] [stdout]    --> src/ecies/generic_ecies_aes128gcm.rs:248:42
[INFO] [stdout]     |
[INFO] [stdout] 248 | #[cfg(all(test, feature = "nist_curves", feature = "curve_25519"))]
[INFO] [stdout]     |                                          ^^^^^^^^^^-------------
[INFO] [stdout]     |                                                    |
[INFO] [stdout]     |                                                    help: there is a expected value with a similar name: `"curve25519"`
[INFO] [stdout]     |
[INFO] [stdout]     = note: expected values for `feature` are: `aead`, `aes`, `aes-gcm`, `blake`, `blake2`, `certificate`, `chacha`, `chacha20`, `chacha20poly1305`, `crypto_box`, `curve25519`, `curve25519-dalek`, `default`, `digest`, `ecies`, `ed25519-dalek`, `elliptic-curve`, `leb128`, `nist_curves`, `p192`, `p224`, `p256`, `p384`, `pkcs8`, `rfc5649`, `rsa`, `ser`, `sha1`, `sha2`, `sha3`, `signature`, `tiny-keccak`, `uuid`, and `x509-cert`
[INFO] [stdout]     = help: consider adding `curve_25519` as a feature in `Cargo.toml`
[INFO] [stdout]     = note: see <https://doc.rust-lang.org/nightly/rustc/check-cfg/cargo-specifics.html> for more information about checking conditional configuration
[INFO] [stdout]     = note: `#[warn(unexpected_cfgs)]` on by default
[INFO] [stdout] 
[INFO] [stdout] 
[INFO] [stderr]     Finished `test` profile [unoptimized + debuginfo] target(s) in 53.39s
[INFO] running `Command { std: "docker" "inspect" "ebdc290d1130ef3c823fba2a909fde9190f939f32f8343c4e4953276bb8cba9b", kill_on_drop: false }`
[INFO] running `Command { std: "docker" "rm" "-f" "ebdc290d1130ef3c823fba2a909fde9190f939f32f8343c4e4953276bb8cba9b", kill_on_drop: false }`
[INFO] [stdout] ebdc290d1130ef3c823fba2a909fde9190f939f32f8343c4e4953276bb8cba9b
[INFO] running `Command { std: "docker" "create" "-v" "/var/lib/crater-agent-workspace/builds/worker-3-tc1/target:/opt/rustwide/target:rw,Z" "-v" "/var/lib/crater-agent-workspace/builds/worker-3-tc1/source:/opt/rustwide/workdir:ro,Z" "-v" "/var/lib/crater-agent-workspace/cargo-home:/opt/rustwide/cargo-home:ro,Z" "-v" "/var/lib/crater-agent-workspace/rustup-home:/opt/rustwide/rustup-home:ro,Z" "-e" "SOURCE_DIR=/opt/rustwide/workdir" "-e" "CARGO_TARGET_DIR=/opt/rustwide/target" "-e" "CARGO_INCREMENTAL=0" "-e" "RUST_BACKTRACE=full" "-e" "RUSTFLAGS=--cap-lints=forbid" "-e" "RUSTDOCFLAGS=--cap-lints=forbid" "-e" "CARGO_HOME=/opt/rustwide/cargo-home" "-e" "RUSTUP_HOME=/opt/rustwide/rustup-home" "-w" "/opt/rustwide/workdir" "-m" "1610612736" "--user" "0:0" "--network" "none" "ghcr.io/rust-lang/crates-build-env/linux@sha256:4a844ea9eb2546a2d2c7022eacef16ef2e8229c7fbb2c7d4d55a9ceca922f72d" "/opt/rustwide/cargo-home/bin/cargo" "+nightly-2024-10-28" "test" "--frozen", kill_on_drop: false }`
[INFO] [stdout] b92bdb66fb43aeb6f7bb5220ebca4ac772b8e89e7c25d53562bf51f661b0cc1a
[INFO] running `Command { std: "docker" "start" "-a" "b92bdb66fb43aeb6f7bb5220ebca4ac772b8e89e7c25d53562bf51f661b0cc1a", kill_on_drop: false }`
[INFO] [stderr] warning: unexpected `cfg` condition value: `curve_25519`
[INFO] [stderr]    --> src/ecies/generic_ecies_aes128gcm.rs:248:42
[INFO] [stderr]     |
[INFO] [stderr] 248 | #[cfg(all(test, feature = "nist_curves", feature = "curve_25519"))]
[INFO] [stderr]     |                                          ^^^^^^^^^^-------------
[INFO] [stderr]     |                                                    |
[INFO] [stderr]     |                                                    help: there is a expected value with a similar name: `"curve25519"`
[INFO] [stderr]     |
[INFO] [stderr]     = note: expected values for `feature` are: `aead`, `aes`, `aes-gcm`, `blake`, `blake2`, `certificate`, `chacha`, `chacha20`, `chacha20poly1305`, `crypto_box`, `curve25519`, `curve25519-dalek`, `default`, `digest`, `ecies`, `ed25519-dalek`, `elliptic-curve`, `leb128`, `nist_curves`, `p192`, `p224`, `p256`, `p384`, `pkcs8`, `rfc5649`, `rsa`, `ser`, `sha1`, `sha2`, `sha3`, `signature`, `tiny-keccak`, `uuid`, and `x509-cert`
[INFO] [stderr]     = help: consider adding `curve_25519` as a feature in `Cargo.toml`
[INFO] [stderr]     = note: see <https://doc.rust-lang.org/nightly/rustc/check-cfg/cargo-specifics.html> for more information about checking conditional configuration
[INFO] [stderr]     = note: `#[warn(unexpected_cfgs)]` on by default
[INFO] [stderr] 
[INFO] [stderr] warning: `cosmian_crypto_core` (lib) generated 1 warning
[INFO] [stderr] warning: `cosmian_crypto_core` (lib test) generated 1 warning (1 duplicate)
[INFO] [stderr]     Finished `test` profile [unoptimized + debuginfo] target(s) in 0.19s
[INFO] [stderr]      Running unittests src/lib.rs (/opt/rustwide/target/debug/deps/cosmian_crypto_core-3ec6b95a8e1c183e)
[INFO] [stdout] 
[INFO] [stdout] running 61 tests
[INFO] [stdout] test asymmetric_crypto::curves::curve_25519::ristretto_25519::curve_point::test::test_private_key_serialization ... ok
[INFO] [stdout] test asymmetric_crypto::curves::curve_25519::ristretto_25519::curve_point::test::test_public_key_serialization ... ok
[INFO] [stdout] test blake2::tests::test_blake_2s ... ok
[INFO] [stdout] test bytes_ser_de::tests::test_deserialization_errors ... ok
[INFO] [stdout] test blake2::tests::test_blake_2b ... ok
[INFO] [stdout] test bytes_ser_de::tests::test_ser_de ... ok
[INFO] [stdout] test bytes_ser_de::tests::test_to_leb128_len ... ok
[INFO] [stdout] test ecies::curve_25519::ecies_salsa_sealed_box::tests::ecies_salsa_seal_box ... ok
[INFO] [stdout] test ecies::curve_25519::ecies_salsa_sealed_box::tests::ecies_salsa_seal_box_ed ... ok
[INFO] [stdout] test ecies::curve_25519::ecies_salsa_sealed_box::tests::libsodium_compat ... ok
[INFO] [stdout] test ecies::curve_25519::ecies_x25519_xchacha20::tests::ecies_x25519_xchacha20_poly1305_test ... ok
[INFO] [stdout] test asymmetric_crypto::curves::curve_25519::ed25519::ed_dsa::tests::ed25519_keypair_test ... ok
[INFO] [stdout] test ecies::curve_25519::ecies_x25519_xchacha20::tests::test_encrypt_decrypt_with_authenticated_data ... ok
[INFO] [stdout] test ecies::curve_25519::ecies_x25519_xchacha20::tests::test_encrypt_decrypt_with_corrupted_authentication_data ... ok
[INFO] [stdout] test asymmetric_crypto::rsa::tests::key_wrapping::test_openssl_wrap_oaep_sha256_compat ... ok
[INFO] [stdout] test asymmetric_crypto::curves::curve_25519::ed25519::certificate::tests::test_certificate ... ok
[INFO] [stdout] test ecies::curve_25519::ecies_x25519_xchacha20::tests::test_stream_be32 ... ok
[INFO] [stdout] test symmetric_crypto::aes_128_gcm::tests::test_dem_combined ... ok
[INFO] [stdout] test symmetric_crypto::aes_128_gcm::tests::test_dem_in_place ... ok
[INFO] [stdout] test symmetric_crypto::aes_128_gcm::tests::test_stream_be32 ... ok
[INFO] [stdout] test asymmetric_crypto::curves::nist::test_pkcs8_openssl_compat::tests::test_pkcs8_openssl_key_compat ... ok
[INFO] [stdout] test ecies::curve_25519::ecies_x25519_xchacha20::tests::test_stream_le31 ... ok
[INFO] [stdout] test symmetric_crypto::aes_128_gcm::tests::test_stream_le31 ... ok
[INFO] [stdout] test symmetric_crypto::aes_256_gcm::tests::test_stream_be32 ... ok
[INFO] [stdout] test symmetric_crypto::aes_256_gcm::tests::libsodium_compat ... ok
[INFO] [stdout] test symmetric_crypto::aes_256_gcm::tests::test_dem_combined ... ok
[INFO] [stdout] test symmetric_crypto::aes_256_gcm::tests::test_dem_in_place ... ok
[INFO] [stdout] test symmetric_crypto::aes_256_gcm::tests::test_stream_le31 ... ok
[INFO] [stdout] test symmetric_crypto::chacha20_poly1305::tests::libsodium_compat ... ok
[INFO] [stdout] test symmetric_crypto::chacha20_poly1305::tests::test_dem_combined ... ok
[INFO] [stdout] test symmetric_crypto::chacha20_poly1305::tests::test_stream_be32 ... ok
[INFO] [stdout] test symmetric_crypto::chacha20_poly1305::tests::test_dem_in_place ... ok
[INFO] [stdout] test asymmetric_crypto::curves::curve_25519::ed25519::ed_dsa::tests::ed25519_test ... ok
[INFO] [stdout] test asymmetric_crypto::curves::nist::test_pkcs8_openssl_compat::tests::test_pkcs8_openssl_key_deprecated_compat ... ok
[INFO] [stdout] test symmetric_crypto::key::tests::test_key ... ok
[INFO] [stdout] test symmetric_crypto::key_wrapping_rfc_5649::tests::test_wrap64_bad_input_content ... ok
[INFO] [stdout] test symmetric_crypto::key_wrapping_rfc_5649::tests::test_wrap_bad_input_content ... ok
[INFO] [stdout] test symmetric_crypto::chacha20_poly1305::tests::test_stream_le31 ... ok
[INFO] [stdout] test symmetric_crypto::key_wrapping_rfc_5649::tests::test_wrap64_bad_input_size ... ok
[INFO] [stdout] test symmetric_crypto::key_wrapping_rfc_5649::tests::test_wrap64_bad_key_size ... ok
[INFO] [stdout] test symmetric_crypto::key_wrapping_rfc_5649::tests::test_wrap_bad_input_size ... ok
[INFO] [stdout] test symmetric_crypto::key_wrapping_rfc_5649::tests::test_wrap_bad_key_size ... ok
[INFO] [stdout] test asymmetric_crypto::curves::curve_25519::ed25519::ed_dsa::tests::ed25519_cached_test ... ok
[INFO] [stdout] test symmetric_crypto::key_wrapping_rfc_5649::tests::test_wrap64 ... ok
[INFO] [stdout] test symmetric_crypto::key_wrapping_rfc_5649::tests::test_wrap_small_length ... ok
[INFO] [stdout] test symmetric_crypto::key_wrapping_rfc_5649::tests::test_wrap_large_length ... ok
[INFO] [stdout] test symmetric_crypto::xchacha20_poly1305::tests::test_dem_combined ... ok
[INFO] [stdout] test symmetric_crypto::xchacha20_poly1305::tests::test_dem_in_place ... ok
[INFO] [stdout] test symmetric_crypto::nonce::tests::test_nonce ... ok
[INFO] [stdout] test symmetric_crypto::xchacha20_poly1305::tests::test_stream_le31 ... ok
[INFO] [stdout] test symmetric_crypto::xchacha20_poly1305::tests::libsodium_compat ... ok
[INFO] [stdout] test symmetric_crypto::xchacha20_poly1305::tests::test_stream_be32 ... ok
[INFO] [stdout] test symmetric_crypto::key_wrapping_rfc_5649::tests::test_wrap ... ok
[INFO] [stdout] test bytes_ser_de::tests::test_r25519_serialization ... FAILED
[INFO] [stdout] test asymmetric_crypto::rsa::tests::pkcs8_tests::test_pkcs8_openssl_key_compat ... ok
[INFO] [stdout] test asymmetric_crypto::rsa::tests::key_wrapping::test_openssl_unwrap_oaep_sha256_compat ... ok
[INFO] [stdout] test asymmetric_crypto::curves::nist::public_key::tests::test_serialization_deserialization ... ok
[INFO] [stdout] test asymmetric_crypto::rsa::tests::pkcs8_tests::test_encrypted_pkcs8_openssl_key_compat ... ok
[INFO] [stdout] test asymmetric_crypto::curves::nist::test_pkcs8_openssl_compat::tests::test_encrypted_pkcs8_openssl_key_compat ... ok
[INFO] [stdout] test asymmetric_crypto::curves::nist::test_pkcs8_openssl_compat::tests::test_encrypted_pkcs8_openssl_key_deprecated_compat ... ok
[INFO] [stdout] test asymmetric_crypto::rsa::tests::key_wrapping::test_wrap_unwrap has been running for over 60 seconds
[INFO] [stdout] test asymmetric_crypto::rsa::tests::key_wrapping::test_wrap_unwrap ... ok
[INFO] [stdout] 
[INFO] [stdout] failures:
[INFO] [stdout] 
[INFO] [stdout] ---- bytes_ser_de::tests::test_r25519_serialization stdout ----
[INFO] [stdout] [src/bytes_ser_de.rs:337:13] &empty_error = Err(
[INFO] [stdout]     DeserializationEmptyError,
[INFO] [stdout] )
[INFO] [stdout] [src/bytes_ser_de.rs:346:13] &too_small_error = Err(
[INFO] [stdout]     DeserializationSizeError {
[INFO] [stdout]         given: 0,
[INFO] [stdout]         expected: 32,
[INFO] [stdout]     },
[INFO] [stdout] )
[INFO] [stdout] thread 'bytes_ser_de::tests::test_r25519_serialization' panicked at src/bytes_ser_de.rs:347:13:
[INFO] [stdout] assertion failed: matches!(too_small_error,
[INFO] [stdout]     Err(CryptoCoreError::DeserializationSizeError { given: 3, expected: 32 }))
[INFO] [stdout] stack backtrace:
[INFO] [stdout]    0:     0x6019b41bff4a - std::backtrace_rs::backtrace::libunwind::trace::h207520d6e9873551
[INFO] [stdout]                                at /rustc/df4ca44d3fbc9301ee17f30f4d474e6ae4b05252/library/std/src/../../backtrace/src/backtrace/libunwind.rs:116:5
[INFO] [stdout]    1:     0x6019b41bff4a - std::backtrace_rs::backtrace::trace_unsynchronized::h2ed7433f370e3eca
[INFO] [stdout]                                at /rustc/df4ca44d3fbc9301ee17f30f4d474e6ae4b05252/library/std/src/../../backtrace/src/backtrace/mod.rs:66:5
[INFO] [stdout]    2:     0x6019b41bff4a - std::sys::backtrace::_print_fmt::h916fac51166b18d7
[INFO] [stdout]                                at /rustc/df4ca44d3fbc9301ee17f30f4d474e6ae4b05252/library/std/src/sys/backtrace.rs:66:9
[INFO] [stdout]    3:     0x6019b41bff4a - <std::sys::backtrace::BacktraceLock::print::DisplayBacktrace as core::fmt::Display>::fmt::ha0a4c9b8ce3802e6
[INFO] [stdout]                                at /rustc/df4ca44d3fbc9301ee17f30f4d474e6ae4b05252/library/std/src/sys/backtrace.rs:39:26
[INFO] [stdout]    4:     0x6019b41e7663 - core::fmt::rt::Argument::fmt::h4cfc8587d52b3eb5
[INFO] [stdout]                                at /rustc/df4ca44d3fbc9301ee17f30f4d474e6ae4b05252/library/core/src/fmt/rt.rs:177:76
[INFO] [stdout]    5:     0x6019b41e7663 - core::fmt::write::h522cc39e5b36ae9f
[INFO] [stdout]                                at /rustc/df4ca44d3fbc9301ee17f30f4d474e6ae4b05252/library/core/src/fmt/mod.rs:1190:21
[INFO] [stdout]    6:     0x6019b41bc8f3 - std::io::Write::write_fmt::h7d3c26752da97734
[INFO] [stdout]                                at /rustc/df4ca44d3fbc9301ee17f30f4d474e6ae4b05252/library/std/src/io/mod.rs:1839:15
[INFO] [stdout]    7:     0x6019b41bfd92 - std::sys::backtrace::BacktraceLock::print::h4b9e00b29e9c0942
[INFO] [stdout]                                at /rustc/df4ca44d3fbc9301ee17f30f4d474e6ae4b05252/library/std/src/sys/backtrace.rs:42:9
[INFO] [stdout]    8:     0x6019b41c13da - std::panicking::default_hook::{{closure}}::hb59b88280d0324d9
[INFO] [stdout]                                at /rustc/df4ca44d3fbc9301ee17f30f4d474e6ae4b05252/library/std/src/panicking.rs:268:22
[INFO] [stdout]    9:     0x6019b41c11e4 - std::panicking::default_hook::he1dd496665be4a29
[INFO] [stdout]                                at /rustc/df4ca44d3fbc9301ee17f30f4d474e6ae4b05252/library/std/src/panicking.rs:292:9
[INFO] [stdout]   10:     0x6019b3c78609 - <alloc::boxed::Box<F,A> as core::ops::function::Fn<Args>>::call::h4ff71de18744e1dc
[INFO] [stdout]                                at /rustc/df4ca44d3fbc9301ee17f30f4d474e6ae4b05252/library/alloc/src/boxed.rs:2468:9
[INFO] [stdout]   11:     0x6019b3c78609 - test::test_main::{{closure}}::hcf7c055ce117aa81
[INFO] [stdout]                                at /rustc/df4ca44d3fbc9301ee17f30f4d474e6ae4b05252/library/test/src/lib.rs:133:21
[INFO] [stdout]   12:     0x6019b41c1ad8 - <alloc::boxed::Box<F,A> as core::ops::function::Fn<Args>>::call::h1d66c6bbd60c9692
[INFO] [stdout]                                at /rustc/df4ca44d3fbc9301ee17f30f4d474e6ae4b05252/library/alloc/src/boxed.rs:2468:9
[INFO] [stdout]   13:     0x6019b41c1ad8 - std::panicking::rust_panic_with_hook::h2ff17fe8f26dfcf8
[INFO] [stdout]                                at /rustc/df4ca44d3fbc9301ee17f30f4d474e6ae4b05252/library/std/src/panicking.rs:809:13
[INFO] [stdout]   14:     0x6019b41c1866 - std::panicking::begin_panic_handler::{{closure}}::h4fad77951c07e101
[INFO] [stdout]                                at /rustc/df4ca44d3fbc9301ee17f30f4d474e6ae4b05252/library/std/src/panicking.rs:667:13
[INFO] [stdout]   15:     0x6019b41c0429 - std::sys::backtrace::__rust_end_short_backtrace::hb1a25b3da5d0ea08
[INFO] [stdout]                                at /rustc/df4ca44d3fbc9301ee17f30f4d474e6ae4b05252/library/std/src/sys/backtrace.rs:170:18
[INFO] [stdout]   16:     0x6019b41c152c - rust_begin_unwind
[INFO] [stdout]                                at /rustc/df4ca44d3fbc9301ee17f30f4d474e6ae4b05252/library/std/src/panicking.rs:665:5
[INFO] [stdout]   17:     0x6019b41e6000 - core::panicking::panic_fmt::ha9db07b529f9b256
[INFO] [stdout]                                at /rustc/df4ca44d3fbc9301ee17f30f4d474e6ae4b05252/library/core/src/panicking.rs:75:14
[INFO] [stdout]   18:     0x6019b41e608c - core::panicking::panic::h993086813d94accc
[INFO] [stdout]                                at /rustc/df4ca44d3fbc9301ee17f30f4d474e6ae4b05252/library/core/src/panicking.rs:152:5
[INFO] [stdout]   19:     0x6019b3bd9c8e - cosmian_crypto_core::bytes_ser_de::tests::test_r25519_serialization::hb46eec99d09ecc27
[INFO] [stdout]                                at /opt/rustwide/workdir/src/bytes_ser_de.rs:347:13
[INFO] [stdout]   20:     0x6019b3bd8f0c - cosmian_crypto_core::bytes_ser_de::tests::test_r25519_serialization::{{closure}}::h16250e2eeceb98ce
[INFO] [stdout]                                at /opt/rustwide/workdir/src/bytes_ser_de.rs:317:39
[INFO] [stdout]   21:     0x6019b3bc0246 - core::ops::function::FnOnce::call_once::h8c976aeaf4790d1c
[INFO] [stdout]                                at /rustc/df4ca44d3fbc9301ee17f30f4d474e6ae4b05252/library/core/src/ops/function.rs:250:5
[INFO] [stdout]   22:     0x6019b3c7cedb - core::ops::function::FnOnce::call_once::h22c3ba5715e93f05
[INFO] [stdout]                                at /rustc/df4ca44d3fbc9301ee17f30f4d474e6ae4b05252/library/core/src/ops/function.rs:250:5
[INFO] [stdout]   23:     0x6019b3c7cedb - test::__rust_begin_short_backtrace::h8e82d8113d0da17f
[INFO] [stdout]                                at /rustc/df4ca44d3fbc9301ee17f30f4d474e6ae4b05252/library/test/src/lib.rs:621:18
[INFO] [stdout]   24:     0x6019b3c7c857 - test::run_test_in_process::{{closure}}::h33235f4f20b7b7c7
[INFO] [stdout]                                at /rustc/df4ca44d3fbc9301ee17f30f4d474e6ae4b05252/library/test/src/lib.rs:644:60
[INFO] [stdout]   25:     0x6019b3c7c857 - <core::panic::unwind_safe::AssertUnwindSafe<F> as core::ops::function::FnOnce<()>>::call_once::hb5043206310c586f
[INFO] [stdout]                                at /rustc/df4ca44d3fbc9301ee17f30f4d474e6ae4b05252/library/core/src/panic/unwind_safe.rs:272:9
[INFO] [stdout]   26:     0x6019b3c7c857 - std::panicking::try::do_call::h9ad4731a60ab23e2
[INFO] [stdout]                                at /rustc/df4ca44d3fbc9301ee17f30f4d474e6ae4b05252/library/std/src/panicking.rs:557:40
[INFO] [stdout]   27:     0x6019b3c7c857 - std::panicking::try::h3824d23db772a716
[INFO] [stdout]                                at /rustc/df4ca44d3fbc9301ee17f30f4d474e6ae4b05252/library/std/src/panicking.rs:520:19
[INFO] [stdout]   28:     0x6019b3c7c857 - std::panic::catch_unwind::h5afd514605fde46b
[INFO] [stdout]                                at /rustc/df4ca44d3fbc9301ee17f30f4d474e6ae4b05252/library/std/src/panic.rs:358:14
[INFO] [stdout]   29:     0x6019b3c7c857 - test::run_test_in_process::h0d5cbfa7067d1720
[INFO] [stdout]                                at /rustc/df4ca44d3fbc9301ee17f30f4d474e6ae4b05252/library/test/src/lib.rs:644:27
[INFO] [stdout]   30:     0x6019b3c7c857 - test::run_test::{{closure}}::h708eb8872708115d
[INFO] [stdout]                                at /rustc/df4ca44d3fbc9301ee17f30f4d474e6ae4b05252/library/test/src/lib.rs:565:43
[INFO] [stdout]   31:     0x6019b3c3ff74 - test::run_test::{{closure}}::h392c51cee94713ab
[INFO] [stdout]                                at /rustc/df4ca44d3fbc9301ee17f30f4d474e6ae4b05252/library/test/src/lib.rs:595:41
[INFO] [stdout]   32:     0x6019b3c3ff74 - std::sys::backtrace::__rust_begin_short_backtrace::h2f40290710935a8b
[INFO] [stdout]                                at /rustc/df4ca44d3fbc9301ee17f30f4d474e6ae4b05252/library/std/src/sys/backtrace.rs:154:18
[INFO] [stdout]   33:     0x6019b3c4371e - std::thread::Builder::spawn_unchecked_::{{closure}}::{{closure}}::h3fd968d89053a903
[INFO] [stdout]                                at /rustc/df4ca44d3fbc9301ee17f30f4d474e6ae4b05252/library/std/src/thread/mod.rs:541:17
[INFO] [stdout]   34:     0x6019b3c4371e - <core::panic::unwind_safe::AssertUnwindSafe<F> as core::ops::function::FnOnce<()>>::call_once::h743f637ba4229880
[INFO] [stdout]                                at /rustc/df4ca44d3fbc9301ee17f30f4d474e6ae4b05252/library/core/src/panic/unwind_safe.rs:272:9
[INFO] [stdout]   35:     0x6019b3c4371e - std::panicking::try::do_call::h07440897322525a6
[INFO] [stdout]                                at /rustc/df4ca44d3fbc9301ee17f30f4d474e6ae4b05252/library/std/src/panicking.rs:557:40
[INFO] [stdout]   36:     0x6019b3c4371e - std::panicking::try::he5a2e00188156637
[INFO] [stdout]                                at /rustc/df4ca44d3fbc9301ee17f30f4d474e6ae4b05252/library/std/src/panicking.rs:520:19
[INFO] [stdout]   37:     0x6019b3c4371e - std::panic::catch_unwind::hbaf3cae49b3c6433
[INFO] [stdout]                                at /rustc/df4ca44d3fbc9301ee17f30f4d474e6ae4b05252/library/std/src/panic.rs:358:14
[INFO] [stdout]   38:     0x6019b3c4371e - std::thread::Builder::spawn_unchecked_::{{closure}}::h8e141ea224820bce
[INFO] [stdout]                                at /rustc/df4ca44d3fbc9301ee17f30f4d474e6ae4b05252/library/std/src/thread/mod.rs:540:30
[INFO] [stdout]   39:     0x6019b3c4371e - core::ops::function::FnOnce::call_once{{vtable.shim}}::h90d312fedd7b8ea8
[INFO] [stdout]                                at /rustc/df4ca44d3fbc9301ee17f30f4d474e6ae4b05252/library/core/src/ops/function.rs:250:5
[INFO] [stdout]   40:     0x6019b41c62db - <alloc::boxed::Box<F,A> as core::ops::function::FnOnce<Args>>::call_once::h69aa08ddb6adb8b6
[INFO] [stdout]                                at /rustc/df4ca44d3fbc9301ee17f30f4d474e6ae4b05252/library/alloc/src/boxed.rs:2454:9
[INFO] [stdout]   41:     0x6019b41c62db - <alloc::boxed::Box<F,A> as core::ops::function::FnOnce<Args>>::call_once::h5aa36efdb79c806f
[INFO] [stdout]                                at /rustc/df4ca44d3fbc9301ee17f30f4d474e6ae4b05252/library/alloc/src/boxed.rs:2454:9
[INFO] [stdout]   42:     0x6019b41c62db - std::sys::pal::unix::thread::Thread::new::thread_start::h6cd80a1b4be5158d
[INFO] [stdout]                                at /rustc/df4ca44d3fbc9301ee17f30f4d474e6ae4b05252/library/std/src/sys/pal/unix/thread.rs:105:17
[INFO] [stdout]   43:     0x7102d5dd3ac3 - <unknown>
[INFO] [stdout]   44:     0x7102d5e64a04 - clone
[INFO] [stdout]   45:                0x0 - <unknown>
[INFO] [stdout] 
[INFO] [stdout] 
[INFO] [stdout] failures:
[INFO] [stdout]     bytes_ser_de::tests::test_r25519_serialization
[INFO] [stdout] 
[INFO] [stdout] test result: FAILED. 60 passed; 1 failed; 0 ignored; 0 measured; 0 filtered out; finished in 76.43s
[INFO] [stdout] 
[INFO] [stderr] error: test failed, to rerun pass `--lib`
[INFO] running `Command { std: "docker" "inspect" "b92bdb66fb43aeb6f7bb5220ebca4ac772b8e89e7c25d53562bf51f661b0cc1a", kill_on_drop: false }`
[INFO] running `Command { std: "docker" "rm" "-f" "b92bdb66fb43aeb6f7bb5220ebca4ac772b8e89e7c25d53562bf51f661b0cc1a", kill_on_drop: false }`
[INFO] [stdout] b92bdb66fb43aeb6f7bb5220ebca4ac772b8e89e7c25d53562bf51f661b0cc1a
