[INFO] fetching crate cool_asserts 2.0.3...
[INFO] testing cool_asserts-2.0.3 against nightly-2024-10-28 for randomize-layout
[INFO] extracting crate cool_asserts 2.0.3 into /workspace/builds/worker-7-tc1/source
[INFO] validating manifest of crates.io crate cool_asserts 2.0.3 on toolchain nightly-2024-10-28
[INFO] running `Command { std: CARGO_HOME="/workspace/cargo-home" RUSTUP_HOME="/workspace/rustup-home" "/workspace/cargo-home/bin/cargo" "+nightly-2024-10-28" "metadata" "--manifest-path" "Cargo.toml" "--no-deps", kill_on_drop: false }`
[INFO] started tweaking crates.io crate cool_asserts 2.0.3
[INFO] finished tweaking crates.io crate cool_asserts 2.0.3
[INFO] tweaked toml for crates.io crate cool_asserts 2.0.3 written to /workspace/builds/worker-7-tc1/source/Cargo.toml
[INFO] running `Command { std: CARGO_HOME="/workspace/cargo-home" RUSTUP_HOME="/workspace/rustup-home" "/workspace/cargo-home/bin/cargo" "+nightly-2024-10-28" "generate-lockfile" "--manifest-path" "Cargo.toml", kill_on_drop: false }`
[INFO] [stderr]     Updating crates.io index
[INFO] [stderr]      Locking 1 package to latest compatible version
[INFO] running `Command { std: CARGO_HOME="/workspace/cargo-home" RUSTUP_HOME="/workspace/rustup-home" "/workspace/cargo-home/bin/cargo" "+nightly-2024-10-28" "fetch" "--manifest-path" "Cargo.toml", kill_on_drop: false }`
[INFO] running `Command { std: "docker" "create" "-v" "/var/lib/crater-agent-workspace/builds/worker-7-tc1/target:/opt/rustwide/target:rw,Z" "-v" "/var/lib/crater-agent-workspace/builds/worker-7-tc1/source:/opt/rustwide/workdir:ro,Z" "-v" "/var/lib/crater-agent-workspace/cargo-home:/opt/rustwide/cargo-home:ro,Z" "-v" "/var/lib/crater-agent-workspace/rustup-home:/opt/rustwide/rustup-home:ro,Z" "-e" "SOURCE_DIR=/opt/rustwide/workdir" "-e" "CARGO_TARGET_DIR=/opt/rustwide/target" "-e" "CARGO_HOME=/opt/rustwide/cargo-home" "-e" "RUSTUP_HOME=/opt/rustwide/rustup-home" "-w" "/opt/rustwide/workdir" "-m" "1610612736" "--user" "0:0" "--network" "none" "ghcr.io/rust-lang/crates-build-env/linux@sha256:4a844ea9eb2546a2d2c7022eacef16ef2e8229c7fbb2c7d4d55a9ceca922f72d" "/opt/rustwide/cargo-home/bin/cargo" "+nightly-2024-10-28" "metadata" "--no-deps" "--format-version=1", kill_on_drop: false }`
[INFO] [stdout] d326a0eac686996ec08008c25c54e2638a205859a9527015eba83be6cd557e51
[INFO] running `Command { std: "docker" "start" "-a" "d326a0eac686996ec08008c25c54e2638a205859a9527015eba83be6cd557e51", kill_on_drop: false }`
[INFO] running `Command { std: "docker" "inspect" "d326a0eac686996ec08008c25c54e2638a205859a9527015eba83be6cd557e51", kill_on_drop: false }`
[INFO] running `Command { std: "docker" "rm" "-f" "d326a0eac686996ec08008c25c54e2638a205859a9527015eba83be6cd557e51", kill_on_drop: false }`
[INFO] [stdout] d326a0eac686996ec08008c25c54e2638a205859a9527015eba83be6cd557e51
[INFO] running `Command { std: "docker" "create" "-v" "/var/lib/crater-agent-workspace/builds/worker-7-tc1/target:/opt/rustwide/target:rw,Z" "-v" "/var/lib/crater-agent-workspace/builds/worker-7-tc1/source:/opt/rustwide/workdir:ro,Z" "-v" "/var/lib/crater-agent-workspace/cargo-home:/opt/rustwide/cargo-home:ro,Z" "-v" "/var/lib/crater-agent-workspace/rustup-home:/opt/rustwide/rustup-home:ro,Z" "-e" "SOURCE_DIR=/opt/rustwide/workdir" "-e" "CARGO_TARGET_DIR=/opt/rustwide/target" "-e" "CARGO_INCREMENTAL=0" "-e" "RUST_BACKTRACE=full" "-e" "RUSTFLAGS=--cap-lints=forbid" "-e" "RUSTDOCFLAGS=--cap-lints=forbid" "-e" "CARGO_HOME=/opt/rustwide/cargo-home" "-e" "RUSTUP_HOME=/opt/rustwide/rustup-home" "-w" "/opt/rustwide/workdir" "-m" "1610612736" "--user" "0:0" "--network" "none" "ghcr.io/rust-lang/crates-build-env/linux@sha256:4a844ea9eb2546a2d2c7022eacef16ef2e8229c7fbb2c7d4d55a9ceca922f72d" "/opt/rustwide/cargo-home/bin/cargo" "+nightly-2024-10-28" "build" "--frozen" "--message-format=json", kill_on_drop: false }`
[INFO] [stdout] 87974ad00a9a7bf3dbde8db94fb59dc0aa0b65b6cca7eeebcd3180aae071a739
[INFO] running `Command { std: "docker" "start" "-a" "87974ad00a9a7bf3dbde8db94fb59dc0aa0b65b6cca7eeebcd3180aae071a739", kill_on_drop: false }`
[INFO] [stderr]    Compiling indent_write v2.2.0
[INFO] [stderr]    Compiling cool_asserts v2.0.3 (/opt/rustwide/workdir)
[INFO] [stderr]     Finished `dev` profile [unoptimized + debuginfo] target(s) in 0.14s
[INFO] running `Command { std: "docker" "inspect" "87974ad00a9a7bf3dbde8db94fb59dc0aa0b65b6cca7eeebcd3180aae071a739", kill_on_drop: false }`
[INFO] running `Command { std: "docker" "rm" "-f" "87974ad00a9a7bf3dbde8db94fb59dc0aa0b65b6cca7eeebcd3180aae071a739", kill_on_drop: false }`
[INFO] [stdout] 87974ad00a9a7bf3dbde8db94fb59dc0aa0b65b6cca7eeebcd3180aae071a739
[INFO] running `Command { std: "docker" "create" "-v" "/var/lib/crater-agent-workspace/builds/worker-7-tc1/target:/opt/rustwide/target:rw,Z" "-v" "/var/lib/crater-agent-workspace/builds/worker-7-tc1/source:/opt/rustwide/workdir:ro,Z" "-v" "/var/lib/crater-agent-workspace/cargo-home:/opt/rustwide/cargo-home:ro,Z" "-v" "/var/lib/crater-agent-workspace/rustup-home:/opt/rustwide/rustup-home:ro,Z" "-e" "SOURCE_DIR=/opt/rustwide/workdir" "-e" "CARGO_TARGET_DIR=/opt/rustwide/target" "-e" "CARGO_INCREMENTAL=0" "-e" "RUST_BACKTRACE=full" "-e" "RUSTFLAGS=--cap-lints=forbid" "-e" "RUSTDOCFLAGS=--cap-lints=forbid" "-e" "CARGO_HOME=/opt/rustwide/cargo-home" "-e" "RUSTUP_HOME=/opt/rustwide/rustup-home" "-w" "/opt/rustwide/workdir" "-m" "1610612736" "--user" "0:0" "--network" "none" "ghcr.io/rust-lang/crates-build-env/linux@sha256:4a844ea9eb2546a2d2c7022eacef16ef2e8229c7fbb2c7d4d55a9ceca922f72d" "/opt/rustwide/cargo-home/bin/cargo" "+nightly-2024-10-28" "test" "--frozen" "--no-run" "--message-format=json", kill_on_drop: false }`
[INFO] [stdout] c74fd1e37d072f2cf9a38c1fe7d30a172c70fb07050757e2df5aa75ae01167a2
[INFO] running `Command { std: "docker" "start" "-a" "c74fd1e37d072f2cf9a38c1fe7d30a172c70fb07050757e2df5aa75ae01167a2", kill_on_drop: false }`
[INFO] [stderr]    Compiling cool_asserts v2.0.3 (/opt/rustwide/workdir)
[INFO] [stderr]     Finished `test` profile [unoptimized + debuginfo] target(s) in 1.76s
[INFO] running `Command { std: "docker" "inspect" "c74fd1e37d072f2cf9a38c1fe7d30a172c70fb07050757e2df5aa75ae01167a2", kill_on_drop: false }`
[INFO] running `Command { std: "docker" "rm" "-f" "c74fd1e37d072f2cf9a38c1fe7d30a172c70fb07050757e2df5aa75ae01167a2", kill_on_drop: false }`
[INFO] [stdout] c74fd1e37d072f2cf9a38c1fe7d30a172c70fb07050757e2df5aa75ae01167a2
[INFO] running `Command { std: "docker" "create" "-v" "/var/lib/crater-agent-workspace/builds/worker-7-tc1/target:/opt/rustwide/target:rw,Z" "-v" "/var/lib/crater-agent-workspace/builds/worker-7-tc1/source:/opt/rustwide/workdir:ro,Z" "-v" "/var/lib/crater-agent-workspace/cargo-home:/opt/rustwide/cargo-home:ro,Z" "-v" "/var/lib/crater-agent-workspace/rustup-home:/opt/rustwide/rustup-home:ro,Z" "-e" "SOURCE_DIR=/opt/rustwide/workdir" "-e" "CARGO_TARGET_DIR=/opt/rustwide/target" "-e" "CARGO_INCREMENTAL=0" "-e" "RUST_BACKTRACE=full" "-e" "RUSTFLAGS=--cap-lints=forbid" "-e" "RUSTDOCFLAGS=--cap-lints=forbid" "-e" "CARGO_HOME=/opt/rustwide/cargo-home" "-e" "RUSTUP_HOME=/opt/rustwide/rustup-home" "-w" "/opt/rustwide/workdir" "-m" "1610612736" "--user" "0:0" "--network" "none" "ghcr.io/rust-lang/crates-build-env/linux@sha256:4a844ea9eb2546a2d2c7022eacef16ef2e8229c7fbb2c7d4d55a9ceca922f72d" "/opt/rustwide/cargo-home/bin/cargo" "+nightly-2024-10-28" "test" "--frozen", kill_on_drop: false }`
[INFO] [stdout] ffd386521538d308d9673134706b89b47e4685b9284546629386e0cd3f4cc282
[INFO] running `Command { std: "docker" "start" "-a" "ffd386521538d308d9673134706b89b47e4685b9284546629386e0cd3f4cc282", kill_on_drop: false }`
[INFO] [stderr]     Finished `test` profile [unoptimized + debuginfo] target(s) in 0.00s
[INFO] [stderr]      Running unittests src/lib.rs (/opt/rustwide/target/debug/deps/cool_asserts-84d6e09e2f2cc854)
[INFO] [stdout] 
[INFO] [stdout] running 66 tests
[INFO] [stdout] test assert_matches::iter_all::tests::basic_group_match ... ok
[INFO] [stdout] test assert_matches::iter_all::tests::nameless_temporary_borrow ... ok
[INFO] [stdout] test assert_matches::iter_all::tests::with_fmt_success ... ok
[INFO] [stdout] test assert_matches::iter_all::tests::with_guard ... ok
[INFO] [stdout] test assert_matches::iter_split::tests::basic_block ... ok
[INFO] [stdout] test assert_matches::iter_split::tests::basic_guard_block ... ok
[INFO] [stdout] test assert_matches::iter_split::tests::basic_guard ... ok
[INFO] [stdout] test assert_matches::iter_split::tests::basic_leading_rest ... ok
[INFO] [stdout] test assert_matches::iter_split::tests::basic_match ... ok
[INFO] [stdout] test assert_matches::iter_split::tests::basic_middle_rest ... ok
[INFO] [stdout] test assert_matches::iter_split::tests::basic_trailing_rest ... ok
[INFO] [stdout] test assert_matches::iter_split::tests::nameless_temporary_borrow ... ok
[INFO] [stdout] test assert_matches::iter_split::tests::rest_other_bind ... ok
[INFO] [stdout] test assert_matches::iter_split::tests::rest_tail_bound ... ok
[INFO] [stdout] test assert_matches::iter_split::tests::rest_bound ... ok
[INFO] [stdout] test assert_matches::iter_split::tests::trailing_rest_doesnt_drain ... ok
[INFO] [stdout] test assert_matches::iter_split::tests::with_fmt_success ... ok
[INFO] [stdout] test assert_matches::iter_split::tests::rest_guard ... ok
[INFO] [stdout] test assert_matches::iter_split::tests::rest_tail_leak ... ok
[INFO] [stdout] test assert_matches::iter_split::tests::zero_size_rest ... ok
[INFO] [stdout] test assert_matches::test_assert_matches::basic_block ... ok
[INFO] [stdout] test assert_matches::test_assert_matches::basic_case ... ok
[INFO] [stdout] test assert_matches::test_assert_matches::basic_guard ... ok
[INFO] [stdout] test assert_matches::test_assert_matches::basic_guard_block ... ok
[INFO] [stdout] test assert_matches::iter_all::tests::with_fmt_fail ... ok
[INFO] [stdout] test assert_matches::test_assert_matches::block_returns ... ok
[INFO] [stdout] test assert_matches::test_assert_matches::failure_doesnt_move ... ok
[INFO] [stdout] test assert_matches::iter_split::tests::iter_failure_iter_too_long ... ok
[INFO] [stdout] test assert_matches::test_assert_matches::trailing_comma ... ok
[INFO] [stdout] test assert_matches::iter_split::tests::iter_failure_iter_too_long_mismatch ... ok
[INFO] [stdout] test assert_matches::iter_split::tests::iter_failure_iter_too_short ... ok
[INFO] [stdout] test assert_matches::iter_split::tests::iter_failure_iter_too_short_mismatch ... ok
[INFO] [stdout] test assert_matches::iter_split::tests::iter_failure_mismatch ... ok
[INFO] [stdout] test assert_matches::iter_split::tests::leading_rest_too_short ... ok
[INFO] [stdout] test assert_matches::iter_split::tests::middle_rest_too_short ... ok
[INFO] [stdout] test assert_matches::iter_split::tests::rest_early_pattern_fail ... ok
[INFO] [stdout] test assert_matches::iter_split::tests::rest_late_pattern_fail ... ok
[INFO] [stdout] test assert_matches::iter_split::tests::rest_guard_fail ... ok
[INFO] [stdout] test assert_matches::iter_split::tests::with_fmt_fail ... ok
[INFO] [stdout] test assert_matches::iter_split::tests::trailing_rest_too_short ... ok
[INFO] [stdout] test assert_matches::test_assert_matches::basic_block_failure ... ok
[INFO] [stdout] test assert_matches::test_assert_matches::basic_failure ... ok
[INFO] [stdout] test assert_matches::test_assert_matches::basic_guard_failure ... ok
[INFO] [stdout] test assert_matches::test_assert_matches::failure_in_block ... ok
[INFO] [stdout] test assert_panics::test_assert_panics::bootstrap_tests::fails_without_panic - should panic ... ok
[INFO] [stdout] test assert_panics::test_assert_panics::bootstrap_tests::fails_without_substring - should panic ... ok
[INFO] [stdout] test assert_panics::test_assert_panics::fails_without_panic ... ok
[INFO] [stdout] test assert_panics::test_assert_panics::fails_without_substring ... ok
[INFO] [stdout] test assert_panics::test_assert_panics::str_closure_mismatch ... ok
[INFO] [stdout] test assert_panics::test_assert_panics::string_closure ... ok
[INFO] [stdout] test iterators::test_loop_buffer ... ok
[INFO] [stdout] test assertion_failure::assertion_failure_tests::mutliline_trailing_fmt ... ok
[INFO] [stdout] test assert_panics::test_assert_panics::typed_closure_mismatch ... ok
[INFO] [stdout] test assert_panics::test_get_panic_message::other_message ... ok
[INFO] [stdout] test assert_panics::test_get_panic_message::str_message ... ok
[INFO] [stdout] test assert_panics::test_assert_panics::bootstrap_tests::fails_with_substring - should panic ... ok
[INFO] [stdout] test assert_panics::test_get_panic_message::string_message ... ok
[INFO] [stdout] test assert_panics::test_assert_panics::bootstrap_tests::passes_with_panic ... ok
[INFO] [stdout] test assertion_failure::assertion_failure_tests::just_message ... ok
[INFO] [stdout] test assert_panics::test_assert_panics::fails_with_substring ... ok
[INFO] [stdout] test assertion_failure::assertion_failure_tests::keys_aligned ... ok
[INFO] [stdout] test assert_panics::test_assert_panics::str_closure ... ok
[INFO] [stdout] test assertion_failure::assertion_failure_tests::keys_trailing_fmt ... ok
[INFO] [stdout] test assert_panics::test_assert_panics::typed_closure ... ok
[INFO] [stdout] test assert_panics::test_get_panic_message::formatted_message ... ok
[INFO] [stdout] test assert_panics::test_assert_panics::str_closure_panics ... ok
[INFO] [stdout] 
[INFO] [stdout] test result: ok. 66 passed; 0 failed; 0 ignored; 0 measured; 0 filtered out; finished in 0.03s
[INFO] [stdout] 
[INFO] [stderr]    Doc-tests cool_asserts
[INFO] [stdout] 
[INFO] [stdout] running 16 tests
[INFO] [stdout] test src/assert_panics.rs - assert_panics::assert_panics (line 21) ... ok
[INFO] [stdout] test src/assert_panics.rs - assert_panics::assert_panics (line 30) ... ok
[INFO] [stdout] test src/assert_panics.rs - assert_panics::get_panic_message (line 347) ... ok
[INFO] [stdout] test src/assert_panics.rs - assert_panics::assert_panics (line 81) ... ok
[INFO] [stdout] test src/assert_panics.rs - assert_panics::assert_panics (line 109) ... ok
[INFO] [stdout] test src/assert_matches.rs - assert_matches::assert_matches (line 109) ... ok
[INFO] [stdout] test src/assert_matches.rs - assert_matches::assert_matches (line 72) ... ok
[INFO] [stdout] test src/assert_panics.rs - assert_panics::assert_panics (line 47) ... ok
[INFO] [stdout] test src/assertion_failure.rs - assertion_failure::assertion_failure (line 88) ... FAILED
[INFO] [stdout] test src/assert_panics.rs - assert_panics::assert_panics (line 58) ... ok
[INFO] [stdout] test src/assert_matches.rs - assert_matches::assert_matches (line 49) ... ok
[INFO] [stdout] test src/assert_matches.rs - assert_matches::assert_matches (line 146) ... ok
[INFO] [stdout] test src/assert_panics.rs - assert_panics::assert_panics (line 88) ... ok
[INFO] [stdout] test src/assert_panics.rs - assert_panics::assert_panics (line 117) ... ok
[INFO] [stdout] test src/assert_matches.rs - assert_matches::assert_matches (line 129) ... ok
[INFO] [stdout] test src/assert_matches.rs - assert_matches::assert_matches (line 85) ... ok
[INFO] [stdout] 
[INFO] [stdout] failures:
[INFO] [stdout] 
[INFO] [stdout] ---- src/assertion_failure.rs - assertion_failure::assertion_failure (line 88) stdout ----
[INFO] [stdout] Test executable failed (exit status: 101).
[INFO] [stdout] 
[INFO] [stdout] stderr:
[INFO] [stdout] thread 'main' panicked at src/assertion_failure.rs:8:30:
[INFO] [stdout] assertion failed at src/assertion_failure.rs:8: `(Assertion Message)`
[INFO] [stdout]       key: 10
[INFO] [stdout]  long_key: "Hello\tWorld!"
[INFO] [stdout]   Trailing message: Hello, World!
[INFO] [stdout] stack backtrace:
[INFO] [stdout]    0:     0x619303f2137a - std::backtrace_rs::backtrace::libunwind::trace::h207520d6e9873551
[INFO] [stdout]                                at /rustc/df4ca44d3fbc9301ee17f30f4d474e6ae4b05252/library/std/src/../../backtrace/src/backtrace/libunwind.rs:116:5
[INFO] [stdout]    1:     0x619303f2137a - std::backtrace_rs::backtrace::trace_unsynchronized::h2ed7433f370e3eca
[INFO] [stdout]                                at /rustc/df4ca44d3fbc9301ee17f30f4d474e6ae4b05252/library/std/src/../../backtrace/src/backtrace/mod.rs:66:5
[INFO] [stdout]    2:     0x619303f2137a - std::sys::backtrace::_print_fmt::h916fac51166b18d7
[INFO] [stdout]                                at /rustc/df4ca44d3fbc9301ee17f30f4d474e6ae4b05252/library/std/src/sys/backtrace.rs:66:9
[INFO] [stdout]    3:     0x619303f2137a - <std::sys::backtrace::BacktraceLock::print::DisplayBacktrace as core::fmt::Display>::fmt::ha0a4c9b8ce3802e6
[INFO] [stdout]                                at /rustc/df4ca44d3fbc9301ee17f30f4d474e6ae4b05252/library/std/src/sys/backtrace.rs:39:26
[INFO] [stdout]    4:     0x619303f3d393 - core::fmt::rt::Argument::fmt::h4cfc8587d52b3eb5
[INFO] [stdout]                                at /rustc/df4ca44d3fbc9301ee17f30f4d474e6ae4b05252/library/core/src/fmt/rt.rs:177:76
[INFO] [stdout]    5:     0x619303f3d393 - core::fmt::write::h522cc39e5b36ae9f
[INFO] [stdout]                                at /rustc/df4ca44d3fbc9301ee17f30f4d474e6ae4b05252/library/core/src/fmt/mod.rs:1190:21
[INFO] [stdout]    6:     0x619303f1ede3 - std::io::Write::write_fmt::hf1c1dcc8cc1287f0
[INFO] [stdout]                                at /rustc/df4ca44d3fbc9301ee17f30f4d474e6ae4b05252/library/std/src/io/mod.rs:1839:15
[INFO] [stdout]    7:     0x619303f211c2 - std::sys::backtrace::BacktraceLock::print::h4b9e00b29e9c0942
[INFO] [stdout]                                at /rustc/df4ca44d3fbc9301ee17f30f4d474e6ae4b05252/library/std/src/sys/backtrace.rs:42:9
[INFO] [stdout]    8:     0x619303f2218c - std::panicking::default_hook::{{closure}}::hb59b88280d0324d9
[INFO] [stdout]                                at /rustc/df4ca44d3fbc9301ee17f30f4d474e6ae4b05252/library/std/src/panicking.rs:268:22
[INFO] [stdout]    9:     0x619303f21fd2 - std::panicking::default_hook::he1dd496665be4a29
[INFO] [stdout]                                at /rustc/df4ca44d3fbc9301ee17f30f4d474e6ae4b05252/library/std/src/panicking.rs:295:9
[INFO] [stdout]   10:     0x619303f227c7 - std::panicking::rust_panic_with_hook::h2ff17fe8f26dfcf8
[INFO] [stdout]                                at /rustc/df4ca44d3fbc9301ee17f30f4d474e6ae4b05252/library/std/src/panicking.rs:801:13
[INFO] [stdout]   11:     0x619303f2265a - std::panicking::begin_panic_handler::{{closure}}::h4fad77951c07e101
[INFO] [stdout]                                at /rustc/df4ca44d3fbc9301ee17f30f4d474e6ae4b05252/library/std/src/panicking.rs:674:13
[INFO] [stdout]   12:     0x619303f21859 - std::sys::backtrace::__rust_end_short_backtrace::hb1a25b3da5d0ea08
[INFO] [stdout]                                at /rustc/df4ca44d3fbc9301ee17f30f4d474e6ae4b05252/library/std/src/sys/backtrace.rs:170:18
[INFO] [stdout]   13:     0x619303f222ec - rust_begin_unwind
[INFO] [stdout]                                at /rustc/df4ca44d3fbc9301ee17f30f4d474e6ae4b05252/library/std/src/panicking.rs:665:5
[INFO] [stdout]   14:     0x619303f3c6d0 - core::panicking::panic_fmt::ha9db07b529f9b256
[INFO] [stdout]                                at /rustc/df4ca44d3fbc9301ee17f30f4d474e6ae4b05252/library/core/src/panicking.rs:75:14
[INFO] [stdout]   15:     0x619303f023a6 - rust_out::main::_doctest_main_src_assertion_failure_rs_88_0::{{closure}}::he3277ce5a261a6d4
[INFO] [stdout]   16:     0x619303f007b6 - std::panicking::try::do_call::h32ac6061bf77fd60
[INFO] [stdout]   17:     0x619303f023cb - __rust_try
[INFO] [stdout]   18:     0x619303f0076c - std::panic::catch_unwind::h6bf2757be76a5da7
[INFO] [stdout]   19:     0x619303f01c8c - rust_out::main::_doctest_main_src_assertion_failure_rs_88_0::h8632d1016de8160f
[INFO] [stdout]   20:     0x619303f01c76 - rust_out::main::ha213a30daa5df4da
[INFO] [stdout]   21:     0x619303f00a13 - core::ops::function::FnOnce::call_once::hf7edf7132571051c
[INFO] [stdout]   22:     0x619303f00746 - std::sys::backtrace::__rust_begin_short_backtrace::h32fd822fd2ba4079
[INFO] [stdout]   23:     0x619303f00729 - std::rt::lang_start::{{closure}}::h4039a1c394ed4f7c
[INFO] [stdout]   24:     0x619303f1d2c7 - core::ops::function::impls::<impl core::ops::function::FnOnce<A> for &F>::call_once::hd87d66b906e0ccaf
[INFO] [stdout]                                at /rustc/df4ca44d3fbc9301ee17f30f4d474e6ae4b05252/library/core/src/ops/function.rs:284:13
[INFO] [stdout]   25:     0x619303f1d2c7 - std::panicking::try::do_call::hae3703de71fc9e3a
[INFO] [stdout]                                at /rustc/df4ca44d3fbc9301ee17f30f4d474e6ae4b05252/library/std/src/panicking.rs:557:40
[INFO] [stdout]   26:     0x619303f1d2c7 - std::panicking::try::h1178330e9a2b2645
[INFO] [stdout]                                at /rustc/df4ca44d3fbc9301ee17f30f4d474e6ae4b05252/library/std/src/panicking.rs:520:19
[INFO] [stdout]   27:     0x619303f1d2c7 - std::panic::catch_unwind::h0acf49d2305d32ad
[INFO] [stdout]                                at /rustc/df4ca44d3fbc9301ee17f30f4d474e6ae4b05252/library/std/src/panic.rs:358:14
[INFO] [stdout]   28:     0x619303f1d2c7 - std::rt::lang_start_internal::{{closure}}::h2d95182d798177be
[INFO] [stdout]                                at /rustc/df4ca44d3fbc9301ee17f30f4d474e6ae4b05252/library/std/src/rt.rs:174:48
[INFO] [stdout]   29:     0x619303f1d2c7 - std::panicking::try::do_call::hb506f5bfe11fd30c
[INFO] [stdout]                                at /rustc/df4ca44d3fbc9301ee17f30f4d474e6ae4b05252/library/std/src/panicking.rs:557:40
[INFO] [stdout]   30:     0x619303f1d2c7 - std::panicking::try::h54d825c46bd0fa95
[INFO] [stdout]                                at /rustc/df4ca44d3fbc9301ee17f30f4d474e6ae4b05252/library/std/src/panicking.rs:520:19
[INFO] [stdout]   31:     0x619303f1d2c7 - std::panic::catch_unwind::hffbb0ad20c4e9fac
[INFO] [stdout]                                at /rustc/df4ca44d3fbc9301ee17f30f4d474e6ae4b05252/library/std/src/panic.rs:358:14
[INFO] [stdout]   32:     0x619303f1d2c7 - std::rt::lang_start_internal::h52c291ef1962c925
[INFO] [stdout]                                at /rustc/df4ca44d3fbc9301ee17f30f4d474e6ae4b05252/library/std/src/rt.rs:174:20
[INFO] [stdout]   33:     0x619303f00707 - std::rt::lang_start::h8c6075cd6f225ba1
[INFO] [stdout]   34:     0x619303f02405 - main
[INFO] [stdout]   35:     0x78bcfb43ad90 - <unknown>
[INFO] [stdout]   36:     0x78bcfb43ae40 - __libc_start_main
[INFO] [stdout]   37:     0x619303f00455 - _start
[INFO] [stdout]   38:                0x0 - <unknown>
[INFO] [stdout] thread 'main' panicked at src/assertion_failure.rs:23:1:
[INFO] [stdout] assertion `left == right` failed
[INFO] [stdout]   left: "assertion failed at src/assertion_failure.rs:8: `(Assertion Message)`\n      key: 10\n long_key: \"Hello\\tWorld!\"\n  Trailing message: Hello, World!"
[INFO] [stdout]  right: "assertion failed at src/assertion_failure.rs:7: `(Assertion Message)`\n      key: 10\n long_key: \"Hello\\tWorld!\"\n  Trailing message: Hello, World!"
[INFO] [stdout] stack backtrace:
[INFO] [stdout]    0:     0x619303f2137a - std::backtrace_rs::backtrace::libunwind::trace::h207520d6e9873551
[INFO] [stdout]                                at /rustc/df4ca44d3fbc9301ee17f30f4d474e6ae4b05252/library/std/src/../../backtrace/src/backtrace/libunwind.rs:116:5
[INFO] [stdout]    1:     0x619303f2137a - std::backtrace_rs::backtrace::trace_unsynchronized::h2ed7433f370e3eca
[INFO] [stdout]                                at /rustc/df4ca44d3fbc9301ee17f30f4d474e6ae4b05252/library/std/src/../../backtrace/src/backtrace/mod.rs:66:5
[INFO] [stdout]    2:     0x619303f2137a - std::sys::backtrace::_print_fmt::h916fac51166b18d7
[INFO] [stdout]                                at /rustc/df4ca44d3fbc9301ee17f30f4d474e6ae4b05252/library/std/src/sys/backtrace.rs:66:9
[INFO] [stdout]    3:     0x619303f2137a - <std::sys::backtrace::BacktraceLock::print::DisplayBacktrace as core::fmt::Display>::fmt::ha0a4c9b8ce3802e6
[INFO] [stdout]                                at /rustc/df4ca44d3fbc9301ee17f30f4d474e6ae4b05252/library/std/src/sys/backtrace.rs:39:26
[INFO] [stdout]    4:     0x619303f3d393 - core::fmt::rt::Argument::fmt::h4cfc8587d52b3eb5
[INFO] [stdout]                                at /rustc/df4ca44d3fbc9301ee17f30f4d474e6ae4b05252/library/core/src/fmt/rt.rs:177:76
[INFO] [stdout]    5:     0x619303f3d393 - core::fmt::write::h522cc39e5b36ae9f
[INFO] [stdout]                                at /rustc/df4ca44d3fbc9301ee17f30f4d474e6ae4b05252/library/core/src/fmt/mod.rs:1190:21
[INFO] [stdout]    6:     0x619303f1ede3 - std::io::Write::write_fmt::hf1c1dcc8cc1287f0
[INFO] [stdout]                                at /rustc/df4ca44d3fbc9301ee17f30f4d474e6ae4b05252/library/std/src/io/mod.rs:1839:15
[INFO] [stdout]    7:     0x619303f211c2 - std::sys::backtrace::BacktraceLock::print::h4b9e00b29e9c0942
[INFO] [stdout]                                at /rustc/df4ca44d3fbc9301ee17f30f4d474e6ae4b05252/library/std/src/sys/backtrace.rs:42:9
[INFO] [stdout]    8:     0x619303f2218c - std::panicking::default_hook::{{closure}}::hb59b88280d0324d9
[INFO] [stdout]                                at /rustc/df4ca44d3fbc9301ee17f30f4d474e6ae4b05252/library/std/src/panicking.rs:268:22
[INFO] [stdout]    9:     0x619303f21fd2 - std::panicking::default_hook::he1dd496665be4a29
[INFO] [stdout]                                at /rustc/df4ca44d3fbc9301ee17f30f4d474e6ae4b05252/library/std/src/panicking.rs:295:9
[INFO] [stdout]   10:     0x619303f227c7 - std::panicking::rust_panic_with_hook::h2ff17fe8f26dfcf8
[INFO] [stdout]                                at /rustc/df4ca44d3fbc9301ee17f30f4d474e6ae4b05252/library/std/src/panicking.rs:801:13
[INFO] [stdout]   11:     0x619303f2265a - std::panicking::begin_panic_handler::{{closure}}::h4fad77951c07e101
[INFO] [stdout]                                at /rustc/df4ca44d3fbc9301ee17f30f4d474e6ae4b05252/library/std/src/panicking.rs:674:13
[INFO] [stdout]   12:     0x619303f21859 - std::sys::backtrace::__rust_end_short_backtrace::hb1a25b3da5d0ea08
[INFO] [stdout]                                at /rustc/df4ca44d3fbc9301ee17f30f4d474e6ae4b05252/library/std/src/sys/backtrace.rs:170:18
[INFO] [stdout]   13:     0x619303f222ec - rust_begin_unwind
[INFO] [stdout]                                at /rustc/df4ca44d3fbc9301ee17f30f4d474e6ae4b05252/library/std/src/panicking.rs:665:5
[INFO] [stdout]   14:     0x619303f3c6d0 - core::panicking::panic_fmt::ha9db07b529f9b256
[INFO] [stdout]                                at /rustc/df4ca44d3fbc9301ee17f30f4d474e6ae4b05252/library/core/src/panicking.rs:75:14
[INFO] [stdout]   15:     0x619303f3c9c2 - core::panicking::assert_failed_inner::h04f38944d74a80a8
[INFO] [stdout]   16:     0x619303f0117a - core::panicking::assert_failed::h830b14a9287a5ddc
[INFO] [stdout]   17:     0x619303f01da5 - rust_out::main::_doctest_main_src_assertion_failure_rs_88_0::h8632d1016de8160f
[INFO] [stdout]   18:     0x619303f01c76 - rust_out::main::ha213a30daa5df4da
[INFO] [stdout]   19:     0x619303f00a13 - core::ops::function::FnOnce::call_once::hf7edf7132571051c
[INFO] [stdout]   20:     0x619303f00746 - std::sys::backtrace::__rust_begin_short_backtrace::h32fd822fd2ba4079
[INFO] [stdout]   21:     0x619303f00729 - std::rt::lang_start::{{closure}}::h4039a1c394ed4f7c
[INFO] [stdout]   22:     0x619303f1d2c7 - core::ops::function::impls::<impl core::ops::function::FnOnce<A> for &F>::call_once::hd87d66b906e0ccaf
[INFO] [stdout]                                at /rustc/df4ca44d3fbc9301ee17f30f4d474e6ae4b05252/library/core/src/ops/function.rs:284:13
[INFO] [stdout]   23:     0x619303f1d2c7 - std::panicking::try::do_call::hae3703de71fc9e3a
[INFO] [stdout]                                at /rustc/df4ca44d3fbc9301ee17f30f4d474e6ae4b05252/library/std/src/panicking.rs:557:40
[INFO] [stdout]   24:     0x619303f1d2c7 - std::panicking::try::h1178330e9a2b2645
[INFO] [stdout]                                at /rustc/df4ca44d3fbc9301ee17f30f4d474e6ae4b05252/library/std/src/panicking.rs:520:19
[INFO] [stdout]   25:     0x619303f1d2c7 - std::panic::catch_unwind::h0acf49d2305d32ad
[INFO] [stdout]                                at /rustc/df4ca44d3fbc9301ee17f30f4d474e6ae4b05252/library/std/src/panic.rs:358:14
[INFO] [stdout]   26:     0x619303f1d2c7 - std::rt::lang_start_internal::{{closure}}::h2d95182d798177be
[INFO] [stdout]                                at /rustc/df4ca44d3fbc9301ee17f30f4d474e6ae4b05252/library/std/src/rt.rs:174:48
[INFO] [stdout]   27:     0x619303f1d2c7 - std::panicking::try::do_call::hb506f5bfe11fd30c
[INFO] [stdout]                                at /rustc/df4ca44d3fbc9301ee17f30f4d474e6ae4b05252/library/std/src/panicking.rs:557:40
[INFO] [stdout]   28:     0x619303f1d2c7 - std::panicking::try::h54d825c46bd0fa95
[INFO] [stdout]                                at /rustc/df4ca44d3fbc9301ee17f30f4d474e6ae4b05252/library/std/src/panicking.rs:520:19
[INFO] [stdout]   29:     0x619303f1d2c7 - std::panic::catch_unwind::hffbb0ad20c4e9fac
[INFO] [stdout]                                at /rustc/df4ca44d3fbc9301ee17f30f4d474e6ae4b05252/library/std/src/panic.rs:358:14
[INFO] [stdout]   30:     0x619303f1d2c7 - std::rt::lang_start_internal::h52c291ef1962c925
[INFO] [stdout]                                at /rustc/df4ca44d3fbc9301ee17f30f4d474e6ae4b05252/library/std/src/rt.rs:174:20
[INFO] [stdout]   31:     0x619303f00707 - std::rt::lang_start::h8c6075cd6f225ba1
[INFO] [stdout]   32:     0x619303f02405 - main
[INFO] [stdout]   33:     0x78bcfb43ad90 - <unknown>
[INFO] [stdout]   34:     0x78bcfb43ae40 - __libc_start_main
[INFO] [stdout]   35:     0x619303f00455 - _start
[INFO] [stdout]   36:                0x0 - <unknown>
[INFO] [stdout] 
[INFO] [stdout] 
[INFO] [stdout] 
[INFO] [stdout] failures:
[INFO] [stdout]     src/assertion_failure.rs - assertion_failure::assertion_failure (line 88)
[INFO] [stdout] 
[INFO] [stdout] test result: FAILED. 15 passed; 1 failed; 0 ignored; 0 measured; 0 filtered out; finished in 0.26s
[INFO] [stdout] 
[INFO] [stderr] error: doctest failed, to rerun pass `--doc`
[INFO] running `Command { std: "docker" "inspect" "ffd386521538d308d9673134706b89b47e4685b9284546629386e0cd3f4cc282", kill_on_drop: false }`
[INFO] running `Command { std: "docker" "rm" "-f" "ffd386521538d308d9673134706b89b47e4685b9284546629386e0cd3f4cc282", kill_on_drop: false }`
[INFO] [stdout] ffd386521538d308d9673134706b89b47e4685b9284546629386e0cd3f4cc282
