[INFO] fetching crate context-mapper 0.1.1...
[INFO] testing context-mapper-0.1.1 against nightly-2024-10-28 for randomize-layout
[INFO] extracting crate context-mapper 0.1.1 into /workspace/builds/worker-2-tc1/source
[INFO] validating manifest of crates.io crate context-mapper 0.1.1 on toolchain nightly-2024-10-28
[INFO] running `Command { std: CARGO_HOME="/workspace/cargo-home" RUSTUP_HOME="/workspace/rustup-home" "/workspace/cargo-home/bin/cargo" "+nightly-2024-10-28" "metadata" "--manifest-path" "Cargo.toml" "--no-deps", kill_on_drop: false }`
[INFO] started tweaking crates.io crate context-mapper 0.1.1
[INFO] finished tweaking crates.io crate context-mapper 0.1.1
[INFO] tweaked toml for crates.io crate context-mapper 0.1.1 written to /workspace/builds/worker-2-tc1/source/Cargo.toml
[INFO] running `Command { std: CARGO_HOME="/workspace/cargo-home" RUSTUP_HOME="/workspace/rustup-home" "/workspace/cargo-home/bin/cargo" "+nightly-2024-10-28" "generate-lockfile" "--manifest-path" "Cargo.toml", kill_on_drop: false }`
[INFO] [stderr]     Updating crates.io index
[INFO] [stderr]     Blocking waiting for file lock on package cache
[INFO] [stderr]      Locking 9 packages to latest compatible versions
[INFO] running `Command { std: CARGO_HOME="/workspace/cargo-home" RUSTUP_HOME="/workspace/rustup-home" "/workspace/cargo-home/bin/cargo" "+nightly-2024-10-28" "fetch" "--manifest-path" "Cargo.toml", kill_on_drop: false }`
[INFO] [stderr]     Blocking waiting for file lock on package cache
[INFO] [stderr]     Blocking waiting for file lock on package cache
[INFO] [stderr]  Downloading crates ...
[INFO] [stderr]   Downloaded context-mapper-derive v0.1.0
[INFO] [stderr]   Downloaded snailquote v0.3.1
[INFO] running `Command { std: "docker" "create" "-v" "/var/lib/crater-agent-workspace/builds/worker-2-tc1/target:/opt/rustwide/target:rw,Z" "-v" "/var/lib/crater-agent-workspace/builds/worker-2-tc1/source:/opt/rustwide/workdir:ro,Z" "-v" "/var/lib/crater-agent-workspace/cargo-home:/opt/rustwide/cargo-home:ro,Z" "-v" "/var/lib/crater-agent-workspace/rustup-home:/opt/rustwide/rustup-home:ro,Z" "-e" "SOURCE_DIR=/opt/rustwide/workdir" "-e" "CARGO_TARGET_DIR=/opt/rustwide/target" "-e" "CARGO_HOME=/opt/rustwide/cargo-home" "-e" "RUSTUP_HOME=/opt/rustwide/rustup-home" "-w" "/opt/rustwide/workdir" "-m" "1610612736" "--user" "0:0" "--network" "none" "ghcr.io/rust-lang/crates-build-env/linux@sha256:4a844ea9eb2546a2d2c7022eacef16ef2e8229c7fbb2c7d4d55a9ceca922f72d" "/opt/rustwide/cargo-home/bin/cargo" "+nightly-2024-10-28" "metadata" "--no-deps" "--format-version=1", kill_on_drop: false }`
[INFO] [stdout] 8f803b9701553214ea64d815fae1f5d4e5304ecc4e7d80e98187f86236b68af1
[INFO] running `Command { std: "docker" "start" "-a" "8f803b9701553214ea64d815fae1f5d4e5304ecc4e7d80e98187f86236b68af1", kill_on_drop: false }`
[INFO] running `Command { std: "docker" "inspect" "8f803b9701553214ea64d815fae1f5d4e5304ecc4e7d80e98187f86236b68af1", kill_on_drop: false }`
[INFO] running `Command { std: "docker" "rm" "-f" "8f803b9701553214ea64d815fae1f5d4e5304ecc4e7d80e98187f86236b68af1", kill_on_drop: false }`
[INFO] [stdout] 8f803b9701553214ea64d815fae1f5d4e5304ecc4e7d80e98187f86236b68af1
[INFO] running `Command { std: "docker" "create" "-v" "/var/lib/crater-agent-workspace/builds/worker-2-tc1/target:/opt/rustwide/target:rw,Z" "-v" "/var/lib/crater-agent-workspace/builds/worker-2-tc1/source:/opt/rustwide/workdir:ro,Z" "-v" "/var/lib/crater-agent-workspace/cargo-home:/opt/rustwide/cargo-home:ro,Z" "-v" "/var/lib/crater-agent-workspace/rustup-home:/opt/rustwide/rustup-home:ro,Z" "-e" "SOURCE_DIR=/opt/rustwide/workdir" "-e" "CARGO_TARGET_DIR=/opt/rustwide/target" "-e" "CARGO_INCREMENTAL=0" "-e" "RUST_BACKTRACE=full" "-e" "RUSTFLAGS=--cap-lints=forbid" "-e" "RUSTDOCFLAGS=--cap-lints=forbid" "-e" "CARGO_HOME=/opt/rustwide/cargo-home" "-e" "RUSTUP_HOME=/opt/rustwide/rustup-home" "-w" "/opt/rustwide/workdir" "-m" "1610612736" "--user" "0:0" "--network" "none" "ghcr.io/rust-lang/crates-build-env/linux@sha256:4a844ea9eb2546a2d2c7022eacef16ef2e8229c7fbb2c7d4d55a9ceca922f72d" "/opt/rustwide/cargo-home/bin/cargo" "+nightly-2024-10-28" "build" "--frozen" "--message-format=json", kill_on_drop: false }`
[INFO] [stdout] 7eb712a3ebfa0c42c129c4053760bfa14c55691171c68ae50c95261afa830585
[INFO] running `Command { std: "docker" "start" "-a" "7eb712a3ebfa0c42c129c4053760bfa14c55691171c68ae50c95261afa830585", kill_on_drop: false }`
[INFO] [stderr]    Compiling proc-macro2 v1.0.89
[INFO] [stderr]    Compiling thiserror v1.0.66
[INFO] [stderr]    Compiling unicode_categories v0.1.1
[INFO] [stderr]    Compiling quote v1.0.37
[INFO] [stderr]    Compiling syn v2.0.86
[INFO] [stderr]    Compiling thiserror-impl v1.0.66
[INFO] [stderr]    Compiling snailquote v0.3.1
[INFO] [stderr]    Compiling context-mapper-derive v0.1.0
[INFO] [stderr]    Compiling context-mapper v0.1.1 (/opt/rustwide/workdir)
[INFO] [stderr]     Finished `dev` profile [unoptimized + debuginfo] target(s) in 5.75s
[INFO] running `Command { std: "docker" "inspect" "7eb712a3ebfa0c42c129c4053760bfa14c55691171c68ae50c95261afa830585", kill_on_drop: false }`
[INFO] running `Command { std: "docker" "rm" "-f" "7eb712a3ebfa0c42c129c4053760bfa14c55691171c68ae50c95261afa830585", kill_on_drop: false }`
[INFO] [stdout] 7eb712a3ebfa0c42c129c4053760bfa14c55691171c68ae50c95261afa830585
[INFO] running `Command { std: "docker" "create" "-v" "/var/lib/crater-agent-workspace/builds/worker-2-tc1/target:/opt/rustwide/target:rw,Z" "-v" "/var/lib/crater-agent-workspace/builds/worker-2-tc1/source:/opt/rustwide/workdir:ro,Z" "-v" "/var/lib/crater-agent-workspace/cargo-home:/opt/rustwide/cargo-home:ro,Z" "-v" "/var/lib/crater-agent-workspace/rustup-home:/opt/rustwide/rustup-home:ro,Z" "-e" "SOURCE_DIR=/opt/rustwide/workdir" "-e" "CARGO_TARGET_DIR=/opt/rustwide/target" "-e" "CARGO_INCREMENTAL=0" "-e" "RUST_BACKTRACE=full" "-e" "RUSTFLAGS=--cap-lints=forbid" "-e" "RUSTDOCFLAGS=--cap-lints=forbid" "-e" "CARGO_HOME=/opt/rustwide/cargo-home" "-e" "RUSTUP_HOME=/opt/rustwide/rustup-home" "-w" "/opt/rustwide/workdir" "-m" "1610612736" "--user" "0:0" "--network" "none" "ghcr.io/rust-lang/crates-build-env/linux@sha256:4a844ea9eb2546a2d2c7022eacef16ef2e8229c7fbb2c7d4d55a9ceca922f72d" "/opt/rustwide/cargo-home/bin/cargo" "+nightly-2024-10-28" "test" "--frozen" "--no-run" "--message-format=json", kill_on_drop: false }`
[INFO] [stdout] c1d43280ccaf6f3466fb01467e212d4d6edb3b771d276bb6412ee7f08f9bcab8
[INFO] running `Command { std: "docker" "start" "-a" "c1d43280ccaf6f3466fb01467e212d4d6edb3b771d276bb6412ee7f08f9bcab8", kill_on_drop: false }`
[INFO] [stderr]    Compiling context-mapper v0.1.1 (/opt/rustwide/workdir)
[INFO] [stderr]     Finished `test` profile [unoptimized + debuginfo] target(s) in 0.16s
[INFO] running `Command { std: "docker" "inspect" "c1d43280ccaf6f3466fb01467e212d4d6edb3b771d276bb6412ee7f08f9bcab8", kill_on_drop: false }`
[INFO] running `Command { std: "docker" "rm" "-f" "c1d43280ccaf6f3466fb01467e212d4d6edb3b771d276bb6412ee7f08f9bcab8", kill_on_drop: false }`
[INFO] [stdout] c1d43280ccaf6f3466fb01467e212d4d6edb3b771d276bb6412ee7f08f9bcab8
[INFO] running `Command { std: "docker" "create" "-v" "/var/lib/crater-agent-workspace/builds/worker-2-tc1/target:/opt/rustwide/target:rw,Z" "-v" "/var/lib/crater-agent-workspace/builds/worker-2-tc1/source:/opt/rustwide/workdir:ro,Z" "-v" "/var/lib/crater-agent-workspace/cargo-home:/opt/rustwide/cargo-home:ro,Z" "-v" "/var/lib/crater-agent-workspace/rustup-home:/opt/rustwide/rustup-home:ro,Z" "-e" "SOURCE_DIR=/opt/rustwide/workdir" "-e" "CARGO_TARGET_DIR=/opt/rustwide/target" "-e" "CARGO_INCREMENTAL=0" "-e" "RUST_BACKTRACE=full" "-e" "RUSTFLAGS=--cap-lints=forbid" "-e" "RUSTDOCFLAGS=--cap-lints=forbid" "-e" "CARGO_HOME=/opt/rustwide/cargo-home" "-e" "RUSTUP_HOME=/opt/rustwide/rustup-home" "-w" "/opt/rustwide/workdir" "-m" "1610612736" "--user" "0:0" "--network" "none" "ghcr.io/rust-lang/crates-build-env/linux@sha256:4a844ea9eb2546a2d2c7022eacef16ef2e8229c7fbb2c7d4d55a9ceca922f72d" "/opt/rustwide/cargo-home/bin/cargo" "+nightly-2024-10-28" "test" "--frozen", kill_on_drop: false }`
[INFO] [stdout] 00d9f97aaef61afa5ca83aece50b27a46dc33b15a30a56e4ae35dee6fb86c0cf
[INFO] running `Command { std: "docker" "start" "-a" "00d9f97aaef61afa5ca83aece50b27a46dc33b15a30a56e4ae35dee6fb86c0cf", kill_on_drop: false }`
[INFO] [stderr]     Finished `test` profile [unoptimized + debuginfo] target(s) in 0.01s
[INFO] [stderr]      Running unittests src/lib.rs (/opt/rustwide/target/debug/deps/context_mapper-e108bbfa32268614)
[INFO] [stdout] 
[INFO] [stdout] running 0 tests
[INFO] [stdout] 
[INFO] [stdout] test result: ok. 0 passed; 0 failed; 0 ignored; 0 measured; 0 filtered out; finished in 0.00s
[INFO] [stdout] 
[INFO] [stderr]    Doc-tests context_mapper
[INFO] [stdout] 
[INFO] [stdout] running 2 tests
[INFO] [stdout] test src/lib.rs - (line 7) ... FAILED
[INFO] [stdout] test src/lib.rs - (line 32) ... FAILED
[INFO] [stdout] 
[INFO] [stdout] failures:
[INFO] [stdout] 
[INFO] [stdout] ---- src/lib.rs - (line 7) stdout ----
[INFO] [stdout] error[E0585]: found a documentation comment that doesn't document anything
[INFO] [stdout]  --> src/lib.rs:10:5
[INFO] [stdout]   |
[INFO] [stdout] 3 | struct Person {
[INFO] [stdout]   |        ------ while parsing this struct
[INFO] [stdout] 4 |     name: String
[INFO] [stdout] 5 |     /// Age in years
[INFO] [stdout]   |     ^^^^^^^^^^^^^^^^
[INFO] [stdout]   |
[INFO] [stdout]   = help: doc comments must come before what they document, if a comment was intended use `//`
[INFO] [stdout] help: missing comma here
[INFO] [stdout]   |
[INFO] [stdout] 4 |     name: String,
[INFO] [stdout]   |                 +
[INFO] [stdout] 
[INFO] [stdout] error: aborting due to 1 previous error
[INFO] [stdout] 
[INFO] [stdout] For more information about this error, try `rustc --explain E0585`.
[INFO] [stdout] Couldn't compile the test.
[INFO] [stdout] ---- src/lib.rs - (line 32) stdout ----
[INFO] [stdout] error[E0585]: found a documentation comment that doesn't document anything
[INFO] [stdout]   --> src/lib.rs:82:5
[INFO] [stdout]    |
[INFO] [stdout] 48 | struct Person {
[INFO] [stdout]    |        ------ while parsing this struct
[INFO] [stdout] ...
[INFO] [stdout] 53 |     /// Age in years
[INFO] [stdout]    |     ^^^^^^^^^^^^^^^^
[INFO] [stdout]    |
[INFO] [stdout]    = help: doc comments must come before what they document, if a comment was intended use `//`
[INFO] [stdout] help: missing comma here
[INFO] [stdout]    |
[INFO] [stdout] 51 |     name: String,
[INFO] [stdout]    |                 +
[INFO] [stdout] 
[INFO] [stdout] error: cannot find derive macro `ContextMapper` in this scope
[INFO] [stdout]  --> src/lib.rs:34:10
[INFO] [stdout]   |
[INFO] [stdout] 5 | #[derive(ContextMapper)]
[INFO] [stdout]   |          ^^^^^^^^^^^^^
[INFO] [stdout]   |
[INFO] [stdout] help: consider importing one of these derive macros
[INFO] [stdout]   |
[INFO] [stdout] 2 + use context_mapper::ContextMapper;
[INFO] [stdout]   |
[INFO] [stdout] 2 + use context_mapper_derive::ContextMapper;
[INFO] [stdout]   |
[INFO] [stdout] 
[INFO] [stdout] error: cannot find attribute `context_mapper` in this scope
[INFO] [stdout]  --> src/lib.rs:36:3
[INFO] [stdout]   |
[INFO] [stdout] 7 | #[context_mapper(
[INFO] [stdout]   |   ^^^^^^^^^^^^^^
[INFO] [stdout]   |
[INFO] [stdout] note: `context_mapper` is imported here, but it is a crate, not an attribute
[INFO] [stdout]  --> src/lib.rs:32:1
[INFO] [stdout]   |
[INFO] [stdout] 3 | extern crate r#context_mapper;
[INFO] [stdout]   | ^^^^^^^^^^^^^^^^^^^^^^^^^^^^^^
[INFO] [stdout] 
[INFO] [stdout] error: cannot find attribute `context_mapper` in this scope
[INFO] [stdout]   --> src/lib.rs:57:3
[INFO] [stdout]    |
[INFO] [stdout] 28 | #[context_mapper(
[INFO] [stdout]    |   ^^^^^^^^^^^^^^
[INFO] [stdout]    |
[INFO] [stdout] note: `context_mapper` is imported here, but it is a crate, not an attribute
[INFO] [stdout]   --> src/lib.rs:32:1
[INFO] [stdout]    |
[INFO] [stdout] 3  | extern crate r#context_mapper;
[INFO] [stdout]    | ^^^^^^^^^^^^^^^^^^^^^^^^^^^^^^
[INFO] [stdout] 
[INFO] [stdout] error: aborting due to 4 previous errors
[INFO] [stdout] 
[INFO] [stdout] For more information about this error, try `rustc --explain E0585`.
[INFO] [stdout] Couldn't compile the test.
[INFO] [stdout] 
[INFO] [stdout] failures:
[INFO] [stdout]     src/lib.rs - (line 32)
[INFO] [stdout]     src/lib.rs - (line 7)
[INFO] [stdout] 
[INFO] [stdout] test result: FAILED. 0 passed; 2 failed; 0 ignored; 0 measured; 0 filtered out; finished in 0.05s
[INFO] [stdout] 
[INFO] [stderr] error: doctest failed, to rerun pass `--doc`
[INFO] running `Command { std: "docker" "inspect" "00d9f97aaef61afa5ca83aece50b27a46dc33b15a30a56e4ae35dee6fb86c0cf", kill_on_drop: false }`
[INFO] running `Command { std: "docker" "rm" "-f" "00d9f97aaef61afa5ca83aece50b27a46dc33b15a30a56e4ae35dee6fb86c0cf", kill_on_drop: false }`
[INFO] [stdout] 00d9f97aaef61afa5ca83aece50b27a46dc33b15a30a56e4ae35dee6fb86c0cf
