[INFO] fetching crate context-mapper-derive 0.1.0...
[INFO] testing context-mapper-derive-0.1.0 against nightly-2024-10-28 for randomize-layout
[INFO] extracting crate context-mapper-derive 0.1.0 into /workspace/builds/worker-1-tc1/source
[INFO] validating manifest of crates.io crate context-mapper-derive 0.1.0 on toolchain nightly-2024-10-28
[INFO] running `Command { std: CARGO_HOME="/workspace/cargo-home" RUSTUP_HOME="/workspace/rustup-home" "/workspace/cargo-home/bin/cargo" "+nightly-2024-10-28" "metadata" "--manifest-path" "Cargo.toml" "--no-deps", kill_on_drop: false }`
[INFO] started tweaking crates.io crate context-mapper-derive 0.1.0
[INFO] finished tweaking crates.io crate context-mapper-derive 0.1.0
[INFO] tweaked toml for crates.io crate context-mapper-derive 0.1.0 written to /workspace/builds/worker-1-tc1/source/Cargo.toml
[INFO] running `Command { std: CARGO_HOME="/workspace/cargo-home" RUSTUP_HOME="/workspace/rustup-home" "/workspace/cargo-home/bin/cargo" "+nightly-2024-10-28" "generate-lockfile" "--manifest-path" "Cargo.toml", kill_on_drop: false }`
[INFO] [stderr]     Updating crates.io index
[INFO] [stderr]      Locking 8 packages to latest compatible versions
[INFO] running `Command { std: CARGO_HOME="/workspace/cargo-home" RUSTUP_HOME="/workspace/rustup-home" "/workspace/cargo-home/bin/cargo" "+nightly-2024-10-28" "fetch" "--manifest-path" "Cargo.toml", kill_on_drop: false }`
[INFO] [stderr]     Blocking waiting for file lock on package cache
[INFO] [stderr]     Blocking waiting for file lock on package cache
[INFO] running `Command { std: "docker" "create" "-v" "/var/lib/crater-agent-workspace/builds/worker-1-tc1/target:/opt/rustwide/target:rw,Z" "-v" "/var/lib/crater-agent-workspace/builds/worker-1-tc1/source:/opt/rustwide/workdir:ro,Z" "-v" "/var/lib/crater-agent-workspace/cargo-home:/opt/rustwide/cargo-home:ro,Z" "-v" "/var/lib/crater-agent-workspace/rustup-home:/opt/rustwide/rustup-home:ro,Z" "-e" "SOURCE_DIR=/opt/rustwide/workdir" "-e" "CARGO_TARGET_DIR=/opt/rustwide/target" "-e" "CARGO_HOME=/opt/rustwide/cargo-home" "-e" "RUSTUP_HOME=/opt/rustwide/rustup-home" "-w" "/opt/rustwide/workdir" "-m" "1610612736" "--user" "0:0" "--network" "none" "ghcr.io/rust-lang/crates-build-env/linux@sha256:4a844ea9eb2546a2d2c7022eacef16ef2e8229c7fbb2c7d4d55a9ceca922f72d" "/opt/rustwide/cargo-home/bin/cargo" "+nightly-2024-10-28" "metadata" "--no-deps" "--format-version=1", kill_on_drop: false }`
[INFO] [stdout] d3aa986dc1328df0ef1723abe325db496c93f56905cdda0212c00325b965f366
[INFO] running `Command { std: "docker" "start" "-a" "d3aa986dc1328df0ef1723abe325db496c93f56905cdda0212c00325b965f366", kill_on_drop: false }`
[INFO] running `Command { std: "docker" "inspect" "d3aa986dc1328df0ef1723abe325db496c93f56905cdda0212c00325b965f366", kill_on_drop: false }`
[INFO] running `Command { std: "docker" "rm" "-f" "d3aa986dc1328df0ef1723abe325db496c93f56905cdda0212c00325b965f366", kill_on_drop: false }`
[INFO] [stdout] d3aa986dc1328df0ef1723abe325db496c93f56905cdda0212c00325b965f366
[INFO] running `Command { std: "docker" "create" "-v" "/var/lib/crater-agent-workspace/builds/worker-1-tc1/target:/opt/rustwide/target:rw,Z" "-v" "/var/lib/crater-agent-workspace/builds/worker-1-tc1/source:/opt/rustwide/workdir:ro,Z" "-v" "/var/lib/crater-agent-workspace/cargo-home:/opt/rustwide/cargo-home:ro,Z" "-v" "/var/lib/crater-agent-workspace/rustup-home:/opt/rustwide/rustup-home:ro,Z" "-e" "SOURCE_DIR=/opt/rustwide/workdir" "-e" "CARGO_TARGET_DIR=/opt/rustwide/target" "-e" "CARGO_INCREMENTAL=0" "-e" "RUST_BACKTRACE=full" "-e" "RUSTFLAGS=--cap-lints=forbid" "-e" "RUSTDOCFLAGS=--cap-lints=forbid" "-e" "CARGO_HOME=/opt/rustwide/cargo-home" "-e" "RUSTUP_HOME=/opt/rustwide/rustup-home" "-w" "/opt/rustwide/workdir" "-m" "1610612736" "--user" "0:0" "--network" "none" "ghcr.io/rust-lang/crates-build-env/linux@sha256:4a844ea9eb2546a2d2c7022eacef16ef2e8229c7fbb2c7d4d55a9ceca922f72d" "/opt/rustwide/cargo-home/bin/cargo" "+nightly-2024-10-28" "build" "--frozen" "--message-format=json", kill_on_drop: false }`
[INFO] [stdout] 8ae7396b398da0bebb1b6a1333a793f680446a8b97c8184c59d16252e0625582
[INFO] running `Command { std: "docker" "start" "-a" "8ae7396b398da0bebb1b6a1333a793f680446a8b97c8184c59d16252e0625582", kill_on_drop: false }`
[INFO] [stderr]    Compiling thiserror v1.0.66
[INFO] [stderr]    Compiling unicode_categories v0.1.1
[INFO] [stderr]    Compiling syn v2.0.86
[INFO] [stderr]    Compiling thiserror-impl v1.0.66
[INFO] [stderr]    Compiling snailquote v0.3.1
[INFO] [stderr]    Compiling context-mapper-derive v0.1.0 (/opt/rustwide/workdir)
[INFO] [stdout] warning: unused import: `syn::Token`
[INFO] [stdout]   --> src/lib.rs:15:5
[INFO] [stdout]    |
[INFO] [stdout] 15 | use syn::Token;
[INFO] [stdout]    |     ^^^^^^^^^^
[INFO] [stdout]    |
[INFO] [stdout]    = note: `#[warn(unused_imports)]` on by default
[INFO] [stdout] 
[INFO] [stdout] 
[INFO] [stderr]     Finished `dev` profile [unoptimized + debuginfo] target(s) in 4.41s
[INFO] running `Command { std: "docker" "inspect" "8ae7396b398da0bebb1b6a1333a793f680446a8b97c8184c59d16252e0625582", kill_on_drop: false }`
[INFO] running `Command { std: "docker" "rm" "-f" "8ae7396b398da0bebb1b6a1333a793f680446a8b97c8184c59d16252e0625582", kill_on_drop: false }`
[INFO] [stdout] 8ae7396b398da0bebb1b6a1333a793f680446a8b97c8184c59d16252e0625582
[INFO] running `Command { std: "docker" "create" "-v" "/var/lib/crater-agent-workspace/builds/worker-1-tc1/target:/opt/rustwide/target:rw,Z" "-v" "/var/lib/crater-agent-workspace/builds/worker-1-tc1/source:/opt/rustwide/workdir:ro,Z" "-v" "/var/lib/crater-agent-workspace/cargo-home:/opt/rustwide/cargo-home:ro,Z" "-v" "/var/lib/crater-agent-workspace/rustup-home:/opt/rustwide/rustup-home:ro,Z" "-e" "SOURCE_DIR=/opt/rustwide/workdir" "-e" "CARGO_TARGET_DIR=/opt/rustwide/target" "-e" "CARGO_INCREMENTAL=0" "-e" "RUST_BACKTRACE=full" "-e" "RUSTFLAGS=--cap-lints=forbid" "-e" "RUSTDOCFLAGS=--cap-lints=forbid" "-e" "CARGO_HOME=/opt/rustwide/cargo-home" "-e" "RUSTUP_HOME=/opt/rustwide/rustup-home" "-w" "/opt/rustwide/workdir" "-m" "1610612736" "--user" "0:0" "--network" "none" "ghcr.io/rust-lang/crates-build-env/linux@sha256:4a844ea9eb2546a2d2c7022eacef16ef2e8229c7fbb2c7d4d55a9ceca922f72d" "/opt/rustwide/cargo-home/bin/cargo" "+nightly-2024-10-28" "test" "--frozen" "--no-run" "--message-format=json", kill_on_drop: false }`
[INFO] [stdout] b63930df51b2c5ca52e220336197c9fad031fc0658606c2dedcbc4bb8183556a
[INFO] running `Command { std: "docker" "start" "-a" "b63930df51b2c5ca52e220336197c9fad031fc0658606c2dedcbc4bb8183556a", kill_on_drop: false }`
[INFO] [stderr]    Compiling context-mapper-derive v0.1.0 (/opt/rustwide/workdir)
[INFO] [stdout] warning: unused import: `syn::Token`
[INFO] [stdout]   --> src/lib.rs:15:5
[INFO] [stdout]    |
[INFO] [stdout] 15 | use syn::Token;
[INFO] [stdout]    |     ^^^^^^^^^^
[INFO] [stdout]    |
[INFO] [stdout]    = note: `#[warn(unused_imports)]` on by default
[INFO] [stdout] 
[INFO] [stdout] 
[INFO] [stdout] warning: unused import: `syn::Token`
[INFO] [stdout]   --> src/lib.rs:15:5
[INFO] [stdout]    |
[INFO] [stdout] 15 | use syn::Token;
[INFO] [stdout]    |     ^^^^^^^^^^
[INFO] [stdout]    |
[INFO] [stdout]    = note: `#[warn(unused_imports)]` on by default
[INFO] [stdout] 
[INFO] [stdout] 
[INFO] [stderr]     Finished `test` profile [unoptimized + debuginfo] target(s) in 0.51s
[INFO] running `Command { std: "docker" "inspect" "b63930df51b2c5ca52e220336197c9fad031fc0658606c2dedcbc4bb8183556a", kill_on_drop: false }`
[INFO] running `Command { std: "docker" "rm" "-f" "b63930df51b2c5ca52e220336197c9fad031fc0658606c2dedcbc4bb8183556a", kill_on_drop: false }`
[INFO] [stdout] b63930df51b2c5ca52e220336197c9fad031fc0658606c2dedcbc4bb8183556a
[INFO] running `Command { std: "docker" "create" "-v" "/var/lib/crater-agent-workspace/builds/worker-1-tc1/target:/opt/rustwide/target:rw,Z" "-v" "/var/lib/crater-agent-workspace/builds/worker-1-tc1/source:/opt/rustwide/workdir:ro,Z" "-v" "/var/lib/crater-agent-workspace/cargo-home:/opt/rustwide/cargo-home:ro,Z" "-v" "/var/lib/crater-agent-workspace/rustup-home:/opt/rustwide/rustup-home:ro,Z" "-e" "SOURCE_DIR=/opt/rustwide/workdir" "-e" "CARGO_TARGET_DIR=/opt/rustwide/target" "-e" "CARGO_INCREMENTAL=0" "-e" "RUST_BACKTRACE=full" "-e" "RUSTFLAGS=--cap-lints=forbid" "-e" "RUSTDOCFLAGS=--cap-lints=forbid" "-e" "CARGO_HOME=/opt/rustwide/cargo-home" "-e" "RUSTUP_HOME=/opt/rustwide/rustup-home" "-w" "/opt/rustwide/workdir" "-m" "1610612736" "--user" "0:0" "--network" "none" "ghcr.io/rust-lang/crates-build-env/linux@sha256:4a844ea9eb2546a2d2c7022eacef16ef2e8229c7fbb2c7d4d55a9ceca922f72d" "/opt/rustwide/cargo-home/bin/cargo" "+nightly-2024-10-28" "test" "--frozen", kill_on_drop: false }`
[INFO] [stdout] cdefd4b72b741a6074847df86e7932e561d90ff7d4958f88aab4ee9e3c9b2bd0
[INFO] running `Command { std: "docker" "start" "-a" "cdefd4b72b741a6074847df86e7932e561d90ff7d4958f88aab4ee9e3c9b2bd0", kill_on_drop: false }`
[INFO] [stderr] warning: unused import: `syn::Token`
[INFO] [stderr]   --> src/lib.rs:15:5
[INFO] [stderr]    |
[INFO] [stderr] 15 | use syn::Token;
[INFO] [stderr]    |     ^^^^^^^^^^
[INFO] [stderr]    |
[INFO] [stderr]    = note: `#[warn(unused_imports)]` on by default
[INFO] [stderr] 
[INFO] [stderr] warning: `context-mapper-derive` (lib) generated 1 warning (run `cargo fix --lib -p context-mapper-derive` to apply 1 suggestion)
[INFO] [stderr] warning: `context-mapper-derive` (lib test) generated 1 warning (1 duplicate)
[INFO] [stderr]     Finished `test` profile [unoptimized + debuginfo] target(s) in 0.01s
[INFO] [stderr]      Running unittests src/lib.rs (/opt/rustwide/target/debug/deps/context_mapper_derive-65698f52845d2ba2)
[INFO] [stdout] 
[INFO] [stdout] running 0 tests
[INFO] [stdout] 
[INFO] [stdout] test result: ok. 0 passed; 0 failed; 0 ignored; 0 measured; 0 filtered out; finished in 0.00s
[INFO] [stdout] 
[INFO] [stderr]    Doc-tests context_mapper_derive
[INFO] [stdout] 
[INFO] [stdout] running 4 tests
[INFO] [stdout] test src/lib.rs - context_mapper (line 780) ... FAILED
[INFO] [stdout] test src/lib.rs - context_mapper (line 847) ... FAILED
[INFO] [stdout] test src/lib.rs - context_mapper (line 866) ... FAILED
[INFO] [stdout] test src/lib.rs - context_mapper (line 902) ... FAILED
[INFO] [stdout] 
[INFO] [stdout] failures:
[INFO] [stdout] 
[INFO] [stdout] ---- src/lib.rs - context_mapper (line 780) stdout ----
[INFO] [stdout] error: expected statement after outer attribute
[INFO] [stdout]   --> src/lib.rs:782:1
[INFO] [stdout]    |
[INFO] [stdout] 4  | / #[context_mapper(
[INFO] [stdout] 5  | |
[INFO] [stdout] 6  | |     /// Indicates that mapper will be using a trait
[INFO] [stdout] 7  | |     trait(
[INFO] [stdout] ...  |
[INFO] [stdout] 63 | |     )
[INFO] [stdout] 64 | | )]
[INFO] [stdout]    | |__^
[INFO] [stdout] 
[INFO] [stdout] error: aborting due to 1 previous error
[INFO] [stdout] 
[INFO] [stdout] Couldn't compile the test.
[INFO] [stdout] ---- src/lib.rs - context_mapper (line 847) stdout ----
[INFO] [stdout] error: expected statement after outer attribute
[INFO] [stdout]   --> src/lib.rs:848:1
[INFO] [stdout]    |
[INFO] [stdout] 3  | / #[context_attribute(
[INFO] [stdout] 4  | |     context(
[INFO] [stdout] 5  | |         name = path::to::the::context,
[INFO] [stdout] 6  | |         converter = you::can::override::Mapper::function,
[INFO] [stdout] ...  |
[INFO] [stdout] 16 | |     )
[INFO] [stdout] 17 | | )]
[INFO] [stdout]    | |__^
[INFO] [stdout] 
[INFO] [stdout] error: aborting due to 1 previous error
[INFO] [stdout] 
[INFO] [stdout] Couldn't compile the test.
[INFO] [stdout] ---- src/lib.rs - context_mapper (line 866) stdout ----
[INFO] [stdout] error[E0432]: unresolved import `context_mapper`
[INFO] [stdout]  --> src/lib.rs:867:5
[INFO] [stdout]   |
[INFO] [stdout] 3 | use context_mapper::ContextMapper;
[INFO] [stdout]   |     ^^^^^^^^^^^^^^ use of undeclared crate or module `context_mapper`
[INFO] [stdout] 
[INFO] [stdout] error[E0432]: unresolved import `context_mapper`
[INFO] [stdout]  --> src/lib.rs:868:5
[INFO] [stdout]   |
[INFO] [stdout] 4 | use context_mapper::IntoType;
[INFO] [stdout]   |     ^^^^^^^^^^^^^^ use of undeclared crate or module `context_mapper`
[INFO] [stdout] 
[INFO] [stdout] error: cannot find derive macro `Serialize` in this scope
[INFO] [stdout]  --> src/lib.rs:869:25
[INFO] [stdout]   |
[INFO] [stdout] 5 | #[derive(ContextMapper, Serialize)]
[INFO] [stdout]   |                         ^^^^^^^^^
[INFO] [stdout] 
[INFO] [stdout] error: cannot find attribute `context_mapper` in this scope
[INFO] [stdout]  --> src/lib.rs:870:3
[INFO] [stdout]   |
[INFO] [stdout] 6 | #[context_mapper(trait())]
[INFO] [stdout]   |   ^^^^^^^^^^^^^^
[INFO] [stdout] 
[INFO] [stdout] error: cannot find attribute `context_mapper` in this scope
[INFO] [stdout]  --> src/lib.rs:871:3
[INFO] [stdout]   |
[INFO] [stdout] 7 | #[context_mapper(
[INFO] [stdout]   |   ^^^^^^^^^^^^^^
[INFO] [stdout] 
[INFO] [stdout] error: cannot find attribute `context_attribute` in this scope
[INFO] [stdout]   --> src/lib.rs:879:7
[INFO] [stdout]    |
[INFO] [stdout] 15 |     #[context_attribute(
[INFO] [stdout]    |       ^^^^^^^^^^^^^^^^^
[INFO] [stdout] 
[INFO] [stdout] error: cannot find attribute `context_attribute` in this scope
[INFO] [stdout]   --> src/lib.rs:888:7
[INFO] [stdout]    |
[INFO] [stdout] 24 |     #[context_attribute(
[INFO] [stdout]    |       ^^^^^^^^^^^^^^^^^
[INFO] [stdout] 
[INFO] [stdout] error: cannot find attribute `context_attribute` in this scope
[INFO] [stdout]   --> src/lib.rs:897:7
[INFO] [stdout]    |
[INFO] [stdout] 33 |     #[context_attribute(context(name=other_context, skip))]
[INFO] [stdout]    |       ^^^^^^^^^^^^^^^^^
[INFO] [stdout] 
[INFO] [stdout] error: aborting due to 8 previous errors
[INFO] [stdout] 
[INFO] [stdout] For more information about this error, try `rustc --explain E0432`.
[INFO] [stdout] Couldn't compile the test.
[INFO] [stdout] ---- src/lib.rs - context_mapper (line 902) stdout ----
[INFO] [stdout] error[E0433]: failed to resolve: could not find `context_mapper` in the list of imported crates
[INFO] [stdout]  --> src/lib.rs:903:8
[INFO] [stdout]   |
[INFO] [stdout] 3 | impl ::context_mapper::IntoType<std::string::String> for X {
[INFO] [stdout]   |        ^^^^^^^^^^^^^^ could not find `context_mapper` in the list of imported crates
[INFO] [stdout] 
[INFO] [stdout] error[E0433]: failed to resolve: could not find `context_mapper` in the list of imported crates
[INFO] [stdout]   --> src/lib.rs:913:8
[INFO] [stdout]    |
[INFO] [stdout] 13 | impl ::context_mapper::IntoType<usize> for X {
[INFO] [stdout]    |        ^^^^^^^^^^^^^^ could not find `context_mapper` in the list of imported crates
[INFO] [stdout] 
[INFO] [stdout] error[E0412]: cannot find type `X` in this scope
[INFO] [stdout]  --> src/lib.rs:903:58
[INFO] [stdout]   |
[INFO] [stdout] 3 | impl ::context_mapper::IntoType<std::string::String> for X {
[INFO] [stdout]   |                                                          ^ not found in this scope
[INFO] [stdout] 
[INFO] [stdout] error[E0412]: cannot find type `X` in this scope
[INFO] [stdout]   --> src/lib.rs:913:44
[INFO] [stdout]    |
[INFO] [stdout] 13 | impl ::context_mapper::IntoType<usize> for X {
[INFO] [stdout]    |                                            ^ not found in this scope
[INFO] [stdout] 
[INFO] [stdout] error[E0425]: cannot find function `my_other_function` in this scope
[INFO] [stdout]   --> src/lib.rs:916:52
[INFO] [stdout]    |
[INFO] [stdout] 16 |         result.insert("my_other_name".to_string(), my_other_function(&self.x));
[INFO] [stdout]    |                                                    ^^^^^^^^^^^^^^^^^ not found in this scope
[INFO] [stdout] 
[INFO] [stdout] error[E0425]: cannot find function `my_function` in this scope
[INFO] [stdout]   --> src/lib.rs:917:40
[INFO] [stdout]    |
[INFO] [stdout] 17 |         result.insert("y".to_string(), my_function(self.y));
[INFO] [stdout]    |                                        ^^^^^^^^^^^ not found in this scope
[INFO] [stdout] 
[INFO] [stdout] error[E0425]: cannot find function `my_function` in this scope
[INFO] [stdout]   --> src/lib.rs:918:41
[INFO] [stdout]    |
[INFO] [stdout] 18 |         result.insert("y0".to_string(), my_function(&self.y0));
[INFO] [stdout]    |                                         ^^^^^^^^^^^ not found in this scope
[INFO] [stdout] 
[INFO] [stdout] error: aborting due to 7 previous errors
[INFO] [stdout] 
[INFO] [stdout] Some errors have detailed explanations: E0412, E0425, E0433.
[INFO] [stdout] For more information about an error, try `rustc --explain E0412`.
[INFO] [stdout] Couldn't compile the test.
[INFO] [stdout] 
[INFO] [stdout] failures:
[INFO] [stdout]     src/lib.rs - context_mapper (line 780)
[INFO] [stdout]     src/lib.rs - context_mapper (line 847)
[INFO] [stdout]     src/lib.rs - context_mapper (line 866)
[INFO] [stdout]     src/lib.rs - context_mapper (line 902)
[INFO] [stdout] 
[INFO] [stdout] test result: FAILED. 0 passed; 4 failed; 0 ignored; 0 measured; 0 filtered out; finished in 0.05s
[INFO] [stdout] 
[INFO] [stderr] error: doctest failed, to rerun pass `--doc`
[INFO] running `Command { std: "docker" "inspect" "cdefd4b72b741a6074847df86e7932e561d90ff7d4958f88aab4ee9e3c9b2bd0", kill_on_drop: false }`
[INFO] running `Command { std: "docker" "rm" "-f" "cdefd4b72b741a6074847df86e7932e561d90ff7d4958f88aab4ee9e3c9b2bd0", kill_on_drop: false }`
[INFO] [stdout] cdefd4b72b741a6074847df86e7932e561d90ff7d4958f88aab4ee9e3c9b2bd0
