[INFO] fetching crate const_cge 0.2.1...
[INFO] testing const_cge-0.2.1 against nightly-2024-10-28+rustflags=-Zrandomize-layout for randomize-layout
[INFO] extracting crate const_cge 0.2.1 into /workspace/builds/worker-7-tc2/source
[INFO] validating manifest of crates.io crate const_cge 0.2.1 on toolchain nightly-2024-10-28
[INFO] running `Command { std: CARGO_HOME="/workspace/cargo-home" RUSTUP_HOME="/workspace/rustup-home" "/workspace/cargo-home/bin/cargo" "+nightly-2024-10-28" "metadata" "--manifest-path" "Cargo.toml" "--no-deps", kill_on_drop: false }`
[INFO] started tweaking crates.io crate const_cge 0.2.1
[INFO] finished tweaking crates.io crate const_cge 0.2.1
[INFO] tweaked toml for crates.io crate const_cge 0.2.1 written to /workspace/builds/worker-7-tc2/source/Cargo.toml
[INFO] running `Command { std: CARGO_HOME="/workspace/cargo-home" RUSTUP_HOME="/workspace/rustup-home" "/workspace/cargo-home/bin/cargo" "+nightly-2024-10-28" "generate-lockfile" "--manifest-path" "Cargo.toml", kill_on_drop: false }`
[INFO] [stderr]     Updating crates.io index
[INFO] [stderr]      Locking 52 packages to latest compatible versions
[INFO] [stderr]       Adding cge v0.0.1 (available: v0.1.1)
[INFO] running `Command { std: CARGO_HOME="/workspace/cargo-home" RUSTUP_HOME="/workspace/rustup-home" "/workspace/cargo-home/bin/cargo" "+nightly-2024-10-28" "fetch" "--manifest-path" "Cargo.toml", kill_on_drop: false }`
[INFO] running `Command { std: "docker" "create" "-v" "/var/lib/crater-agent-workspace/builds/worker-7-tc2/target:/opt/rustwide/target:rw,Z" "-v" "/var/lib/crater-agent-workspace/builds/worker-7-tc2/source:/opt/rustwide/workdir:ro,Z" "-v" "/var/lib/crater-agent-workspace/cargo-home:/opt/rustwide/cargo-home:ro,Z" "-v" "/var/lib/crater-agent-workspace/rustup-home:/opt/rustwide/rustup-home:ro,Z" "-e" "SOURCE_DIR=/opt/rustwide/workdir" "-e" "CARGO_TARGET_DIR=/opt/rustwide/target" "-e" "CARGO_HOME=/opt/rustwide/cargo-home" "-e" "RUSTUP_HOME=/opt/rustwide/rustup-home" "-w" "/opt/rustwide/workdir" "-m" "1610612736" "--user" "0:0" "--network" "none" "ghcr.io/rust-lang/crates-build-env/linux@sha256:4a844ea9eb2546a2d2c7022eacef16ef2e8229c7fbb2c7d4d55a9ceca922f72d" "/opt/rustwide/cargo-home/bin/cargo" "+nightly-2024-10-28" "metadata" "--no-deps" "--format-version=1", kill_on_drop: false }`
[INFO] [stdout] 93763bda993ac9b94718fb0a73dc85510800e47b09e54168825b2b680ddd2b01
[INFO] running `Command { std: "docker" "start" "-a" "93763bda993ac9b94718fb0a73dc85510800e47b09e54168825b2b680ddd2b01", kill_on_drop: false }`
[INFO] running `Command { std: "docker" "inspect" "93763bda993ac9b94718fb0a73dc85510800e47b09e54168825b2b680ddd2b01", kill_on_drop: false }`
[INFO] running `Command { std: "docker" "rm" "-f" "93763bda993ac9b94718fb0a73dc85510800e47b09e54168825b2b680ddd2b01", kill_on_drop: false }`
[INFO] [stdout] 93763bda993ac9b94718fb0a73dc85510800e47b09e54168825b2b680ddd2b01
[INFO] running `Command { std: "docker" "create" "-v" "/var/lib/crater-agent-workspace/builds/worker-7-tc2/target:/opt/rustwide/target:rw,Z" "-v" "/var/lib/crater-agent-workspace/builds/worker-7-tc2/source:/opt/rustwide/workdir:ro,Z" "-v" "/var/lib/crater-agent-workspace/cargo-home:/opt/rustwide/cargo-home:ro,Z" "-v" "/var/lib/crater-agent-workspace/rustup-home:/opt/rustwide/rustup-home:ro,Z" "-e" "SOURCE_DIR=/opt/rustwide/workdir" "-e" "CARGO_TARGET_DIR=/opt/rustwide/target" "-e" "CARGO_INCREMENTAL=0" "-e" "RUST_BACKTRACE=full" "-e" "RUSTFLAGS=--cap-lints=forbid -Zrandomize-layout" "-e" "RUSTDOCFLAGS=--cap-lints=forbid" "-e" "CARGO_HOME=/opt/rustwide/cargo-home" "-e" "RUSTUP_HOME=/opt/rustwide/rustup-home" "-w" "/opt/rustwide/workdir" "-m" "1610612736" "--user" "0:0" "--network" "none" "ghcr.io/rust-lang/crates-build-env/linux@sha256:4a844ea9eb2546a2d2c7022eacef16ef2e8229c7fbb2c7d4d55a9ceca922f72d" "/opt/rustwide/cargo-home/bin/cargo" "+nightly-2024-10-28" "build" "--frozen" "--message-format=json", kill_on_drop: false }`
[INFO] [stdout] 1acfa54c1d996d0bb773bd7718c37216c4bedfbf2dfb7f7666b00b22da2cda07
[INFO] running `Command { std: "docker" "start" "-a" "1acfa54c1d996d0bb773bd7718c37216c4bedfbf2dfb7f7666b00b22da2cda07", kill_on_drop: false }`
[INFO] [stderr]    Compiling syn v1.0.109
[INFO] [stderr]    Compiling libm v0.2.11
[INFO] [stderr]    Compiling log v0.4.22
[INFO] [stderr]    Compiling const_cge v0.2.1 (/opt/rustwide/workdir)
[INFO] [stderr]    Compiling cge v0.0.1
[INFO] [stderr]    Compiling const_cge_macro v0.2.0
[INFO] [stdout] warning: unexpected `cfg` condition value: `expose`
[INFO] [stdout]   --> src/activations/mod.rs:16:3
[INFO] [stdout]    |
[INFO] [stdout] 16 |   feature = "expose"
[INFO] [stdout]    |   ^^^^^^^^^^^^^^^^^^
[INFO] [stdout]    |
[INFO] [stdout]    = note: expected values for `feature` are: `default`, `libm`, `micromath`, and `std`
[INFO] [stdout]    = help: consider adding `expose` as a feature in `Cargo.toml`
[INFO] [stdout]    = note: see <https://doc.rust-lang.org/nightly/rustc/check-cfg/cargo-specifics.html> for more information about checking conditional configuration
[INFO] [stdout]    = note: `#[warn(unexpected_cfgs)]` on by default
[INFO] [stdout] 
[INFO] [stdout] 
[INFO] [stdout] warning: unexpected `cfg` condition value: `expose`
[INFO] [stdout]   --> src/activations/mod.rs:24:3
[INFO] [stdout]    |
[INFO] [stdout] 24 |   feature = "expose"
[INFO] [stdout]    |   ^^^^^^^^^^^^^^^^^^
[INFO] [stdout]    |
[INFO] [stdout]    = note: expected values for `feature` are: `default`, `libm`, `micromath`, and `std`
[INFO] [stdout]    = help: consider adding `expose` as a feature in `Cargo.toml`
[INFO] [stdout]    = note: see <https://doc.rust-lang.org/nightly/rustc/check-cfg/cargo-specifics.html> for more information about checking conditional configuration
[INFO] [stdout] 
[INFO] [stdout] 
[INFO] [stderr]     Finished `dev` profile [unoptimized + debuginfo] target(s) in 2.63s
[INFO] running `Command { std: "docker" "inspect" "1acfa54c1d996d0bb773bd7718c37216c4bedfbf2dfb7f7666b00b22da2cda07", kill_on_drop: false }`
[INFO] running `Command { std: "docker" "rm" "-f" "1acfa54c1d996d0bb773bd7718c37216c4bedfbf2dfb7f7666b00b22da2cda07", kill_on_drop: false }`
[INFO] [stdout] 1acfa54c1d996d0bb773bd7718c37216c4bedfbf2dfb7f7666b00b22da2cda07
[INFO] running `Command { std: "docker" "create" "-v" "/var/lib/crater-agent-workspace/builds/worker-7-tc2/target:/opt/rustwide/target:rw,Z" "-v" "/var/lib/crater-agent-workspace/builds/worker-7-tc2/source:/opt/rustwide/workdir:ro,Z" "-v" "/var/lib/crater-agent-workspace/cargo-home:/opt/rustwide/cargo-home:ro,Z" "-v" "/var/lib/crater-agent-workspace/rustup-home:/opt/rustwide/rustup-home:ro,Z" "-e" "SOURCE_DIR=/opt/rustwide/workdir" "-e" "CARGO_TARGET_DIR=/opt/rustwide/target" "-e" "CARGO_INCREMENTAL=0" "-e" "RUST_BACKTRACE=full" "-e" "RUSTFLAGS=--cap-lints=forbid -Zrandomize-layout" "-e" "RUSTDOCFLAGS=--cap-lints=forbid" "-e" "CARGO_HOME=/opt/rustwide/cargo-home" "-e" "RUSTUP_HOME=/opt/rustwide/rustup-home" "-w" "/opt/rustwide/workdir" "-m" "1610612736" "--user" "0:0" "--network" "none" "ghcr.io/rust-lang/crates-build-env/linux@sha256:4a844ea9eb2546a2d2c7022eacef16ef2e8229c7fbb2c7d4d55a9ceca922f72d" "/opt/rustwide/cargo-home/bin/cargo" "+nightly-2024-10-28" "test" "--frozen" "--no-run" "--message-format=json", kill_on_drop: false }`
[INFO] [stdout] 7f3a03df9a8afcd4eef317e6bd57aaa095cb4b09d1bd9d919e6bb05375350d4f
[INFO] running `Command { std: "docker" "start" "-a" "7f3a03df9a8afcd4eef317e6bd57aaa095cb4b09d1bd9d919e6bb05375350d4f", kill_on_drop: false }`
[INFO] [stderr]    Compiling libc v0.2.161
[INFO] [stderr]    Compiling rustix v0.38.38
[INFO] [stderr]    Compiling num-traits v0.2.19
[INFO] [stderr]    Compiling once_cell v1.20.2
[INFO] [stderr]    Compiling log v0.4.22
[INFO] [stderr]    Compiling bit-vec v0.6.3
[INFO] [stderr]    Compiling zerocopy v0.7.35
[INFO] [stderr]    Compiling unarray v0.1.4
[INFO] [stderr]    Compiling cge v0.0.1
[INFO] [stderr]    Compiling bit-set v0.5.3
[INFO] [stderr]    Compiling const_cge_macro v0.2.0
[INFO] [stderr]    Compiling ppv-lite86 v0.2.20
[INFO] [stderr]    Compiling const_cge v0.2.1 (/opt/rustwide/workdir)
[INFO] [stdout] warning: unexpected `cfg` condition value: `expose`
[INFO] [stdout]   --> src/activations/mod.rs:16:3
[INFO] [stdout]    |
[INFO] [stdout] 16 |   feature = "expose"
[INFO] [stdout]    |   ^^^^^^^^^^^^^^^^^^
[INFO] [stdout]    |
[INFO] [stdout]    = note: expected values for `feature` are: `default`, `libm`, `micromath`, and `std`
[INFO] [stdout]    = help: consider adding `expose` as a feature in `Cargo.toml`
[INFO] [stdout]    = note: see <https://doc.rust-lang.org/nightly/rustc/check-cfg/cargo-specifics.html> for more information about checking conditional configuration
[INFO] [stdout]    = note: `#[warn(unexpected_cfgs)]` on by default
[INFO] [stdout] 
[INFO] [stdout] 
[INFO] [stdout] warning: unexpected `cfg` condition value: `expose`
[INFO] [stdout]   --> src/activations/mod.rs:24:3
[INFO] [stdout]    |
[INFO] [stdout] 24 |   feature = "expose"
[INFO] [stdout]    |   ^^^^^^^^^^^^^^^^^^
[INFO] [stdout]    |
[INFO] [stdout]    = note: expected values for `feature` are: `default`, `libm`, `micromath`, and `std`
[INFO] [stdout]    = help: consider adding `expose` as a feature in `Cargo.toml`
[INFO] [stdout]    = note: see <https://doc.rust-lang.org/nightly/rustc/check-cfg/cargo-specifics.html> for more information about checking conditional configuration
[INFO] [stdout] 
[INFO] [stdout] 
[INFO] [stderr]    Compiling getrandom v0.2.15
[INFO] [stderr]    Compiling wait-timeout v0.2.0
[INFO] [stderr]    Compiling rand_core v0.6.4
[INFO] [stderr]    Compiling rand_chacha v0.3.1
[INFO] [stderr]    Compiling rand_xorshift v0.3.0
[INFO] [stderr]    Compiling rand v0.8.5
[INFO] [stderr]    Compiling tempfile v3.13.0
[INFO] [stderr]    Compiling rusty-fork v0.3.0
[INFO] [stderr]    Compiling proptest v1.5.0
[INFO] [stdout] warning: unexpected `cfg` condition value: `expose`
[INFO] [stdout]   --> src/activations/mod.rs:16:3
[INFO] [stdout]    |
[INFO] [stdout] 16 |   feature = "expose"
[INFO] [stdout]    |   ^^^^^^^^^^^^^^^^^^
[INFO] [stdout]    |
[INFO] [stdout]    = note: expected values for `feature` are: `default`, `libm`, `micromath`, and `std`
[INFO] [stdout]    = help: consider adding `expose` as a feature in `Cargo.toml`
[INFO] [stdout]    = note: see <https://doc.rust-lang.org/nightly/rustc/check-cfg/cargo-specifics.html> for more information about checking conditional configuration
[INFO] [stdout]    = note: `#[warn(unexpected_cfgs)]` on by default
[INFO] [stdout] 
[INFO] [stdout] 
[INFO] [stdout] warning: unexpected `cfg` condition value: `expose`
[INFO] [stdout]   --> src/activations/mod.rs:24:3
[INFO] [stdout]    |
[INFO] [stdout] 24 |   feature = "expose"
[INFO] [stdout]    |   ^^^^^^^^^^^^^^^^^^
[INFO] [stdout]    |
[INFO] [stdout]    = note: expected values for `feature` are: `default`, `libm`, `micromath`, and `std`
[INFO] [stdout]    = help: consider adding `expose` as a feature in `Cargo.toml`
[INFO] [stdout]    = note: see <https://doc.rust-lang.org/nightly/rustc/check-cfg/cargo-specifics.html> for more information about checking conditional configuration
[INFO] [stdout] 
[INFO] [stdout] 
[INFO] [stderr]     Finished `test` profile [unoptimized + debuginfo] target(s) in 4.85s
[INFO] running `Command { std: "docker" "inspect" "7f3a03df9a8afcd4eef317e6bd57aaa095cb4b09d1bd9d919e6bb05375350d4f", kill_on_drop: false }`
[INFO] running `Command { std: "docker" "rm" "-f" "7f3a03df9a8afcd4eef317e6bd57aaa095cb4b09d1bd9d919e6bb05375350d4f", kill_on_drop: false }`
[INFO] [stdout] 7f3a03df9a8afcd4eef317e6bd57aaa095cb4b09d1bd9d919e6bb05375350d4f
[INFO] running `Command { std: "docker" "create" "-v" "/var/lib/crater-agent-workspace/builds/worker-7-tc2/target:/opt/rustwide/target:rw,Z" "-v" "/var/lib/crater-agent-workspace/builds/worker-7-tc2/source:/opt/rustwide/workdir:ro,Z" "-v" "/var/lib/crater-agent-workspace/cargo-home:/opt/rustwide/cargo-home:ro,Z" "-v" "/var/lib/crater-agent-workspace/rustup-home:/opt/rustwide/rustup-home:ro,Z" "-e" "SOURCE_DIR=/opt/rustwide/workdir" "-e" "CARGO_TARGET_DIR=/opt/rustwide/target" "-e" "CARGO_INCREMENTAL=0" "-e" "RUST_BACKTRACE=full" "-e" "RUSTFLAGS=--cap-lints=forbid -Zrandomize-layout" "-e" "RUSTDOCFLAGS=--cap-lints=forbid" "-e" "CARGO_HOME=/opt/rustwide/cargo-home" "-e" "RUSTUP_HOME=/opt/rustwide/rustup-home" "-w" "/opt/rustwide/workdir" "-m" "1610612736" "--user" "0:0" "--network" "none" "ghcr.io/rust-lang/crates-build-env/linux@sha256:4a844ea9eb2546a2d2c7022eacef16ef2e8229c7fbb2c7d4d55a9ceca922f72d" "/opt/rustwide/cargo-home/bin/cargo" "+nightly-2024-10-28" "test" "--frozen", kill_on_drop: false }`
[INFO] [stdout] 3ea83d0a52ab7389710e205510fa6916b82bc4f4912605335e97f186b997b44b
[INFO] running `Command { std: "docker" "start" "-a" "3ea83d0a52ab7389710e205510fa6916b82bc4f4912605335e97f186b997b44b", kill_on_drop: false }`
[INFO] [stderr] warning: unexpected `cfg` condition value: `expose`
[INFO] [stderr]   --> src/activations/mod.rs:16:3
[INFO] [stderr]    |
[INFO] [stderr] 16 |   feature = "expose"
[INFO] [stderr]    |   ^^^^^^^^^^^^^^^^^^
[INFO] [stderr]    |
[INFO] [stderr]    = note: expected values for `feature` are: `default`, `libm`, `micromath`, and `std`
[INFO] [stderr]    = help: consider adding `expose` as a feature in `Cargo.toml`
[INFO] [stderr]    = note: see <https://doc.rust-lang.org/nightly/rustc/check-cfg/cargo-specifics.html> for more information about checking conditional configuration
[INFO] [stderr]    = note: `#[warn(unexpected_cfgs)]` on by default
[INFO] [stderr] 
[INFO] [stderr] warning: unexpected `cfg` condition value: `expose`
[INFO] [stderr]   --> src/activations/mod.rs:24:3
[INFO] [stderr]    |
[INFO] [stderr] 24 |   feature = "expose"
[INFO] [stderr]    |   ^^^^^^^^^^^^^^^^^^
[INFO] [stderr]    |
[INFO] [stderr]    = note: expected values for `feature` are: `default`, `libm`, `micromath`, and `std`
[INFO] [stderr]    = help: consider adding `expose` as a feature in `Cargo.toml`
[INFO] [stderr]    = note: see <https://doc.rust-lang.org/nightly/rustc/check-cfg/cargo-specifics.html> for more information about checking conditional configuration
[INFO] [stderr] 
[INFO] [stderr] warning: `const_cge` (lib) generated 2 warnings
[INFO] [stderr] warning: `const_cge` (lib test) generated 2 warnings (2 duplicates)
[INFO] [stderr]     Finished `test` profile [unoptimized + debuginfo] target(s) in 0.03s
[INFO] [stderr]      Running unittests src/lib.rs (/opt/rustwide/target/debug/deps/const_cge-966323461b07c7df)
[INFO] [stdout] 
[INFO] [stdout] running 9 tests
[INFO] [stdout] test tests::custom_recurrency_tests::recurrent_previous_value ... ok
[INFO] [stdout] test tests::netcrate_test::nonrecurrency ... ok
[INFO] [stdout] test tests::netcrate_test::recurrency ... ok
[INFO] [stdout] test tests::figure_5_3_paper_plus_one::recurrent_memorywipe_50k_trials ... ok
[INFO] [stdout] test tests::figure_5_3_paper::recurrent_memorywipe_50k_trials ... ok
[INFO] [stdout] test tests::test_net::recurrent_memorywipe_50k_trials ... ok
[INFO] [stdout] test tests::test_net::recurrent_5k_cycles_1k_trials ... ok
[INFO] [stdout] test tests::figure_5_3_paper_plus_one::recurrent_5k_cycles_1k_trials ... ok
[INFO] [stdout] test tests::figure_5_3_paper::recurrent_5k_cycles_1k_trials ... ok
[INFO] [stdout] 
[INFO] [stdout] test result: ok. 9 passed; 0 failed; 0 ignored; 0 measured; 0 filtered out; finished in 5.47s
[INFO] [stdout] 
[INFO] [stderr]    Doc-tests const_cge
[INFO] [stdout] 
[INFO] [stdout] running 9 tests
[INFO] [stdout] test src/../README.md - (line 172) ... FAILED
[INFO] [stdout] test src/../README.md - (line 159) ... FAILED
[INFO] [stdout] test src/../README.md - (line 62) ... FAILED
[INFO] [stdout] test src/../README.md - (line 45) ... FAILED
[INFO] [stdout] test src/../README.md - (line 203) ... FAILED
[INFO] [stdout] test src/../README.md - (line 138) ... FAILED
[INFO] [stdout] test src/../README.md - (line 120) ... FAILED
[INFO] [stdout] test src/../README.md - (line 78) ... FAILED
[INFO] [stdout] test src/../README.md - (line 96) ... FAILED
[INFO] [stdout] 
[INFO] [stdout] failures:
[INFO] [stdout] 
[INFO] [stdout] ---- src/../README.md - (line 172) stdout ----
[INFO] [stdout] error: this file contains an unclosed delimiter
[INFO] [stdout]   --> src/../README.md:198:2
[INFO] [stdout]    |
[INFO] [stdout] 2  | macro_rules! ocr_ext {
[INFO] [stdout]    |                      - unclosed delimiter
[INFO] [stdout] ...
[INFO] [stdout] 23 |     impl SmolOCR {
[INFO] [stdout]    |                  - this delimiter might not be properly closed...
[INFO] [stdout] 24 |       //...
[INFO] [stdout] 25 |   }
[INFO] [stdout]    |   - ...as it matches this but it has different indentation
[INFO] [stdout] 26 | }
[INFO] [stdout]    |  ^
[INFO] [stdout] 
[INFO] [stdout] error: aborting due to 1 previous error
[INFO] [stdout] 
[INFO] [stdout] Couldn't compile the test.
[INFO] [stdout] ---- src/../README.md - (line 159) stdout ----
[INFO] [stdout] error: proc macro panicked
[INFO] [stdout]  --> src/../README.md:162:1
[INFO] [stdout]   |
[INFO] [stdout] 6 | const_cge::netcrate!(ocr_english  = "nets/ocr/en.cge");
[INFO] [stdout]   | ^^^^^^^^^^^^^^^^^^^^^^^^^^^^^^^^^^^^^^^^^^^^^^^^^^^^^^
[INFO] [stdout]   |
[INFO] [stdout]   = help: message: Failed to open CGE file: Os { code: 2, kind: NotFound, message: "No such file or directory" }
[INFO] [stdout] 
[INFO] [stdout] error: proc macro panicked
[INFO] [stdout]  --> src/../README.md:163:1
[INFO] [stdout]   |
[INFO] [stdout] 7 | const_cge::netcrate!(ocr_japanese = "nets/ocr/jp.cge");
[INFO] [stdout]   | ^^^^^^^^^^^^^^^^^^^^^^^^^^^^^^^^^^^^^^^^^^^^^^^^^^^^^^
[INFO] [stdout]   |
[INFO] [stdout]   = help: message: Failed to open CGE file: Os { code: 2, kind: NotFound, message: "No such file or directory" }
[INFO] [stdout] 
[INFO] [stdout] error: `#[panic_handler]` function required, but not found
[INFO] [stdout] 
[INFO] [stdout] error: unwinding panics are not supported without std
[INFO] [stdout]   |
[INFO] [stdout]   = help: using nightly cargo, use -Zbuild-std with panic="abort" to avoid unwinding
[INFO] [stdout]   = note: since the core library is usually precompiled with panic="unwind", rebuilding your crate with panic="abort" may not be enough to fix the problem
[INFO] [stdout] 
[INFO] [stdout] error: aborting due to 4 previous errors
[INFO] [stdout] 
[INFO] [stdout] Couldn't compile the test.
[INFO] [stdout] ---- src/../README.md - (line 62) stdout ----
[INFO] [stdout] error: cannot find attribute `nonrecurrent` in this scope
[INFO] [stdout]  --> src/../README.md:65:3
[INFO] [stdout]   |
[INFO] [stdout] 5 | #[nonrecurrent("nets/color.cge")]
[INFO] [stdout]   |   ^^^^^^^^^^^^
[INFO] [stdout]   |
[INFO] [stdout] help: consider importing one of these attribute macros
[INFO] [stdout]   |
[INFO] [stdout] 2 + use const_cge::nonrecurrent;
[INFO] [stdout]   |
[INFO] [stdout] 2 + use const_cge_macro::nonrecurrent;
[INFO] [stdout]   |
[INFO] [stdout] 
[INFO] [stdout] error[E0425]: cannot find value `input` in this scope
[INFO] [stdout]   --> src/../README.md:70:18
[INFO] [stdout]    |
[INFO] [stdout] 10 | Color::evaluate(&input, &mut output);
[INFO] [stdout]    |                  ^^^^^ not found in this scope
[INFO] [stdout] 
[INFO] [stdout] error[E0425]: cannot find value `output` in this scope
[INFO] [stdout]   --> src/../README.md:70:30
[INFO] [stdout]    |
[INFO] [stdout] 10 | Color::evaluate(&input, &mut output);
[INFO] [stdout]    |                              ^^^^^^ not found in this scope
[INFO] [stdout] 
[INFO] [stdout] error[E0599]: no function or associated item named `evaluate` found for struct `Color` in the current scope
[INFO] [stdout]   --> src/../README.md:70:8
[INFO] [stdout]    |
[INFO] [stdout] 6  | struct Color;
[INFO] [stdout]    | ------------ function or associated item `evaluate` not found for this struct
[INFO] [stdout] ...
[INFO] [stdout] 10 | Color::evaluate(&input, &mut output);
[INFO] [stdout]    |        ^^^^^^^^ function or associated item not found in `Color`
[INFO] [stdout] 
[INFO] [stdout] error: aborting due to 4 previous errors
[INFO] [stdout] 
[INFO] [stdout] Some errors have detailed explanations: E0425, E0599.
[INFO] [stdout] For more information about an error, try `rustc --explain E0425`.
[INFO] [stdout] Couldn't compile the test.
[INFO] [stdout] ---- src/../README.md - (line 45) stdout ----
[INFO] [stdout] error: cannot find attribute `network` in this scope
[INFO] [stdout]  --> src/../README.md:47:3
[INFO] [stdout]   |
[INFO] [stdout] 4 | #[network("nets/walk.cge", numeric_type = f32)]
[INFO] [stdout]   |   ^^^^^^^
[INFO] [stdout]   |
[INFO] [stdout] help: consider importing one of these attribute macros
[INFO] [stdout]   |
[INFO] [stdout] 2 + use const_cge::network;
[INFO] [stdout]   |
[INFO] [stdout] 2 + use const_cge_macro::network;
[INFO] [stdout]   |
[INFO] [stdout] 
[INFO] [stdout] error[E0425]: cannot find value `input` in this scope
[INFO] [stdout]   --> src/../README.md:53:16
[INFO] [stdout]    |
[INFO] [stdout] 10 | walk.evaluate(&input, &mut output);
[INFO] [stdout]    |                ^^^^^ not found in this scope
[INFO] [stdout] 
[INFO] [stdout] error[E0425]: cannot find value `output` in this scope
[INFO] [stdout]   --> src/../README.md:53:28
[INFO] [stdout]    |
[INFO] [stdout] 10 | walk.evaluate(&input, &mut output);
[INFO] [stdout]    |                            ^^^^^^ not found in this scope
[INFO] [stdout] 
[INFO] [stdout] error[E0599]: no function or associated item named `default` found for struct `Walk` in the current scope
[INFO] [stdout]  --> src/../README.md:50:22
[INFO] [stdout]   |
[INFO] [stdout] 5 | struct Walk;
[INFO] [stdout]   | ----------- function or associated item `default` not found for this struct
[INFO] [stdout] 6 |
[INFO] [stdout] 7 | let mut walk = Walk::default();
[INFO] [stdout]   |                      ^^^^^^^ function or associated item not found in `Walk`
[INFO] [stdout]   |
[INFO] [stdout]   = help: items from traits can only be used if the trait is implemented and in scope
[INFO] [stdout]   = note: the following trait defines an item `default`, perhaps you need to implement it:
[INFO] [stdout]           candidate #1: `Default`
[INFO] [stdout] 
[INFO] [stdout] error: aborting due to 4 previous errors
[INFO] [stdout] 
[INFO] [stdout] Some errors have detailed explanations: E0425, E0599.
[INFO] [stdout] For more information about an error, try `rustc --explain E0425`.
[INFO] [stdout] Couldn't compile the test.
[INFO] [stdout] ---- src/../README.md - (line 203) stdout ----
[INFO] [stdout] error[E0432]: unresolved import `netcrate_ocr`
[INFO] [stdout]  --> src/../README.md:204:5
[INFO] [stdout]   |
[INFO] [stdout] 3 | use netcrate_ocr::*;
[INFO] [stdout]   |     ^^^^^^^^^^^^ use of undeclared crate or module `netcrate_ocr`
[INFO] [stdout] 
[INFO] [stdout] error: cannot find macro `ocr_ext` in this scope
[INFO] [stdout]  --> src/../README.md:207:1
[INFO] [stdout]   |
[INFO] [stdout] 6 | ocr_ext!(JapaneseOCR, f32);
[INFO] [stdout]   | ^^^^^^^
[INFO] [stdout] 
[INFO] [stdout] error: cannot find attribute `network` in this scope
[INFO] [stdout]  --> src/../README.md:205:3
[INFO] [stdout]   |
[INFO] [stdout] 4 | #[network(ocr_japanese, numeric_type = f32)]
[INFO] [stdout]   |   ^^^^^^^
[INFO] [stdout]   |
[INFO] [stdout] help: consider importing one of these attribute macros
[INFO] [stdout]   |
[INFO] [stdout] 2 + use const_cge::network;
[INFO] [stdout]   |
[INFO] [stdout] 2 + use const_cge_macro::network;
[INFO] [stdout]   |
[INFO] [stdout] 
[INFO] [stdout] error: aborting due to 3 previous errors
[INFO] [stdout] 
[INFO] [stdout] For more information about this error, try `rustc --explain E0432`.
[INFO] [stdout] Couldn't compile the test.
[INFO] [stdout] ---- src/../README.md - (line 138) stdout ----
[INFO] [stdout] error[E0432]: unresolved import `netcrate_ocr`
[INFO] [stdout]  --> src/../README.md:139:5
[INFO] [stdout]   |
[INFO] [stdout] 3 | use netcrate_ocr::ocr;
[INFO] [stdout]   |     ^^^^^^^^^^^^ use of undeclared crate or module `netcrate_ocr`
[INFO] [stdout] 
[INFO] [stdout] error: cannot find attribute `network` in this scope
[INFO] [stdout]  --> src/../README.md:140:3
[INFO] [stdout]   |
[INFO] [stdout] 4 | #[network(ocr)]
[INFO] [stdout]   |   ^^^^^^^
[INFO] [stdout]   |
[INFO] [stdout] help: consider importing one of these attribute macros
[INFO] [stdout]   |
[INFO] [stdout] 2 + use const_cge::network;
[INFO] [stdout]   |
[INFO] [stdout] 2 + use const_cge_macro::network;
[INFO] [stdout]   |
[INFO] [stdout] 
[INFO] [stdout] error: aborting due to 2 previous errors
[INFO] [stdout] 
[INFO] [stdout] For more information about this error, try `rustc --explain E0432`.
[INFO] [stdout] Couldn't compile the test.
[INFO] [stdout] ---- src/../README.md - (line 120) stdout ----
[INFO] [stdout] error: cannot find attribute `network` in this scope
[INFO] [stdout]  --> src/../README.md:121:3
[INFO] [stdout]   |
[INFO] [stdout] 3 | #[network("net.cge", numeric_type = f32)]
[INFO] [stdout]   |   ^^^^^^^
[INFO] [stdout]   |
[INFO] [stdout] help: consider importing one of these attribute macros
[INFO] [stdout]   |
[INFO] [stdout] 2 + use const_cge::network;
[INFO] [stdout]   |
[INFO] [stdout] 2 + use const_cge_macro::network;
[INFO] [stdout]   |
[INFO] [stdout] 
[INFO] [stdout] error: aborting due to 1 previous error
[INFO] [stdout] 
[INFO] [stdout] Couldn't compile the test.
[INFO] [stdout] ---- src/../README.md - (line 78) stdout ----
[INFO] [stdout] error: cannot find attribute `recurrent` in this scope
[INFO] [stdout]  --> src/../README.md:81:3
[INFO] [stdout]   |
[INFO] [stdout] 5 | #[recurrent("nets/drop.cge")]
[INFO] [stdout]   |   ^^^^^^^^^
[INFO] [stdout]   |
[INFO] [stdout] help: consider importing one of these attribute macros
[INFO] [stdout]   |
[INFO] [stdout] 2 + use const_cge::recurrent;
[INFO] [stdout]   |
[INFO] [stdout] 2 + use const_cge_macro::recurrent;
[INFO] [stdout]   |
[INFO] [stdout] 
[INFO] [stdout] error[E0425]: cannot find value `input` in this scope
[INFO] [stdout]  --> src/../README.md:85:13
[INFO] [stdout]   |
[INFO] [stdout] 9 | d.evaluate(&input, &mut output);
[INFO] [stdout]   |             ^^^^^ not found in this scope
[INFO] [stdout] 
[INFO] [stdout] error[E0425]: cannot find value `output` in this scope
[INFO] [stdout]  --> src/../README.md:85:25
[INFO] [stdout]   |
[INFO] [stdout] 9 | d.evaluate(&input, &mut output);
[INFO] [stdout]   |                         ^^^^^^ not found in this scope
[INFO] [stdout] 
[INFO] [stdout] error[E0599]: no function or associated item named `default` found for struct `Dropped` in the current scope
[INFO] [stdout]  --> src/../README.md:84:22
[INFO] [stdout]   |
[INFO] [stdout] 6 | struct Dropped;
[INFO] [stdout]   | -------------- function or associated item `default` not found for this struct
[INFO] [stdout] 7 |
[INFO] [stdout] 8 | let mut d = Dropped::default();
[INFO] [stdout]   |                      ^^^^^^^ function or associated item not found in `Dropped`
[INFO] [stdout]   |
[INFO] [stdout]   = help: items from traits can only be used if the trait is implemented and in scope
[INFO] [stdout]   = note: the following trait defines an item `default`, perhaps you need to implement it:
[INFO] [stdout]           candidate #1: `Default`
[INFO] [stdout] 
[INFO] [stdout] error: aborting due to 4 previous errors
[INFO] [stdout] 
[INFO] [stdout] Some errors have detailed explanations: E0425, E0599.
[INFO] [stdout] For more information about an error, try `rustc --explain E0425`.
[INFO] [stdout] Couldn't compile the test.
[INFO] [stdout] ---- src/../README.md - (line 96) stdout ----
[INFO] [stdout] error: cannot find attribute `recurrent` in this scope
[INFO] [stdout]  --> src/../README.md:98:3
[INFO] [stdout]   |
[INFO] [stdout] 4 | #[recurrent("nets/denoise.cge")]
[INFO] [stdout]   |   ^^^^^^^^^
[INFO] [stdout]   |
[INFO] [stdout] help: consider importing one of these attribute macros
[INFO] [stdout]   |
[INFO] [stdout] 2 + use const_cge::recurrent;
[INFO] [stdout]   |
[INFO] [stdout] 2 + use const_cge_macro::recurrent;
[INFO] [stdout]   |
[INFO] [stdout] 
[INFO] [stdout] error[E0425]: cannot find value `saved_state` in this scope
[INFO] [stdout]  --> src/../README.md:103:44
[INFO] [stdout]   |
[INFO] [stdout] 9 | let mut d = Denoise::with_recurrent_state(&saved_state);
[INFO] [stdout]   |                                            ^^^^^^^^^^^ not found in this scope
[INFO] [stdout] 
[INFO] [stdout] error[E0425]: cannot find value `saved_state` in this scope
[INFO] [stdout]   --> src/../README.md:112:24
[INFO] [stdout]    |
[INFO] [stdout] 18 | d.set_recurrent_state(&saved_state);
[INFO] [stdout]    |                        ^^^^^^^^^^^ not found in this scope
[INFO] [stdout] 
[INFO] [stdout] error[E0599]: no function or associated item named `with_recurrent_state` found for struct `Denoise` in the current scope
[INFO] [stdout]  --> src/../README.md:103:22
[INFO] [stdout]   |
[INFO] [stdout] 5 | struct Denoise;
[INFO] [stdout]   | -------------- function or associated item `with_recurrent_state` not found for this struct
[INFO] [stdout] ...
[INFO] [stdout] 9 | let mut d = Denoise::with_recurrent_state(&saved_state);
[INFO] [stdout]   |                      ^^^^^^^^^^^^^^^^^^^^ function or associated item not found in `Denoise`
[INFO] [stdout] 
[INFO] [stdout] error[E0425]: cannot find function `do_something_to_state` in this scope
[INFO] [stdout]   --> src/../README.md:109:1
[INFO] [stdout]    |
[INFO] [stdout] 15 | do_something_to_state(d.recurrent_state_mut());
[INFO] [stdout]    | ^^^^^^^^^^^^^^^^^^^^^ not found in this scope
[INFO] [stdout] 
[INFO] [stdout] error: aborting due to 5 previous errors
[INFO] [stdout] 
[INFO] [stdout] Some errors have detailed explanations: E0425, E0599.
[INFO] [stdout] For more information about an error, try `rustc --explain E0425`.
[INFO] [stdout] Couldn't compile the test.
[INFO] [stdout] 
[INFO] [stdout] failures:
[INFO] [stdout]     src/../README.md - (line 120)
[INFO] [stdout]     src/../README.md - (line 138)
[INFO] [stdout]     src/../README.md - (line 159)
[INFO] [stdout]     src/../README.md - (line 172)
[INFO] [stdout]     src/../README.md - (line 203)
[INFO] [stdout]     src/../README.md - (line 45)
[INFO] [stdout]     src/../README.md - (line 62)
[INFO] [stdout]     src/../README.md - (line 78)
[INFO] [stdout]     src/../README.md - (line 96)
[INFO] [stdout] 
[INFO] [stdout] test result: FAILED. 0 passed; 9 failed; 0 ignored; 0 measured; 0 filtered out; finished in 0.30s
[INFO] [stdout] 
[INFO] [stderr] error: doctest failed, to rerun pass `--doc`
[INFO] running `Command { std: "docker" "inspect" "3ea83d0a52ab7389710e205510fa6916b82bc4f4912605335e97f186b997b44b", kill_on_drop: false }`
[INFO] running `Command { std: "docker" "rm" "-f" "3ea83d0a52ab7389710e205510fa6916b82bc4f4912605335e97f186b997b44b", kill_on_drop: false }`
[INFO] [stdout] 3ea83d0a52ab7389710e205510fa6916b82bc4f4912605335e97f186b997b44b
