[INFO] fetching crate conrig 0.3.0...
[INFO] testing conrig-0.3.0 against nightly-2024-10-28 for randomize-layout
[INFO] extracting crate conrig 0.3.0 into /workspace/builds/worker-1-tc1/source
[INFO] validating manifest of crates.io crate conrig 0.3.0 on toolchain nightly-2024-10-28
[INFO] running `Command { std: CARGO_HOME="/workspace/cargo-home" RUSTUP_HOME="/workspace/rustup-home" "/workspace/cargo-home/bin/cargo" "+nightly-2024-10-28" "metadata" "--manifest-path" "Cargo.toml" "--no-deps", kill_on_drop: false }`
[INFO] started tweaking crates.io crate conrig 0.3.0
[INFO] finished tweaking crates.io crate conrig 0.3.0
[INFO] tweaked toml for crates.io crate conrig 0.3.0 written to /workspace/builds/worker-1-tc1/source/Cargo.toml
[INFO] running `Command { std: CARGO_HOME="/workspace/cargo-home" RUSTUP_HOME="/workspace/rustup-home" "/workspace/cargo-home/bin/cargo" "+nightly-2024-10-28" "generate-lockfile" "--manifest-path" "Cargo.toml", kill_on_drop: false }`
[INFO] [stderr]     Updating crates.io index
[INFO] [stderr]      Locking 43 packages to latest compatible versions
[INFO] running `Command { std: CARGO_HOME="/workspace/cargo-home" RUSTUP_HOME="/workspace/rustup-home" "/workspace/cargo-home/bin/cargo" "+nightly-2024-10-28" "fetch" "--manifest-path" "Cargo.toml", kill_on_drop: false }`
[INFO] running `Command { std: "docker" "create" "-v" "/var/lib/crater-agent-workspace/builds/worker-1-tc1/target:/opt/rustwide/target:rw,Z" "-v" "/var/lib/crater-agent-workspace/builds/worker-1-tc1/source:/opt/rustwide/workdir:ro,Z" "-v" "/var/lib/crater-agent-workspace/cargo-home:/opt/rustwide/cargo-home:ro,Z" "-v" "/var/lib/crater-agent-workspace/rustup-home:/opt/rustwide/rustup-home:ro,Z" "-e" "SOURCE_DIR=/opt/rustwide/workdir" "-e" "CARGO_TARGET_DIR=/opt/rustwide/target" "-e" "CARGO_HOME=/opt/rustwide/cargo-home" "-e" "RUSTUP_HOME=/opt/rustwide/rustup-home" "-w" "/opt/rustwide/workdir" "-m" "1610612736" "--user" "0:0" "--network" "none" "ghcr.io/rust-lang/crates-build-env/linux@sha256:4a844ea9eb2546a2d2c7022eacef16ef2e8229c7fbb2c7d4d55a9ceca922f72d" "/opt/rustwide/cargo-home/bin/cargo" "+nightly-2024-10-28" "metadata" "--no-deps" "--format-version=1", kill_on_drop: false }`
[INFO] [stdout] 98ed499c8b5f58f72102d43ac293e27edc4f67f5c02d03055bd3cc41f63de4c2
[INFO] running `Command { std: "docker" "start" "-a" "98ed499c8b5f58f72102d43ac293e27edc4f67f5c02d03055bd3cc41f63de4c2", kill_on_drop: false }`
[INFO] running `Command { std: "docker" "inspect" "98ed499c8b5f58f72102d43ac293e27edc4f67f5c02d03055bd3cc41f63de4c2", kill_on_drop: false }`
[INFO] running `Command { std: "docker" "rm" "-f" "98ed499c8b5f58f72102d43ac293e27edc4f67f5c02d03055bd3cc41f63de4c2", kill_on_drop: false }`
[INFO] [stdout] 98ed499c8b5f58f72102d43ac293e27edc4f67f5c02d03055bd3cc41f63de4c2
[INFO] running `Command { std: "docker" "create" "-v" "/var/lib/crater-agent-workspace/builds/worker-1-tc1/target:/opt/rustwide/target:rw,Z" "-v" "/var/lib/crater-agent-workspace/builds/worker-1-tc1/source:/opt/rustwide/workdir:ro,Z" "-v" "/var/lib/crater-agent-workspace/cargo-home:/opt/rustwide/cargo-home:ro,Z" "-v" "/var/lib/crater-agent-workspace/rustup-home:/opt/rustwide/rustup-home:ro,Z" "-e" "SOURCE_DIR=/opt/rustwide/workdir" "-e" "CARGO_TARGET_DIR=/opt/rustwide/target" "-e" "CARGO_INCREMENTAL=0" "-e" "RUST_BACKTRACE=full" "-e" "RUSTFLAGS=--cap-lints=forbid" "-e" "RUSTDOCFLAGS=--cap-lints=forbid" "-e" "CARGO_HOME=/opt/rustwide/cargo-home" "-e" "RUSTUP_HOME=/opt/rustwide/rustup-home" "-w" "/opt/rustwide/workdir" "-m" "1610612736" "--user" "0:0" "--network" "none" "ghcr.io/rust-lang/crates-build-env/linux@sha256:4a844ea9eb2546a2d2c7022eacef16ef2e8229c7fbb2c7d4d55a9ceca922f72d" "/opt/rustwide/cargo-home/bin/cargo" "+nightly-2024-10-28" "build" "--frozen" "--message-format=json", kill_on_drop: false }`
[INFO] [stdout] 4361de9ec6e857c2f56c2e61f9d27577bff3ad7b7417e427d8ca90d6ee5f2722
[INFO] running `Command { std: "docker" "start" "-a" "4361de9ec6e857c2f56c2e61f9d27577bff3ad7b7417e427d8ca90d6ee5f2722", kill_on_drop: false }`
[INFO] [stderr]    Compiling serde v1.0.214
[INFO] [stderr]    Compiling proc-macro2 v1.0.89
[INFO] [stderr]    Compiling unicode-ident v1.0.13
[INFO] [stderr]    Compiling libc v0.2.161
[INFO] [stderr]    Compiling equivalent v1.0.1
[INFO] [stderr]    Compiling hashbrown v0.15.0
[INFO] [stderr]    Compiling winnow v0.6.20
[INFO] [stderr]    Compiling thiserror v1.0.66
[INFO] [stderr]    Compiling ryu v1.0.18
[INFO] [stderr]    Compiling itoa v1.0.11
[INFO] [stderr]    Compiling serde_json v1.0.132
[INFO] [stderr]    Compiling option-ext v0.2.0
[INFO] [stderr]    Compiling memchr v2.7.4
[INFO] [stderr]    Compiling unsafe-libyaml v0.2.11
[INFO] [stderr]    Compiling base64 v0.21.7
[INFO] [stderr]    Compiling cfg-if v1.0.0
[INFO] [stderr]    Compiling quote v1.0.37
[INFO] [stderr]    Compiling indexmap v2.6.0
[INFO] [stderr]    Compiling syn v2.0.86
[INFO] [stderr]    Compiling dirs-sys v0.4.1
[INFO] [stderr]    Compiling directories v5.0.1
[INFO] [stderr]    Compiling thiserror-impl v1.0.66
[INFO] [stderr]    Compiling serde_derive v1.0.214
[INFO] [stderr]    Compiling toml_datetime v0.6.8
[INFO] [stderr]    Compiling serde_spanned v0.6.8
[INFO] [stderr]    Compiling bitflags v2.6.0
[INFO] [stderr]    Compiling serde_yaml v0.9.34+deprecated
[INFO] [stderr]    Compiling toml_edit v0.22.22
[INFO] [stderr]    Compiling ron v0.8.1
[INFO] [stderr]    Compiling toml v0.8.19
[INFO] [stderr]    Compiling conrig v0.3.0 (/opt/rustwide/workdir)
[INFO] [stdout] warning: unexpected `cfg` condition value: `collapse-io-error`
[INFO] [stdout]    --> src/lib.rs:147:11
[INFO] [stdout]     |
[INFO] [stdout] 147 | #[cfg(not(feature = "collapse-io-error"))]
[INFO] [stdout]     |           ^^^^^^^^^^^^^^^^^^^^^^^^^^^^^
[INFO] [stdout]     |
[INFO] [stdout]     = note: expected values for `feature` are: `all-format`, `default`, `full-desc`, `json`, `ron`, `serde_json`, `serde_yaml`, `toml`, and `yaml`
[INFO] [stdout]     = help: consider adding `collapse-io-error` as a feature in `Cargo.toml`
[INFO] [stdout]     = note: see <https://doc.rust-lang.org/nightly/rustc/check-cfg/cargo-specifics.html> for more information about checking conditional configuration
[INFO] [stdout]     = note: `#[warn(unexpected_cfgs)]` on by default
[INFO] [stdout] 
[INFO] [stdout] 
[INFO] [stderr]     Finished `dev` profile [unoptimized + debuginfo] target(s) in 5.31s
[INFO] running `Command { std: "docker" "inspect" "4361de9ec6e857c2f56c2e61f9d27577bff3ad7b7417e427d8ca90d6ee5f2722", kill_on_drop: false }`
[INFO] running `Command { std: "docker" "rm" "-f" "4361de9ec6e857c2f56c2e61f9d27577bff3ad7b7417e427d8ca90d6ee5f2722", kill_on_drop: false }`
[INFO] [stdout] 4361de9ec6e857c2f56c2e61f9d27577bff3ad7b7417e427d8ca90d6ee5f2722
[INFO] running `Command { std: "docker" "create" "-v" "/var/lib/crater-agent-workspace/builds/worker-1-tc1/target:/opt/rustwide/target:rw,Z" "-v" "/var/lib/crater-agent-workspace/builds/worker-1-tc1/source:/opt/rustwide/workdir:ro,Z" "-v" "/var/lib/crater-agent-workspace/cargo-home:/opt/rustwide/cargo-home:ro,Z" "-v" "/var/lib/crater-agent-workspace/rustup-home:/opt/rustwide/rustup-home:ro,Z" "-e" "SOURCE_DIR=/opt/rustwide/workdir" "-e" "CARGO_TARGET_DIR=/opt/rustwide/target" "-e" "CARGO_INCREMENTAL=0" "-e" "RUST_BACKTRACE=full" "-e" "RUSTFLAGS=--cap-lints=forbid" "-e" "RUSTDOCFLAGS=--cap-lints=forbid" "-e" "CARGO_HOME=/opt/rustwide/cargo-home" "-e" "RUSTUP_HOME=/opt/rustwide/rustup-home" "-w" "/opt/rustwide/workdir" "-m" "1610612736" "--user" "0:0" "--network" "none" "ghcr.io/rust-lang/crates-build-env/linux@sha256:4a844ea9eb2546a2d2c7022eacef16ef2e8229c7fbb2c7d4d55a9ceca922f72d" "/opt/rustwide/cargo-home/bin/cargo" "+nightly-2024-10-28" "test" "--frozen" "--no-run" "--message-format=json", kill_on_drop: false }`
[INFO] [stdout] b4271a40f0d861edd3a70c432341c1e0381d86d05d7c0b2edc87d6d4e64c4ec4
[INFO] running `Command { std: "docker" "start" "-a" "b4271a40f0d861edd3a70c432341c1e0381d86d05d7c0b2edc87d6d4e64c4ec4", kill_on_drop: false }`
[INFO] [stderr]    Compiling conrig v0.3.0 (/opt/rustwide/workdir)
[INFO] [stdout] warning: unexpected `cfg` condition value: `collapse-io-error`
[INFO] [stdout]    --> src/lib.rs:147:11
[INFO] [stdout]     |
[INFO] [stdout] 147 | #[cfg(not(feature = "collapse-io-error"))]
[INFO] [stdout]     |           ^^^^^^^^^^^^^^^^^^^^^^^^^^^^^
[INFO] [stdout]     |
[INFO] [stdout]     = note: expected values for `feature` are: `all-format`, `default`, `full-desc`, `json`, `ron`, `serde_json`, `serde_yaml`, `toml`, and `yaml`
[INFO] [stdout]     = help: consider adding `collapse-io-error` as a feature in `Cargo.toml`
[INFO] [stdout]     = note: see <https://doc.rust-lang.org/nightly/rustc/check-cfg/cargo-specifics.html> for more information about checking conditional configuration
[INFO] [stdout]     = note: `#[warn(unexpected_cfgs)]` on by default
[INFO] [stdout] 
[INFO] [stdout] 
[INFO] [stdout] warning: unexpected `cfg` condition value: `collapse-io-error`
[INFO] [stdout]    --> src/lib.rs:147:11
[INFO] [stdout]     |
[INFO] [stdout] 147 | #[cfg(not(feature = "collapse-io-error"))]
[INFO] [stdout]     |           ^^^^^^^^^^^^^^^^^^^^^^^^^^^^^
[INFO] [stdout]     |
[INFO] [stdout]     = note: expected values for `feature` are: `all-format`, `default`, `full-desc`, `json`, `ron`, `serde_json`, `serde_yaml`, `toml`, and `yaml`
[INFO] [stdout]     = help: consider adding `collapse-io-error` as a feature in `Cargo.toml`
[INFO] [stdout]     = note: see <https://doc.rust-lang.org/nightly/rustc/check-cfg/cargo-specifics.html> for more information about checking conditional configuration
[INFO] [stdout]     = note: `#[warn(unexpected_cfgs)]` on by default
[INFO] [stdout] 
[INFO] [stdout] 
[INFO] [stderr]     Finished `test` profile [unoptimized + debuginfo] target(s) in 0.53s
[INFO] running `Command { std: "docker" "inspect" "b4271a40f0d861edd3a70c432341c1e0381d86d05d7c0b2edc87d6d4e64c4ec4", kill_on_drop: false }`
[INFO] running `Command { std: "docker" "rm" "-f" "b4271a40f0d861edd3a70c432341c1e0381d86d05d7c0b2edc87d6d4e64c4ec4", kill_on_drop: false }`
[INFO] [stdout] b4271a40f0d861edd3a70c432341c1e0381d86d05d7c0b2edc87d6d4e64c4ec4
[INFO] running `Command { std: "docker" "create" "-v" "/var/lib/crater-agent-workspace/builds/worker-1-tc1/target:/opt/rustwide/target:rw,Z" "-v" "/var/lib/crater-agent-workspace/builds/worker-1-tc1/source:/opt/rustwide/workdir:ro,Z" "-v" "/var/lib/crater-agent-workspace/cargo-home:/opt/rustwide/cargo-home:ro,Z" "-v" "/var/lib/crater-agent-workspace/rustup-home:/opt/rustwide/rustup-home:ro,Z" "-e" "SOURCE_DIR=/opt/rustwide/workdir" "-e" "CARGO_TARGET_DIR=/opt/rustwide/target" "-e" "CARGO_INCREMENTAL=0" "-e" "RUST_BACKTRACE=full" "-e" "RUSTFLAGS=--cap-lints=forbid" "-e" "RUSTDOCFLAGS=--cap-lints=forbid" "-e" "CARGO_HOME=/opt/rustwide/cargo-home" "-e" "RUSTUP_HOME=/opt/rustwide/rustup-home" "-w" "/opt/rustwide/workdir" "-m" "1610612736" "--user" "0:0" "--network" "none" "ghcr.io/rust-lang/crates-build-env/linux@sha256:4a844ea9eb2546a2d2c7022eacef16ef2e8229c7fbb2c7d4d55a9ceca922f72d" "/opt/rustwide/cargo-home/bin/cargo" "+nightly-2024-10-28" "test" "--frozen", kill_on_drop: false }`
[INFO] [stdout] 6caa145fecd241de23cf5a4788c65ed8881328150c0b308b565684240b7af95e
[INFO] running `Command { std: "docker" "start" "-a" "6caa145fecd241de23cf5a4788c65ed8881328150c0b308b565684240b7af95e", kill_on_drop: false }`
[INFO] [stderr] warning: unexpected `cfg` condition value: `collapse-io-error`
[INFO] [stderr]    --> src/lib.rs:147:11
[INFO] [stderr]     |
[INFO] [stderr] 147 | #[cfg(not(feature = "collapse-io-error"))]
[INFO] [stderr]     |           ^^^^^^^^^^^^^^^^^^^^^^^^^^^^^
[INFO] [stderr]     |
[INFO] [stderr]     = note: expected values for `feature` are: `all-format`, `default`, `full-desc`, `json`, `ron`, `serde_json`, `serde_yaml`, `toml`, and `yaml`
[INFO] [stderr]     = help: consider adding `collapse-io-error` as a feature in `Cargo.toml`
[INFO] [stderr]     = note: see <https://doc.rust-lang.org/nightly/rustc/check-cfg/cargo-specifics.html> for more information about checking conditional configuration
[INFO] [stderr]     = note: `#[warn(unexpected_cfgs)]` on by default
[INFO] [stderr] 
[INFO] [stderr] warning: `conrig` (lib) generated 1 warning
[INFO] [stderr] warning: `conrig` (lib test) generated 1 warning (1 duplicate)
[INFO] [stderr]     Finished `test` profile [unoptimized + debuginfo] target(s) in 0.03s
[INFO] [stderr]      Running unittests src/lib.rs (/opt/rustwide/target/debug/deps/conrig-64ce8468cb4a3f46)
[INFO] [stdout] 
[INFO] [stdout] running 0 tests
[INFO] [stdout] 
[INFO] [stdout] test result: ok. 0 passed; 0 failed; 0 ignored; 0 measured; 0 filtered out; finished in 0.00s
[INFO] [stdout] 
[INFO] [stderr]      Running tests/test_config.rs (/opt/rustwide/target/debug/deps/test_config-3b822fa7a1d09bc5)
[INFO] [stdout] 
[INFO] [stdout] running 2 tests
[INFO] [stdout] test test_extra_cfg ... FAILED
[INFO] [stdout] test test_config ... FAILED
[INFO] [stdout] 
[INFO] [stdout] failures:
[INFO] [stdout] 
[INFO] [stdout] ---- test_extra_cfg stdout ----
[INFO] [stdout] Error: Os { code: 30, kind: ReadOnlyFilesystem, message: "Read-only file system" }
[INFO] [stdout] 
[INFO] [stdout] ---- test_config stdout ----
[INFO] [stdout] Ok("/root/.config/conrig/conrig.toml")
[INFO] [stdout] Ok("/opt/rustwide/workdir/tests/conrig.toml")
[INFO] [stdout] Error: FileSystemError(OpenConfig(Os { code: 30, kind: ReadOnlyFilesystem, message: "Read-only file system" }))
[INFO] [stdout] 
[INFO] [stdout] 
[INFO] [stdout] failures:
[INFO] [stdout]     test_config
[INFO] [stdout]     test_extra_cfg
[INFO] [stdout] 
[INFO] [stdout] test result: FAILED. 0 passed; 2 failed; 0 ignored; 0 measured; 0 filtered out; finished in 0.00s
[INFO] [stdout] 
[INFO] [stderr] error: test failed, to rerun pass `--test test_config`
[INFO] running `Command { std: "docker" "inspect" "6caa145fecd241de23cf5a4788c65ed8881328150c0b308b565684240b7af95e", kill_on_drop: false }`
[INFO] running `Command { std: "docker" "rm" "-f" "6caa145fecd241de23cf5a4788c65ed8881328150c0b308b565684240b7af95e", kill_on_drop: false }`
[INFO] [stdout] 6caa145fecd241de23cf5a4788c65ed8881328150c0b308b565684240b7af95e
