[INFO] fetching crate common-error 0.1.1...
[INFO] testing common-error-0.1.1 against nightly-2024-10-28 for randomize-layout
[INFO] extracting crate common-error 0.1.1 into /workspace/builds/worker-1-tc1/source
[INFO] validating manifest of crates.io crate common-error 0.1.1 on toolchain nightly-2024-10-28
[INFO] running `Command { std: CARGO_HOME="/workspace/cargo-home" RUSTUP_HOME="/workspace/rustup-home" "/workspace/cargo-home/bin/cargo" "+nightly-2024-10-28" "metadata" "--manifest-path" "Cargo.toml" "--no-deps", kill_on_drop: false }`
[INFO] started tweaking crates.io crate common-error 0.1.1
[INFO] finished tweaking crates.io crate common-error 0.1.1
[INFO] tweaked toml for crates.io crate common-error 0.1.1 written to /workspace/builds/worker-1-tc1/source/Cargo.toml
[INFO] running `Command { std: CARGO_HOME="/workspace/cargo-home" RUSTUP_HOME="/workspace/rustup-home" "/workspace/cargo-home/bin/cargo" "+nightly-2024-10-28" "generate-lockfile" "--manifest-path" "Cargo.toml", kill_on_drop: false }`
[INFO] running `Command { std: CARGO_HOME="/workspace/cargo-home" RUSTUP_HOME="/workspace/rustup-home" "/workspace/cargo-home/bin/cargo" "+nightly-2024-10-28" "fetch" "--manifest-path" "Cargo.toml", kill_on_drop: false }`
[INFO] running `Command { std: "docker" "create" "-v" "/var/lib/crater-agent-workspace/builds/worker-1-tc1/target:/opt/rustwide/target:rw,Z" "-v" "/var/lib/crater-agent-workspace/builds/worker-1-tc1/source:/opt/rustwide/workdir:ro,Z" "-v" "/var/lib/crater-agent-workspace/cargo-home:/opt/rustwide/cargo-home:ro,Z" "-v" "/var/lib/crater-agent-workspace/rustup-home:/opt/rustwide/rustup-home:ro,Z" "-e" "SOURCE_DIR=/opt/rustwide/workdir" "-e" "CARGO_TARGET_DIR=/opt/rustwide/target" "-e" "CARGO_HOME=/opt/rustwide/cargo-home" "-e" "RUSTUP_HOME=/opt/rustwide/rustup-home" "-w" "/opt/rustwide/workdir" "-m" "1610612736" "--user" "0:0" "--network" "none" "ghcr.io/rust-lang/crates-build-env/linux@sha256:4a844ea9eb2546a2d2c7022eacef16ef2e8229c7fbb2c7d4d55a9ceca922f72d" "/opt/rustwide/cargo-home/bin/cargo" "+nightly-2024-10-28" "metadata" "--no-deps" "--format-version=1", kill_on_drop: false }`
[INFO] [stdout] bf6085ca355f694593a0e56eabea8e3cb818fa0f69639e202942ca95c337b994
[INFO] running `Command { std: "docker" "start" "-a" "bf6085ca355f694593a0e56eabea8e3cb818fa0f69639e202942ca95c337b994", kill_on_drop: false }`
[INFO] running `Command { std: "docker" "inspect" "bf6085ca355f694593a0e56eabea8e3cb818fa0f69639e202942ca95c337b994", kill_on_drop: false }`
[INFO] running `Command { std: "docker" "rm" "-f" "bf6085ca355f694593a0e56eabea8e3cb818fa0f69639e202942ca95c337b994", kill_on_drop: false }`
[INFO] [stdout] bf6085ca355f694593a0e56eabea8e3cb818fa0f69639e202942ca95c337b994
[INFO] running `Command { std: "docker" "create" "-v" "/var/lib/crater-agent-workspace/builds/worker-1-tc1/target:/opt/rustwide/target:rw,Z" "-v" "/var/lib/crater-agent-workspace/builds/worker-1-tc1/source:/opt/rustwide/workdir:ro,Z" "-v" "/var/lib/crater-agent-workspace/cargo-home:/opt/rustwide/cargo-home:ro,Z" "-v" "/var/lib/crater-agent-workspace/rustup-home:/opt/rustwide/rustup-home:ro,Z" "-e" "SOURCE_DIR=/opt/rustwide/workdir" "-e" "CARGO_TARGET_DIR=/opt/rustwide/target" "-e" "CARGO_INCREMENTAL=0" "-e" "RUST_BACKTRACE=full" "-e" "RUSTFLAGS=--cap-lints=forbid" "-e" "RUSTDOCFLAGS=--cap-lints=forbid" "-e" "CARGO_HOME=/opt/rustwide/cargo-home" "-e" "RUSTUP_HOME=/opt/rustwide/rustup-home" "-w" "/opt/rustwide/workdir" "-m" "1610612736" "--user" "0:0" "--network" "none" "ghcr.io/rust-lang/crates-build-env/linux@sha256:4a844ea9eb2546a2d2c7022eacef16ef2e8229c7fbb2c7d4d55a9ceca922f72d" "/opt/rustwide/cargo-home/bin/cargo" "+nightly-2024-10-28" "build" "--frozen" "--message-format=json", kill_on_drop: false }`
[INFO] [stdout] 001c2fff5670f58f6d346a6f55b29b4919631323728515dd8ca72f7125b87b55
[INFO] running `Command { std: "docker" "start" "-a" "001c2fff5670f58f6d346a6f55b29b4919631323728515dd8ca72f7125b87b55", kill_on_drop: false }`
[INFO] [stderr]    Compiling common-error v0.1.1 (/opt/rustwide/workdir)
[INFO] [stderr]     Finished `dev` profile [unoptimized + debuginfo] target(s) in 0.11s
[INFO] running `Command { std: "docker" "inspect" "001c2fff5670f58f6d346a6f55b29b4919631323728515dd8ca72f7125b87b55", kill_on_drop: false }`
[INFO] running `Command { std: "docker" "rm" "-f" "001c2fff5670f58f6d346a6f55b29b4919631323728515dd8ca72f7125b87b55", kill_on_drop: false }`
[INFO] [stdout] 001c2fff5670f58f6d346a6f55b29b4919631323728515dd8ca72f7125b87b55
[INFO] running `Command { std: "docker" "create" "-v" "/var/lib/crater-agent-workspace/builds/worker-1-tc1/target:/opt/rustwide/target:rw,Z" "-v" "/var/lib/crater-agent-workspace/builds/worker-1-tc1/source:/opt/rustwide/workdir:ro,Z" "-v" "/var/lib/crater-agent-workspace/cargo-home:/opt/rustwide/cargo-home:ro,Z" "-v" "/var/lib/crater-agent-workspace/rustup-home:/opt/rustwide/rustup-home:ro,Z" "-e" "SOURCE_DIR=/opt/rustwide/workdir" "-e" "CARGO_TARGET_DIR=/opt/rustwide/target" "-e" "CARGO_INCREMENTAL=0" "-e" "RUST_BACKTRACE=full" "-e" "RUSTFLAGS=--cap-lints=forbid" "-e" "RUSTDOCFLAGS=--cap-lints=forbid" "-e" "CARGO_HOME=/opt/rustwide/cargo-home" "-e" "RUSTUP_HOME=/opt/rustwide/rustup-home" "-w" "/opt/rustwide/workdir" "-m" "1610612736" "--user" "0:0" "--network" "none" "ghcr.io/rust-lang/crates-build-env/linux@sha256:4a844ea9eb2546a2d2c7022eacef16ef2e8229c7fbb2c7d4d55a9ceca922f72d" "/opt/rustwide/cargo-home/bin/cargo" "+nightly-2024-10-28" "test" "--frozen" "--no-run" "--message-format=json", kill_on_drop: false }`
[INFO] [stdout] 92afd2ad70cc2deb8671996e68ccd47523c1da5deaeb2ebf965d139d63ba3903
[INFO] running `Command { std: "docker" "start" "-a" "92afd2ad70cc2deb8671996e68ccd47523c1da5deaeb2ebf965d139d63ba3903", kill_on_drop: false }`
[INFO] [stderr]    Compiling common-error v0.1.1 (/opt/rustwide/workdir)
[INFO] [stderr]     Finished `test` profile [unoptimized + debuginfo] target(s) in 0.19s
[INFO] running `Command { std: "docker" "inspect" "92afd2ad70cc2deb8671996e68ccd47523c1da5deaeb2ebf965d139d63ba3903", kill_on_drop: false }`
[INFO] running `Command { std: "docker" "rm" "-f" "92afd2ad70cc2deb8671996e68ccd47523c1da5deaeb2ebf965d139d63ba3903", kill_on_drop: false }`
[INFO] [stdout] 92afd2ad70cc2deb8671996e68ccd47523c1da5deaeb2ebf965d139d63ba3903
[INFO] running `Command { std: "docker" "create" "-v" "/var/lib/crater-agent-workspace/builds/worker-1-tc1/target:/opt/rustwide/target:rw,Z" "-v" "/var/lib/crater-agent-workspace/builds/worker-1-tc1/source:/opt/rustwide/workdir:ro,Z" "-v" "/var/lib/crater-agent-workspace/cargo-home:/opt/rustwide/cargo-home:ro,Z" "-v" "/var/lib/crater-agent-workspace/rustup-home:/opt/rustwide/rustup-home:ro,Z" "-e" "SOURCE_DIR=/opt/rustwide/workdir" "-e" "CARGO_TARGET_DIR=/opt/rustwide/target" "-e" "CARGO_INCREMENTAL=0" "-e" "RUST_BACKTRACE=full" "-e" "RUSTFLAGS=--cap-lints=forbid" "-e" "RUSTDOCFLAGS=--cap-lints=forbid" "-e" "CARGO_HOME=/opt/rustwide/cargo-home" "-e" "RUSTUP_HOME=/opt/rustwide/rustup-home" "-w" "/opt/rustwide/workdir" "-m" "1610612736" "--user" "0:0" "--network" "none" "ghcr.io/rust-lang/crates-build-env/linux@sha256:4a844ea9eb2546a2d2c7022eacef16ef2e8229c7fbb2c7d4d55a9ceca922f72d" "/opt/rustwide/cargo-home/bin/cargo" "+nightly-2024-10-28" "test" "--frozen", kill_on_drop: false }`
[INFO] [stdout] 0d8de152022a71442a822a5cded245f1a2f7d402a1ad1d823dcea5e82abb5696
[INFO] running `Command { std: "docker" "start" "-a" "0d8de152022a71442a822a5cded245f1a2f7d402a1ad1d823dcea5e82abb5696", kill_on_drop: false }`
[INFO] [stderr]     Finished `test` profile [unoptimized + debuginfo] target(s) in 0.01s
[INFO] [stderr]      Running unittests src/lib.rs (/opt/rustwide/target/debug/deps/common_error-1d12b5dc5d730af8)
[INFO] [stdout] 
[INFO] [stdout] running 0 tests
[INFO] [stdout] 
[INFO] [stdout] test result: ok. 0 passed; 0 failed; 0 ignored; 0 measured; 0 filtered out; finished in 0.00s
[INFO] [stdout] 
[INFO] [stderr]    Doc-tests common_error
[INFO] [stdout] 
[INFO] [stdout] running 1 test
[INFO] [stdout] test src/handle_error_macro.rs - handle_error_macro::handle_error (line 6) - compile ... FAILED
[INFO] [stdout] 
[INFO] [stdout] failures:
[INFO] [stdout] 
[INFO] [stdout] ---- src/handle_error_macro.rs - handle_error_macro::handle_error (line 6) stdout ----
[INFO] [stdout] error[E0433]: failed to resolve: use of undeclared crate or module `tracing`
[INFO] [stdout]  --> src/handle_error_macro.rs:11:5
[INFO] [stdout]   |
[INFO] [stdout] 7 |     common_error::handle_error!(result: Result::Ok(""), etype: LOC00007, "x".clone() ,"y".clone());
[INFO] [stdout]   |     ^^^^^^^^^^^^^^^^^^^^^^^^^^^^^^^^^^^^^^^^^^^^^^^^^^^^^^^^^^^^^^^^^^^^^^^^^^^^^^^^^^^^^^^^^^^^^^ use of undeclared crate or module `tracing`
[INFO] [stdout]   |
[INFO] [stdout]   = note: this error originates in the macro `common_error::handle_error` (in Nightly builds, run with -Z macro-backtrace for more info)
[INFO] [stdout] 
[INFO] [stdout] error[E0599]: no function or associated item named `throw` found for struct `LOC00007` in the current scope
[INFO] [stdout]  --> src/handle_error_macro.rs:11:5
[INFO] [stdout]   |
[INFO] [stdout] 5 | struct LOC00007;
[INFO] [stdout]   | --------------- function or associated item `throw` not found for this struct
[INFO] [stdout] 6 | fn main(){
[INFO] [stdout] 7 |     common_error::handle_error!(result: Result::Ok(""), etype: LOC00007, "x".clone() ,"y".clone());
[INFO] [stdout]   |     ^^^^^^^^^^^^^^^^^^^^^^^^^^^^^^^^^^^^^^^^^^^^^^^^^^^^^^^^^^^^^^^^^^^^^^^^^^^^^^^^^^^^^^^^^^^^^^ function or associated item not found in `LOC00007`
[INFO] [stdout]   |
[INFO] [stdout]   = note: this error originates in the macro `common_error::handle_error` (in Nightly builds, run with -Z macro-backtrace for more info)
[INFO] [stdout] 
[INFO] [stdout] error[E0308]: mismatched types
[INFO] [stdout]  --> src/handle_error_macro.rs:11:5
[INFO] [stdout]   |
[INFO] [stdout] 6 | fn main(){
[INFO] [stdout]   |          - expected `()` because of default return type
[INFO] [stdout] 7 |     common_error::handle_error!(result: Result::Ok(""), etype: LOC00007, "x".clone() ,"y".clone());
[INFO] [stdout]   |     ^^^^^^^^^^^^^^^^^^^^^^^^^^^^^^^^^^^^^^^^^^^^^^^^^^^^^^^^^^^^^^^^^^^^^^^^^^^^^^^^^^^^^^^^^^^^^^ expected `()`, found `Result<_, _>`
[INFO] [stdout]   |
[INFO] [stdout]   = note: expected unit type `()`
[INFO] [stdout]                   found enum `Result<_, _>`
[INFO] [stdout]   = note: this error originates in the macro `common_error::handle_error` (in Nightly builds, run with -Z macro-backtrace for more info)
[INFO] [stdout] 
[INFO] [stdout] error: aborting due to 3 previous errors
[INFO] [stdout] 
[INFO] [stdout] Some errors have detailed explanations: E0308, E0433, E0599.
[INFO] [stdout] For more information about an error, try `rustc --explain E0308`.
[INFO] [stdout] Couldn't compile the test.
[INFO] [stdout] 
[INFO] [stdout] failures:
[INFO] [stdout]     src/handle_error_macro.rs - handle_error_macro::handle_error (line 6)
[INFO] [stdout] 
[INFO] [stdout] test result: FAILED. 0 passed; 1 failed; 0 ignored; 0 measured; 0 filtered out; finished in 0.13s
[INFO] [stdout] 
[INFO] [stderr] error: doctest failed, to rerun pass `--doc`
[INFO] running `Command { std: "docker" "inspect" "0d8de152022a71442a822a5cded245f1a2f7d402a1ad1d823dcea5e82abb5696", kill_on_drop: false }`
[INFO] running `Command { std: "docker" "rm" "-f" "0d8de152022a71442a822a5cded245f1a2f7d402a1ad1d823dcea5e82abb5696", kill_on_drop: false }`
[INFO] [stdout] 0d8de152022a71442a822a5cded245f1a2f7d402a1ad1d823dcea5e82abb5696
