[INFO] fetching crate commandfs 0.1.3...
[INFO] testing commandfs-0.1.3 against nightly-2024-10-28 for randomize-layout
[INFO] extracting crate commandfs 0.1.3 into /workspace/builds/worker-0-tc1/source
[INFO] validating manifest of crates.io crate commandfs 0.1.3 on toolchain nightly-2024-10-28
[INFO] running `Command { std: CARGO_HOME="/workspace/cargo-home" RUSTUP_HOME="/workspace/rustup-home" "/workspace/cargo-home/bin/cargo" "+nightly-2024-10-28" "metadata" "--manifest-path" "Cargo.toml" "--no-deps", kill_on_drop: false }`
[INFO] started tweaking crates.io crate commandfs 0.1.3
[INFO] finished tweaking crates.io crate commandfs 0.1.3
[INFO] tweaked toml for crates.io crate commandfs 0.1.3 written to /workspace/builds/worker-0-tc1/source/Cargo.toml
[INFO] crate crates.io crate commandfs 0.1.3 already has a lockfile, it will not be regenerated
[INFO] running `Command { std: CARGO_HOME="/workspace/cargo-home" RUSTUP_HOME="/workspace/rustup-home" "/workspace/cargo-home/bin/cargo" "+nightly-2024-10-28" "fetch" "--manifest-path" "Cargo.toml", kill_on_drop: false }`
[INFO] [stderr] warning: only one of `license` or `license-file` is necessary
[INFO] [stderr] `license` should be used if the package license can be expressed with a standard SPDX expression.
[INFO] [stderr] `license-file` should be used if the package uses a non-standard license.
[INFO] [stderr] See https://doc.rust-lang.org/cargo/reference/manifest.html#the-license-and-license-file-fields for more information.
[INFO] [stderr]     Updating crates.io index
[INFO] [stderr]  Downloading crates ...
[INFO] [stderr]   Downloaded homedir v0.2.1
[INFO] [stderr]   Downloaded windows-implement v0.52.0
[INFO] [stderr]   Downloaded windows-interface v0.52.0
[INFO] [stderr]   Downloaded wmi v0.13.3
[INFO] running `Command { std: "docker" "create" "-v" "/var/lib/crater-agent-workspace/builds/worker-0-tc1/target:/opt/rustwide/target:rw,Z" "-v" "/var/lib/crater-agent-workspace/builds/worker-0-tc1/source:/opt/rustwide/workdir:ro,Z" "-v" "/var/lib/crater-agent-workspace/cargo-home:/opt/rustwide/cargo-home:ro,Z" "-v" "/var/lib/crater-agent-workspace/rustup-home:/opt/rustwide/rustup-home:ro,Z" "-e" "SOURCE_DIR=/opt/rustwide/workdir" "-e" "CARGO_TARGET_DIR=/opt/rustwide/target" "-e" "CARGO_HOME=/opt/rustwide/cargo-home" "-e" "RUSTUP_HOME=/opt/rustwide/rustup-home" "-w" "/opt/rustwide/workdir" "-m" "1610612736" "--user" "0:0" "--network" "none" "ghcr.io/rust-lang/crates-build-env/linux@sha256:4a844ea9eb2546a2d2c7022eacef16ef2e8229c7fbb2c7d4d55a9ceca922f72d" "/opt/rustwide/cargo-home/bin/cargo" "+nightly-2024-10-28" "metadata" "--no-deps" "--format-version=1", kill_on_drop: false }`
[INFO] [stdout] d10ff90d9a860eb4dcfcc4ae80db291397b74fa805ca697876bf09ae3104f078
[INFO] running `Command { std: "docker" "start" "-a" "d10ff90d9a860eb4dcfcc4ae80db291397b74fa805ca697876bf09ae3104f078", kill_on_drop: false }`
[INFO] running `Command { std: "docker" "inspect" "d10ff90d9a860eb4dcfcc4ae80db291397b74fa805ca697876bf09ae3104f078", kill_on_drop: false }`
[INFO] running `Command { std: "docker" "rm" "-f" "d10ff90d9a860eb4dcfcc4ae80db291397b74fa805ca697876bf09ae3104f078", kill_on_drop: false }`
[INFO] [stdout] d10ff90d9a860eb4dcfcc4ae80db291397b74fa805ca697876bf09ae3104f078
[INFO] running `Command { std: "docker" "create" "-v" "/var/lib/crater-agent-workspace/builds/worker-0-tc1/target:/opt/rustwide/target:rw,Z" "-v" "/var/lib/crater-agent-workspace/builds/worker-0-tc1/source:/opt/rustwide/workdir:ro,Z" "-v" "/var/lib/crater-agent-workspace/cargo-home:/opt/rustwide/cargo-home:ro,Z" "-v" "/var/lib/crater-agent-workspace/rustup-home:/opt/rustwide/rustup-home:ro,Z" "-e" "SOURCE_DIR=/opt/rustwide/workdir" "-e" "CARGO_TARGET_DIR=/opt/rustwide/target" "-e" "CARGO_INCREMENTAL=0" "-e" "RUST_BACKTRACE=full" "-e" "RUSTFLAGS=--cap-lints=forbid" "-e" "RUSTDOCFLAGS=--cap-lints=forbid" "-e" "CARGO_HOME=/opt/rustwide/cargo-home" "-e" "RUSTUP_HOME=/opt/rustwide/rustup-home" "-w" "/opt/rustwide/workdir" "-m" "1610612736" "--user" "0:0" "--network" "none" "ghcr.io/rust-lang/crates-build-env/linux@sha256:4a844ea9eb2546a2d2c7022eacef16ef2e8229c7fbb2c7d4d55a9ceca922f72d" "/opt/rustwide/cargo-home/bin/cargo" "+nightly-2024-10-28" "build" "--frozen" "--message-format=json", kill_on_drop: false }`
[INFO] [stdout] d1b4981a9b421a9a5f644d013be9997e6146e238c2013f14f34e7981fdb45eb5
[INFO] running `Command { std: "docker" "start" "-a" "d1b4981a9b421a9a5f644d013be9997e6146e238c2013f14f34e7981fdb45eb5", kill_on_drop: false }`
[INFO] [stderr] warning: only one of `license` or `license-file` is necessary
[INFO] [stderr] `license` should be used if the package license can be expressed with a standard SPDX expression.
[INFO] [stderr] `license-file` should be used if the package uses a non-standard license.
[INFO] [stderr] See https://doc.rust-lang.org/cargo/reference/manifest.html#the-license-and-license-file-fields for more information.
[INFO] [stderr]    Compiling libc v0.2.155
[INFO] [stderr]    Compiling autocfg v1.3.0
[INFO] [stderr]    Compiling proc-macro2 v1.0.84
[INFO] [stderr]    Compiling unicode-ident v1.0.12
[INFO] [stderr]    Compiling cfg-if v1.0.0
[INFO] [stderr]    Compiling parking_lot_core v0.9.10
[INFO] [stderr]    Compiling scopeguard v1.2.0
[INFO] [stderr]    Compiling smallvec v1.13.2
[INFO] [stderr]    Compiling pin-utils v0.1.0
[INFO] [stderr]    Compiling bitflags v1.3.2
[INFO] [stderr]    Compiling pin-project-lite v0.2.14
[INFO] [stderr]    Compiling bytes v1.6.0
[INFO] [stderr]    Compiling memoffset v0.7.1
[INFO] [stderr]    Compiling lock_api v0.4.12
[INFO] [stderr]    Compiling quote v1.0.36
[INFO] [stderr]    Compiling syn v2.0.66
[INFO] [stderr]    Compiling signal-hook-registry v1.4.2
[INFO] [stderr]    Compiling nix v0.26.4
[INFO] [stderr]    Compiling num_cpus v1.16.0
[INFO] [stderr]    Compiling socket2 v0.5.7
[INFO] [stderr]    Compiling mio v0.8.11
[INFO] [stderr]    Compiling parking_lot v0.12.3
[INFO] [stderr]    Compiling tokio-macros v2.3.0
[INFO] [stderr]    Compiling tokio v1.38.0
[INFO] [stderr]    Compiling homedir v0.2.1
[INFO] [stderr]    Compiling commandfs v0.1.3 (/opt/rustwide/workdir)
[INFO] [stderr]     Finished `dev` profile [unoptimized + debuginfo] target(s) in 7.01s
[INFO] running `Command { std: "docker" "inspect" "d1b4981a9b421a9a5f644d013be9997e6146e238c2013f14f34e7981fdb45eb5", kill_on_drop: false }`
[INFO] running `Command { std: "docker" "rm" "-f" "d1b4981a9b421a9a5f644d013be9997e6146e238c2013f14f34e7981fdb45eb5", kill_on_drop: false }`
[INFO] [stdout] d1b4981a9b421a9a5f644d013be9997e6146e238c2013f14f34e7981fdb45eb5
[INFO] running `Command { std: "docker" "create" "-v" "/var/lib/crater-agent-workspace/builds/worker-0-tc1/target:/opt/rustwide/target:rw,Z" "-v" "/var/lib/crater-agent-workspace/builds/worker-0-tc1/source:/opt/rustwide/workdir:ro,Z" "-v" "/var/lib/crater-agent-workspace/cargo-home:/opt/rustwide/cargo-home:ro,Z" "-v" "/var/lib/crater-agent-workspace/rustup-home:/opt/rustwide/rustup-home:ro,Z" "-e" "SOURCE_DIR=/opt/rustwide/workdir" "-e" "CARGO_TARGET_DIR=/opt/rustwide/target" "-e" "CARGO_INCREMENTAL=0" "-e" "RUST_BACKTRACE=full" "-e" "RUSTFLAGS=--cap-lints=forbid" "-e" "RUSTDOCFLAGS=--cap-lints=forbid" "-e" "CARGO_HOME=/opt/rustwide/cargo-home" "-e" "RUSTUP_HOME=/opt/rustwide/rustup-home" "-w" "/opt/rustwide/workdir" "-m" "1610612736" "--user" "0:0" "--network" "none" "ghcr.io/rust-lang/crates-build-env/linux@sha256:4a844ea9eb2546a2d2c7022eacef16ef2e8229c7fbb2c7d4d55a9ceca922f72d" "/opt/rustwide/cargo-home/bin/cargo" "+nightly-2024-10-28" "test" "--frozen" "--no-run" "--message-format=json", kill_on_drop: false }`
[INFO] [stdout] 167c79eaa3405c4575b04600821d5fe94e9e7ae57151825cd3082be06f5f6eeb
[INFO] running `Command { std: "docker" "start" "-a" "167c79eaa3405c4575b04600821d5fe94e9e7ae57151825cd3082be06f5f6eeb", kill_on_drop: false }`
[INFO] [stderr] warning: only one of `license` or `license-file` is necessary
[INFO] [stderr] `license` should be used if the package license can be expressed with a standard SPDX expression.
[INFO] [stderr] `license-file` should be used if the package uses a non-standard license.
[INFO] [stderr] See https://doc.rust-lang.org/cargo/reference/manifest.html#the-license-and-license-file-fields for more information.
[INFO] [stderr]    Compiling commandfs v0.1.3 (/opt/rustwide/workdir)
[INFO] [stderr]     Finished `test` profile [unoptimized + debuginfo] target(s) in 0.31s
[INFO] running `Command { std: "docker" "inspect" "167c79eaa3405c4575b04600821d5fe94e9e7ae57151825cd3082be06f5f6eeb", kill_on_drop: false }`
[INFO] running `Command { std: "docker" "rm" "-f" "167c79eaa3405c4575b04600821d5fe94e9e7ae57151825cd3082be06f5f6eeb", kill_on_drop: false }`
[INFO] [stdout] 167c79eaa3405c4575b04600821d5fe94e9e7ae57151825cd3082be06f5f6eeb
[INFO] running `Command { std: "docker" "create" "-v" "/var/lib/crater-agent-workspace/builds/worker-0-tc1/target:/opt/rustwide/target:rw,Z" "-v" "/var/lib/crater-agent-workspace/builds/worker-0-tc1/source:/opt/rustwide/workdir:ro,Z" "-v" "/var/lib/crater-agent-workspace/cargo-home:/opt/rustwide/cargo-home:ro,Z" "-v" "/var/lib/crater-agent-workspace/rustup-home:/opt/rustwide/rustup-home:ro,Z" "-e" "SOURCE_DIR=/opt/rustwide/workdir" "-e" "CARGO_TARGET_DIR=/opt/rustwide/target" "-e" "CARGO_INCREMENTAL=0" "-e" "RUST_BACKTRACE=full" "-e" "RUSTFLAGS=--cap-lints=forbid" "-e" "RUSTDOCFLAGS=--cap-lints=forbid" "-e" "CARGO_HOME=/opt/rustwide/cargo-home" "-e" "RUSTUP_HOME=/opt/rustwide/rustup-home" "-w" "/opt/rustwide/workdir" "-m" "1610612736" "--user" "0:0" "--network" "none" "ghcr.io/rust-lang/crates-build-env/linux@sha256:4a844ea9eb2546a2d2c7022eacef16ef2e8229c7fbb2c7d4d55a9ceca922f72d" "/opt/rustwide/cargo-home/bin/cargo" "+nightly-2024-10-28" "test" "--frozen", kill_on_drop: false }`
[INFO] [stdout] 21116f4b0ca9619d9e4cac052aa0ec86710c9aeaa278b4e794dba574ef0e3394
[INFO] running `Command { std: "docker" "start" "-a" "21116f4b0ca9619d9e4cac052aa0ec86710c9aeaa278b4e794dba574ef0e3394", kill_on_drop: false }`
[INFO] [stderr] warning: only one of `license` or `license-file` is necessary
[INFO] [stderr] `license` should be used if the package license can be expressed with a standard SPDX expression.
[INFO] [stderr] `license-file` should be used if the package uses a non-standard license.
[INFO] [stderr] See https://doc.rust-lang.org/cargo/reference/manifest.html#the-license-and-license-file-fields for more information.
[INFO] [stderr]     Finished `test` profile [unoptimized + debuginfo] target(s) in 0.03s
[INFO] [stderr]      Running unittests src/lib/lib.rs (/opt/rustwide/target/debug/deps/command_fs-cfd17a3942cadb9e)
[INFO] [stdout] 
[INFO] [stdout] running 0 tests
[INFO] [stdout] 
[INFO] [stdout] test result: ok. 0 passed; 0 failed; 0 ignored; 0 measured; 0 filtered out; finished in 0.00s
[INFO] [stdout] 
[INFO] [stderr]      Running unittests src/main.rs (/opt/rustwide/target/debug/deps/commandfs-ce6d200f2822908d)
[INFO] [stdout] 
[INFO] [stdout] running 0 tests
[INFO] [stdout] 
[INFO] [stdout] test result: ok. 0 passed; 0 failed; 0 ignored; 0 measured; 0 filtered out; finished in 0.00s
[INFO] [stdout] 
[INFO] [stderr]    Doc-tests command_fs
[INFO] [stdout] 
[INFO] [stdout] running 8 tests
[INFO] [stdout] test src/lib/file_perform.rs - file_perform::CommandFS<'a> (line 180) ... FAILED
[INFO] [stdout] test src/lib/file_perform.rs - file_perform::CommandFS<'a> (line 193) ... FAILED
[INFO] [stdout] test src/lib/file_perform.rs - file_perform::CommandFS<'a>::new (line 10) ... FAILED
[INFO] [stdout] test src/lib/file_perform.rs - file_perform::CommandFS<'a>::read_data (line 25) ... FAILED
[INFO] [stdout] test src/lib/file_perform.rs - file_perform::CommandFS<'a>::write_data (line 41) ... FAILED
[INFO] [stdout] test src/lib/file_perform.rs - file_perform::CommandFS<'a> (line 190) ... FAILED
[INFO] [stdout] test src/lib/file_perform.rs - file_perform::CommandFS<'a> (line 203) ... FAILED
[INFO] [stdout] test src/lib/file_perform.rs - file_perform::CommandFS<'a> (line 177) ... FAILED
[INFO] [stdout] 
[INFO] [stdout] failures:
[INFO] [stdout] 
[INFO] [stdout] ---- src/lib/file_perform.rs - file_perform::CommandFS<'a> (line 180) stdout ----
[INFO] [stdout] error: expected one of `!`, `.`, `::`, `;`, `?`, `{`, `}`, or an operator, found `will`
[INFO] [stdout]  --> src/lib/file_perform.rs:181:4
[INFO] [stdout]   |
[INFO] [stdout] 3 | It will create Create and Write File for non sync task for known Size.
[INFO] [stdout]   |    ^^^^ expected one of 8 possible tokens
[INFO] [stdout] 
[INFO] [stdout] error: aborting due to 1 previous error
[INFO] [stdout] 
[INFO] [stdout] Couldn't compile the test.
[INFO] [stdout] ---- src/lib/file_perform.rs - file_perform::CommandFS<'a> (line 193) stdout ----
[INFO] [stdout] error: expected one of `!`, `.`, `::`, `;`, `?`, `{`, `}`, or an operator, found `will`
[INFO] [stdout]  --> src/lib/file_perform.rs:194:4
[INFO] [stdout]   |
[INFO] [stdout] 3 | It will create Create and Write File for non sync task but different is unknown Size.
[INFO] [stdout]   |    ^^^^ expected one of 8 possible tokens
[INFO] [stdout] 
[INFO] [stdout] error: aborting due to 1 previous error
[INFO] [stdout] 
[INFO] [stdout] Couldn't compile the test.
[INFO] [stdout] ---- src/lib/file_perform.rs - file_perform::CommandFS<'a>::new (line 10) stdout ----
[INFO] [stdout] error[E0433]: failed to resolve: use of undeclared type `CommandFS`
[INFO] [stdout]  --> src/lib/file_perform.rs:11:19
[INFO] [stdout]   |
[INFO] [stdout] 3 | let mut command = CommandFS::new("/");
[INFO] [stdout]   |                   ^^^^^^^^^ use of undeclared type `CommandFS`
[INFO] [stdout]   |
[INFO] [stdout] help: consider importing this struct
[INFO] [stdout]   |
[INFO] [stdout] 2 + use command_fs::file_handel::CommandFS;
[INFO] [stdout]   |
[INFO] [stdout] 
[INFO] [stdout] error: aborting due to 1 previous error
[INFO] [stdout] 
[INFO] [stdout] For more information about this error, try `rustc --explain E0433`.
[INFO] [stdout] Couldn't compile the test.
[INFO] [stdout] ---- src/lib/file_perform.rs - file_perform::CommandFS<'a>::read_data (line 25) stdout ----
[INFO] [stdout] error[E0433]: failed to resolve: use of undeclared type `CommandFS`
[INFO] [stdout]  --> src/lib/file_perform.rs:26:19
[INFO] [stdout]   |
[INFO] [stdout] 3 | let mut command = CommandFS::new("/home/username"); // For Unix System
[INFO] [stdout]   |                   ^^^^^^^^^ use of undeclared type `CommandFS`
[INFO] [stdout]   |
[INFO] [stdout] help: consider importing this struct
[INFO] [stdout]   |
[INFO] [stdout] 2 + use command_fs::file_handel::CommandFS;
[INFO] [stdout]   |
[INFO] [stdout] 
[INFO] [stdout] error: aborting due to 1 previous error
[INFO] [stdout] 
[INFO] [stdout] For more information about this error, try `rustc --explain E0433`.
[INFO] [stdout] Couldn't compile the test.
[INFO] [stdout] ---- src/lib/file_perform.rs - file_perform::CommandFS<'a>::write_data (line 41) stdout ----
[INFO] [stdout] error[E0433]: failed to resolve: use of undeclared type `CommandFS`
[INFO] [stdout]  --> src/lib/file_perform.rs:42:19
[INFO] [stdout]   |
[INFO] [stdout] 3 | let mut command = CommandFS::new("/home/username"); // For Unix System
[INFO] [stdout]   |                   ^^^^^^^^^ use of undeclared type `CommandFS`
[INFO] [stdout]   |
[INFO] [stdout] help: consider importing this struct
[INFO] [stdout]   |
[INFO] [stdout] 2 + use command_fs::file_handel::CommandFS;
[INFO] [stdout]   |
[INFO] [stdout] 
[INFO] [stdout] error[E0728]: `await` is only allowed inside `async` functions and blocks
[INFO] [stdout]  --> src/lib/file_perform.rs:43:30
[INFO] [stdout]   |
[INFO] [stdout] 2 | fn main() { #[allow(non_snake_case)] fn _doctest_main_src_lib_file_perform_rs_41_0() {
[INFO] [stdout]   |                                      ----------------------------------------------- this is not `async`
[INFO] [stdout] 3 | let mut command = CommandFS::new("/home/username"); // For Unix System
[INFO] [stdout] 4 | command.read_data(".bashrc").await; // If you see Empty it means file Doesn't exist or something.
[INFO] [stdout]   |                              ^^^^^ only allowed inside `async` functions and blocks
[INFO] [stdout] 
[INFO] [stdout] error: aborting due to 2 previous errors
[INFO] [stdout] 
[INFO] [stdout] Some errors have detailed explanations: E0433, E0728.
[INFO] [stdout] For more information about an error, try `rustc --explain E0433`.
[INFO] [stdout] Couldn't compile the test.
[INFO] [stdout] ---- src/lib/file_perform.rs - file_perform::CommandFS<'a> (line 190) stdout ----
[INFO] [stdout] error: unknown start of token: `
[INFO] [stdout]  --> src/lib/file_perform.rs:191:1
[INFO] [stdout]   |
[INFO] [stdout] 3 | ```rust
[INFO] [stdout]   | ^^^
[INFO] [stdout]   |
[INFO] [stdout]   = note: character appears 2 more times
[INFO] [stdout] help: Unicode character '`' (Grave Accent) looks like ''' (Single Quote), but it is not
[INFO] [stdout]   |
[INFO] [stdout] 3 | '''rust
[INFO] [stdout]   | ~~~
[INFO] [stdout] 
[INFO] [stdout] error[E0425]: cannot find value `rust` in this scope
[INFO] [stdout]  --> src/lib/file_perform.rs:191:4
[INFO] [stdout]   |
[INFO] [stdout] 3 | ```rust
[INFO] [stdout]   |    ^^^^ not found in this scope
[INFO] [stdout] 
[INFO] [stdout] error: aborting due to 2 previous errors
[INFO] [stdout] 
[INFO] [stdout] For more information about this error, try `rustc --explain E0425`.
[INFO] [stdout] Couldn't compile the test.
[INFO] [stdout] ---- src/lib/file_perform.rs - file_perform::CommandFS<'a> (line 203) stdout ----
[INFO] [stdout] error: unknown start of token: `
[INFO] [stdout]  --> src/lib/file_perform.rs:204:1
[INFO] [stdout]   |
[INFO] [stdout] 3 | ```rust
[INFO] [stdout]   | ^^^
[INFO] [stdout]   |
[INFO] [stdout]   = note: character appears 2 more times
[INFO] [stdout] help: Unicode character '`' (Grave Accent) looks like ''' (Single Quote), but it is not
[INFO] [stdout]   |
[INFO] [stdout] 3 | '''rust
[INFO] [stdout]   | ~~~
[INFO] [stdout] 
[INFO] [stdout] error[E0425]: cannot find value `rust` in this scope
[INFO] [stdout]  --> src/lib/file_perform.rs:204:4
[INFO] [stdout]   |
[INFO] [stdout] 3 | ```rust
[INFO] [stdout]   |    ^^^^ not found in this scope
[INFO] [stdout] 
[INFO] [stdout] error: aborting due to 2 previous errors
[INFO] [stdout] 
[INFO] [stdout] For more information about this error, try `rustc --explain E0425`.
[INFO] [stdout] Couldn't compile the test.
[INFO] [stdout] ---- src/lib/file_perform.rs - file_perform::CommandFS<'a> (line 177) stdout ----
[INFO] [stdout] error: unknown start of token: `
[INFO] [stdout]  --> src/lib/file_perform.rs:178:1
[INFO] [stdout]   |
[INFO] [stdout] 3 | ```rust
[INFO] [stdout]   | ^^^
[INFO] [stdout]   |
[INFO] [stdout]   = note: character appears 2 more times
[INFO] [stdout] help: Unicode character '`' (Grave Accent) looks like ''' (Single Quote), but it is not
[INFO] [stdout]   |
[INFO] [stdout] 3 | '''rust
[INFO] [stdout]   | ~~~
[INFO] [stdout] 
[INFO] [stdout] error[E0425]: cannot find value `rust` in this scope
[INFO] [stdout]  --> src/lib/file_perform.rs:178:4
[INFO] [stdout]   |
[INFO] [stdout] 3 | ```rust
[INFO] [stdout]   |    ^^^^ not found in this scope
[INFO] [stdout] 
[INFO] [stdout] error: aborting due to 2 previous errors
[INFO] [stdout] 
[INFO] [stdout] For more information about this error, try `rustc --explain E0425`.
[INFO] [stdout] Couldn't compile the test.
[INFO] [stdout] 
[INFO] [stdout] failures:
[INFO] [stdout]     src/lib/file_perform.rs - file_perform::CommandFS<'a> (line 177)
[INFO] [stdout]     src/lib/file_perform.rs - file_perform::CommandFS<'a> (line 180)
[INFO] [stdout]     src/lib/file_perform.rs - file_perform::CommandFS<'a> (line 190)
[INFO] [stdout]     src/lib/file_perform.rs - file_perform::CommandFS<'a> (line 193)
[INFO] [stdout]     src/lib/file_perform.rs - file_perform::CommandFS<'a> (line 203)
[INFO] [stdout]     src/lib/file_perform.rs - file_perform::CommandFS<'a>::new (line 10)
[INFO] [stdout]     src/lib/file_perform.rs - file_perform::CommandFS<'a>::read_data (line 25)
[INFO] [stdout]     src/lib/file_perform.rs - file_perform::CommandFS<'a>::write_data (line 41)
[INFO] [stdout] 
[INFO] [stdout] test result: FAILED. 0 passed; 8 failed; 0 ignored; 0 measured; 0 filtered out; finished in 0.05s
[INFO] [stdout] 
[INFO] [stderr] error: doctest failed, to rerun pass `--doc`
[INFO] running `Command { std: "docker" "inspect" "21116f4b0ca9619d9e4cac052aa0ec86710c9aeaa278b4e794dba574ef0e3394", kill_on_drop: false }`
[INFO] running `Command { std: "docker" "rm" "-f" "21116f4b0ca9619d9e4cac052aa0ec86710c9aeaa278b4e794dba574ef0e3394", kill_on_drop: false }`
[INFO] [stdout] 21116f4b0ca9619d9e4cac052aa0ec86710c9aeaa278b4e794dba574ef0e3394
