[INFO] fetching crate command-rpc 0.1.12...
[INFO] testing command-rpc-0.1.12 against nightly-2024-10-28 for randomize-layout
[INFO] extracting crate command-rpc 0.1.12 into /workspace/builds/worker-4-tc1/source
[INFO] validating manifest of crates.io crate command-rpc 0.1.12 on toolchain nightly-2024-10-28
[INFO] running `Command { std: CARGO_HOME="/workspace/cargo-home" RUSTUP_HOME="/workspace/rustup-home" "/workspace/cargo-home/bin/cargo" "+nightly-2024-10-28" "metadata" "--manifest-path" "Cargo.toml" "--no-deps", kill_on_drop: false }`
[INFO] started tweaking crates.io crate command-rpc 0.1.12
[INFO] finished tweaking crates.io crate command-rpc 0.1.12
[INFO] tweaked toml for crates.io crate command-rpc 0.1.12 written to /workspace/builds/worker-4-tc1/source/Cargo.toml
[INFO] running `Command { std: CARGO_HOME="/workspace/cargo-home" RUSTUP_HOME="/workspace/rustup-home" "/workspace/cargo-home/bin/cargo" "+nightly-2024-10-28" "generate-lockfile" "--manifest-path" "Cargo.toml", kill_on_drop: false }`
[INFO] [stderr]     Updating crates.io index
[INFO] [stderr]      Locking 4 packages to latest compatible versions
[INFO] running `Command { std: CARGO_HOME="/workspace/cargo-home" RUSTUP_HOME="/workspace/rustup-home" "/workspace/cargo-home/bin/cargo" "+nightly-2024-10-28" "fetch" "--manifest-path" "Cargo.toml", kill_on_drop: false }`
[INFO] [stderr] warning: `proc_macro` is deprecated in favor of `proc-macro` and will not work in the 2024 edition
[INFO] [stderr] (in the `command_rpc` library target)
[INFO] running `Command { std: "docker" "create" "-v" "/var/lib/crater-agent-workspace/builds/worker-4-tc1/target:/opt/rustwide/target:rw,Z" "-v" "/var/lib/crater-agent-workspace/builds/worker-4-tc1/source:/opt/rustwide/workdir:ro,Z" "-v" "/var/lib/crater-agent-workspace/cargo-home:/opt/rustwide/cargo-home:ro,Z" "-v" "/var/lib/crater-agent-workspace/rustup-home:/opt/rustwide/rustup-home:ro,Z" "-e" "SOURCE_DIR=/opt/rustwide/workdir" "-e" "CARGO_TARGET_DIR=/opt/rustwide/target" "-e" "CARGO_HOME=/opt/rustwide/cargo-home" "-e" "RUSTUP_HOME=/opt/rustwide/rustup-home" "-w" "/opt/rustwide/workdir" "-m" "1610612736" "--user" "0:0" "--network" "none" "ghcr.io/rust-lang/crates-build-env/linux@sha256:4a844ea9eb2546a2d2c7022eacef16ef2e8229c7fbb2c7d4d55a9ceca922f72d" "/opt/rustwide/cargo-home/bin/cargo" "+nightly-2024-10-28" "metadata" "--no-deps" "--format-version=1", kill_on_drop: false }`
[INFO] [stdout] 2087f430c8f8e865beaef52829cb767124450a3771eeceeb3e836b5b0f88e647
[INFO] running `Command { std: "docker" "start" "-a" "2087f430c8f8e865beaef52829cb767124450a3771eeceeb3e836b5b0f88e647", kill_on_drop: false }`
[INFO] running `Command { std: "docker" "inspect" "2087f430c8f8e865beaef52829cb767124450a3771eeceeb3e836b5b0f88e647", kill_on_drop: false }`
[INFO] running `Command { std: "docker" "rm" "-f" "2087f430c8f8e865beaef52829cb767124450a3771eeceeb3e836b5b0f88e647", kill_on_drop: false }`
[INFO] [stdout] 2087f430c8f8e865beaef52829cb767124450a3771eeceeb3e836b5b0f88e647
[INFO] running `Command { std: "docker" "create" "-v" "/var/lib/crater-agent-workspace/builds/worker-4-tc1/target:/opt/rustwide/target:rw,Z" "-v" "/var/lib/crater-agent-workspace/builds/worker-4-tc1/source:/opt/rustwide/workdir:ro,Z" "-v" "/var/lib/crater-agent-workspace/cargo-home:/opt/rustwide/cargo-home:ro,Z" "-v" "/var/lib/crater-agent-workspace/rustup-home:/opt/rustwide/rustup-home:ro,Z" "-e" "SOURCE_DIR=/opt/rustwide/workdir" "-e" "CARGO_TARGET_DIR=/opt/rustwide/target" "-e" "CARGO_INCREMENTAL=0" "-e" "RUST_BACKTRACE=full" "-e" "RUSTFLAGS=--cap-lints=forbid" "-e" "RUSTDOCFLAGS=--cap-lints=forbid" "-e" "CARGO_HOME=/opt/rustwide/cargo-home" "-e" "RUSTUP_HOME=/opt/rustwide/rustup-home" "-w" "/opt/rustwide/workdir" "-m" "1610612736" "--user" "0:0" "--network" "none" "ghcr.io/rust-lang/crates-build-env/linux@sha256:4a844ea9eb2546a2d2c7022eacef16ef2e8229c7fbb2c7d4d55a9ceca922f72d" "/opt/rustwide/cargo-home/bin/cargo" "+nightly-2024-10-28" "build" "--frozen" "--message-format=json", kill_on_drop: false }`
[INFO] [stdout] da5cae456f449400fd5277220ca63609a2d2f8f8634e88f638e1f0b6f3a772db
[INFO] running `Command { std: "docker" "start" "-a" "da5cae456f449400fd5277220ca63609a2d2f8f8634e88f638e1f0b6f3a772db", kill_on_drop: false }`
[INFO] [stderr] warning: `proc_macro` is deprecated in favor of `proc-macro` and will not work in the 2024 edition
[INFO] [stderr] (in the `command_rpc` library target)
[INFO] [stderr]    Compiling quote v1.0.37
[INFO] [stderr]    Compiling syn v2.0.86
[INFO] [stderr]    Compiling command-rpc v0.1.12 (/opt/rustwide/workdir)
[INFO] [stdout] warning: unused import: `parse_quote`
[INFO] [stdout]   --> src/build_nested.rs:15:12
[INFO] [stdout]    |
[INFO] [stdout] 15 |     Token, parse_quote, Variant,
[INFO] [stdout]    |            ^^^^^^^^^^^
[INFO] [stdout]    |
[INFO] [stdout]    = note: `#[warn(unused_imports)]` on by default
[INFO] [stdout] 
[INFO] [stdout] 
[INFO] [stdout] warning: unused macro definition: `callback`
[INFO] [stdout]    --> src/lib.rs:107:14
[INFO] [stdout]     |
[INFO] [stdout] 107 | macro_rules! callback {
[INFO] [stdout]     |              ^^^^^^^^
[INFO] [stdout]     |
[INFO] [stdout]     = note: `#[warn(unused_macros)]` on by default
[INFO] [stdout] 
[INFO] [stdout] 
[INFO] [stdout] warning: unused macro definition: `parse`
[INFO] [stdout]    --> src/lib.rs:130:14
[INFO] [stdout]     |
[INFO] [stdout] 130 | macro_rules! parse {
[INFO] [stdout]     |              ^^^^^
[INFO] [stdout] 
[INFO] [stdout] 
[INFO] [stdout] warning: unused variable: `same`
[INFO] [stdout]   --> src/build_nested.rs:20:13
[INFO] [stdout]    |
[INFO] [stdout] 20 |     let mut same = false;
[INFO] [stdout]    |             ^^^^ help: if this is intentional, prefix it with an underscore: `_same`
[INFO] [stdout]    |
[INFO] [stdout]    = note: `#[warn(unused_variables)]` on by default
[INFO] [stdout] 
[INFO] [stdout] 
[INFO] [stdout] warning: variable does not need to be mutable
[INFO] [stdout]   --> src/build_nested.rs:20:9
[INFO] [stdout]    |
[INFO] [stdout] 20 |     let mut same = false;
[INFO] [stdout]    |         ----^^^^
[INFO] [stdout]    |         |
[INFO] [stdout]    |         help: remove this `mut`
[INFO] [stdout]    |
[INFO] [stdout]    = note: `#[warn(unused_mut)]` on by default
[INFO] [stdout] 
[INFO] [stdout] 
[INFO] [stdout] warning: function `subcommands` is never used
[INFO] [stdout]   --> src/build_nested.rs:38:8
[INFO] [stdout]    |
[INFO] [stdout] 38 | pub fn subcommands(item: ItemMod) -> Vec<String> {
[INFO] [stdout]    |        ^^^^^^^^^^^
[INFO] [stdout]    |
[INFO] [stdout]    = note: `#[warn(dead_code)]` on by default
[INFO] [stdout] 
[INFO] [stdout] 
[INFO] [stdout] warning: function `input_check` is never used
[INFO] [stdout]   --> src/checks.rs:33:8
[INFO] [stdout]    |
[INFO] [stdout] 33 | pub fn input_check(arg: &FnArg) -> std::io::Result<()> {
[INFO] [stdout]    |        ^^^^^^^^^^^
[INFO] [stdout] 
[INFO] [stdout] 
[INFO] [stderr]     Finished `dev` profile [unoptimized + debuginfo] target(s) in 3.16s
[INFO] running `Command { std: "docker" "inspect" "da5cae456f449400fd5277220ca63609a2d2f8f8634e88f638e1f0b6f3a772db", kill_on_drop: false }`
[INFO] running `Command { std: "docker" "rm" "-f" "da5cae456f449400fd5277220ca63609a2d2f8f8634e88f638e1f0b6f3a772db", kill_on_drop: false }`
[INFO] [stdout] da5cae456f449400fd5277220ca63609a2d2f8f8634e88f638e1f0b6f3a772db
[INFO] running `Command { std: "docker" "create" "-v" "/var/lib/crater-agent-workspace/builds/worker-4-tc1/target:/opt/rustwide/target:rw,Z" "-v" "/var/lib/crater-agent-workspace/builds/worker-4-tc1/source:/opt/rustwide/workdir:ro,Z" "-v" "/var/lib/crater-agent-workspace/cargo-home:/opt/rustwide/cargo-home:ro,Z" "-v" "/var/lib/crater-agent-workspace/rustup-home:/opt/rustwide/rustup-home:ro,Z" "-e" "SOURCE_DIR=/opt/rustwide/workdir" "-e" "CARGO_TARGET_DIR=/opt/rustwide/target" "-e" "CARGO_INCREMENTAL=0" "-e" "RUST_BACKTRACE=full" "-e" "RUSTFLAGS=--cap-lints=forbid" "-e" "RUSTDOCFLAGS=--cap-lints=forbid" "-e" "CARGO_HOME=/opt/rustwide/cargo-home" "-e" "RUSTUP_HOME=/opt/rustwide/rustup-home" "-w" "/opt/rustwide/workdir" "-m" "1610612736" "--user" "0:0" "--network" "none" "ghcr.io/rust-lang/crates-build-env/linux@sha256:4a844ea9eb2546a2d2c7022eacef16ef2e8229c7fbb2c7d4d55a9ceca922f72d" "/opt/rustwide/cargo-home/bin/cargo" "+nightly-2024-10-28" "test" "--frozen" "--no-run" "--message-format=json", kill_on_drop: false }`
[INFO] [stdout] 27dede59516ff3022f63b5576a198a4ce7385eaaf84652acab7df7b9c22191c7
[INFO] running `Command { std: "docker" "start" "-a" "27dede59516ff3022f63b5576a198a4ce7385eaaf84652acab7df7b9c22191c7", kill_on_drop: false }`
[INFO] [stderr] warning: `proc_macro` is deprecated in favor of `proc-macro` and will not work in the 2024 edition
[INFO] [stderr] (in the `command_rpc` library target)
[INFO] [stderr]    Compiling command-rpc v0.1.12 (/opt/rustwide/workdir)
[INFO] [stdout] warning: unused import: `parse_quote`
[INFO] [stdout]   --> src/build_nested.rs:15:12
[INFO] [stdout]    |
[INFO] [stdout] 15 |     Token, parse_quote, Variant,
[INFO] [stdout]    |            ^^^^^^^^^^^
[INFO] [stdout]    |
[INFO] [stdout]    = note: `#[warn(unused_imports)]` on by default
[INFO] [stdout] 
[INFO] [stdout] 
[INFO] [stdout] warning: unused macro definition: `callback`
[INFO] [stdout]    --> src/lib.rs:107:14
[INFO] [stdout]     |
[INFO] [stdout] 107 | macro_rules! callback {
[INFO] [stdout]     |              ^^^^^^^^
[INFO] [stdout]     |
[INFO] [stdout]     = note: `#[warn(unused_macros)]` on by default
[INFO] [stdout] 
[INFO] [stdout] 
[INFO] [stdout] warning: unused macro definition: `parse`
[INFO] [stdout]    --> src/lib.rs:130:14
[INFO] [stdout]     |
[INFO] [stdout] 130 | macro_rules! parse {
[INFO] [stdout]     |              ^^^^^
[INFO] [stdout] 
[INFO] [stdout] 
[INFO] [stdout] warning: unused import: `parse_quote`
[INFO] [stdout]   --> src/build_nested.rs:15:12
[INFO] [stdout]    |
[INFO] [stdout] 15 |     Token, parse_quote, Variant,
[INFO] [stdout]    |            ^^^^^^^^^^^
[INFO] [stdout]    |
[INFO] [stdout]    = note: `#[warn(unused_imports)]` on by default
[INFO] [stdout] 
[INFO] [stdout] 
[INFO] [stdout] warning: unused macro definition: `callback`
[INFO] [stdout]    --> src/lib.rs:107:14
[INFO] [stdout]     |
[INFO] [stdout] 107 | macro_rules! callback {
[INFO] [stdout]     |              ^^^^^^^^
[INFO] [stdout]     |
[INFO] [stdout]     = note: `#[warn(unused_macros)]` on by default
[INFO] [stdout] 
[INFO] [stdout] 
[INFO] [stdout] warning: unused macro definition: `parse`
[INFO] [stdout]    --> src/lib.rs:130:14
[INFO] [stdout]     |
[INFO] [stdout] 130 | macro_rules! parse {
[INFO] [stdout]     |              ^^^^^
[INFO] [stdout] 
[INFO] [stdout] 
[INFO] [stdout] warning: unused variable: `same`
[INFO] [stdout]   --> src/build_nested.rs:20:13
[INFO] [stdout]    |
[INFO] [stdout] 20 |     let mut same = false;
[INFO] [stdout]    |             ^^^^ help: if this is intentional, prefix it with an underscore: `_same`
[INFO] [stdout]    |
[INFO] [stdout]    = note: `#[warn(unused_variables)]` on by default
[INFO] [stdout] 
[INFO] [stdout] 
[INFO] [stdout] warning: variable does not need to be mutable
[INFO] [stdout]   --> src/build_nested.rs:20:9
[INFO] [stdout]    |
[INFO] [stdout] 20 |     let mut same = false;
[INFO] [stdout]    |         ----^^^^
[INFO] [stdout]    |         |
[INFO] [stdout]    |         help: remove this `mut`
[INFO] [stdout]    |
[INFO] [stdout]    = note: `#[warn(unused_mut)]` on by default
[INFO] [stdout] 
[INFO] [stdout] 
[INFO] [stdout] warning: unused variable: `same`
[INFO] [stdout]   --> src/build_nested.rs:20:13
[INFO] [stdout]    |
[INFO] [stdout] 20 |     let mut same = false;
[INFO] [stdout]    |             ^^^^ help: if this is intentional, prefix it with an underscore: `_same`
[INFO] [stdout]    |
[INFO] [stdout]    = note: `#[warn(unused_variables)]` on by default
[INFO] [stdout] 
[INFO] [stdout] 
[INFO] [stdout] warning: variable does not need to be mutable
[INFO] [stdout]   --> src/build_nested.rs:20:9
[INFO] [stdout]    |
[INFO] [stdout] 20 |     let mut same = false;
[INFO] [stdout]    |         ----^^^^
[INFO] [stdout]    |         |
[INFO] [stdout]    |         help: remove this `mut`
[INFO] [stdout]    |
[INFO] [stdout]    = note: `#[warn(unused_mut)]` on by default
[INFO] [stdout] 
[INFO] [stdout] 
[INFO] [stdout] warning: function `subcommands` is never used
[INFO] [stdout]   --> src/build_nested.rs:38:8
[INFO] [stdout]    |
[INFO] [stdout] 38 | pub fn subcommands(item: ItemMod) -> Vec<String> {
[INFO] [stdout]    |        ^^^^^^^^^^^
[INFO] [stdout]    |
[INFO] [stdout]    = note: `#[warn(dead_code)]` on by default
[INFO] [stdout] 
[INFO] [stdout] 
[INFO] [stdout] warning: function `input_check` is never used
[INFO] [stdout]   --> src/checks.rs:33:8
[INFO] [stdout]    |
[INFO] [stdout] 33 | pub fn input_check(arg: &FnArg) -> std::io::Result<()> {
[INFO] [stdout]    |        ^^^^^^^^^^^
[INFO] [stdout] 
[INFO] [stdout] 
[INFO] [stdout] warning: function `subcommands` is never used
[INFO] [stdout]   --> src/build_nested.rs:38:8
[INFO] [stdout]    |
[INFO] [stdout] 38 | pub fn subcommands(item: ItemMod) -> Vec<String> {
[INFO] [stdout]    |        ^^^^^^^^^^^
[INFO] [stdout]    |
[INFO] [stdout]    = note: `#[warn(dead_code)]` on by default
[INFO] [stdout] 
[INFO] [stdout] 
[INFO] [stdout] warning: function `input_check` is never used
[INFO] [stdout]   --> src/checks.rs:33:8
[INFO] [stdout]    |
[INFO] [stdout] 33 | pub fn input_check(arg: &FnArg) -> std::io::Result<()> {
[INFO] [stdout]    |        ^^^^^^^^^^^
[INFO] [stdout] 
[INFO] [stdout] 
[INFO] [stderr]     Finished `test` profile [unoptimized + debuginfo] target(s) in 0.35s
[INFO] running `Command { std: "docker" "inspect" "27dede59516ff3022f63b5576a198a4ce7385eaaf84652acab7df7b9c22191c7", kill_on_drop: false }`
[INFO] running `Command { std: "docker" "rm" "-f" "27dede59516ff3022f63b5576a198a4ce7385eaaf84652acab7df7b9c22191c7", kill_on_drop: false }`
[INFO] [stdout] 27dede59516ff3022f63b5576a198a4ce7385eaaf84652acab7df7b9c22191c7
[INFO] running `Command { std: "docker" "create" "-v" "/var/lib/crater-agent-workspace/builds/worker-4-tc1/target:/opt/rustwide/target:rw,Z" "-v" "/var/lib/crater-agent-workspace/builds/worker-4-tc1/source:/opt/rustwide/workdir:ro,Z" "-v" "/var/lib/crater-agent-workspace/cargo-home:/opt/rustwide/cargo-home:ro,Z" "-v" "/var/lib/crater-agent-workspace/rustup-home:/opt/rustwide/rustup-home:ro,Z" "-e" "SOURCE_DIR=/opt/rustwide/workdir" "-e" "CARGO_TARGET_DIR=/opt/rustwide/target" "-e" "CARGO_INCREMENTAL=0" "-e" "RUST_BACKTRACE=full" "-e" "RUSTFLAGS=--cap-lints=forbid" "-e" "RUSTDOCFLAGS=--cap-lints=forbid" "-e" "CARGO_HOME=/opt/rustwide/cargo-home" "-e" "RUSTUP_HOME=/opt/rustwide/rustup-home" "-w" "/opt/rustwide/workdir" "-m" "1610612736" "--user" "0:0" "--network" "none" "ghcr.io/rust-lang/crates-build-env/linux@sha256:4a844ea9eb2546a2d2c7022eacef16ef2e8229c7fbb2c7d4d55a9ceca922f72d" "/opt/rustwide/cargo-home/bin/cargo" "+nightly-2024-10-28" "test" "--frozen", kill_on_drop: false }`
[INFO] [stdout] bc319e6449ec785a4ac900f501d3158e054503efb49dcafb90bbc38ebd30bfa6
[INFO] running `Command { std: "docker" "start" "-a" "bc319e6449ec785a4ac900f501d3158e054503efb49dcafb90bbc38ebd30bfa6", kill_on_drop: false }`
[INFO] [stderr] warning: `proc_macro` is deprecated in favor of `proc-macro` and will not work in the 2024 edition
[INFO] [stderr] (in the `command_rpc` library target)
[INFO] [stderr] warning: unused import: `parse_quote`
[INFO] [stderr]   --> src/build_nested.rs:15:12
[INFO] [stderr]    |
[INFO] [stderr] 15 |     Token, parse_quote, Variant,
[INFO] [stderr]    |            ^^^^^^^^^^^
[INFO] [stderr]    |
[INFO] [stderr]    = note: `#[warn(unused_imports)]` on by default
[INFO] [stderr] 
[INFO] [stderr] warning: unused macro definition: `callback`
[INFO] [stderr]    --> src/lib.rs:107:14
[INFO] [stderr]     |
[INFO] [stderr] 107 | macro_rules! callback {
[INFO] [stderr]     |              ^^^^^^^^
[INFO] [stderr]     |
[INFO] [stderr]     = note: `#[warn(unused_macros)]` on by default
[INFO] [stderr] 
[INFO] [stderr] warning: unused macro definition: `parse`
[INFO] [stderr]    --> src/lib.rs:130:14
[INFO] [stderr]     |
[INFO] [stderr] 130 | macro_rules! parse {
[INFO] [stderr]     |              ^^^^^
[INFO] [stderr] 
[INFO] [stderr] warning: unused variable: `same`
[INFO] [stderr]   --> src/build_nested.rs:20:13
[INFO] [stderr]    |
[INFO] [stderr] 20 |     let mut same = false;
[INFO] [stderr]    |             ^^^^ help: if this is intentional, prefix it with an underscore: `_same`
[INFO] [stderr]    |
[INFO] [stderr]    = note: `#[warn(unused_variables)]` on by default
[INFO] [stderr] 
[INFO] [stderr] warning: variable does not need to be mutable
[INFO] [stderr]   --> src/build_nested.rs:20:9
[INFO] [stderr]    |
[INFO] [stderr] 20 |     let mut same = false;
[INFO] [stderr]    |         ----^^^^
[INFO] [stderr]    |         |
[INFO] [stderr]    |         help: remove this `mut`
[INFO] [stderr]    |
[INFO] [stderr]    = note: `#[warn(unused_mut)]` on by default
[INFO] [stderr] 
[INFO] [stderr] warning: function `subcommands` is never used
[INFO] [stderr]   --> src/build_nested.rs:38:8
[INFO] [stderr]    |
[INFO] [stderr] 38 | pub fn subcommands(item: ItemMod) -> Vec<String> {
[INFO] [stderr]    |        ^^^^^^^^^^^
[INFO] [stderr]    |
[INFO] [stderr]    = note: `#[warn(dead_code)]` on by default
[INFO] [stderr] 
[INFO] [stderr] warning: function `input_check` is never used
[INFO] [stderr]   --> src/checks.rs:33:8
[INFO] [stderr]    |
[INFO] [stderr] 33 | pub fn input_check(arg: &FnArg) -> std::io::Result<()> {
[INFO] [stderr]    |        ^^^^^^^^^^^
[INFO] [stderr] 
[INFO] [stderr] warning: `command-rpc` (lib) generated 7 warnings (run `cargo fix --lib -p command-rpc` to apply 2 suggestions)
[INFO] [stderr] warning: `command-rpc` (lib test) generated 7 warnings (7 duplicates)
[INFO] [stderr]     Finished `test` profile [unoptimized + debuginfo] target(s) in 0.01s
[INFO] [stderr]      Running unittests src/lib.rs (/opt/rustwide/target/debug/deps/command_rpc-1b46d19106d41556)
[INFO] [stdout] 
[INFO] [stdout] running 0 tests
[INFO] [stdout] 
[INFO] [stdout] test result: ok. 0 passed; 0 failed; 0 ignored; 0 measured; 0 filtered out; finished in 0.00s
[INFO] [stdout] 
[INFO] [stderr]    Doc-tests command_rpc
[INFO] [stdout] 
[INFO] [stdout] running 4 tests
[INFO] [stdout] test src/lib.rs - (line 47) ... FAILED
[INFO] [stdout] test src/lib.rs - (line 51) ... ok
[INFO] [stdout] test src/lib.rs - TokenStream (line 76) ... FAILED
[INFO] [stdout] test src/lib.rs - (line 6) ... FAILED
[INFO] [stdout] 
[INFO] [stdout] failures:
[INFO] [stdout] 
[INFO] [stdout] ---- src/lib.rs - (line 47) stdout ----
[INFO] [stdout] error: cannot find macro `callback` in this scope
[INFO] [stdout]  --> src/lib.rs:48:1
[INFO] [stdout]   |
[INFO] [stdout] 3 | callback!(my_cli_backend::greet("John"));
[INFO] [stdout]   | ^^^^^^^^
[INFO] [stdout] 
[INFO] [stdout] error: aborting due to 1 previous error
[INFO] [stdout] 
[INFO] [stdout] Couldn't compile the test.
[INFO] [stdout] ---- src/lib.rs - TokenStream (line 76) stdout ----
[INFO] [stdout] Test executable failed (exit status: 101).
[INFO] [stdout] 
[INFO] [stdout] stderr:
[INFO] [stdout] thread 'main' panicked at src/lib.rs:3:1:
[INFO] [stdout] not yet implemented
[INFO] [stdout] stack backtrace:
[INFO] [stdout]    0:     0x5674102f545a - std::backtrace_rs::backtrace::libunwind::trace::h207520d6e9873551
[INFO] [stdout]                                at /rustc/df4ca44d3fbc9301ee17f30f4d474e6ae4b05252/library/std/src/../../backtrace/src/backtrace/libunwind.rs:116:5
[INFO] [stdout]    1:     0x5674102f545a - std::backtrace_rs::backtrace::trace_unsynchronized::h2ed7433f370e3eca
[INFO] [stdout]                                at /rustc/df4ca44d3fbc9301ee17f30f4d474e6ae4b05252/library/std/src/../../backtrace/src/backtrace/mod.rs:66:5
[INFO] [stdout]    2:     0x5674102f545a - std::sys::backtrace::_print_fmt::h916fac51166b18d7
[INFO] [stdout]                                at /rustc/df4ca44d3fbc9301ee17f30f4d474e6ae4b05252/library/std/src/sys/backtrace.rs:66:9
[INFO] [stdout]    3:     0x5674102f545a - <std::sys::backtrace::BacktraceLock::print::DisplayBacktrace as core::fmt::Display>::fmt::ha0a4c9b8ce3802e6
[INFO] [stdout]                                at /rustc/df4ca44d3fbc9301ee17f30f4d474e6ae4b05252/library/std/src/sys/backtrace.rs:39:26
[INFO] [stdout]    4:     0x567410311433 - core::fmt::rt::Argument::fmt::h4cfc8587d52b3eb5
[INFO] [stdout]                                at /rustc/df4ca44d3fbc9301ee17f30f4d474e6ae4b05252/library/core/src/fmt/rt.rs:177:76
[INFO] [stdout]    5:     0x567410311433 - core::fmt::write::h522cc39e5b36ae9f
[INFO] [stdout]                                at /rustc/df4ca44d3fbc9301ee17f30f4d474e6ae4b05252/library/core/src/fmt/mod.rs:1190:21
[INFO] [stdout]    6:     0x5674102f2ec3 - std::io::Write::write_fmt::hf1c1dcc8cc1287f0
[INFO] [stdout]                                at /rustc/df4ca44d3fbc9301ee17f30f4d474e6ae4b05252/library/std/src/io/mod.rs:1839:15
[INFO] [stdout]    7:     0x5674102f52a2 - std::sys::backtrace::BacktraceLock::print::h4b9e00b29e9c0942
[INFO] [stdout]                                at /rustc/df4ca44d3fbc9301ee17f30f4d474e6ae4b05252/library/std/src/sys/backtrace.rs:42:9
[INFO] [stdout]    8:     0x5674102f626c - std::panicking::default_hook::{{closure}}::hb59b88280d0324d9
[INFO] [stdout]                                at /rustc/df4ca44d3fbc9301ee17f30f4d474e6ae4b05252/library/std/src/panicking.rs:268:22
[INFO] [stdout]    9:     0x5674102f60b2 - std::panicking::default_hook::he1dd496665be4a29
[INFO] [stdout]                                at /rustc/df4ca44d3fbc9301ee17f30f4d474e6ae4b05252/library/std/src/panicking.rs:295:9
[INFO] [stdout]   10:     0x5674102f6867 - std::panicking::rust_panic_with_hook::h2ff17fe8f26dfcf8
[INFO] [stdout]                                at /rustc/df4ca44d3fbc9301ee17f30f4d474e6ae4b05252/library/std/src/panicking.rs:801:13
[INFO] [stdout]   11:     0x5674102f66c6 - std::panicking::begin_panic_handler::{{closure}}::h4fad77951c07e101
[INFO] [stdout]                                at /rustc/df4ca44d3fbc9301ee17f30f4d474e6ae4b05252/library/std/src/panicking.rs:667:13
[INFO] [stdout]   12:     0x5674102f5939 - std::sys::backtrace::__rust_end_short_backtrace::hb1a25b3da5d0ea08
[INFO] [stdout]                                at /rustc/df4ca44d3fbc9301ee17f30f4d474e6ae4b05252/library/std/src/sys/backtrace.rs:170:18
[INFO] [stdout]   13:     0x5674102f638c - rust_begin_unwind
[INFO] [stdout]                                at /rustc/df4ca44d3fbc9301ee17f30f4d474e6ae4b05252/library/std/src/panicking.rs:665:5
[INFO] [stdout]   14:     0x567410310770 - core::panicking::panic_fmt::ha9db07b529f9b256
[INFO] [stdout]                                at /rustc/df4ca44d3fbc9301ee17f30f4d474e6ae4b05252/library/core/src/panicking.rs:75:14
[INFO] [stdout]   15:     0x5674103107fc - core::panicking::panic::h993086813d94accc
[INFO] [stdout]                                at /rustc/df4ca44d3fbc9301ee17f30f4d474e6ae4b05252/library/core/src/panicking.rs:152:5
[INFO] [stdout]   16:     0x5674102d64cd - rust_out::main::_doctest_main_src_lib_rs_76_0::h0f94c707ab4c669d
[INFO] [stdout]   17:     0x5674102d64a6 - rust_out::main::ha213a30daa5df4da
[INFO] [stdout]   18:     0x5674102d6483 - core::ops::function::FnOnce::call_once::hf7edf7132571051c
[INFO] [stdout]   19:     0x5674102d6426 - std::sys::backtrace::__rust_begin_short_backtrace::h32fd822fd2ba4079
[INFO] [stdout]   20:     0x5674102d6409 - std::rt::lang_start::{{closure}}::h4039a1c394ed4f7c
[INFO] [stdout]   21:     0x5674102f13a7 - core::ops::function::impls::<impl core::ops::function::FnOnce<A> for &F>::call_once::hd87d66b906e0ccaf
[INFO] [stdout]                                at /rustc/df4ca44d3fbc9301ee17f30f4d474e6ae4b05252/library/core/src/ops/function.rs:284:13
[INFO] [stdout]   22:     0x5674102f13a7 - std::panicking::try::do_call::hae3703de71fc9e3a
[INFO] [stdout]                                at /rustc/df4ca44d3fbc9301ee17f30f4d474e6ae4b05252/library/std/src/panicking.rs:557:40
[INFO] [stdout]   23:     0x5674102f13a7 - std::panicking::try::h1178330e9a2b2645
[INFO] [stdout]                                at /rustc/df4ca44d3fbc9301ee17f30f4d474e6ae4b05252/library/std/src/panicking.rs:520:19
[INFO] [stdout]   24:     0x5674102f13a7 - std::panic::catch_unwind::h0acf49d2305d32ad
[INFO] [stdout]                                at /rustc/df4ca44d3fbc9301ee17f30f4d474e6ae4b05252/library/std/src/panic.rs:358:14
[INFO] [stdout]   25:     0x5674102f13a7 - std::rt::lang_start_internal::{{closure}}::h2d95182d798177be
[INFO] [stdout]                                at /rustc/df4ca44d3fbc9301ee17f30f4d474e6ae4b05252/library/std/src/rt.rs:174:48
[INFO] [stdout]   26:     0x5674102f13a7 - std::panicking::try::do_call::hb506f5bfe11fd30c
[INFO] [stdout]                                at /rustc/df4ca44d3fbc9301ee17f30f4d474e6ae4b05252/library/std/src/panicking.rs:557:40
[INFO] [stdout]   27:     0x5674102f13a7 - std::panicking::try::h54d825c46bd0fa95
[INFO] [stdout]                                at /rustc/df4ca44d3fbc9301ee17f30f4d474e6ae4b05252/library/std/src/panicking.rs:520:19
[INFO] [stdout]   28:     0x5674102f13a7 - std::panic::catch_unwind::hffbb0ad20c4e9fac
[INFO] [stdout]                                at /rustc/df4ca44d3fbc9301ee17f30f4d474e6ae4b05252/library/std/src/panic.rs:358:14
[INFO] [stdout]   29:     0x5674102f13a7 - std::rt::lang_start_internal::h52c291ef1962c925
[INFO] [stdout]                                at /rustc/df4ca44d3fbc9301ee17f30f4d474e6ae4b05252/library/std/src/rt.rs:174:20
[INFO] [stdout]   30:     0x5674102d63e7 - std::rt::lang_start::h8c6075cd6f225ba1
[INFO] [stdout]   31:     0x5674102d64e5 - main
[INFO] [stdout]   32:     0x7107a6812d90 - <unknown>
[INFO] [stdout]   33:     0x7107a6812e40 - __libc_start_main
[INFO] [stdout]   34:     0x5674102d62f5 - _start
[INFO] [stdout]   35:                0x0 - <unknown>
[INFO] [stdout] 
[INFO] [stdout] 
[INFO] [stdout] ---- src/lib.rs - (line 6) stdout ----
[INFO] [stdout] error: allow, cfg, cfg_attr, deny, expect, forbid, and warn are the only allowed built-in attributes in function parameters
[INFO] [stdout]   --> src/lib.rs:16:8
[INFO] [stdout]    |
[INFO] [stdout] 12 |        /// The name of the person you want to greet.
[INFO] [stdout]    |        ^^^^^^^^^^^^^^^^^^^^^^^^^^^^^^^^^^^^^^^^^^^^^
[INFO] [stdout] 
[INFO] [stdout] error: allow, cfg, cfg_attr, deny, expect, forbid, and warn are the only allowed built-in attributes in function parameters
[INFO] [stdout]   --> src/lib.rs:28:9
[INFO] [stdout]    |
[INFO] [stdout] 24 |         /// The name of the person you want to greet.
[INFO] [stdout]    |         ^^^^^^^^^^^^^^^^^^^^^^^^^^^^^^^^^^^^^^^^^^^^^
[INFO] [stdout] 
[INFO] [stdout] error: allow, cfg, cfg_attr, deny, expect, forbid, and warn are the only allowed built-in attributes in function parameters
[INFO] [stdout]   --> src/lib.rs:30:9
[INFO] [stdout]    |
[INFO] [stdout] 26 |         /// the adjective you want to use in the greeting.
[INFO] [stdout]    |         ^^^^^^^^^^^^^^^^^^^^^^^^^^^^^^^^^^^^^^^^^^^^^^^^^^
[INFO] [stdout] 
[INFO] [stdout] error[E0432]: unresolved import `command_rpc::cprc_mod`
[INFO] [stdout]  --> src/lib.rs:12:22
[INFO] [stdout]   |
[INFO] [stdout] 8 |    use command_rpc::{cprc_mod, crpc_fn};
[INFO] [stdout]   |                      ^^^^^^^^
[INFO] [stdout]   |                      |
[INFO] [stdout]   |                      no `cprc_mod` in the root
[INFO] [stdout]   |                      help: a similar name exists in the module: `crpc_mod`
[INFO] [stdout] 
[INFO] [stdout] error[E0432]: unresolved import `clap`
[INFO] [stdout]  --> src/lib.rs:10:1
[INFO] [stdout]   |
[INFO] [stdout] 6 | #[crpc_main]
[INFO] [stdout]   | ^^^^^^^^^^^^ use of undeclared crate or module `clap`
[INFO] [stdout]   |
[INFO] [stdout]   = note: this error originates in the attribute macro `crpc_main` (in Nightly builds, run with -Z macro-backtrace for more info)
[INFO] [stdout] 
[INFO] [stdout] error[E0432]: unresolved import `command_rpc::cprc_fn`
[INFO] [stdout]   --> src/lib.rs:24:9
[INFO] [stdout]    |
[INFO] [stdout] 20 |     use command_rpc::cprc_fn;
[INFO] [stdout]    |         ^^^^^^^^^^^^^-------
[INFO] [stdout]    |         |            |
[INFO] [stdout]    |         |            help: a similar name exists in the module: `crpc_fn`
[INFO] [stdout]    |         no `cprc_fn` in the root
[INFO] [stdout] 
[INFO] [stdout] error: cannot find attribute `clap` in this scope
[INFO] [stdout]  --> src/lib.rs:10:1
[INFO] [stdout]   |
[INFO] [stdout] 6 | #[crpc_main]
[INFO] [stdout]   | ^^^^^^^^^^^^
[INFO] [stdout]   |
[INFO] [stdout]   = note: this error originates in the attribute macro `crpc_main` (in Nightly builds, run with -Z macro-backtrace for more info)
[INFO] [stdout] 
[INFO] [stdout] error: cannot find attribute `cprc_fn` in this scope
[INFO] [stdout]    --> src/lib.rs:14:6
[INFO] [stdout]     |
[INFO] [stdout] 10  |    #[cprc_fn]
[INFO] [stdout]     |      ^^^^^^^ help: an attribute macro with a similar name exists: `crpc_fn`
[INFO] [stdout]     |
[INFO] [stdout]    ::: /opt/rustwide/workdir/src/lib.rs:257:1
[INFO] [stdout]     |
[INFO] [stdout] 257 | pub fn crpc_fn(_attr: TokenStream, item: TokenStream) -> TokenStream {
[INFO] [stdout]     | -------------------------------------------------------------------- similarly named attribute macro `crpc_fn` defined here
[INFO] [stdout] 
[INFO] [stdout] error: cannot find attribute `crpc_mod` in this scope
[INFO] [stdout]   --> src/lib.rs:22:5
[INFO] [stdout]    |
[INFO] [stdout] 18 |   #[crpc_mod]
[INFO] [stdout]    |     ^^^^^^^^
[INFO] [stdout]    |
[INFO] [stdout] help: consider importing this attribute macro
[INFO] [stdout]    |
[INFO] [stdout] 8  +    use command_rpc::crpc_mod;
[INFO] [stdout]    |
[INFO] [stdout] 
[INFO] [stdout] error: cannot find attribute `crpc_fn` in this scope
[INFO] [stdout]   --> src/lib.rs:26:7
[INFO] [stdout]    |
[INFO] [stdout] 22 |     #[crpc_fn]
[INFO] [stdout]    |       ^^^^^^^
[INFO] [stdout]    |
[INFO] [stdout] help: consider importing one of these attribute macros
[INFO] [stdout]    |
[INFO] [stdout] 20 +     use crate::my_cli_backend::crpc_fn;
[INFO] [stdout]    |
[INFO] [stdout] 20 +     use command_rpc::crpc_fn;
[INFO] [stdout]    |
[INFO] [stdout] 
[INFO] [stdout] error[E0412]: cannot find type `My_cli_backend_sub` in module `my_cli_backend`
[INFO] [stdout]  --> src/lib.rs:10:1
[INFO] [stdout]   |
[INFO] [stdout] 6 | #[crpc_main]
[INFO] [stdout]   | ^^^^^^^^^^^^ not found in `my_cli_backend`
[INFO] [stdout]   |
[INFO] [stdout]   = note: this error originates in the attribute macro `crpc_main` (in Nightly builds, run with -Z macro-backtrace for more info)
[INFO] [stdout] help: there is an enum variant `crate::SubcommandMy_cli_backend::My_cli_backend_sub`; try using the variant's enum
[INFO] [stdout]   |
[INFO] [stdout] 6 | crate::SubcommandMy_cli_backend
[INFO] [stdout]   |
[INFO] [stdout] 
[INFO] [stdout] error[E0277]: the size for values of type `str` cannot be known at compilation time
[INFO] [stdout]   --> src/lib.rs:17:14
[INFO] [stdout]    |
[INFO] [stdout] 13 |        name: str
[INFO] [stdout]    |              ^^^ doesn't have a size known at compile-time
[INFO] [stdout]    |
[INFO] [stdout]    = help: the trait `Sized` is not implemented for `str`
[INFO] [stdout]    = help: unsized fn params are gated as an unstable feature
[INFO] [stdout] help: function arguments must have a statically known size, borrowed types always have a known size
[INFO] [stdout]    |
[INFO] [stdout] 13 |        name: &str
[INFO] [stdout]    |              +
[INFO] [stdout] 
[INFO] [stdout] error[E0277]: the size for values of type `str` cannot be known at compilation time
[INFO] [stdout]   --> src/lib.rs:19:31
[INFO] [stdout]    |
[INFO] [stdout] 15 |       eprintln!("Hello, {}!", name);
[INFO] [stdout]    |                         --    ^^^^ doesn't have a size known at compile-time
[INFO] [stdout]    |                         |
[INFO] [stdout]    |                         required by a bound introduced by this call
[INFO] [stdout]    |
[INFO] [stdout]    = help: the trait `Sized` is not implemented for `str`
[INFO] [stdout] note: required by an implicit `Sized` bound in `core::fmt::rt::Argument::<'_>::new_display`
[INFO] [stdout]   --> /rustc/df4ca44d3fbc9301ee17f30f4d474e6ae4b05252/library/core/src/fmt/rt.rs:113:5
[INFO] [stdout]    = note: this error originates in the macro `$crate::format_args_nl` which comes from the expansion of the macro `eprintln` (in Nightly builds, run with -Z macro-backtrace for more info)
[INFO] [stdout] 
[INFO] [stdout] error[E0277]: the size for values of type `str` cannot be known at compilation time
[INFO] [stdout]   --> src/lib.rs:29:15
[INFO] [stdout]    |
[INFO] [stdout] 25 |         name: str,
[INFO] [stdout]    |               ^^^ doesn't have a size known at compile-time
[INFO] [stdout]    |
[INFO] [stdout]    = help: the trait `Sized` is not implemented for `str`
[INFO] [stdout]    = help: unsized fn params are gated as an unstable feature
[INFO] [stdout] help: function arguments must have a statically known size, borrowed types always have a known size
[INFO] [stdout]    |
[INFO] [stdout] 25 |         name: &str,
[INFO] [stdout]    |               +
[INFO] [stdout] 
[INFO] [stdout] error[E0277]: the size for values of type `str` cannot be known at compilation time
[INFO] [stdout]   --> src/lib.rs:31:20
[INFO] [stdout]    |
[INFO] [stdout] 27 |         adjective: str 
[INFO] [stdout]    |                    ^^^ doesn't have a size known at compile-time
[INFO] [stdout]    |
[INFO] [stdout]    = help: the trait `Sized` is not implemented for `str`
[INFO] [stdout]    = help: unsized fn params are gated as an unstable feature
[INFO] [stdout] help: function arguments must have a statically known size, borrowed types always have a known size
[INFO] [stdout]    |
[INFO] [stdout] 27 |         adjective: &str 
[INFO] [stdout]    |                    +
[INFO] [stdout] 
[INFO] [stdout] error[E0277]: the size for values of type `str` cannot be known at compilation time
[INFO] [stdout]   --> src/lib.rs:33:44
[INFO] [stdout]    |
[INFO] [stdout] 29 |        eprintln!("Hello, {}! You are {}!", name, adjective);
[INFO] [stdout]    |                          --                ^^^^ doesn't have a size known at compile-time
[INFO] [stdout]    |                          |
[INFO] [stdout]    |                          required by a bound introduced by this call
[INFO] [stdout]    |
[INFO] [stdout]    = help: the trait `Sized` is not implemented for `str`
[INFO] [stdout] note: required by an implicit `Sized` bound in `core::fmt::rt::Argument::<'_>::new_display`
[INFO] [stdout]   --> /rustc/df4ca44d3fbc9301ee17f30f4d474e6ae4b05252/library/core/src/fmt/rt.rs:113:5
[INFO] [stdout]    = note: this error originates in the macro `$crate::format_args_nl` which comes from the expansion of the macro `eprintln` (in Nightly builds, run with -Z macro-backtrace for more info)
[INFO] [stdout] 
[INFO] [stdout] error[E0277]: the size for values of type `str` cannot be known at compilation time
[INFO] [stdout]   --> src/lib.rs:33:50
[INFO] [stdout]    |
[INFO] [stdout] 29 |        eprintln!("Hello, {}! You are {}!", name, adjective);
[INFO] [stdout]    |                                      --          ^^^^^^^^^ doesn't have a size known at compile-time
[INFO] [stdout]    |                                      |
[INFO] [stdout]    |                                      required by a bound introduced by this call
[INFO] [stdout]    |
[INFO] [stdout]    = help: the trait `Sized` is not implemented for `str`
[INFO] [stdout] note: required by an implicit `Sized` bound in `core::fmt::rt::Argument::<'_>::new_display`
[INFO] [stdout]   --> /rustc/df4ca44d3fbc9301ee17f30f4d474e6ae4b05252/library/core/src/fmt/rt.rs:113:5
[INFO] [stdout]    = note: this error originates in the macro `$crate::format_args_nl` which comes from the expansion of the macro `eprintln` (in Nightly builds, run with -Z macro-backtrace for more info)
[INFO] [stdout] 
[INFO] [stdout] error[E0433]: failed to resolve: use of undeclared type `My_cli_mod`
[INFO] [stdout]   --> src/lib.rs:39:4
[INFO] [stdout]    |
[INFO] [stdout] 35 |    My_cli_mod::parse().delegate();
[INFO] [stdout]    |    ^^^^^^^^^^ use of undeclared type `My_cli_mod`
[INFO] [stdout] 
[INFO] [stdout] error: aborting due to 18 previous errors
[INFO] [stdout] 
[INFO] [stdout] Some errors have detailed explanations: E0277, E0412, E0432, E0433.
[INFO] [stdout] For more information about an error, try `rustc --explain E0277`.
[INFO] [stdout] Couldn't compile the test.
[INFO] [stdout] 
[INFO] [stdout] failures:
[INFO] [stdout]     src/lib.rs - (line 47)
[INFO] [stdout]     src/lib.rs - (line 6)
[INFO] [stdout]     src/lib.rs - TokenStream (line 76)
[INFO] [stdout] 
[INFO] [stdout] test result: FAILED. 1 passed; 3 failed; 0 ignored; 0 measured; 0 filtered out; finished in 0.09s
[INFO] [stdout] 
[INFO] [stderr] error: doctest failed, to rerun pass `--doc`
[INFO] running `Command { std: "docker" "inspect" "bc319e6449ec785a4ac900f501d3158e054503efb49dcafb90bbc38ebd30bfa6", kill_on_drop: false }`
[INFO] running `Command { std: "docker" "rm" "-f" "bc319e6449ec785a4ac900f501d3158e054503efb49dcafb90bbc38ebd30bfa6", kill_on_drop: false }`
[INFO] [stdout] bc319e6449ec785a4ac900f501d3158e054503efb49dcafb90bbc38ebd30bfa6
