[INFO] fetching crate color_practice_shindig 0.1.0...
[INFO] testing color_practice_shindig-0.1.0 against nightly-2024-10-28+rustflags=-Zrandomize-layout for randomize-layout
[INFO] extracting crate color_practice_shindig 0.1.0 into /workspace/builds/worker-1-tc2/source
[INFO] validating manifest of crates.io crate color_practice_shindig 0.1.0 on toolchain nightly-2024-10-28
[INFO] running `Command { std: CARGO_HOME="/workspace/cargo-home" RUSTUP_HOME="/workspace/rustup-home" "/workspace/cargo-home/bin/cargo" "+nightly-2024-10-28" "metadata" "--manifest-path" "Cargo.toml" "--no-deps", kill_on_drop: false }`
[INFO] started tweaking crates.io crate color_practice_shindig 0.1.0
[INFO] finished tweaking crates.io crate color_practice_shindig 0.1.0
[INFO] tweaked toml for crates.io crate color_practice_shindig 0.1.0 written to /workspace/builds/worker-1-tc2/source/Cargo.toml
[INFO] crate crates.io crate color_practice_shindig 0.1.0 already has a lockfile, it will not be regenerated
[INFO] running `Command { std: CARGO_HOME="/workspace/cargo-home" RUSTUP_HOME="/workspace/rustup-home" "/workspace/cargo-home/bin/cargo" "+nightly-2024-10-28" "fetch" "--manifest-path" "Cargo.toml", kill_on_drop: false }`
[INFO] running `Command { std: "docker" "create" "-v" "/var/lib/crater-agent-workspace/builds/worker-1-tc2/target:/opt/rustwide/target:rw,Z" "-v" "/var/lib/crater-agent-workspace/builds/worker-1-tc2/source:/opt/rustwide/workdir:ro,Z" "-v" "/var/lib/crater-agent-workspace/cargo-home:/opt/rustwide/cargo-home:ro,Z" "-v" "/var/lib/crater-agent-workspace/rustup-home:/opt/rustwide/rustup-home:ro,Z" "-e" "SOURCE_DIR=/opt/rustwide/workdir" "-e" "CARGO_TARGET_DIR=/opt/rustwide/target" "-e" "CARGO_HOME=/opt/rustwide/cargo-home" "-e" "RUSTUP_HOME=/opt/rustwide/rustup-home" "-w" "/opt/rustwide/workdir" "-m" "1610612736" "--user" "0:0" "--network" "none" "ghcr.io/rust-lang/crates-build-env/linux@sha256:4a844ea9eb2546a2d2c7022eacef16ef2e8229c7fbb2c7d4d55a9ceca922f72d" "/opt/rustwide/cargo-home/bin/cargo" "+nightly-2024-10-28" "metadata" "--no-deps" "--format-version=1", kill_on_drop: false }`
[INFO] [stdout] 9e88ded718d583e924f8c65e4d97149854958c60a7aa55404215d8cee1e2b140
[INFO] running `Command { std: "docker" "start" "-a" "9e88ded718d583e924f8c65e4d97149854958c60a7aa55404215d8cee1e2b140", kill_on_drop: false }`
[INFO] running `Command { std: "docker" "inspect" "9e88ded718d583e924f8c65e4d97149854958c60a7aa55404215d8cee1e2b140", kill_on_drop: false }`
[INFO] running `Command { std: "docker" "rm" "-f" "9e88ded718d583e924f8c65e4d97149854958c60a7aa55404215d8cee1e2b140", kill_on_drop: false }`
[INFO] [stdout] 9e88ded718d583e924f8c65e4d97149854958c60a7aa55404215d8cee1e2b140
[INFO] running `Command { std: "docker" "create" "-v" "/var/lib/crater-agent-workspace/builds/worker-1-tc2/target:/opt/rustwide/target:rw,Z" "-v" "/var/lib/crater-agent-workspace/builds/worker-1-tc2/source:/opt/rustwide/workdir:ro,Z" "-v" "/var/lib/crater-agent-workspace/cargo-home:/opt/rustwide/cargo-home:ro,Z" "-v" "/var/lib/crater-agent-workspace/rustup-home:/opt/rustwide/rustup-home:ro,Z" "-e" "SOURCE_DIR=/opt/rustwide/workdir" "-e" "CARGO_TARGET_DIR=/opt/rustwide/target" "-e" "CARGO_INCREMENTAL=0" "-e" "RUST_BACKTRACE=full" "-e" "RUSTFLAGS=--cap-lints=forbid -Zrandomize-layout" "-e" "RUSTDOCFLAGS=--cap-lints=forbid" "-e" "CARGO_HOME=/opt/rustwide/cargo-home" "-e" "RUSTUP_HOME=/opt/rustwide/rustup-home" "-w" "/opt/rustwide/workdir" "-m" "1610612736" "--user" "0:0" "--network" "none" "ghcr.io/rust-lang/crates-build-env/linux@sha256:4a844ea9eb2546a2d2c7022eacef16ef2e8229c7fbb2c7d4d55a9ceca922f72d" "/opt/rustwide/cargo-home/bin/cargo" "+nightly-2024-10-28" "build" "--frozen" "--message-format=json", kill_on_drop: false }`
[INFO] [stdout] d2dff44928854120179ff4f1af323c2b3f10854d5bd7a283e79c747c81044ab7
[INFO] running `Command { std: "docker" "start" "-a" "d2dff44928854120179ff4f1af323c2b3f10854d5bd7a283e79c747c81044ab7", kill_on_drop: false }`
[INFO] [stderr]    Compiling color_practice_shindig v0.1.0 (/opt/rustwide/workdir)
[INFO] [stderr]     Finished `dev` profile [unoptimized + debuginfo] target(s) in 0.14s
[INFO] running `Command { std: "docker" "inspect" "d2dff44928854120179ff4f1af323c2b3f10854d5bd7a283e79c747c81044ab7", kill_on_drop: false }`
[INFO] running `Command { std: "docker" "rm" "-f" "d2dff44928854120179ff4f1af323c2b3f10854d5bd7a283e79c747c81044ab7", kill_on_drop: false }`
[INFO] [stdout] d2dff44928854120179ff4f1af323c2b3f10854d5bd7a283e79c747c81044ab7
[INFO] running `Command { std: "docker" "create" "-v" "/var/lib/crater-agent-workspace/builds/worker-1-tc2/target:/opt/rustwide/target:rw,Z" "-v" "/var/lib/crater-agent-workspace/builds/worker-1-tc2/source:/opt/rustwide/workdir:ro,Z" "-v" "/var/lib/crater-agent-workspace/cargo-home:/opt/rustwide/cargo-home:ro,Z" "-v" "/var/lib/crater-agent-workspace/rustup-home:/opt/rustwide/rustup-home:ro,Z" "-e" "SOURCE_DIR=/opt/rustwide/workdir" "-e" "CARGO_TARGET_DIR=/opt/rustwide/target" "-e" "CARGO_INCREMENTAL=0" "-e" "RUST_BACKTRACE=full" "-e" "RUSTFLAGS=--cap-lints=forbid -Zrandomize-layout" "-e" "RUSTDOCFLAGS=--cap-lints=forbid" "-e" "CARGO_HOME=/opt/rustwide/cargo-home" "-e" "RUSTUP_HOME=/opt/rustwide/rustup-home" "-w" "/opt/rustwide/workdir" "-m" "1610612736" "--user" "0:0" "--network" "none" "ghcr.io/rust-lang/crates-build-env/linux@sha256:4a844ea9eb2546a2d2c7022eacef16ef2e8229c7fbb2c7d4d55a9ceca922f72d" "/opt/rustwide/cargo-home/bin/cargo" "+nightly-2024-10-28" "test" "--frozen" "--no-run" "--message-format=json", kill_on_drop: false }`
[INFO] [stdout] 60ba0df2130746e3430bbc15c53388b6709653f04b8354ef32783216461967a0
[INFO] running `Command { std: "docker" "start" "-a" "60ba0df2130746e3430bbc15c53388b6709653f04b8354ef32783216461967a0", kill_on_drop: false }`
[INFO] [stderr]    Compiling color_practice_shindig v0.1.0 (/opt/rustwide/workdir)
[INFO] [stderr]     Finished `test` profile [unoptimized + debuginfo] target(s) in 0.08s
[INFO] running `Command { std: "docker" "inspect" "60ba0df2130746e3430bbc15c53388b6709653f04b8354ef32783216461967a0", kill_on_drop: false }`
[INFO] running `Command { std: "docker" "rm" "-f" "60ba0df2130746e3430bbc15c53388b6709653f04b8354ef32783216461967a0", kill_on_drop: false }`
[INFO] [stdout] 60ba0df2130746e3430bbc15c53388b6709653f04b8354ef32783216461967a0
[INFO] running `Command { std: "docker" "create" "-v" "/var/lib/crater-agent-workspace/builds/worker-1-tc2/target:/opt/rustwide/target:rw,Z" "-v" "/var/lib/crater-agent-workspace/builds/worker-1-tc2/source:/opt/rustwide/workdir:ro,Z" "-v" "/var/lib/crater-agent-workspace/cargo-home:/opt/rustwide/cargo-home:ro,Z" "-v" "/var/lib/crater-agent-workspace/rustup-home:/opt/rustwide/rustup-home:ro,Z" "-e" "SOURCE_DIR=/opt/rustwide/workdir" "-e" "CARGO_TARGET_DIR=/opt/rustwide/target" "-e" "CARGO_INCREMENTAL=0" "-e" "RUST_BACKTRACE=full" "-e" "RUSTFLAGS=--cap-lints=forbid -Zrandomize-layout" "-e" "RUSTDOCFLAGS=--cap-lints=forbid" "-e" "CARGO_HOME=/opt/rustwide/cargo-home" "-e" "RUSTUP_HOME=/opt/rustwide/rustup-home" "-w" "/opt/rustwide/workdir" "-m" "1610612736" "--user" "0:0" "--network" "none" "ghcr.io/rust-lang/crates-build-env/linux@sha256:4a844ea9eb2546a2d2c7022eacef16ef2e8229c7fbb2c7d4d55a9ceca922f72d" "/opt/rustwide/cargo-home/bin/cargo" "+nightly-2024-10-28" "test" "--frozen", kill_on_drop: false }`
[INFO] [stdout] 1d326ba98701dbe682476fc23ff6032d4c026cd99a75bbb2324926acc45da40f
[INFO] running `Command { std: "docker" "start" "-a" "1d326ba98701dbe682476fc23ff6032d4c026cd99a75bbb2324926acc45da40f", kill_on_drop: false }`
[INFO] [stderr]     Finished `test` profile [unoptimized + debuginfo] target(s) in 0.00s
[INFO] [stderr]      Running unittests src/lib.rs (/opt/rustwide/target/debug/deps/color_practice_shindig-66a2dfc240ebf846)
[INFO] [stdout] 
[INFO] [stdout] running 0 tests
[INFO] [stdout] 
[INFO] [stdout] test result: ok. 0 passed; 0 failed; 0 ignored; 0 measured; 0 filtered out; finished in 0.00s
[INFO] [stdout] 
[INFO] [stderr]      Running unittests src/main.rs (/opt/rustwide/target/debug/deps/color_practice_shindig-803428f9343a006e)
[INFO] [stdout] 
[INFO] [stdout] running 0 tests
[INFO] [stdout] 
[INFO] [stdout] test result: ok. 0 passed; 0 failed; 0 ignored; 0 measured; 0 filtered out; finished in 0.00s
[INFO] [stdout] 
[INFO] [stderr]    Doc-tests color_practice_shindig
[INFO] [stdout] 
[INFO] [stdout] running 1 test
[INFO] [stdout] test src/lib.rs - utils::mix (line 34) ... FAILED
[INFO] [stdout] 
[INFO] [stdout] failures:
[INFO] [stdout] 
[INFO] [stdout] ---- src/lib.rs - utils::mix (line 34) stdout ----
[INFO] [stdout] error[E0433]: failed to resolve: use of undeclared type `PrimaryColor`
[INFO] [stdout]  --> src/lib.rs:35:9
[INFO] [stdout]   |
[INFO] [stdout] 3 | let x = PrimaryColor::Red;
[INFO] [stdout]   |         ^^^^^^^^^^^^ use of undeclared type `PrimaryColor`
[INFO] [stdout]   |
[INFO] [stdout] help: consider importing this enum
[INFO] [stdout]   |
[INFO] [stdout] 2 + use color_practice_shindig::PrimaryColor;
[INFO] [stdout]   |
[INFO] [stdout] 
[INFO] [stdout] error[E0433]: failed to resolve: use of undeclared type `PrimaryColor`
[INFO] [stdout]  --> src/lib.rs:37:9
[INFO] [stdout]   |
[INFO] [stdout] 5 | let y = PrimaryColor::Blue;
[INFO] [stdout]   |         ^^^^^^^^^^^^ use of undeclared type `PrimaryColor`
[INFO] [stdout]   |
[INFO] [stdout] help: consider importing this enum
[INFO] [stdout]   |
[INFO] [stdout] 2 + use color_practice_shindig::PrimaryColor;
[INFO] [stdout]   |
[INFO] [stdout] 
[INFO] [stdout] error[E0425]: cannot find function `mix` in this scope
[INFO] [stdout]  --> src/lib.rs:39:9
[INFO] [stdout]   |
[INFO] [stdout] 7 | let z = mix(x, y);
[INFO] [stdout]   |         ^^^ not found in this scope
[INFO] [stdout]   |
[INFO] [stdout] help: consider importing this function
[INFO] [stdout]   |
[INFO] [stdout] 2 + use color_practice_shindig::mix;
[INFO] [stdout]   |
[INFO] [stdout] 
[INFO] [stdout] error: aborting due to 3 previous errors
[INFO] [stdout] 
[INFO] [stdout] Some errors have detailed explanations: E0425, E0433.
[INFO] [stdout] For more information about an error, try `rustc --explain E0425`.
[INFO] [stdout] Couldn't compile the test.
[INFO] [stdout] 
[INFO] [stdout] failures:
[INFO] [stdout]     src/lib.rs - utils::mix (line 34)
[INFO] [stdout] 
[INFO] [stdout] test result: FAILED. 0 passed; 1 failed; 0 ignored; 0 measured; 0 filtered out; finished in 0.04s
[INFO] [stdout] 
[INFO] [stderr] error: doctest failed, to rerun pass `--doc`
[INFO] running `Command { std: "docker" "inspect" "1d326ba98701dbe682476fc23ff6032d4c026cd99a75bbb2324926acc45da40f", kill_on_drop: false }`
[INFO] running `Command { std: "docker" "rm" "-f" "1d326ba98701dbe682476fc23ff6032d4c026cd99a75bbb2324926acc45da40f", kill_on_drop: false }`
[INFO] [stdout] 1d326ba98701dbe682476fc23ff6032d4c026cd99a75bbb2324926acc45da40f
