[INFO] fetching crate cogno 0.1.0...
[INFO] testing cogno-0.1.0 against nightly-2024-10-28 for randomize-layout
[INFO] extracting crate cogno 0.1.0 into /workspace/builds/worker-7-tc1/source
[INFO] validating manifest of crates.io crate cogno 0.1.0 on toolchain nightly-2024-10-28
[INFO] running `Command { std: CARGO_HOME="/workspace/cargo-home" RUSTUP_HOME="/workspace/rustup-home" "/workspace/cargo-home/bin/cargo" "+nightly-2024-10-28" "metadata" "--manifest-path" "Cargo.toml" "--no-deps", kill_on_drop: false }`
[INFO] started tweaking crates.io crate cogno 0.1.0
[INFO] finished tweaking crates.io crate cogno 0.1.0
[INFO] tweaked toml for crates.io crate cogno 0.1.0 written to /workspace/builds/worker-7-tc1/source/Cargo.toml
[INFO] running `Command { std: CARGO_HOME="/workspace/cargo-home" RUSTUP_HOME="/workspace/rustup-home" "/workspace/cargo-home/bin/cargo" "+nightly-2024-10-28" "generate-lockfile" "--manifest-path" "Cargo.toml", kill_on_drop: false }`
[INFO] [stderr]     Updating crates.io index
[INFO] [stderr]      Locking 52 packages to latest compatible versions
[INFO] [stderr]       Adding itertools v0.10.5 (available: v0.13.0)
[INFO] [stderr]       Adding toml v0.7.8 (available: v0.8.19)
[INFO] running `Command { std: CARGO_HOME="/workspace/cargo-home" RUSTUP_HOME="/workspace/rustup-home" "/workspace/cargo-home/bin/cargo" "+nightly-2024-10-28" "fetch" "--manifest-path" "Cargo.toml", kill_on_drop: false }`
[INFO] [stderr]  Downloading crates ...
[INFO] [stderr]   Downloaded cogno-attr v0.1.0
[INFO] running `Command { std: "docker" "create" "-v" "/var/lib/crater-agent-workspace/builds/worker-7-tc1/target:/opt/rustwide/target:rw,Z" "-v" "/var/lib/crater-agent-workspace/builds/worker-7-tc1/source:/opt/rustwide/workdir:ro,Z" "-v" "/var/lib/crater-agent-workspace/cargo-home:/opt/rustwide/cargo-home:ro,Z" "-v" "/var/lib/crater-agent-workspace/rustup-home:/opt/rustwide/rustup-home:ro,Z" "-e" "SOURCE_DIR=/opt/rustwide/workdir" "-e" "CARGO_TARGET_DIR=/opt/rustwide/target" "-e" "CARGO_HOME=/opt/rustwide/cargo-home" "-e" "RUSTUP_HOME=/opt/rustwide/rustup-home" "-w" "/opt/rustwide/workdir" "-m" "1610612736" "--user" "0:0" "--network" "none" "ghcr.io/rust-lang/crates-build-env/linux@sha256:4a844ea9eb2546a2d2c7022eacef16ef2e8229c7fbb2c7d4d55a9ceca922f72d" "/opt/rustwide/cargo-home/bin/cargo" "+nightly-2024-10-28" "metadata" "--no-deps" "--format-version=1", kill_on_drop: false }`
[INFO] [stdout] 836984198dbbabbf556228e4910899c06b156a0ea5ba5388ab5339388a574040
[INFO] running `Command { std: "docker" "start" "-a" "836984198dbbabbf556228e4910899c06b156a0ea5ba5388ab5339388a574040", kill_on_drop: false }`
[INFO] running `Command { std: "docker" "inspect" "836984198dbbabbf556228e4910899c06b156a0ea5ba5388ab5339388a574040", kill_on_drop: false }`
[INFO] running `Command { std: "docker" "rm" "-f" "836984198dbbabbf556228e4910899c06b156a0ea5ba5388ab5339388a574040", kill_on_drop: false }`
[INFO] [stdout] 836984198dbbabbf556228e4910899c06b156a0ea5ba5388ab5339388a574040
[INFO] running `Command { std: "docker" "create" "-v" "/var/lib/crater-agent-workspace/builds/worker-7-tc1/target:/opt/rustwide/target:rw,Z" "-v" "/var/lib/crater-agent-workspace/builds/worker-7-tc1/source:/opt/rustwide/workdir:ro,Z" "-v" "/var/lib/crater-agent-workspace/cargo-home:/opt/rustwide/cargo-home:ro,Z" "-v" "/var/lib/crater-agent-workspace/rustup-home:/opt/rustwide/rustup-home:ro,Z" "-e" "SOURCE_DIR=/opt/rustwide/workdir" "-e" "CARGO_TARGET_DIR=/opt/rustwide/target" "-e" "CARGO_INCREMENTAL=0" "-e" "RUST_BACKTRACE=full" "-e" "RUSTFLAGS=--cap-lints=forbid" "-e" "RUSTDOCFLAGS=--cap-lints=forbid" "-e" "CARGO_HOME=/opt/rustwide/cargo-home" "-e" "RUSTUP_HOME=/opt/rustwide/rustup-home" "-w" "/opt/rustwide/workdir" "-m" "1610612736" "--user" "0:0" "--network" "none" "ghcr.io/rust-lang/crates-build-env/linux@sha256:4a844ea9eb2546a2d2c7022eacef16ef2e8229c7fbb2c7d4d55a9ceca922f72d" "/opt/rustwide/cargo-home/bin/cargo" "+nightly-2024-10-28" "build" "--frozen" "--message-format=json", kill_on_drop: false }`
[INFO] [stdout] 30fe4d6b17466185963cff71ed20dcd33a3f459a0cd509a276864bb640d7086a
[INFO] running `Command { std: "docker" "start" "-a" "30fe4d6b17466185963cff71ed20dcd33a3f459a0cd509a276864bb640d7086a", kill_on_drop: false }`
[INFO] [stderr]    Compiling serde v1.0.214
[INFO] [stderr]    Compiling hashbrown v0.15.0
[INFO] [stderr]    Compiling serde_json v1.0.132
[INFO] [stderr]    Compiling equivalent v1.0.1
[INFO] [stderr]    Compiling ryu v1.0.18
[INFO] [stderr]    Compiling itoa v1.0.11
[INFO] [stderr]    Compiling serde_derive v1.0.214
[INFO] [stderr]    Compiling either v1.13.0
[INFO] [stderr]    Compiling memchr v2.7.4
[INFO] [stderr]    Compiling winnow v0.5.40
[INFO] [stderr]    Compiling itertools v0.10.5
[INFO] [stderr]    Compiling thiserror v1.0.66
[INFO] [stderr]    Compiling thiserror-impl v1.0.66
[INFO] [stderr]    Compiling tracing-log v0.2.0
[INFO] [stderr]    Compiling tracing-subscriber v0.3.18
[INFO] [stderr]    Compiling indexmap v2.6.0
[INFO] [stderr]    Compiling toml_datetime v0.6.8
[INFO] [stderr]    Compiling serde_spanned v0.6.8
[INFO] [stderr]    Compiling toml_edit v0.19.15
[INFO] [stderr]    Compiling cogno-attr v0.1.0
[INFO] [stderr]    Compiling toml v0.7.8
[INFO] [stderr]    Compiling cogno v0.1.0 (/opt/rustwide/workdir)
[INFO] [stdout] warning: unused import: `assert::*`
[INFO] [stdout]  --> src/lib.rs:9:9
[INFO] [stdout]   |
[INFO] [stdout] 9 | pub use assert::*;
[INFO] [stdout]   |         ^^^^^^^^^
[INFO] [stdout]   |
[INFO] [stdout]   = note: `#[warn(unused_imports)]` on by default
[INFO] [stdout] 
[INFO] [stdout] 
[INFO] [stdout] warning: enum `TestOutcome` is never used
[INFO] [stdout]   --> src/report/model.rs:39:10
[INFO] [stdout]    |
[INFO] [stdout] 39 | pub enum TestOutcome {
[INFO] [stdout]    |          ^^^^^^^^^^^
[INFO] [stdout]    |
[INFO] [stdout]    = note: `TestOutcome` has a derived impl for the trait `Debug`, but this is intentionally ignored during dead code analysis
[INFO] [stdout]    = note: `#[warn(dead_code)]` on by default
[INFO] [stdout] 
[INFO] [stdout] 
[INFO] [stderr]     Finished `dev` profile [unoptimized + debuginfo] target(s) in 16.45s
[INFO] running `Command { std: "docker" "inspect" "30fe4d6b17466185963cff71ed20dcd33a3f459a0cd509a276864bb640d7086a", kill_on_drop: false }`
[INFO] running `Command { std: "docker" "rm" "-f" "30fe4d6b17466185963cff71ed20dcd33a3f459a0cd509a276864bb640d7086a", kill_on_drop: false }`
[INFO] [stdout] 30fe4d6b17466185963cff71ed20dcd33a3f459a0cd509a276864bb640d7086a
[INFO] running `Command { std: "docker" "create" "-v" "/var/lib/crater-agent-workspace/builds/worker-7-tc1/target:/opt/rustwide/target:rw,Z" "-v" "/var/lib/crater-agent-workspace/builds/worker-7-tc1/source:/opt/rustwide/workdir:ro,Z" "-v" "/var/lib/crater-agent-workspace/cargo-home:/opt/rustwide/cargo-home:ro,Z" "-v" "/var/lib/crater-agent-workspace/rustup-home:/opt/rustwide/rustup-home:ro,Z" "-e" "SOURCE_DIR=/opt/rustwide/workdir" "-e" "CARGO_TARGET_DIR=/opt/rustwide/target" "-e" "CARGO_INCREMENTAL=0" "-e" "RUST_BACKTRACE=full" "-e" "RUSTFLAGS=--cap-lints=forbid" "-e" "RUSTDOCFLAGS=--cap-lints=forbid" "-e" "CARGO_HOME=/opt/rustwide/cargo-home" "-e" "RUSTUP_HOME=/opt/rustwide/rustup-home" "-w" "/opt/rustwide/workdir" "-m" "1610612736" "--user" "0:0" "--network" "none" "ghcr.io/rust-lang/crates-build-env/linux@sha256:4a844ea9eb2546a2d2c7022eacef16ef2e8229c7fbb2c7d4d55a9ceca922f72d" "/opt/rustwide/cargo-home/bin/cargo" "+nightly-2024-10-28" "test" "--frozen" "--no-run" "--message-format=json", kill_on_drop: false }`
[INFO] [stdout] 2268c7925487e36b948c749f3c482ee0825aace3f591cde78fdca4cd726bb81c
[INFO] running `Command { std: "docker" "start" "-a" "2268c7925487e36b948c749f3c482ee0825aace3f591cde78fdca4cd726bb81c", kill_on_drop: false }`
[INFO] [stdout] warning: unused import: `assert::*`
[INFO] [stdout]  --> src/lib.rs:9:9
[INFO] [stdout]   |
[INFO] [stdout] 9 | pub use assert::*;
[INFO] [stdout]   |         ^^^^^^^^^
[INFO] [stdout]   |
[INFO] [stdout]   = note: `#[warn(unused_imports)]` on by default
[INFO] [stdout] 
[INFO] [stdout] 
[INFO] [stdout] warning: enum `TestOutcome` is never used
[INFO] [stdout]   --> src/report/model.rs:39:10
[INFO] [stdout]    |
[INFO] [stdout] 39 | pub enum TestOutcome {
[INFO] [stdout]    |          ^^^^^^^^^^^
[INFO] [stdout]    |
[INFO] [stdout]    = note: `TestOutcome` has a derived impl for the trait `Debug`, but this is intentionally ignored during dead code analysis
[INFO] [stdout]    = note: `#[warn(dead_code)]` on by default
[INFO] [stdout] 
[INFO] [stdout] 
[INFO] [stderr]    Compiling cogno v0.1.0 (/opt/rustwide/workdir)
[INFO] [stdout] warning: unused import: `assert::*`
[INFO] [stdout]  --> src/lib.rs:9:9
[INFO] [stdout]   |
[INFO] [stdout] 9 | pub use assert::*;
[INFO] [stdout]   |         ^^^^^^^^^
[INFO] [stdout]   |
[INFO] [stdout]   = note: `#[warn(unused_imports)]` on by default
[INFO] [stdout] 
[INFO] [stdout] 
[INFO] [stdout] warning: enum `TestOutcome` is never used
[INFO] [stdout]   --> src/report/model.rs:39:10
[INFO] [stdout]    |
[INFO] [stdout] 39 | pub enum TestOutcome {
[INFO] [stdout]    |          ^^^^^^^^^^^
[INFO] [stdout]    |
[INFO] [stdout]    = note: `TestOutcome` has a derived impl for the trait `Debug`, but this is intentionally ignored during dead code analysis
[INFO] [stdout]    = note: `#[warn(dead_code)]` on by default
[INFO] [stdout] 
[INFO] [stdout] 
[INFO] [stderr]     Finished `test` profile [unoptimized + debuginfo] target(s) in 0.78s
[INFO] running `Command { std: "docker" "inspect" "2268c7925487e36b948c749f3c482ee0825aace3f591cde78fdca4cd726bb81c", kill_on_drop: false }`
[INFO] running `Command { std: "docker" "rm" "-f" "2268c7925487e36b948c749f3c482ee0825aace3f591cde78fdca4cd726bb81c", kill_on_drop: false }`
[INFO] [stdout] 2268c7925487e36b948c749f3c482ee0825aace3f591cde78fdca4cd726bb81c
[INFO] running `Command { std: "docker" "create" "-v" "/var/lib/crater-agent-workspace/builds/worker-7-tc1/target:/opt/rustwide/target:rw,Z" "-v" "/var/lib/crater-agent-workspace/builds/worker-7-tc1/source:/opt/rustwide/workdir:ro,Z" "-v" "/var/lib/crater-agent-workspace/cargo-home:/opt/rustwide/cargo-home:ro,Z" "-v" "/var/lib/crater-agent-workspace/rustup-home:/opt/rustwide/rustup-home:ro,Z" "-e" "SOURCE_DIR=/opt/rustwide/workdir" "-e" "CARGO_TARGET_DIR=/opt/rustwide/target" "-e" "CARGO_INCREMENTAL=0" "-e" "RUST_BACKTRACE=full" "-e" "RUSTFLAGS=--cap-lints=forbid" "-e" "RUSTDOCFLAGS=--cap-lints=forbid" "-e" "CARGO_HOME=/opt/rustwide/cargo-home" "-e" "RUSTUP_HOME=/opt/rustwide/rustup-home" "-w" "/opt/rustwide/workdir" "-m" "1610612736" "--user" "0:0" "--network" "none" "ghcr.io/rust-lang/crates-build-env/linux@sha256:4a844ea9eb2546a2d2c7022eacef16ef2e8229c7fbb2c7d4d55a9ceca922f72d" "/opt/rustwide/cargo-home/bin/cargo" "+nightly-2024-10-28" "test" "--frozen", kill_on_drop: false }`
[INFO] [stdout] f1789a48ad1dd3e7ca0722d4796aa81ac616e8b335b2b59a2b577135ec15ae22
[INFO] running `Command { std: "docker" "start" "-a" "f1789a48ad1dd3e7ca0722d4796aa81ac616e8b335b2b59a2b577135ec15ae22", kill_on_drop: false }`
[INFO] [stderr] warning: unused import: `assert::*`
[INFO] [stderr]  --> src/lib.rs:9:9
[INFO] [stderr]   |
[INFO] [stderr] 9 | pub use assert::*;
[INFO] [stderr]   |         ^^^^^^^^^
[INFO] [stderr]   |
[INFO] [stderr]   = note: `#[warn(unused_imports)]` on by default
[INFO] [stderr] 
[INFO] [stderr] warning: enum `TestOutcome` is never used
[INFO] [stderr]   --> src/report/model.rs:39:10
[INFO] [stderr]    |
[INFO] [stderr] 39 | pub enum TestOutcome {
[INFO] [stderr]    |          ^^^^^^^^^^^
[INFO] [stderr]    |
[INFO] [stderr]    = note: `TestOutcome` has a derived impl for the trait `Debug`, but this is intentionally ignored during dead code analysis
[INFO] [stderr]    = note: `#[warn(dead_code)]` on by default
[INFO] [stderr] 
[INFO] [stderr] warning: `cogno` (lib) generated 2 warnings (run `cargo fix --lib -p cogno` to apply 1 suggestion)
[INFO] [stderr] warning: `cogno` (lib test) generated 2 warnings (2 duplicates)
[INFO] [stderr]     Finished `test` profile [unoptimized + debuginfo] target(s) in 0.11s
[INFO] [stdout] 
[INFO] [stdout] running 0 tests
[INFO] [stdout] 
[INFO] [stdout] test result: ok. 0 passed; 0 failed; 0 ignored; 0 measured; 0 filtered out; finished in 0.00s
[INFO] [stdout] 
[INFO] [stderr]      Running unittests src/lib.rs (/opt/rustwide/target/debug/deps/cogno-227d1823ac92d1bf)
[INFO] [stderr]    Doc-tests cogno
[INFO] [stdout] 
[INFO] [stdout] running 9 tests
[INFO] [stdout] test src/assert.rs - assert::must_eq (line 5) ... FAILED
[INFO] [stdout] test src/assert.rs - assert::should_eq (line 55) ... FAILED
[INFO] [stdout] test src/assert.rs - assert::may_eq (line 105) ... FAILED
[INFO] [stdout] test src/assert.rs - assert::must_not_eq (line 30) ... FAILED
[INFO] [stdout] test src/assert.rs - assert::should_not_eq (line 80) ... FAILED
[INFO] [stdout] test src/../README.md - (line 97) ... FAILED
[INFO] [stdout] test src/../README.md - (line 161) ... FAILED
[INFO] [stdout] test src/../README.md - (line 50) ... FAILED
[INFO] [stdout] test src/proc/mod.rs - proc::defer_close (line 10) ... FAILED
[INFO] [stdout] 
[INFO] [stdout] failures:
[INFO] [stdout] 
[INFO] [stdout] ---- src/assert.rs - assert::must_eq (line 5) stdout ----
[INFO] [stdout] error: cannot find macro `must_eq` in this scope
[INFO] [stdout]  --> src/assert.rs:6:1
[INFO] [stdout]   |
[INFO] [stdout] 3 | must_eq!("my_rfc_1234_section_1_2_my_requirement", 'a', 'a');
[INFO] [stdout]   | ^^^^^^^
[INFO] [stdout]   |
[INFO] [stdout] help: consider importing this macro
[INFO] [stdout]   |
[INFO] [stdout] 2 + use cogno::must_eq;
[INFO] [stdout]   |
[INFO] [stdout] 
[INFO] [stdout] error: aborting due to 1 previous error
[INFO] [stdout] 
[INFO] [stdout] Couldn't compile the test.
[INFO] [stdout] ---- src/assert.rs - assert::should_eq (line 55) stdout ----
[INFO] [stdout] error: cannot find macro `should_eq` in this scope
[INFO] [stdout]  --> src/assert.rs:56:1
[INFO] [stdout]   |
[INFO] [stdout] 3 | should_eq!("my_rfc_1234_section_1_2_my_requirement", 'a', 'a');
[INFO] [stdout]   | ^^^^^^^^^
[INFO] [stdout]   |
[INFO] [stdout] help: consider importing this macro
[INFO] [stdout]   |
[INFO] [stdout] 2 + use cogno::should_eq;
[INFO] [stdout]   |
[INFO] [stdout] 
[INFO] [stdout] error: aborting due to 1 previous error
[INFO] [stdout] 
[INFO] [stdout] Couldn't compile the test.
[INFO] [stdout] ---- src/assert.rs - assert::may_eq (line 105) stdout ----
[INFO] [stdout] error: cannot find macro `may_eq` in this scope
[INFO] [stdout]  --> src/assert.rs:106:1
[INFO] [stdout]   |
[INFO] [stdout] 3 | may_eq!("my_rfc_1234_section_1_2_my_requirement", 'a', 'a');
[INFO] [stdout]   | ^^^^^^
[INFO] [stdout]   |
[INFO] [stdout] help: consider importing this macro
[INFO] [stdout]   |
[INFO] [stdout] 2 + use cogno::may_eq;
[INFO] [stdout]   |
[INFO] [stdout] 
[INFO] [stdout] error: aborting due to 1 previous error
[INFO] [stdout] 
[INFO] [stdout] Couldn't compile the test.
[INFO] [stdout] ---- src/assert.rs - assert::must_not_eq (line 30) stdout ----
[INFO] [stdout] error: cannot find macro `must_not_eq` in this scope
[INFO] [stdout]  --> src/assert.rs:31:1
[INFO] [stdout]   |
[INFO] [stdout] 3 | must_not_eq!("my_rfc_1234_section_1_2_my_requirement", 'a', 'b');
[INFO] [stdout]   | ^^^^^^^^^^^
[INFO] [stdout]   |
[INFO] [stdout] help: consider importing this macro
[INFO] [stdout]   |
[INFO] [stdout] 2 + use cogno::must_not_eq;
[INFO] [stdout]   |
[INFO] [stdout] 
[INFO] [stdout] error: aborting due to 1 previous error
[INFO] [stdout] 
[INFO] [stdout] Couldn't compile the test.
[INFO] [stdout] ---- src/assert.rs - assert::should_not_eq (line 80) stdout ----
[INFO] [stdout] error: cannot find macro `should_not_eq` in this scope
[INFO] [stdout]  --> src/assert.rs:81:1
[INFO] [stdout]   |
[INFO] [stdout] 3 | should_not_eq!("my_rfc_1234_section_1_2_my_requirement", 'a', 'b');
[INFO] [stdout]   | ^^^^^^^^^^^^^
[INFO] [stdout]   |
[INFO] [stdout] help: consider importing this macro
[INFO] [stdout]   |
[INFO] [stdout] 2 + use cogno::should_not_eq;
[INFO] [stdout]   |
[INFO] [stdout] 
[INFO] [stdout] error: aborting due to 1 previous error
[INFO] [stdout] 
[INFO] [stdout] Couldn't compile the test.
[INFO] [stdout] ---- src/../README.md - (line 97) stdout ----
[INFO] [stdout] error: cannot find attribute `cogno_test` in this scope
[INFO] [stdout]   --> src/../README.md:104:3
[INFO] [stdout]    |
[INFO] [stdout] 10 | #[cogno_test(spec = "1235")]
[INFO] [stdout]    |   ^^^^^^^^^^
[INFO] [stdout]    |
[INFO] [stdout] help: consider importing one of these attribute macros
[INFO] [stdout]    |
[INFO] [stdout] 2  + use cogno::cogno_test;
[INFO] [stdout]    |
[INFO] [stdout] 2  + use cogno_attr::cogno_test;
[INFO] [stdout]    |
[INFO] [stdout] 
[INFO] [stdout] error: cannot find macro `must_eq` in this scope
[INFO] [stdout]   --> src/../README.md:106:5
[INFO] [stdout]    |
[INFO] [stdout] 12 |     must_eq!("rfc_1235_assertion_id", 'b', 'b');
[INFO] [stdout]    |     ^^^^^^^
[INFO] [stdout]    |
[INFO] [stdout] help: consider importing this macro
[INFO] [stdout]    |
[INFO] [stdout] 2  + use cogno::must_eq;
[INFO] [stdout]    |
[INFO] [stdout] 
[INFO] [stdout] error: cannot find attribute `cogno_test` in this scope
[INFO] [stdout]  --> src/../README.md:99:3
[INFO] [stdout]   |
[INFO] [stdout] 5 | #[cogno_test(spec = "1234")]
[INFO] [stdout]   |   ^^^^^^^^^^
[INFO] [stdout]   |
[INFO] [stdout] help: consider importing one of these attribute macros
[INFO] [stdout]   |
[INFO] [stdout] 2 + use cogno::cogno_test;
[INFO] [stdout]   |
[INFO] [stdout] 2 + use cogno_attr::cogno_test;
[INFO] [stdout]   |
[INFO] [stdout] 
[INFO] [stdout] error: cannot find macro `must_eq` in this scope
[INFO] [stdout]  --> src/../README.md:101:5
[INFO] [stdout]   |
[INFO] [stdout] 7 |     must_eq!("rfc_1234_assertion_id", 'a', 'a');
[INFO] [stdout]   |     ^^^^^^^
[INFO] [stdout]   |
[INFO] [stdout] help: consider importing this macro
[INFO] [stdout]   |
[INFO] [stdout] 2 + use cogno::must_eq;
[INFO] [stdout]   |
[INFO] [stdout] 
[INFO] [stdout] error: aborting due to 4 previous errors
[INFO] [stdout] 
[INFO] [stdout] Couldn't compile the test.
[INFO] [stdout] ---- src/../README.md - (line 161) stdout ----
[INFO] [stdout] error: cannot find attribute `cogno_test` in this scope
[INFO] [stdout]  --> src/../README.md:163:3
[INFO] [stdout]   |
[INFO] [stdout] 5 | #[cogno_test]
[INFO] [stdout]   |   ^^^^^^^^^^
[INFO] [stdout]   |
[INFO] [stdout] help: consider importing one of these attribute macros
[INFO] [stdout]   |
[INFO] [stdout] 2 + use cogno::cogno_test;
[INFO] [stdout]   |
[INFO] [stdout] 2 + use cogno_attr::cogno_test;
[INFO] [stdout]   |
[INFO] [stdout] 
[INFO] [stdout] error: cannot find macro `should_eq` in this scope
[INFO] [stdout]  --> src/../README.md:165:5
[INFO] [stdout]   |
[INFO] [stdout] 7 |     should_eq!("test_assertion_id", 'a', 'a');
[INFO] [stdout]   |     ^^^^^^^^^
[INFO] [stdout]   |
[INFO] [stdout] help: consider importing this macro
[INFO] [stdout]   |
[INFO] [stdout] 2 + use cogno::should_eq;
[INFO] [stdout]   |
[INFO] [stdout] 
[INFO] [stdout] error[E0425]: cannot find value `controller_thread_ref` in this scope
[INFO] [stdout]  --> src/../README.md:167:5
[INFO] [stdout]   |
[INFO] [stdout] 9 |     controller_thread_ref.lock().unwrap().register("naughty", "test");
[INFO] [stdout]   |     ^^^^^^^^^^^^^^^^^^^^^ not found in this scope
[INFO] [stdout] 
[INFO] [stdout] error: aborting due to 3 previous errors
[INFO] [stdout] 
[INFO] [stdout] For more information about this error, try `rustc --explain E0425`.
[INFO] [stdout] Couldn't compile the test.
[INFO] [stdout] ---- src/../README.md - (line 50) stdout ----
[INFO] [stdout] error: custom attribute panicked
[INFO] [stdout]   --> src/../README.md:59:1
[INFO] [stdout]    |
[INFO] [stdout] 10 | #[cogno_main]
[INFO] [stdout]    | ^^^^^^^^^^^^^
[INFO] [stdout]    |
[INFO] [stdout]    = help: message: Run with `cargo cogno`
[INFO] [stdout] 
[INFO] [stdout] error[E0601]: `main` function not found in crate `rust_out`
[INFO] [stdout]   --> src/../README.md:60:13
[INFO] [stdout]    |
[INFO] [stdout] 11 | fn main() {}
[INFO] [stdout]    |             ^ consider adding a `main` function to `src/../README.md`
[INFO] [stdout] 
[INFO] [stdout] error: aborting due to 2 previous errors
[INFO] [stdout] 
[INFO] [stdout] For more information about this error, try `rustc --explain E0601`.
[INFO] [stdout] Couldn't compile the test.
[INFO] [stdout] ---- src/proc/mod.rs - proc::defer_close (line 10) stdout ----
[INFO] [stdout] error[E0468]: an `extern crate` loading macros must be at the crate root
[INFO] [stdout]  --> src/proc/mod.rs:12:1
[INFO] [stdout]   |
[INFO] [stdout] 4 | extern crate cogno;
[INFO] [stdout]   | ^^^^^^^^^^^^^^^^^^^
[INFO] [stdout] 
[INFO] [stdout] error: aborting due to 1 previous error
[INFO] [stdout] 
[INFO] [stdout] For more information about this error, try `rustc --explain E0468`.
[INFO] [stdout] Couldn't compile the test.
[INFO] [stdout] 
[INFO] [stdout] failures:
[INFO] [stdout]     src/../README.md - (line 161)
[INFO] [stdout]     src/../README.md - (line 50)
[INFO] [stdout]     src/../README.md - (line 97)
[INFO] [stdout]     src/assert.rs - assert::may_eq (line 105)
[INFO] [stdout]     src/assert.rs - assert::must_eq (line 5)
[INFO] [stdout]     src/assert.rs - assert::must_not_eq (line 30)
[INFO] [stdout]     src/assert.rs - assert::should_eq (line 55)
[INFO] [stdout]     src/assert.rs - assert::should_not_eq (line 80)
[INFO] [stdout]     src/proc/mod.rs - proc::defer_close (line 10)
[INFO] [stdout] 
[INFO] [stdout] test result: FAILED. 0 passed; 9 failed; 0 ignored; 0 measured; 0 filtered out; finished in 0.62s
[INFO] [stdout] 
[INFO] [stderr] error: doctest failed, to rerun pass `--doc`
[INFO] running `Command { std: "docker" "inspect" "f1789a48ad1dd3e7ca0722d4796aa81ac616e8b335b2b59a2b577135ec15ae22", kill_on_drop: false }`
[INFO] running `Command { std: "docker" "rm" "-f" "f1789a48ad1dd3e7ca0722d4796aa81ac616e8b335b2b59a2b577135ec15ae22", kill_on_drop: false }`
[INFO] [stdout] f1789a48ad1dd3e7ca0722d4796aa81ac616e8b335b2b59a2b577135ec15ae22
