[INFO] fetching crate coffeeldr 0.1.2...
[INFO] testing coffeeldr-0.1.2 against nightly-2024-10-28+rustflags=-Zrandomize-layout for randomize-layout
[INFO] extracting crate coffeeldr 0.1.2 into /workspace/builds/worker-7-tc2/source
[INFO] validating manifest of crates.io crate coffeeldr 0.1.2 on toolchain nightly-2024-10-28
[INFO] running `Command { std: CARGO_HOME="/workspace/cargo-home" RUSTUP_HOME="/workspace/rustup-home" "/workspace/cargo-home/bin/cargo" "+nightly-2024-10-28" "metadata" "--manifest-path" "Cargo.toml" "--no-deps", kill_on_drop: false }`
[INFO] removed /workspace/builds/worker-7-tc2/source/rust-toolchain.toml
[INFO] started tweaking crates.io crate coffeeldr 0.1.2
[INFO] finished tweaking crates.io crate coffeeldr 0.1.2
[INFO] tweaked toml for crates.io crate coffeeldr 0.1.2 written to /workspace/builds/worker-7-tc2/source/Cargo.toml
[INFO] running `Command { std: CARGO_HOME="/workspace/cargo-home" RUSTUP_HOME="/workspace/rustup-home" "/workspace/cargo-home/bin/cargo" "+nightly-2024-10-28" "generate-lockfile" "--manifest-path" "Cargo.toml", kill_on_drop: false }`
[INFO] [stderr]     Updating crates.io index
[INFO] [stderr]      Locking 26 packages to latest compatible versions
[INFO] running `Command { std: CARGO_HOME="/workspace/cargo-home" RUSTUP_HOME="/workspace/rustup-home" "/workspace/cargo-home/bin/cargo" "+nightly-2024-10-28" "fetch" "--manifest-path" "Cargo.toml", kill_on_drop: false }`
[INFO] running `Command { std: "docker" "create" "-v" "/var/lib/crater-agent-workspace/builds/worker-7-tc2/target:/opt/rustwide/target:rw,Z" "-v" "/var/lib/crater-agent-workspace/builds/worker-7-tc2/source:/opt/rustwide/workdir:ro,Z" "-v" "/var/lib/crater-agent-workspace/cargo-home:/opt/rustwide/cargo-home:ro,Z" "-v" "/var/lib/crater-agent-workspace/rustup-home:/opt/rustwide/rustup-home:ro,Z" "-e" "SOURCE_DIR=/opt/rustwide/workdir" "-e" "CARGO_TARGET_DIR=/opt/rustwide/target" "-e" "CARGO_HOME=/opt/rustwide/cargo-home" "-e" "RUSTUP_HOME=/opt/rustwide/rustup-home" "-w" "/opt/rustwide/workdir" "-m" "1610612736" "--user" "0:0" "--network" "none" "ghcr.io/rust-lang/crates-build-env/linux@sha256:4a844ea9eb2546a2d2c7022eacef16ef2e8229c7fbb2c7d4d55a9ceca922f72d" "/opt/rustwide/cargo-home/bin/cargo" "+nightly-2024-10-28" "metadata" "--no-deps" "--format-version=1", kill_on_drop: false }`
[INFO] [stdout] 429d59d903e28e2674a89473b5f2932d03a9d0e5aaa99e70e720f4ab6ad65286
[INFO] running `Command { std: "docker" "start" "-a" "429d59d903e28e2674a89473b5f2932d03a9d0e5aaa99e70e720f4ab6ad65286", kill_on_drop: false }`
[INFO] running `Command { std: "docker" "inspect" "429d59d903e28e2674a89473b5f2932d03a9d0e5aaa99e70e720f4ab6ad65286", kill_on_drop: false }`
[INFO] running `Command { std: "docker" "rm" "-f" "429d59d903e28e2674a89473b5f2932d03a9d0e5aaa99e70e720f4ab6ad65286", kill_on_drop: false }`
[INFO] [stdout] 429d59d903e28e2674a89473b5f2932d03a9d0e5aaa99e70e720f4ab6ad65286
[INFO] running `Command { std: "docker" "create" "-v" "/var/lib/crater-agent-workspace/builds/worker-7-tc2/target:/opt/rustwide/target:rw,Z" "-v" "/var/lib/crater-agent-workspace/builds/worker-7-tc2/source:/opt/rustwide/workdir:ro,Z" "-v" "/var/lib/crater-agent-workspace/cargo-home:/opt/rustwide/cargo-home:ro,Z" "-v" "/var/lib/crater-agent-workspace/rustup-home:/opt/rustwide/rustup-home:ro,Z" "-e" "SOURCE_DIR=/opt/rustwide/workdir" "-e" "CARGO_TARGET_DIR=/opt/rustwide/target" "-e" "CARGO_INCREMENTAL=0" "-e" "RUST_BACKTRACE=full" "-e" "RUSTFLAGS=--cap-lints=forbid -Zrandomize-layout" "-e" "RUSTDOCFLAGS=--cap-lints=forbid" "-e" "CARGO_HOME=/opt/rustwide/cargo-home" "-e" "RUSTUP_HOME=/opt/rustwide/rustup-home" "-w" "/opt/rustwide/workdir" "-m" "1610612736" "--user" "0:0" "--network" "none" "ghcr.io/rust-lang/crates-build-env/linux@sha256:4a844ea9eb2546a2d2c7022eacef16ef2e8229c7fbb2c7d4d55a9ceca922f72d" "/opt/rustwide/cargo-home/bin/cargo" "+nightly-2024-10-28" "build" "--frozen" "--message-format=json", kill_on_drop: false }`
[INFO] [stdout] dc835cfb99435cd54159d27b2e995109fbb2639e307a1e70036323475c549ea1
[INFO] running `Command { std: "docker" "start" "-a" "dc835cfb99435cd54159d27b2e995109fbb2639e307a1e70036323475c549ea1", kill_on_drop: false }`
[INFO] [stderr]    Compiling proc-macro2 v1.0.89
[INFO] [stderr]    Compiling windows_x86_64_gnu v0.52.6
[INFO] [stderr]    Compiling thiserror v1.0.66
[INFO] [stderr]    Compiling memchr v2.7.4
[INFO] [stderr]    Compiling itertools v0.9.0
[INFO] [stderr]    Compiling log v0.4.22
[INFO] [stderr]    Compiling scroll v0.12.0
[INFO] [stderr]    Compiling windows-targets v0.52.6
[INFO] [stderr]    Compiling windows-sys v0.59.0
[INFO] [stderr]    Compiling cstr_core v0.2.6
[INFO] [stderr]    Compiling quote v1.0.37
[INFO] [stderr]    Compiling printf-compat v0.1.1
[INFO] [stderr]    Compiling syn v2.0.86
[INFO] [stderr]    Compiling thiserror-impl v1.0.66
[INFO] [stderr]    Compiling coffeeldr v0.1.2 (/opt/rustwide/workdir)
[INFO] [stderr]     Finished `dev` profile [unoptimized + debuginfo] target(s) in 6.93s
[INFO] running `Command { std: "docker" "inspect" "dc835cfb99435cd54159d27b2e995109fbb2639e307a1e70036323475c549ea1", kill_on_drop: false }`
[INFO] running `Command { std: "docker" "rm" "-f" "dc835cfb99435cd54159d27b2e995109fbb2639e307a1e70036323475c549ea1", kill_on_drop: false }`
[INFO] [stdout] dc835cfb99435cd54159d27b2e995109fbb2639e307a1e70036323475c549ea1
[INFO] running `Command { std: "docker" "create" "-v" "/var/lib/crater-agent-workspace/builds/worker-7-tc2/target:/opt/rustwide/target:rw,Z" "-v" "/var/lib/crater-agent-workspace/builds/worker-7-tc2/source:/opt/rustwide/workdir:ro,Z" "-v" "/var/lib/crater-agent-workspace/cargo-home:/opt/rustwide/cargo-home:ro,Z" "-v" "/var/lib/crater-agent-workspace/rustup-home:/opt/rustwide/rustup-home:ro,Z" "-e" "SOURCE_DIR=/opt/rustwide/workdir" "-e" "CARGO_TARGET_DIR=/opt/rustwide/target" "-e" "CARGO_INCREMENTAL=0" "-e" "RUST_BACKTRACE=full" "-e" "RUSTFLAGS=--cap-lints=forbid -Zrandomize-layout" "-e" "RUSTDOCFLAGS=--cap-lints=forbid" "-e" "CARGO_HOME=/opt/rustwide/cargo-home" "-e" "RUSTUP_HOME=/opt/rustwide/rustup-home" "-w" "/opt/rustwide/workdir" "-m" "1610612736" "--user" "0:0" "--network" "none" "ghcr.io/rust-lang/crates-build-env/linux@sha256:4a844ea9eb2546a2d2c7022eacef16ef2e8229c7fbb2c7d4d55a9ceca922f72d" "/opt/rustwide/cargo-home/bin/cargo" "+nightly-2024-10-28" "test" "--frozen" "--no-run" "--message-format=json", kill_on_drop: false }`
[INFO] [stdout] 54a9458c8df84d86d74450eeaec22c49061f9a5c61c81c80ac9885900771397e
[INFO] running `Command { std: "docker" "start" "-a" "54a9458c8df84d86d74450eeaec22c49061f9a5c61c81c80ac9885900771397e", kill_on_drop: false }`
[INFO] [stderr]    Compiling coffeeldr v0.1.2 (/opt/rustwide/workdir)
[INFO] [stderr]     Finished `test` profile [unoptimized + debuginfo] target(s) in 0.60s
[INFO] running `Command { std: "docker" "inspect" "54a9458c8df84d86d74450eeaec22c49061f9a5c61c81c80ac9885900771397e", kill_on_drop: false }`
[INFO] running `Command { std: "docker" "rm" "-f" "54a9458c8df84d86d74450eeaec22c49061f9a5c61c81c80ac9885900771397e", kill_on_drop: false }`
[INFO] [stdout] 54a9458c8df84d86d74450eeaec22c49061f9a5c61c81c80ac9885900771397e
[INFO] running `Command { std: "docker" "create" "-v" "/var/lib/crater-agent-workspace/builds/worker-7-tc2/target:/opt/rustwide/target:rw,Z" "-v" "/var/lib/crater-agent-workspace/builds/worker-7-tc2/source:/opt/rustwide/workdir:ro,Z" "-v" "/var/lib/crater-agent-workspace/cargo-home:/opt/rustwide/cargo-home:ro,Z" "-v" "/var/lib/crater-agent-workspace/rustup-home:/opt/rustwide/rustup-home:ro,Z" "-e" "SOURCE_DIR=/opt/rustwide/workdir" "-e" "CARGO_TARGET_DIR=/opt/rustwide/target" "-e" "CARGO_INCREMENTAL=0" "-e" "RUST_BACKTRACE=full" "-e" "RUSTFLAGS=--cap-lints=forbid -Zrandomize-layout" "-e" "RUSTDOCFLAGS=--cap-lints=forbid" "-e" "CARGO_HOME=/opt/rustwide/cargo-home" "-e" "RUSTUP_HOME=/opt/rustwide/rustup-home" "-w" "/opt/rustwide/workdir" "-m" "1610612736" "--user" "0:0" "--network" "none" "ghcr.io/rust-lang/crates-build-env/linux@sha256:4a844ea9eb2546a2d2c7022eacef16ef2e8229c7fbb2c7d4d55a9ceca922f72d" "/opt/rustwide/cargo-home/bin/cargo" "+nightly-2024-10-28" "test" "--frozen", kill_on_drop: false }`
[INFO] [stdout] c5056906900de1de9aa4c0cf5b3fde75a51b38e2851df767685a4d2699fbae54
[INFO] running `Command { std: "docker" "start" "-a" "c5056906900de1de9aa4c0cf5b3fde75a51b38e2851df767685a4d2699fbae54", kill_on_drop: false }`
[INFO] [stderr]     Finished `test` profile [unoptimized + debuginfo] target(s) in 0.03s
[INFO] [stderr]      Running unittests src/lib.rs (/opt/rustwide/target/debug/deps/coffeeldr-00b3b5ccd02cc6bd)
[INFO] [stdout] 
[INFO] [stdout] running 0 tests
[INFO] [stdout] 
[INFO] [stdout] test result: ok. 0 passed; 0 failed; 0 ignored; 0 measured; 0 filtered out; finished in 0.00s
[INFO] [stdout] 
[INFO] [stderr]    Doc-tests coffeeldr
[INFO] [stdout] 
[INFO] [stdout] running 6 tests
[INFO] [stdout] test src/loader.rs - loader::CoffeeLdr<'a>::new (line 110) ... ignored
[INFO] [stdout] test src/loader.rs - loader::CoffeeLdr<'a>::new (line 96) ... ignored
[INFO] [stdout] test src/loader.rs - loader::CoffeeLdr<'a>::run (line 161) ... ignored
[INFO] [stdout] test src/../README.md - (line 63) ... FAILED
[INFO] [stdout] test src/../README.md - (line 80) ... FAILED
[INFO] [stdout] test src/../README.md - (line 47) ... FAILED
[INFO] [stdout] 
[INFO] [stdout] failures:
[INFO] [stdout] 
[INFO] [stdout] ---- src/../README.md - (line 63) stdout ----
[INFO] [stdout] error: couldn't read `src/../path/to/coff_file.o`: No such file or directory (os error 2)
[INFO] [stdout]  --> src/../README.md:67:17
[INFO] [stdout]   |
[INFO] [stdout] 7 | let coff_data = include_bytes!("path/to/coff_file.o");
[INFO] [stdout]   |                 ^^^^^^^^^^^^^^^^^^^^^^^^^^^^^^^^^^^^^
[INFO] [stdout]   |
[INFO] [stdout]   = note: this error originates in the macro `include_bytes` (in Nightly builds, run with -Z macro-backtrace for more info)
[INFO] [stdout] 
[INFO] [stdout] error: aborting due to 1 previous error
[INFO] [stdout] 
[INFO] [stdout] Couldn't compile the test.
[INFO] [stdout] ---- src/../README.md - (line 80) stdout ----
[INFO] [stdout] error[E0433]: failed to resolve: use of undeclared type `CoffeeLdr`
[INFO] [stdout]  --> src/../README.md:81:14
[INFO] [stdout]   |
[INFO] [stdout] 3 | let coffee = CoffeeLdr::new("path/to/coff_file.o").unwrap();
[INFO] [stdout]   |              ^^^^^^^^^ use of undeclared type `CoffeeLdr`
[INFO] [stdout]   |
[INFO] [stdout] help: consider importing this struct
[INFO] [stdout]   |
[INFO] [stdout] 2 + use coffeeldr::CoffeeLdr;
[INFO] [stdout]   |
[INFO] [stdout] 
[INFO] [stdout] error: aborting due to 1 previous error
[INFO] [stdout] 
[INFO] [stdout] For more information about this error, try `rustc --explain E0433`.
[INFO] [stdout] Couldn't compile the test.
[INFO] [stdout] ---- src/../README.md - (line 47) stdout ----
[INFO] [stdout] error: linking with `cc` failed: exit status: 1
[INFO] [stdout]   |
[INFO] [stdout]   = note: LC_ALL="C" PATH="/opt/rustwide/rustup-home/toolchains/nightly-2024-10-28-x86_64-unknown-linux-gnu/lib/rustlib/x86_64-unknown-linux-gnu/bin:/opt/rustwide/rustup-home/toolchains/nightly-2024-10-28-x86_64-unknown-linux-gnu/lib/rustlib/x86_64-unknown-linux-gnu/bin/self-contained:/opt/rustwide/cargo-home/bin:/usr/local/sbin:/usr/local/bin:/usr/sbin:/usr/bin:/sbin:/bin" VSLANG="1033" "cc" "-m64" "/tmp/rustcdBO0wx/symbols.o" "/tmp/rustdoctestOyxB27/rust_out.rust_out.16b4434b3f29390-cgu.0.rcgu.o" "/tmp/rustdoctestOyxB27/rust_out.433cx8cl382ppljrnwzuxa40f.rcgu.o" "-Wl,--as-needed" "-Wl,-Bstatic" "/opt/rustwide/target/debug/deps/libcoffeeldr-de551edf867ce006.rlib" "/opt/rustwide/target/debug/deps/libprintf_compat-4d6df8e3885a4226.rlib" "/opt/rustwide/target/debug/deps/libbitflags-560efdb99b117eef.rlib" "/opt/rustwide/target/debug/deps/libitertools-2e5c1a2faba1dfd4.rlib" "/opt/rustwide/target/debug/deps/libeither-18f06598a4be80b6.rlib" "/opt/rustwide/target/debug/deps/libcstr_core-ac72c82147ed964c.rlib" "/opt/rustwide/target/debug/deps/libmemchr-bedcaec69f240e0a.rlib" "/opt/rustwide/target/debug/deps/libcty-afa5d5140d09a5a3.rlib" "/opt/rustwide/target/debug/deps/libbyteorder-921e9eb05e03d6ac.rlib" "/opt/rustwide/target/debug/deps/libthiserror-5c234ddd5c70f28b.rlib" "/opt/rustwide/target/debug/deps/libscroll-078e992b29b68bd7.rlib" "/opt/rustwide/target/debug/deps/liblog-b6b1a89bf87ced53.rlib" "/opt/rustwide/target/debug/deps/libwindows_sys-a6c66048d0bc136c.rlib" "/opt/rustwide/target/debug/deps/libwindows_targets-3f96d23b5a5e1a1b.rlib" "/opt/rustwide/rustup-home/toolchains/nightly-2024-10-28-x86_64-unknown-linux-gnu/lib/rustlib/x86_64-unknown-linux-gnu/lib/libstd-fb8c387236db3c10.rlib" "/opt/rustwide/rustup-home/toolchains/nightly-2024-10-28-x86_64-unknown-linux-gnu/lib/rustlib/x86_64-unknown-linux-gnu/lib/libpanic_unwind-b251837809b2f64b.rlib" "/opt/rustwide/rustup-home/toolchains/nightly-2024-10-28-x86_64-unknown-linux-gnu/lib/rustlib/x86_64-unknown-linux-gnu/lib/libobject-cbef83eaa4e01f04.rlib" "/opt/rustwide/rustup-home/toolchains/nightly-2024-10-28-x86_64-unknown-linux-gnu/lib/rustlib/x86_64-unknown-linux-gnu/lib/libmemchr-12a772286de2fca7.rlib" "/opt/rustwide/rustup-home/toolchains/nightly-2024-10-28-x86_64-unknown-linux-gnu/lib/rustlib/x86_64-unknown-linux-gnu/lib/libaddr2line-023bbe5ada7abfc3.rlib" "/opt/rustwide/rustup-home/toolchains/nightly-2024-10-28-x86_64-unknown-linux-gnu/lib/rustlib/x86_64-unknown-linux-gnu/lib/libgimli-de2bcdf10ec69c2b.rlib" "/opt/rustwide/rustup-home/toolchains/nightly-2024-10-28-x86_64-unknown-linux-gnu/lib/rustlib/x86_64-unknown-linux-gnu/lib/librustc_demangle-8e1754df350800fd.rlib" "/opt/rustwide/rustup-home/toolchains/nightly-2024-10-28-x86_64-unknown-linux-gnu/lib/rustlib/x86_64-unknown-linux-gnu/lib/libstd_detect-06c2ab7b9c32e037.rlib" "/opt/rustwide/rustup-home/toolchains/nightly-2024-10-28-x86_64-unknown-linux-gnu/lib/rustlib/x86_64-unknown-linux-gnu/lib/libhashbrown-51d2621fc57a281b.rlib" "/opt/rustwide/rustup-home/toolchains/nightly-2024-10-28-x86_64-unknown-linux-gnu/lib/rustlib/x86_64-unknown-linux-gnu/lib/librustc_std_workspace_alloc-54a930408793772f.rlib" "/opt/rustwide/rustup-home/toolchains/nightly-2024-10-28-x86_64-unknown-linux-gnu/lib/rustlib/x86_64-unknown-linux-gnu/lib/libminiz_oxide-0c7d01cba400dcb2.rlib" "/opt/rustwide/rustup-home/toolchains/nightly-2024-10-28-x86_64-unknown-linux-gnu/lib/rustlib/x86_64-unknown-linux-gnu/lib/libadler-b9f84d69e331b75b.rlib" "/opt/rustwide/rustup-home/toolchains/nightly-2024-10-28-x86_64-unknown-linux-gnu/lib/rustlib/x86_64-unknown-linux-gnu/lib/libunwind-eec95493246aae39.rlib" "/opt/rustwide/rustup-home/toolchains/nightly-2024-10-28-x86_64-unknown-linux-gnu/lib/rustlib/x86_64-unknown-linux-gnu/lib/libcfg_if-6f6676c475e08ab0.rlib" "/opt/rustwide/rustup-home/toolchains/nightly-2024-10-28-x86_64-unknown-linux-gnu/lib/rustlib/x86_64-unknown-linux-gnu/lib/liblibc-799d520624f8b2e0.rlib" "/opt/rustwide/rustup-home/toolchains/nightly-2024-10-28-x86_64-unknown-linux-gnu/lib/rustlib/x86_64-unknown-linux-gnu/lib/liballoc-fcf93d4842acd9a9.rlib" "/opt/rustwide/rustup-home/toolchains/nightly-2024-10-28-x86_64-unknown-linux-gnu/lib/rustlib/x86_64-unknown-linux-gnu/lib/librustc_std_workspace_core-395a38b8e0851c9b.rlib" "/opt/rustwide/rustup-home/toolchains/nightly-2024-10-28-x86_64-unknown-linux-gnu/lib/rustlib/x86_64-unknown-linux-gnu/lib/libcore-d453bab70303062c.rlib" "/opt/rustwide/rustup-home/toolchains/nightly-2024-10-28-x86_64-unknown-linux-gnu/lib/rustlib/x86_64-unknown-linux-gnu/lib/libcompiler_builtins-0e6386368b0a24e8.rlib" "-Wl,-Bdynamic" "-lgcc_s" "-lutil" "-lrt" "-lpthread" "-lm" "-ldl" "-lc" "-B/opt/rustwide/rustup-home/toolchains/nightly-2024-10-28-x86_64-unknown-linux-gnu/lib/rustlib/x86_64-unknown-linux-gnu/bin/gcc-ld" "-fuse-ld=lld" "-Wl,--eh-frame-hdr" "-Wl,-z,noexecstack" "-L" "/opt/rustwide/cargo-home/registry/src/index.crates.io-6f17d22bba15001f/windows_x86_64_gnu-0.52.6/lib" "-L" "/opt/rustwide/rustup-home/toolchains/nightly-2024-10-28-x86_64-unknown-linux-gnu/lib/rustlib/x86_64-unknown-linux-gnu/lib" "-o" "/tmp/rustdoctestOyxB27/rust_out" "-Wl,--gc-sections" "-pie" "-Wl,-z,relro,-z,now" "-nodefaultlibs"
[INFO] [stdout]   = note: rust-lld: error: undefined symbol: VirtualFree
[INFO] [stdout]           >>> referenced by loader.rs:436 (src/loader.rs:436)
[INFO] [stdout]           >>>               coffeeldr-de551edf867ce006.coffeeldr.3addc704a22ad305-cgu.06.rcgu.o:(_$LT$coffeeldr..loader..CoffeeLdr$u20$as$u20$core..ops..drop..Drop$GT$::drop::hf2a041d8ad943394) in archive /opt/rustwide/target/debug/deps/libcoffeeldr-de551edf867ce006.rlib
[INFO] [stdout]           >>> referenced by loader.rs:429 (src/loader.rs:429)
[INFO] [stdout]           >>>               coffeeldr-de551edf867ce006.coffeeldr.3addc704a22ad305-cgu.06.rcgu.o:(_$LT$coffeeldr..loader..CoffeeLdr$u20$as$u20$core..ops..drop..Drop$GT$::drop::hf2a041d8ad943394) in archive /opt/rustwide/target/debug/deps/libcoffeeldr-de551edf867ce006.rlib
[INFO] [stdout]           collect2: error: ld returned 1 exit status
[INFO] [stdout]           
[INFO] [stdout] 
[INFO] [stdout] error: aborting due to 1 previous error
[INFO] [stdout] 
[INFO] [stdout] Couldn't compile the test.
[INFO] [stdout] 
[INFO] [stdout] failures:
[INFO] [stdout]     src/../README.md - (line 47)
[INFO] [stdout]     src/../README.md - (line 63)
[INFO] [stdout]     src/../README.md - (line 80)
[INFO] [stdout] 
[INFO] [stdout] test result: FAILED. 0 passed; 3 failed; 3 ignored; 0 measured; 0 filtered out; finished in 0.32s
[INFO] [stdout] 
[INFO] [stderr] error: doctest failed, to rerun pass `--doc`
[INFO] running `Command { std: "docker" "inspect" "c5056906900de1de9aa4c0cf5b3fde75a51b38e2851df767685a4d2699fbae54", kill_on_drop: false }`
[INFO] running `Command { std: "docker" "rm" "-f" "c5056906900de1de9aa4c0cf5b3fde75a51b38e2851df767685a4d2699fbae54", kill_on_drop: false }`
[INFO] [stdout] c5056906900de1de9aa4c0cf5b3fde75a51b38e2851df767685a4d2699fbae54
