[INFO] fetching crate codesnap 0.2.0...
[INFO] testing codesnap-0.2.0 against nightly-2024-10-28+rustflags=-Zrandomize-layout for randomize-layout
[INFO] extracting crate codesnap 0.2.0 into /workspace/builds/worker-5-tc2/source
[INFO] validating manifest of crates.io crate codesnap 0.2.0 on toolchain nightly-2024-10-28
[INFO] running `Command { std: CARGO_HOME="/workspace/cargo-home" RUSTUP_HOME="/workspace/rustup-home" "/workspace/cargo-home/bin/cargo" "+nightly-2024-10-28" "metadata" "--manifest-path" "Cargo.toml" "--no-deps", kill_on_drop: false }`
[INFO] started tweaking crates.io crate codesnap 0.2.0
[INFO] finished tweaking crates.io crate codesnap 0.2.0
[INFO] tweaked toml for crates.io crate codesnap 0.2.0 written to /workspace/builds/worker-5-tc2/source/Cargo.toml
[INFO] running `Command { std: CARGO_HOME="/workspace/cargo-home" RUSTUP_HOME="/workspace/rustup-home" "/workspace/cargo-home/bin/cargo" "+nightly-2024-10-28" "generate-lockfile" "--manifest-path" "Cargo.toml", kill_on_drop: false }`
[INFO] [stderr]     Updating crates.io index
[INFO] [stderr]      Locking 212 packages to latest compatible versions
[INFO] running `Command { std: CARGO_HOME="/workspace/cargo-home" RUSTUP_HOME="/workspace/rustup-home" "/workspace/cargo-home/bin/cargo" "+nightly-2024-10-28" "fetch" "--manifest-path" "Cargo.toml", kill_on_drop: false }`
[INFO] running `Command { std: "docker" "create" "-v" "/var/lib/crater-agent-workspace/builds/worker-5-tc2/target:/opt/rustwide/target:rw,Z" "-v" "/var/lib/crater-agent-workspace/builds/worker-5-tc2/source:/opt/rustwide/workdir:ro,Z" "-v" "/var/lib/crater-agent-workspace/cargo-home:/opt/rustwide/cargo-home:ro,Z" "-v" "/var/lib/crater-agent-workspace/rustup-home:/opt/rustwide/rustup-home:ro,Z" "-e" "SOURCE_DIR=/opt/rustwide/workdir" "-e" "CARGO_TARGET_DIR=/opt/rustwide/target" "-e" "CARGO_HOME=/opt/rustwide/cargo-home" "-e" "RUSTUP_HOME=/opt/rustwide/rustup-home" "-w" "/opt/rustwide/workdir" "-m" "1610612736" "--user" "0:0" "--network" "none" "ghcr.io/rust-lang/crates-build-env/linux@sha256:4a844ea9eb2546a2d2c7022eacef16ef2e8229c7fbb2c7d4d55a9ceca922f72d" "/opt/rustwide/cargo-home/bin/cargo" "+nightly-2024-10-28" "metadata" "--no-deps" "--format-version=1", kill_on_drop: false }`
[INFO] [stdout] 241d539e63953a22815c85f0abd7bcc02bff6edfcc9257cf1b95fb5bcf0a4dba
[INFO] running `Command { std: "docker" "start" "-a" "241d539e63953a22815c85f0abd7bcc02bff6edfcc9257cf1b95fb5bcf0a4dba", kill_on_drop: false }`
[INFO] running `Command { std: "docker" "inspect" "241d539e63953a22815c85f0abd7bcc02bff6edfcc9257cf1b95fb5bcf0a4dba", kill_on_drop: false }`
[INFO] running `Command { std: "docker" "rm" "-f" "241d539e63953a22815c85f0abd7bcc02bff6edfcc9257cf1b95fb5bcf0a4dba", kill_on_drop: false }`
[INFO] [stdout] 241d539e63953a22815c85f0abd7bcc02bff6edfcc9257cf1b95fb5bcf0a4dba
[INFO] running `Command { std: "docker" "create" "-v" "/var/lib/crater-agent-workspace/builds/worker-5-tc2/target:/opt/rustwide/target:rw,Z" "-v" "/var/lib/crater-agent-workspace/builds/worker-5-tc2/source:/opt/rustwide/workdir:ro,Z" "-v" "/var/lib/crater-agent-workspace/cargo-home:/opt/rustwide/cargo-home:ro,Z" "-v" "/var/lib/crater-agent-workspace/rustup-home:/opt/rustwide/rustup-home:ro,Z" "-e" "SOURCE_DIR=/opt/rustwide/workdir" "-e" "CARGO_TARGET_DIR=/opt/rustwide/target" "-e" "CARGO_INCREMENTAL=0" "-e" "RUST_BACKTRACE=full" "-e" "RUSTFLAGS=--cap-lints=forbid -Zrandomize-layout" "-e" "RUSTDOCFLAGS=--cap-lints=forbid" "-e" "CARGO_HOME=/opt/rustwide/cargo-home" "-e" "RUSTUP_HOME=/opt/rustwide/rustup-home" "-w" "/opt/rustwide/workdir" "-m" "1610612736" "--user" "0:0" "--network" "none" "ghcr.io/rust-lang/crates-build-env/linux@sha256:4a844ea9eb2546a2d2c7022eacef16ef2e8229c7fbb2c7d4d55a9ceca922f72d" "/opt/rustwide/cargo-home/bin/cargo" "+nightly-2024-10-28" "build" "--frozen" "--message-format=json", kill_on_drop: false }`
[INFO] [stdout] 908fc821555a9319a4ef3cd7b0af0d95eb37198a888b64b8e1f16b6f21a39798
[INFO] running `Command { std: "docker" "start" "-a" "908fc821555a9319a4ef3cd7b0af0d95eb37198a888b64b8e1f16b6f21a39798", kill_on_drop: false }`
[INFO] [stderr]    Compiling libc v0.2.161
[INFO] [stderr]    Compiling rustix v0.38.38
[INFO] [stderr]    Compiling log v0.4.22
[INFO] [stderr]    Compiling smallvec v1.13.2
[INFO] [stderr]    Compiling linux-raw-sys v0.4.14
[INFO] [stderr]    Compiling cc v1.1.31
[INFO] [stderr]    Compiling simd-adler32 v0.3.7
[INFO] [stderr]    Compiling libloading v0.8.5
[INFO] [stderr]    Compiling wayland-sys v0.31.5
[INFO] [stderr]    Compiling hashbrown v0.15.0
[INFO] [stderr]    Compiling strsim v0.11.1
[INFO] [stderr]    Compiling adler2 v2.0.0
[INFO] [stderr]    Compiling ident_case v1.0.1
[INFO] [stderr]    Compiling crc32fast v1.4.2
[INFO] [stderr]    Compiling syn v2.0.86
[INFO] [stderr]    Compiling crossbeam-utils v0.8.20
[INFO] [stderr]    Compiling quick-xml v0.36.2
[INFO] [stderr]    Compiling downcast-rs v1.2.1
[INFO] [stderr]    Compiling dlib v0.5.2
[INFO] [stderr]    Compiling miniz_oxide v0.8.0
[INFO] [stderr]    Compiling scoped-tls v1.0.1
[INFO] [stderr]    Compiling wayland-client v0.31.7
[INFO] [stderr]    Compiling num-traits v0.2.19
[INFO] [stderr]    Compiling powerfmt v0.2.0
[INFO] [stderr]    Compiling nix v0.28.0
[INFO] [stderr]    Compiling fdeflate v0.3.6
[INFO] [stderr]    Compiling slotmap v1.0.7
[INFO] [stderr]    Compiling regex-syntax v0.8.5
[INFO] [stderr]    Compiling num-conv v0.1.0
[INFO] [stderr]    Compiling deranged v0.3.11
[INFO] [stderr]    Compiling time-core v0.1.2
[INFO] [stderr]    Compiling libm v0.2.11
[INFO] [stderr]    Compiling indexmap v2.6.0
[INFO] [stderr]    Compiling nom v7.1.3
[INFO] [stderr]    Compiling quick-xml v0.32.0
[INFO] [stderr]    Compiling crossbeam-epoch v0.9.18
[INFO] [stderr]    Compiling flate2 v1.0.34
[INFO] [stderr]    Compiling crossbeam-deque v0.8.5
[INFO] [stderr]    Compiling roxmltree v0.20.0
[INFO] [stderr]    Compiling base64 v0.22.1
[INFO] [stderr]    Compiling rayon-core v1.12.1
[INFO] [stderr]    Compiling wayland-scanner v0.31.5
[INFO] [stderr]    Compiling petgraph v0.6.5
[INFO] [stderr]    Compiling time v0.3.36
[INFO] [stderr]    Compiling png v0.17.14
[INFO] [stderr]    Compiling ahash v0.8.11
[INFO] [stderr]    Compiling fontconfig-parser v0.5.7
[INFO] [stderr]    Compiling wayland-backend v0.3.7
[INFO] [stderr]    Compiling onig_sys v69.8.1
[INFO] [stderr]    Compiling memmap2 v0.9.5
[INFO] [stderr]    Compiling parking_lot_core v0.9.10
[INFO] [stderr]    Compiling os_pipe v1.2.1
[INFO] [stderr]    Compiling aho-corasick v1.1.3
[INFO] [stderr]    Compiling ttf-parser v0.20.0
[INFO] [stderr]    Compiling unicode-properties v0.1.3
[INFO] [stderr]    Compiling byteorder-lite v0.1.0
[INFO] [stderr]    Compiling unicode-script v0.5.7
[INFO] [stderr]    Compiling yazi v0.1.6
[INFO] [stderr]    Compiling arrayref v0.3.9
[INFO] [stderr]    Compiling unicode-bidi-mirroring v0.2.0
[INFO] [stderr]    Compiling ttf-parser v0.21.1
[INFO] [stderr]    Compiling strict-num v0.1.1
[INFO] [stderr]    Compiling either v1.13.0
[INFO] [stderr]    Compiling zeno v0.2.3
[INFO] [stderr]    Compiling unicode-ccc v0.2.0
[INFO] [stderr]    Compiling tree_magic_mini v3.1.6
[INFO] [stderr]    Compiling x11rb-protocol v0.13.1
[INFO] [stderr]    Compiling rayon v1.10.0
[INFO] [stderr]    Compiling hashbrown v0.14.5
[INFO] [stderr]    Compiling parking_lot v0.12.3
[INFO] [stderr]    Compiling arrayvec v0.7.6
[INFO] [stderr]    Compiling darling_core v0.20.10
[INFO] [stderr]    Compiling regex-automata v0.4.8
[INFO] [stderr]    Compiling unicode-bidi v0.3.17
[INFO] [stderr]    Compiling cached_proc_macro_types v0.1.1
[INFO] [stderr]    Compiling rustc-hash v1.1.0
[INFO] [stderr]    Compiling sys-locale v0.3.1
[INFO] [stderr]    Compiling unicode-linebreak v0.1.5
[INFO] [stderr]    Compiling self_cell v1.0.4
[INFO] [stderr]    Compiling web-time v1.1.0
[INFO] [stderr]    Compiling rangemap v1.5.1
[INFO] [stderr]    Compiling chrono v0.4.38
[INFO] [stderr]    Compiling fontdb v0.16.2
[INFO] [stderr]    Compiling bytemuck_derive v1.8.0
[INFO] [stderr]    Compiling thiserror-impl v1.0.66
[INFO] [stderr]    Compiling serde_derive v1.0.214
[INFO] [stderr]    Compiling derive-new v0.6.0
[INFO] [stderr]    Compiling tempfile v3.13.0
[INFO] [stderr]    Compiling darling_macro v0.20.10
[INFO] [stderr]    Compiling thiserror v1.0.66
[INFO] [stderr]    Compiling bytemuck v1.19.0
[INFO] [stderr]    Compiling darling v0.20.10
[INFO] [stderr]    Compiling regex v1.11.1
[INFO] [stderr]    Compiling derive_builder_core v0.20.2
[INFO] [stderr]    Compiling cached_proc_macro v0.23.0
[INFO] [stderr]    Compiling font-types v0.7.2
[INFO] [stderr]    Compiling tiny-skia-path v0.11.4
[INFO] [stderr]    Compiling image v0.25.4
[INFO] [stderr]    Compiling rustybuzz v0.14.1
[INFO] [stderr]    Compiling rgb v0.8.50
[INFO] [stderr]    Compiling onig v6.4.0
[INFO] [stderr]    Compiling read-fonts v0.22.5
[INFO] [stderr]    Compiling x11rb v0.13.1
[INFO] [stderr]    Compiling tiny-skia v0.11.4
[INFO] [stderr]    Compiling cached v0.53.1
[INFO] [stderr]    Compiling derive_builder_macro v0.20.2
[INFO] [stderr]    Compiling wayland-protocols v0.31.2
[INFO] [stderr]    Compiling derive_builder v0.20.2
[INFO] [stderr]    Compiling serde v1.0.214
[INFO] [stderr]    Compiling wayland-protocols-wlr v0.2.0
[INFO] [stderr]    Compiling wl-clipboard-rs v0.8.1
[INFO] [stderr]    Compiling arboard v3.4.1
[INFO] [stderr]    Compiling bincode v1.3.3
[INFO] [stderr]    Compiling serde_json v1.0.132
[INFO] [stderr]    Compiling plist v1.7.0
[INFO] [stderr]    Compiling syntect v5.2.0
[INFO] [stderr]    Compiling skrifa v0.22.3
[INFO] [stderr]    Compiling two-face v0.4.0
[INFO] [stderr]    Compiling swash v0.1.19
[INFO] [stderr]    Compiling cosmic-text v0.12.1
[INFO] [stderr]    Compiling codesnap v0.2.0 (/opt/rustwide/workdir)
[INFO] [stdout] warning: field `parent_render_params` is never read
[INFO] [stdout]   --> src/components/interface/component.rs:23:9
[INFO] [stdout]    |
[INFO] [stdout] 22 | pub struct ComponentRenderParams {
[INFO] [stdout]    |            --------------------- field in this struct
[INFO] [stdout] 23 |     pub parent_render_params: RenderParams,
[INFO] [stdout]    |         ^^^^^^^^^^^^^^^^^^^^
[INFO] [stdout]    |
[INFO] [stdout]    = note: `#[warn(dead_code)]` on by default
[INFO] [stdout] 
[INFO] [stdout] 
[INFO] [stdout] warning: method `align` is never used
[INFO] [stdout]   --> src/components/interface/component.rs:56:8
[INFO] [stdout]    |
[INFO] [stdout] 53 | pub trait Component {
[INFO] [stdout]    |           --------- method in this trait
[INFO] [stdout] ...
[INFO] [stdout] 56 |     fn align(&self) -> ComponentAlign {
[INFO] [stdout]    |        ^^^^^
[INFO] [stdout] 
[INFO] [stdout] 
[INFO] [stderr]     Finished `dev` profile [unoptimized + debuginfo] target(s) in 19.12s
[INFO] running `Command { std: "docker" "inspect" "908fc821555a9319a4ef3cd7b0af0d95eb37198a888b64b8e1f16b6f21a39798", kill_on_drop: false }`
[INFO] running `Command { std: "docker" "rm" "-f" "908fc821555a9319a4ef3cd7b0af0d95eb37198a888b64b8e1f16b6f21a39798", kill_on_drop: false }`
[INFO] [stdout] 908fc821555a9319a4ef3cd7b0af0d95eb37198a888b64b8e1f16b6f21a39798
[INFO] running `Command { std: "docker" "create" "-v" "/var/lib/crater-agent-workspace/builds/worker-5-tc2/target:/opt/rustwide/target:rw,Z" "-v" "/var/lib/crater-agent-workspace/builds/worker-5-tc2/source:/opt/rustwide/workdir:ro,Z" "-v" "/var/lib/crater-agent-workspace/cargo-home:/opt/rustwide/cargo-home:ro,Z" "-v" "/var/lib/crater-agent-workspace/rustup-home:/opt/rustwide/rustup-home:ro,Z" "-e" "SOURCE_DIR=/opt/rustwide/workdir" "-e" "CARGO_TARGET_DIR=/opt/rustwide/target" "-e" "CARGO_INCREMENTAL=0" "-e" "RUST_BACKTRACE=full" "-e" "RUSTFLAGS=--cap-lints=forbid -Zrandomize-layout" "-e" "RUSTDOCFLAGS=--cap-lints=forbid" "-e" "CARGO_HOME=/opt/rustwide/cargo-home" "-e" "RUSTUP_HOME=/opt/rustwide/rustup-home" "-w" "/opt/rustwide/workdir" "-m" "1610612736" "--user" "0:0" "--network" "none" "ghcr.io/rust-lang/crates-build-env/linux@sha256:4a844ea9eb2546a2d2c7022eacef16ef2e8229c7fbb2c7d4d55a9ceca922f72d" "/opt/rustwide/cargo-home/bin/cargo" "+nightly-2024-10-28" "test" "--frozen" "--no-run" "--message-format=json", kill_on_drop: false }`
[INFO] [stdout] c852bf0ff94af66da06d70008f521dc57a56fc96ebe4df2b60a72192f8a0d224
[INFO] running `Command { std: "docker" "start" "-a" "c852bf0ff94af66da06d70008f521dc57a56fc96ebe4df2b60a72192f8a0d224", kill_on_drop: false }`
[INFO] [stdout] warning: field `parent_render_params` is never read
[INFO] [stdout]   --> src/components/interface/component.rs:23:9
[INFO] [stdout]    |
[INFO] [stdout] 22 | pub struct ComponentRenderParams {
[INFO] [stdout]    |            --------------------- field in this struct
[INFO] [stdout] 23 |     pub parent_render_params: RenderParams,
[INFO] [stdout]    |         ^^^^^^^^^^^^^^^^^^^^
[INFO] [stdout]    |
[INFO] [stdout]    = note: `#[warn(dead_code)]` on by default
[INFO] [stdout] 
[INFO] [stdout] 
[INFO] [stderr]    Compiling codesnap v0.2.0 (/opt/rustwide/workdir)
[INFO] [stdout] warning: method `align` is never used
[INFO] [stdout]   --> src/components/interface/component.rs:56:8
[INFO] [stdout]    |
[INFO] [stdout] 53 | pub trait Component {
[INFO] [stdout]    |           --------- method in this trait
[INFO] [stdout] ...
[INFO] [stdout] 56 |     fn align(&self) -> ComponentAlign {
[INFO] [stdout]    |        ^^^^^
[INFO] [stdout] 
[INFO] [stdout] 
[INFO] [stdout] warning: field `parent_render_params` is never read
[INFO] [stdout]   --> src/components/interface/component.rs:23:9
[INFO] [stdout]    |
[INFO] [stdout] 22 | pub struct ComponentRenderParams {
[INFO] [stdout]    |            --------------------- field in this struct
[INFO] [stdout] 23 |     pub parent_render_params: RenderParams,
[INFO] [stdout]    |         ^^^^^^^^^^^^^^^^^^^^
[INFO] [stdout]    |
[INFO] [stdout]    = note: `#[warn(dead_code)]` on by default
[INFO] [stdout] 
[INFO] [stdout] 
[INFO] [stdout] warning: method `align` is never used
[INFO] [stdout]   --> src/components/interface/component.rs:56:8
[INFO] [stdout]    |
[INFO] [stdout] 53 | pub trait Component {
[INFO] [stdout]    |           --------- method in this trait
[INFO] [stdout] ...
[INFO] [stdout] 56 |     fn align(&self) -> ComponentAlign {
[INFO] [stdout]    |        ^^^^^
[INFO] [stdout] 
[INFO] [stdout] 
[INFO] [stderr]     Finished `test` profile [unoptimized + debuginfo] target(s) in 1.47s
[INFO] running `Command { std: "docker" "inspect" "c852bf0ff94af66da06d70008f521dc57a56fc96ebe4df2b60a72192f8a0d224", kill_on_drop: false }`
[INFO] running `Command { std: "docker" "rm" "-f" "c852bf0ff94af66da06d70008f521dc57a56fc96ebe4df2b60a72192f8a0d224", kill_on_drop: false }`
[INFO] [stdout] c852bf0ff94af66da06d70008f521dc57a56fc96ebe4df2b60a72192f8a0d224
[INFO] running `Command { std: "docker" "create" "-v" "/var/lib/crater-agent-workspace/builds/worker-5-tc2/target:/opt/rustwide/target:rw,Z" "-v" "/var/lib/crater-agent-workspace/builds/worker-5-tc2/source:/opt/rustwide/workdir:ro,Z" "-v" "/var/lib/crater-agent-workspace/cargo-home:/opt/rustwide/cargo-home:ro,Z" "-v" "/var/lib/crater-agent-workspace/rustup-home:/opt/rustwide/rustup-home:ro,Z" "-e" "SOURCE_DIR=/opt/rustwide/workdir" "-e" "CARGO_TARGET_DIR=/opt/rustwide/target" "-e" "CARGO_INCREMENTAL=0" "-e" "RUST_BACKTRACE=full" "-e" "RUSTFLAGS=--cap-lints=forbid -Zrandomize-layout" "-e" "RUSTDOCFLAGS=--cap-lints=forbid" "-e" "CARGO_HOME=/opt/rustwide/cargo-home" "-e" "RUSTUP_HOME=/opt/rustwide/rustup-home" "-w" "/opt/rustwide/workdir" "-m" "1610612736" "--user" "0:0" "--network" "none" "ghcr.io/rust-lang/crates-build-env/linux@sha256:4a844ea9eb2546a2d2c7022eacef16ef2e8229c7fbb2c7d4d55a9ceca922f72d" "/opt/rustwide/cargo-home/bin/cargo" "+nightly-2024-10-28" "test" "--frozen", kill_on_drop: false }`
[INFO] [stdout] 243cfed1dfcc70dbdefac9e2a9ce235f2d5921380ca3c1e362a47e4037b27210
[INFO] running `Command { std: "docker" "start" "-a" "243cfed1dfcc70dbdefac9e2a9ce235f2d5921380ca3c1e362a47e4037b27210", kill_on_drop: false }`
[INFO] [stderr] warning: field `parent_render_params` is never read
[INFO] [stderr]   --> src/components/interface/component.rs:23:9
[INFO] [stderr]    |
[INFO] [stderr] 22 | pub struct ComponentRenderParams {
[INFO] [stderr]    |            --------------------- field in this struct
[INFO] [stderr] 23 |     pub parent_render_params: RenderParams,
[INFO] [stderr]    |         ^^^^^^^^^^^^^^^^^^^^
[INFO] [stderr]    |
[INFO] [stderr]    = note: `#[warn(dead_code)]` on by default
[INFO] [stderr] 
[INFO] [stderr] warning: method `align` is never used
[INFO] [stderr]   --> src/components/interface/component.rs:56:8
[INFO] [stderr]    |
[INFO] [stderr] 53 | pub trait Component {
[INFO] [stderr]    |           --------- method in this trait
[INFO] [stderr] ...
[INFO] [stderr] 56 |     fn align(&self) -> ComponentAlign {
[INFO] [stderr]    |        ^^^^^
[INFO] [stderr] 
[INFO] [stderr] warning: `codesnap` (lib) generated 2 warnings
[INFO] [stderr] warning: `codesnap` (lib test) generated 2 warnings (2 duplicates)
[INFO] [stderr]     Finished `test` profile [unoptimized + debuginfo] target(s) in 0.10s
[INFO] [stderr]      Running unittests src/lib.rs (/opt/rustwide/target/debug/deps/codesnap-4ec6e127d2ef4508)
[INFO] [stdout] 
[INFO] [stdout] running 0 tests
[INFO] [stdout] 
[INFO] [stdout] test result: ok. 0 passed; 0 failed; 0 ignored; 0 measured; 0 filtered out; finished in 0.00s
[INFO] [stdout] 
[INFO] [stderr]    Doc-tests codesnap
[INFO] [stdout] 
[INFO] [stdout] running 1 test
[INFO] [stdout] test src/lib.rs - (line 7) ... FAILED
[INFO] [stdout] 
[INFO] [stdout] failures:
[INFO] [stdout] 
[INFO] [stdout] ---- src/lib.rs - (line 7) stdout ----
[INFO] [stdout] error[E0433]: failed to resolve: use of undeclared type `CodeSnap`
[INFO] [stdout]  --> src/lib.rs:8:1
[INFO] [stdout]   |
[INFO] [stdout] 3 | CodeSnap::default()
[INFO] [stdout]   | ^^^^^^^^ use of undeclared type `CodeSnap`
[INFO] [stdout]   |
[INFO] [stdout] help: consider importing this struct
[INFO] [stdout]   |
[INFO] [stdout] 2 + use codesnap::config::CodeSnap;
[INFO] [stdout]   |
[INFO] [stdout] 
[INFO] [stdout] error[E0433]: failed to resolve: use of undeclared type `CodeBuilder`
[INFO] [stdout]  --> src/lib.rs:10:7
[INFO] [stdout]   |
[INFO] [stdout] 5 |       CodeBuilder::default()
[INFO] [stdout]   |       ^^^^^^^^^^^ use of undeclared type `CodeBuilder`
[INFO] [stdout]   |
[INFO] [stdout] help: consider importing this struct
[INFO] [stdout]   |
[INFO] [stdout] 2 + use codesnap::config::CodeBuilder;
[INFO] [stdout]   |
[INFO] [stdout] 
[INFO] [stdout] error[E0425]: cannot find value `CODE_SNIPPET` in this scope
[INFO] [stdout]  --> src/lib.rs:12:20
[INFO] [stdout]   |
[INFO] [stdout] 7 |           .content(CODE_SNIPPET)
[INFO] [stdout]   |                    ^^^^^^^^^^^^ not found in this scope
[INFO] [stdout] 
[INFO] [stdout] error[E0433]: failed to resolve: use of undeclared type `WatermarkBuilder`
[INFO] [stdout]   --> src/lib.rs:15:14
[INFO] [stdout]    |
[INFO] [stdout] 10 |   .watermark(WatermarkBuilder::default().content("CodeSnap").build()?)
[INFO] [stdout]    |              ^^^^^^^^^^^^^^^^ use of undeclared type `WatermarkBuilder`
[INFO] [stdout]    |
[INFO] [stdout] help: consider importing this struct
[INFO] [stdout]    |
[INFO] [stdout] 2  + use codesnap::config::WatermarkBuilder;
[INFO] [stdout]    |
[INFO] [stdout] 
[INFO] [stdout] error: aborting due to 4 previous errors
[INFO] [stdout] 
[INFO] [stdout] Some errors have detailed explanations: E0425, E0433.
[INFO] [stdout] For more information about an error, try `rustc --explain E0425`.
[INFO] [stdout] Couldn't compile the test.
[INFO] [stdout] 
[INFO] [stdout] failures:
[INFO] [stdout]     src/lib.rs - (line 7)
[INFO] [stdout] 
[INFO] [stdout] test result: FAILED. 0 passed; 1 failed; 0 ignored; 0 measured; 0 filtered out; finished in 0.08s
[INFO] [stdout] 
[INFO] [stderr] error: doctest failed, to rerun pass `--doc`
[INFO] running `Command { std: "docker" "inspect" "243cfed1dfcc70dbdefac9e2a9ce235f2d5921380ca3c1e362a47e4037b27210", kill_on_drop: false }`
[INFO] running `Command { std: "docker" "rm" "-f" "243cfed1dfcc70dbdefac9e2a9ce235f2d5921380ca3c1e362a47e4037b27210", kill_on_drop: false }`
[INFO] [stdout] 243cfed1dfcc70dbdefac9e2a9ce235f2d5921380ca3c1e362a47e4037b27210
