[INFO] fetching crate codemonument_bx 0.3.4...
[INFO] testing codemonument_bx-0.3.4 against nightly-2024-10-28 for randomize-layout
[INFO] extracting crate codemonument_bx 0.3.4 into /workspace/builds/worker-2-tc1/source
[INFO] validating manifest of crates.io crate codemonument_bx 0.3.4 on toolchain nightly-2024-10-28
[INFO] running `Command { std: CARGO_HOME="/workspace/cargo-home" RUSTUP_HOME="/workspace/rustup-home" "/workspace/cargo-home/bin/cargo" "+nightly-2024-10-28" "metadata" "--manifest-path" "Cargo.toml" "--no-deps", kill_on_drop: false }`
[INFO] started tweaking crates.io crate codemonument_bx 0.3.4
[INFO] removed 0 missing tests
[INFO] finished tweaking crates.io crate codemonument_bx 0.3.4
[INFO] tweaked toml for crates.io crate codemonument_bx 0.3.4 written to /workspace/builds/worker-2-tc1/source/Cargo.toml
[INFO] crate crates.io crate codemonument_bx 0.3.4 already has a lockfile, it will not be regenerated
[INFO] running `Command { std: CARGO_HOME="/workspace/cargo-home" RUSTUP_HOME="/workspace/rustup-home" "/workspace/cargo-home/bin/cargo" "+nightly-2024-10-28" "fetch" "--manifest-path" "Cargo.toml", kill_on_drop: false }`
[INFO] [stderr] warning: file `/workspace/builds/worker-2-tc1/source/src/bin/main.rs` found to be present in multiple build targets:
[INFO] [stderr]   * `bin` target `bonnie`
[INFO] [stderr]   * `bin` target `bx`
[INFO] [stderr]  Downloading crates ...
[INFO] [stderr]   Downloaded serde v1.0.125
[INFO] [stderr]   Downloaded serde_derive v1.0.125
[INFO] [stderr]   Downloaded syn v1.0.69
[INFO] running `Command { std: "docker" "create" "-v" "/var/lib/crater-agent-workspace/builds/worker-2-tc1/target:/opt/rustwide/target:rw,Z" "-v" "/var/lib/crater-agent-workspace/builds/worker-2-tc1/source:/opt/rustwide/workdir:ro,Z" "-v" "/var/lib/crater-agent-workspace/cargo-home:/opt/rustwide/cargo-home:ro,Z" "-v" "/var/lib/crater-agent-workspace/rustup-home:/opt/rustwide/rustup-home:ro,Z" "-e" "SOURCE_DIR=/opt/rustwide/workdir" "-e" "CARGO_TARGET_DIR=/opt/rustwide/target" "-e" "CARGO_HOME=/opt/rustwide/cargo-home" "-e" "RUSTUP_HOME=/opt/rustwide/rustup-home" "-w" "/opt/rustwide/workdir" "-m" "1610612736" "--user" "0:0" "--network" "none" "ghcr.io/rust-lang/crates-build-env/linux@sha256:4a844ea9eb2546a2d2c7022eacef16ef2e8229c7fbb2c7d4d55a9ceca922f72d" "/opt/rustwide/cargo-home/bin/cargo" "+nightly-2024-10-28" "metadata" "--no-deps" "--format-version=1", kill_on_drop: false }`
[INFO] [stdout] b6a9ba58bc7b10c661ef486c17fa18798f3eec5c1a1e2df01603a533617fcc4e
[INFO] running `Command { std: "docker" "start" "-a" "b6a9ba58bc7b10c661ef486c17fa18798f3eec5c1a1e2df01603a533617fcc4e", kill_on_drop: false }`
[INFO] running `Command { std: "docker" "inspect" "b6a9ba58bc7b10c661ef486c17fa18798f3eec5c1a1e2df01603a533617fcc4e", kill_on_drop: false }`
[INFO] running `Command { std: "docker" "rm" "-f" "b6a9ba58bc7b10c661ef486c17fa18798f3eec5c1a1e2df01603a533617fcc4e", kill_on_drop: false }`
[INFO] [stdout] b6a9ba58bc7b10c661ef486c17fa18798f3eec5c1a1e2df01603a533617fcc4e
[INFO] running `Command { std: "docker" "create" "-v" "/var/lib/crater-agent-workspace/builds/worker-2-tc1/target:/opt/rustwide/target:rw,Z" "-v" "/var/lib/crater-agent-workspace/builds/worker-2-tc1/source:/opt/rustwide/workdir:ro,Z" "-v" "/var/lib/crater-agent-workspace/cargo-home:/opt/rustwide/cargo-home:ro,Z" "-v" "/var/lib/crater-agent-workspace/rustup-home:/opt/rustwide/rustup-home:ro,Z" "-e" "SOURCE_DIR=/opt/rustwide/workdir" "-e" "CARGO_TARGET_DIR=/opt/rustwide/target" "-e" "CARGO_INCREMENTAL=0" "-e" "RUST_BACKTRACE=full" "-e" "RUSTFLAGS=--cap-lints=forbid" "-e" "RUSTDOCFLAGS=--cap-lints=forbid" "-e" "CARGO_HOME=/opt/rustwide/cargo-home" "-e" "RUSTUP_HOME=/opt/rustwide/rustup-home" "-w" "/opt/rustwide/workdir" "-m" "1610612736" "--user" "0:0" "--network" "none" "ghcr.io/rust-lang/crates-build-env/linux@sha256:4a844ea9eb2546a2d2c7022eacef16ef2e8229c7fbb2c7d4d55a9ceca922f72d" "/opt/rustwide/cargo-home/bin/cargo" "+nightly-2024-10-28" "build" "--frozen" "--message-format=json", kill_on_drop: false }`
[INFO] [stdout] 2e32ca8f1a4dbe89ff3c7df6c2c34005c6da0951b56a58fb3ef33f68d41b5b14
[INFO] running `Command { std: "docker" "start" "-a" "2e32ca8f1a4dbe89ff3c7df6c2c34005c6da0951b56a58fb3ef33f68d41b5b14", kill_on_drop: false }`
[INFO] [stderr] warning: file `/opt/rustwide/workdir/src/bin/main.rs` found to be present in multiple build targets:
[INFO] [stderr]   * `bin` target `bonnie`
[INFO] [stderr]   * `bin` target `bx`
[INFO] [stderr]    Compiling proc-macro2 v1.0.26
[INFO] [stderr]    Compiling unicode-xid v0.2.1
[INFO] [stderr]    Compiling syn v1.0.69
[INFO] [stderr]    Compiling serde_derive v1.0.125
[INFO] [stderr]    Compiling memchr v2.4.0
[INFO] [stderr]    Compiling serde v1.0.125
[INFO] [stderr]    Compiling ryu v1.0.5
[INFO] [stderr]    Compiling serde_json v1.0.64
[INFO] [stderr]    Compiling regex-syntax v0.6.25
[INFO] [stderr]    Compiling itoa v0.4.7
[INFO] [stderr]    Compiling home v0.5.3
[INFO] [stderr]    Compiling dotenv v0.15.0
[INFO] [stderr]    Compiling aho-corasick v0.7.18
[INFO] [stderr]    Compiling quote v1.0.9
[INFO] [stderr]    Compiling regex v1.5.5
[INFO] [stderr]    Compiling toml v0.5.8
[INFO] [stderr]    Compiling codemonument_bx v0.3.4 (/opt/rustwide/workdir)
[INFO] [stderr]     Finished `dev` profile [unoptimized + debuginfo] target(s) in 9.69s
[INFO] running `Command { std: "docker" "inspect" "2e32ca8f1a4dbe89ff3c7df6c2c34005c6da0951b56a58fb3ef33f68d41b5b14", kill_on_drop: false }`
[INFO] running `Command { std: "docker" "rm" "-f" "2e32ca8f1a4dbe89ff3c7df6c2c34005c6da0951b56a58fb3ef33f68d41b5b14", kill_on_drop: false }`
[INFO] [stdout] 2e32ca8f1a4dbe89ff3c7df6c2c34005c6da0951b56a58fb3ef33f68d41b5b14
[INFO] running `Command { std: "docker" "create" "-v" "/var/lib/crater-agent-workspace/builds/worker-2-tc1/target:/opt/rustwide/target:rw,Z" "-v" "/var/lib/crater-agent-workspace/builds/worker-2-tc1/source:/opt/rustwide/workdir:ro,Z" "-v" "/var/lib/crater-agent-workspace/cargo-home:/opt/rustwide/cargo-home:ro,Z" "-v" "/var/lib/crater-agent-workspace/rustup-home:/opt/rustwide/rustup-home:ro,Z" "-e" "SOURCE_DIR=/opt/rustwide/workdir" "-e" "CARGO_TARGET_DIR=/opt/rustwide/target" "-e" "CARGO_INCREMENTAL=0" "-e" "RUST_BACKTRACE=full" "-e" "RUSTFLAGS=--cap-lints=forbid" "-e" "RUSTDOCFLAGS=--cap-lints=forbid" "-e" "CARGO_HOME=/opt/rustwide/cargo-home" "-e" "RUSTUP_HOME=/opt/rustwide/rustup-home" "-w" "/opt/rustwide/workdir" "-m" "1610612736" "--user" "0:0" "--network" "none" "ghcr.io/rust-lang/crates-build-env/linux@sha256:4a844ea9eb2546a2d2c7022eacef16ef2e8229c7fbb2c7d4d55a9ceca922f72d" "/opt/rustwide/cargo-home/bin/cargo" "+nightly-2024-10-28" "test" "--frozen" "--no-run" "--message-format=json", kill_on_drop: false }`
[INFO] [stdout] 2d0da14539ae274cbd8d76407ba4e1eea28bfd85c470d61fdd5a8b289cb77b78
[INFO] running `Command { std: "docker" "start" "-a" "2d0da14539ae274cbd8d76407ba4e1eea28bfd85c470d61fdd5a8b289cb77b78", kill_on_drop: false }`
[INFO] [stderr] warning: file `/opt/rustwide/workdir/src/bin/main.rs` found to be present in multiple build targets:
[INFO] [stderr]   * `bin` target `bonnie`
[INFO] [stderr]   * `bin` target `bx`
[INFO] [stderr]    Compiling codemonument_bx v0.3.4 (/opt/rustwide/workdir)
[INFO] [stdout] warning: trailing semicolon in macro used in expression position
[INFO] [stdout]    --> tests/known_cases.rs:47:10
[INFO] [stdout]     |
[INFO] [stdout] 47  |           };
[INFO] [stdout]     |            ^
[INFO] [stdout] ...
[INFO] [stdout] 111 |       let output = expect_exit_code!(
[INFO] [stdout]     |  __________________-
[INFO] [stdout] 112 | |         0,
[INFO] [stdout] 113 | |         r#"
[INFO] [stdout] 114 | |         [scripts]
[INFO] [stdout] ...   |
[INFO] [stdout] 118 | |         ["basic"]
[INFO] [stdout] 119 | |     );
[INFO] [stdout]     | |_____- in this macro invocation
[INFO] [stdout]     |
[INFO] [stdout]     = warning: this was previously accepted by the compiler but is being phased out; it will become a hard error in a future release!
[INFO] [stdout]     = note: for more information, see issue #79813 <https://github.com/rust-lang/rust/issues/79813>
[INFO] [stdout]     = note: `#[warn(semicolon_in_expressions_from_macros)]` on by default
[INFO] [stdout]     = note: this warning originates in the macro `expect_exit_code` (in Nightly builds, run with -Z macro-backtrace for more info)
[INFO] [stdout] 
[INFO] [stdout] 
[INFO] [stdout] warning: trailing semicolon in macro used in expression position
[INFO] [stdout]    --> tests/known_cases.rs:47:10
[INFO] [stdout]     |
[INFO] [stdout] 47  |           };
[INFO] [stdout]     |            ^
[INFO] [stdout] ...
[INFO] [stdout] 126 |       let output = expect_exit_code!(
[INFO] [stdout]     |  __________________-
[INFO] [stdout] 127 | |         0,
[INFO] [stdout] 128 | |         r#"
[INFO] [stdout] 129 | |         [scripts]
[INFO] [stdout] ...   |
[INFO] [stdout] 134 | |         ["basic"]
[INFO] [stdout] 135 | |     );
[INFO] [stdout]     | |_____- in this macro invocation
[INFO] [stdout]     |
[INFO] [stdout]     = warning: this was previously accepted by the compiler but is being phased out; it will become a hard error in a future release!
[INFO] [stdout]     = note: for more information, see issue #79813 <https://github.com/rust-lang/rust/issues/79813>
[INFO] [stdout]     = note: this warning originates in the macro `expect_exit_code` (in Nightly builds, run with -Z macro-backtrace for more info)
[INFO] [stdout] 
[INFO] [stdout] 
[INFO] [stdout] warning: trailing semicolon in macro used in expression position
[INFO] [stdout]    --> tests/known_cases.rs:47:10
[INFO] [stdout]     |
[INFO] [stdout] 47  |           };
[INFO] [stdout]     |            ^
[INFO] [stdout] ...
[INFO] [stdout] 144 |       let output = expect_exit_code!(
[INFO] [stdout]     |  __________________-
[INFO] [stdout] 145 | |         0,
[INFO] [stdout] 146 | |         r#"
[INFO] [stdout] 147 | |         [scripts]
[INFO] [stdout] ...   |
[INFO] [stdout] 152 | |         ["basic", "Name"]
[INFO] [stdout] 153 | |     );
[INFO] [stdout]     | |_____- in this macro invocation
[INFO] [stdout]     |
[INFO] [stdout]     = warning: this was previously accepted by the compiler but is being phased out; it will become a hard error in a future release!
[INFO] [stdout]     = note: for more information, see issue #79813 <https://github.com/rust-lang/rust/issues/79813>
[INFO] [stdout]     = note: this warning originates in the macro `expect_exit_code` (in Nightly builds, run with -Z macro-backtrace for more info)
[INFO] [stdout] 
[INFO] [stdout] 
[INFO] [stdout] warning: trailing semicolon in macro used in expression position
[INFO] [stdout]    --> tests/known_cases.rs:47:10
[INFO] [stdout]     |
[INFO] [stdout] 47  |           };
[INFO] [stdout]     |            ^
[INFO] [stdout] ...
[INFO] [stdout] 172 |       let output = expect_exit_code!(
[INFO] [stdout]     |  __________________-
[INFO] [stdout] 173 | |         0,
[INFO] [stdout] 174 | |         r#"
[INFO] [stdout] 175 | |         [scripts]
[INFO] [stdout] ...   |
[INFO] [stdout] 179 | |         ["basic"]
[INFO] [stdout] 180 | |     );
[INFO] [stdout]     | |_____- in this macro invocation
[INFO] [stdout]     |
[INFO] [stdout]     = warning: this was previously accepted by the compiler but is being phased out; it will become a hard error in a future release!
[INFO] [stdout]     = note: for more information, see issue #79813 <https://github.com/rust-lang/rust/issues/79813>
[INFO] [stdout]     = note: this warning originates in the macro `expect_exit_code` (in Nightly builds, run with -Z macro-backtrace for more info)
[INFO] [stdout] 
[INFO] [stdout] 
[INFO] [stdout] warning: trailing semicolon in macro used in expression position
[INFO] [stdout]    --> tests/known_cases.rs:47:10
[INFO] [stdout]     |
[INFO] [stdout] 47  |           };
[INFO] [stdout]     |            ^
[INFO] [stdout] ...
[INFO] [stdout] 187 |       let output = expect_exit_code!(
[INFO] [stdout]     |  __________________-
[INFO] [stdout] 188 | |         0,
[INFO] [stdout] 189 | |         r#"
[INFO] [stdout] 190 | |         [scripts]
[INFO] [stdout] ...   |
[INFO] [stdout] 194 | |         ["basic", "Test"]
[INFO] [stdout] 195 | |     );
[INFO] [stdout]     | |_____- in this macro invocation
[INFO] [stdout]     |
[INFO] [stdout]     = warning: this was previously accepted by the compiler but is being phased out; it will become a hard error in a future release!
[INFO] [stdout]     = note: for more information, see issue #79813 <https://github.com/rust-lang/rust/issues/79813>
[INFO] [stdout]     = note: this warning originates in the macro `expect_exit_code` (in Nightly builds, run with -Z macro-backtrace for more info)
[INFO] [stdout] 
[INFO] [stdout] 
[INFO] [stdout] warning: trailing semicolon in macro used in expression position
[INFO] [stdout]    --> tests/known_cases.rs:47:10
[INFO] [stdout]     |
[INFO] [stdout] 47  |           };
[INFO] [stdout]     |            ^
[INFO] [stdout] ...
[INFO] [stdout] 201 |       let output = expect_exit_code!(
[INFO] [stdout]     |  __________________-
[INFO] [stdout] 202 | |         0,
[INFO] [stdout] 203 | |         r#"
[INFO] [stdout] 204 | |         [scripts]
[INFO] [stdout] ...   |
[INFO] [stdout] 208 | |         ["basic", "foo", "bar"]
[INFO] [stdout] 209 | |     );
[INFO] [stdout]     | |_____- in this macro invocation
[INFO] [stdout]     |
[INFO] [stdout]     = warning: this was previously accepted by the compiler but is being phased out; it will become a hard error in a future release!
[INFO] [stdout]     = note: for more information, see issue #79813 <https://github.com/rust-lang/rust/issues/79813>
[INFO] [stdout]     = note: this warning originates in the macro `expect_exit_code` (in Nightly builds, run with -Z macro-backtrace for more info)
[INFO] [stdout] 
[INFO] [stdout] 
[INFO] [stdout] warning: trailing semicolon in macro used in expression position
[INFO] [stdout]    --> tests/known_cases.rs:47:10
[INFO] [stdout]     |
[INFO] [stdout] 47  |           };
[INFO] [stdout]     |            ^
[INFO] [stdout] ...
[INFO] [stdout] 215 |       let output = expect_exit_code!(
[INFO] [stdout]     |  __________________-
[INFO] [stdout] 216 | |         0,
[INFO] [stdout] 217 | |         r#"
[INFO] [stdout] 218 | |         [scripts]
[INFO] [stdout] ...   |
[INFO] [stdout] 222 | |         ["basic", "foo", "bar"]
[INFO] [stdout] 223 | |     );
[INFO] [stdout]     | |_____- in this macro invocation
[INFO] [stdout]     |
[INFO] [stdout]     = warning: this was previously accepted by the compiler but is being phased out; it will become a hard error in a future release!
[INFO] [stdout]     = note: for more information, see issue #79813 <https://github.com/rust-lang/rust/issues/79813>
[INFO] [stdout]     = note: this warning originates in the macro `expect_exit_code` (in Nightly builds, run with -Z macro-backtrace for more info)
[INFO] [stdout] 
[INFO] [stdout] 
[INFO] [stdout] warning: trailing semicolon in macro used in expression position
[INFO] [stdout]    --> tests/known_cases.rs:47:10
[INFO] [stdout]     |
[INFO] [stdout] 47  |           };
[INFO] [stdout]     |            ^
[INFO] [stdout] ...
[INFO] [stdout] 229 |       let output = expect_exit_code!(
[INFO] [stdout]     |  __________________-
[INFO] [stdout] 230 | |         0,
[INFO] [stdout] 231 | |         r#"
[INFO] [stdout] 232 | |         [scripts]
[INFO] [stdout] ...   |
[INFO] [stdout] 237 | |         ["basic", "Name", "foo", "bar"]
[INFO] [stdout] 238 | |     );
[INFO] [stdout]     | |_____- in this macro invocation
[INFO] [stdout]     |
[INFO] [stdout]     = warning: this was previously accepted by the compiler but is being phased out; it will become a hard error in a future release!
[INFO] [stdout]     = note: for more information, see issue #79813 <https://github.com/rust-lang/rust/issues/79813>
[INFO] [stdout]     = note: this warning originates in the macro `expect_exit_code` (in Nightly builds, run with -Z macro-backtrace for more info)
[INFO] [stdout] 
[INFO] [stdout] 
[INFO] [stdout] warning: trailing semicolon in macro used in expression position
[INFO] [stdout]    --> tests/known_cases.rs:47:10
[INFO] [stdout]     |
[INFO] [stdout] 47  |           };
[INFO] [stdout]     |            ^
[INFO] [stdout] ...
[INFO] [stdout] 245 |       let output = expect_exit_code!(
[INFO] [stdout]     |  __________________-
[INFO] [stdout] 246 | |         0,
[INFO] [stdout] 247 | |         r#"
[INFO] [stdout] 248 | |         env_files = ["src/.env"]
[INFO] [stdout] ...   |
[INFO] [stdout] 254 | |         ["basic"]
[INFO] [stdout] 255 | |     );
[INFO] [stdout]     | |_____- in this macro invocation
[INFO] [stdout]     |
[INFO] [stdout]     = warning: this was previously accepted by the compiler but is being phased out; it will become a hard error in a future release!
[INFO] [stdout]     = note: for more information, see issue #79813 <https://github.com/rust-lang/rust/issues/79813>
[INFO] [stdout]     = note: this warning originates in the macro `expect_exit_code` (in Nightly builds, run with -Z macro-backtrace for more info)
[INFO] [stdout] 
[INFO] [stdout] 
[INFO] [stdout] warning: trailing semicolon in macro used in expression position
[INFO] [stdout]    --> tests/known_cases.rs:47:10
[INFO] [stdout]     |
[INFO] [stdout] 47  |           };
[INFO] [stdout]     |            ^
[INFO] [stdout] ...
[INFO] [stdout] 289 |       let output = expect_exit_code!(
[INFO] [stdout]     |  __________________-
[INFO] [stdout] 290 | |         0,
[INFO] [stdout] 291 | |         r#"
[INFO] [stdout] 292 | |         env_files = ["src/.env"]
[INFO] [stdout] ...   |
[INFO] [stdout] 299 | |         ["basic", "Name", "(extra stuff)"]
[INFO] [stdout] 300 | |     );
[INFO] [stdout]     | |_____- in this macro invocation
[INFO] [stdout]     |
[INFO] [stdout]     = warning: this was previously accepted by the compiler but is being phased out; it will become a hard error in a future release!
[INFO] [stdout]     = note: for more information, see issue #79813 <https://github.com/rust-lang/rust/issues/79813>
[INFO] [stdout]     = note: this warning originates in the macro `expect_exit_code` (in Nightly builds, run with -Z macro-backtrace for more info)
[INFO] [stdout] 
[INFO] [stdout] 
[INFO] [stdout] warning: trailing semicolon in macro used in expression position
[INFO] [stdout]    --> tests/known_cases.rs:47:10
[INFO] [stdout]     |
[INFO] [stdout] 47  |           };
[INFO] [stdout]     |            ^
[INFO] [stdout] ...
[INFO] [stdout] 309 |       let output = expect_exit_code!(
[INFO] [stdout]     |  __________________-
[INFO] [stdout] 310 | |         1,
[INFO] [stdout] 311 | |         r#"
[INFO] [stdout] 312 | |         [scripts]
[INFO] [stdout] ...   |
[INFO] [stdout] 316 | |         ["basic"]
[INFO] [stdout] 317 | |     );
[INFO] [stdout]     | |_____- in this macro invocation
[INFO] [stdout]     |
[INFO] [stdout]     = warning: this was previously accepted by the compiler but is being phased out; it will become a hard error in a future release!
[INFO] [stdout]     = note: for more information, see issue #79813 <https://github.com/rust-lang/rust/issues/79813>
[INFO] [stdout]     = note: this warning originates in the macro `expect_exit_code` (in Nightly builds, run with -Z macro-backtrace for more info)
[INFO] [stdout] 
[INFO] [stdout] 
[INFO] [stdout] warning: trailing semicolon in macro used in expression position
[INFO] [stdout]    --> tests/known_cases.rs:47:10
[INFO] [stdout]     |
[INFO] [stdout] 47  |           };
[INFO] [stdout]     |            ^
[INFO] [stdout] ...
[INFO] [stdout] 323 |       let output = expect_exit_code!(
[INFO] [stdout]     |  __________________-
[INFO] [stdout] 324 | |         1,
[INFO] [stdout] 325 | |         r#"
[INFO] [stdout] 326 | |         env_files = ["src/.env"]
[INFO] [stdout] ...   |
[INFO] [stdout] 336 | |         ["basic", "Name", "foo", "bar"]
[INFO] [stdout] 337 | |     );
[INFO] [stdout]     | |_____- in this macro invocation
[INFO] [stdout]     |
[INFO] [stdout]     = warning: this was previously accepted by the compiler but is being phased out; it will become a hard error in a future release!
[INFO] [stdout]     = note: for more information, see issue #79813 <https://github.com/rust-lang/rust/issues/79813>
[INFO] [stdout]     = note: this warning originates in the macro `expect_exit_code` (in Nightly builds, run with -Z macro-backtrace for more info)
[INFO] [stdout] 
[INFO] [stdout] 
[INFO] [stdout] warning: trailing semicolon in macro used in expression position
[INFO] [stdout]    --> tests/known_cases.rs:47:10
[INFO] [stdout]     |
[INFO] [stdout] 47  |         };
[INFO] [stdout]     |          ^
[INFO] [stdout] ...
[INFO] [stdout] 351 |     let output1 = expect_exit_code!(0, cfg, BONNIE_VERSION, ["basic", "test"]);
[INFO] [stdout]     |                   ------------------------------------------------------------ in this macro invocation
[INFO] [stdout]     |
[INFO] [stdout]     = warning: this was previously accepted by the compiler but is being phased out; it will become a hard error in a future release!
[INFO] [stdout]     = note: for more information, see issue #79813 <https://github.com/rust-lang/rust/issues/79813>
[INFO] [stdout]     = note: this warning originates in the macro `expect_exit_code` (in Nightly builds, run with -Z macro-backtrace for more info)
[INFO] [stdout] 
[INFO] [stdout] 
[INFO] [stdout] warning: trailing semicolon in macro used in expression position
[INFO] [stdout]    --> tests/known_cases.rs:47:10
[INFO] [stdout]     |
[INFO] [stdout] 47  |         };
[INFO] [stdout]     |          ^
[INFO] [stdout] ...
[INFO] [stdout] 353 |     let output2 = expect_exit_code!(1, cfg, BONNIE_VERSION, ["basic", "other"]);
[INFO] [stdout]     |                   ------------------------------------------------------------- in this macro invocation
[INFO] [stdout]     |
[INFO] [stdout]     = warning: this was previously accepted by the compiler but is being phased out; it will become a hard error in a future release!
[INFO] [stdout]     = note: for more information, see issue #79813 <https://github.com/rust-lang/rust/issues/79813>
[INFO] [stdout]     = note: this warning originates in the macro `expect_exit_code` (in Nightly builds, run with -Z macro-backtrace for more info)
[INFO] [stdout] 
[INFO] [stdout] 
[INFO] [stdout] warning: trailing semicolon in macro used in expression position
[INFO] [stdout]    --> tests/known_cases.rs:47:10
[INFO] [stdout]     |
[INFO] [stdout] 47  |         };
[INFO] [stdout]     |          ^
[INFO] [stdout] ...
[INFO] [stdout] 370 |     let output1 = expect_exit_code!(1, cfg, BONNIE_VERSION, ["basic", "test", "Name", "foo bar"]);
[INFO] [stdout]     |                   ------------------------------------------------------------------------------- in this macro invocation
[INFO] [stdout]     |
[INFO] [stdout]     = warning: this was previously accepted by the compiler but is being phased out; it will become a hard error in a future release!
[INFO] [stdout]     = note: for more information, see issue #79813 <https://github.com/rust-lang/rust/issues/79813>
[INFO] [stdout]     = note: this warning originates in the macro `expect_exit_code` (in Nightly builds, run with -Z macro-backtrace for more info)
[INFO] [stdout] 
[INFO] [stdout] 
[INFO] [stdout] warning: trailing semicolon in macro used in expression position
[INFO] [stdout]    --> tests/known_cases.rs:47:10
[INFO] [stdout]     |
[INFO] [stdout] 47  |         };
[INFO] [stdout]     |          ^
[INFO] [stdout] ...
[INFO] [stdout] 375 |     let output2 = expect_exit_code!(1, cfg, BONNIE_VERSION, ["basic", "other"]);
[INFO] [stdout]     |                   ------------------------------------------------------------- in this macro invocation
[INFO] [stdout]     |
[INFO] [stdout]     = warning: this was previously accepted by the compiler but is being phased out; it will become a hard error in a future release!
[INFO] [stdout]     = note: for more information, see issue #79813 <https://github.com/rust-lang/rust/issues/79813>
[INFO] [stdout]     = note: this warning originates in the macro `expect_exit_code` (in Nightly builds, run with -Z macro-backtrace for more info)
[INFO] [stdout] 
[INFO] [stdout] 
[INFO] [stdout] warning: trailing semicolon in macro used in expression position
[INFO] [stdout]    --> tests/known_cases.rs:47:10
[INFO] [stdout]     |
[INFO] [stdout] 47  |         };
[INFO] [stdout]     |          ^
[INFO] [stdout] ...
[INFO] [stdout] 387 |     let root_output = expect_exit_code!(0, cfg, BONNIE_VERSION, ["basic"]);
[INFO] [stdout]     |                       ---------------------------------------------------- in this macro invocation
[INFO] [stdout]     |
[INFO] [stdout]     = warning: this was previously accepted by the compiler but is being phased out; it will become a hard error in a future release!
[INFO] [stdout]     = note: for more information, see issue #79813 <https://github.com/rust-lang/rust/issues/79813>
[INFO] [stdout]     = note: this warning originates in the macro `expect_exit_code` (in Nightly builds, run with -Z macro-backtrace for more info)
[INFO] [stdout] 
[INFO] [stdout] 
[INFO] [stdout] warning: trailing semicolon in macro used in expression position
[INFO] [stdout]    --> tests/known_cases.rs:47:10
[INFO] [stdout]     |
[INFO] [stdout] 47  |         };
[INFO] [stdout]     |          ^
[INFO] [stdout] ...
[INFO] [stdout] 389 |     let output1 = expect_exit_code!(1, cfg, BONNIE_VERSION, ["basic", "test"]);
[INFO] [stdout]     |                   ------------------------------------------------------------ in this macro invocation
[INFO] [stdout]     |
[INFO] [stdout]     = warning: this was previously accepted by the compiler but is being phased out; it will become a hard error in a future release!
[INFO] [stdout]     = note: for more information, see issue #79813 <https://github.com/rust-lang/rust/issues/79813>
[INFO] [stdout]     = note: this warning originates in the macro `expect_exit_code` (in Nightly builds, run with -Z macro-backtrace for more info)
[INFO] [stdout] 
[INFO] [stdout] 
[INFO] [stdout] warning: trailing semicolon in macro used in expression position
[INFO] [stdout]    --> tests/known_cases.rs:47:10
[INFO] [stdout]     |
[INFO] [stdout] 47  |         };
[INFO] [stdout]     |          ^
[INFO] [stdout] ...
[INFO] [stdout] 391 |     let output2 = expect_exit_code!(2, cfg, BONNIE_VERSION, ["basic", "other"]);
[INFO] [stdout]     |                   ------------------------------------------------------------- in this macro invocation
[INFO] [stdout]     |
[INFO] [stdout]     = warning: this was previously accepted by the compiler but is being phased out; it will become a hard error in a future release!
[INFO] [stdout]     = note: for more information, see issue #79813 <https://github.com/rust-lang/rust/issues/79813>
[INFO] [stdout]     = note: this warning originates in the macro `expect_exit_code` (in Nightly builds, run with -Z macro-backtrace for more info)
[INFO] [stdout] 
[INFO] [stdout] 
[INFO] [stdout] warning: trailing semicolon in macro used in expression position
[INFO] [stdout]    --> tests/known_cases.rs:47:10
[INFO] [stdout]     |
[INFO] [stdout] 47  |           };
[INFO] [stdout]     |            ^
[INFO] [stdout] ...
[INFO] [stdout] 409 |       let output = expect_exit_code!(
[INFO] [stdout]     |  __________________-
[INFO] [stdout] 410 | |         0,
[INFO] [stdout] 411 | |         r#"
[INFO] [stdout] 412 | |         [scripts]
[INFO] [stdout] ...   |
[INFO] [stdout] 417 | |         ["basic"]
[INFO] [stdout] 418 | |     );
[INFO] [stdout]     | |_____- in this macro invocation
[INFO] [stdout]     |
[INFO] [stdout]     = warning: this was previously accepted by the compiler but is being phased out; it will become a hard error in a future release!
[INFO] [stdout]     = note: for more information, see issue #79813 <https://github.com/rust-lang/rust/issues/79813>
[INFO] [stdout]     = note: this warning originates in the macro `expect_exit_code` (in Nightly builds, run with -Z macro-backtrace for more info)
[INFO] [stdout] 
[INFO] [stdout] 
[INFO] [stdout] warning: trailing semicolon in macro used in expression position
[INFO] [stdout]    --> tests/known_cases.rs:47:10
[INFO] [stdout]     |
[INFO] [stdout] 47  |           };
[INFO] [stdout]     |            ^
[INFO] [stdout] ...
[INFO] [stdout] 424 |       let output = expect_exit_code!(
[INFO] [stdout]     |  __________________-
[INFO] [stdout] 425 | |         1,
[INFO] [stdout] 426 | |         r#"
[INFO] [stdout] 427 | |         env_files = ["src/.env"]
[INFO] [stdout] ...   |
[INFO] [stdout] 438 | |         ["basic", "Name", "foo", "bar"]
[INFO] [stdout] 439 | |     );
[INFO] [stdout]     | |_____- in this macro invocation
[INFO] [stdout]     |
[INFO] [stdout]     = warning: this was previously accepted by the compiler but is being phased out; it will become a hard error in a future release!
[INFO] [stdout]     = note: for more information, see issue #79813 <https://github.com/rust-lang/rust/issues/79813>
[INFO] [stdout]     = note: this warning originates in the macro `expect_exit_code` (in Nightly builds, run with -Z macro-backtrace for more info)
[INFO] [stdout] 
[INFO] [stdout] 
[INFO] [stdout] warning: trailing semicolon in macro used in expression position
[INFO] [stdout]    --> tests/known_cases.rs:47:10
[INFO] [stdout]     |
[INFO] [stdout] 47  |           };
[INFO] [stdout]     |            ^
[INFO] [stdout] ...
[INFO] [stdout] 449 |       let output = expect_exit_code!(
[INFO] [stdout]     |  __________________-
[INFO] [stdout] 450 | |         0,
[INFO] [stdout] 451 | |         r#"
[INFO] [stdout] 452 | |         [scripts]
[INFO] [stdout] ...   |
[INFO] [stdout] 457 | |         ["basic"]
[INFO] [stdout] 458 | |     );
[INFO] [stdout]     | |_____- in this macro invocation
[INFO] [stdout]     |
[INFO] [stdout]     = warning: this was previously accepted by the compiler but is being phased out; it will become a hard error in a future release!
[INFO] [stdout]     = note: for more information, see issue #79813 <https://github.com/rust-lang/rust/issues/79813>
[INFO] [stdout]     = note: this warning originates in the macro `expect_exit_code` (in Nightly builds, run with -Z macro-backtrace for more info)
[INFO] [stdout] 
[INFO] [stdout] 
[INFO] [stdout] warning: trailing semicolon in macro used in expression position
[INFO] [stdout]    --> tests/known_cases.rs:47:10
[INFO] [stdout]     |
[INFO] [stdout] 47  |           };
[INFO] [stdout]     |            ^
[INFO] [stdout] ...
[INFO] [stdout] 464 |       let output = expect_exit_code!(
[INFO] [stdout]     |  __________________-
[INFO] [stdout] 465 | |         0,
[INFO] [stdout] 466 | |         r#"
[INFO] [stdout] 467 | |         [scripts]
[INFO] [stdout] ...   |
[INFO] [stdout] 472 | |         ["basic"]
[INFO] [stdout] 473 | |     );
[INFO] [stdout]     | |_____- in this macro invocation
[INFO] [stdout]     |
[INFO] [stdout]     = warning: this was previously accepted by the compiler but is being phased out; it will become a hard error in a future release!
[INFO] [stdout]     = note: for more information, see issue #79813 <https://github.com/rust-lang/rust/issues/79813>
[INFO] [stdout]     = note: this warning originates in the macro `expect_exit_code` (in Nightly builds, run with -Z macro-backtrace for more info)
[INFO] [stdout] 
[INFO] [stdout] 
[INFO] [stdout] warning: trailing semicolon in macro used in expression position
[INFO] [stdout]    --> tests/known_cases.rs:47:10
[INFO] [stdout]     |
[INFO] [stdout] 47  |           };
[INFO] [stdout]     |            ^
[INFO] [stdout] ...
[INFO] [stdout] 479 |       let output = expect_exit_code!(
[INFO] [stdout]     |  __________________-
[INFO] [stdout] 480 | |         1,
[INFO] [stdout] 481 | |         r#"
[INFO] [stdout] 482 | |         env_files = ["src/.env"]
[INFO] [stdout] ...   |
[INFO] [stdout] 494 | |         ["basic", "Name", "foo", "bar"]
[INFO] [stdout] 495 | |     );
[INFO] [stdout]     | |_____- in this macro invocation
[INFO] [stdout]     |
[INFO] [stdout]     = warning: this was previously accepted by the compiler but is being phased out; it will become a hard error in a future release!
[INFO] [stdout]     = note: for more information, see issue #79813 <https://github.com/rust-lang/rust/issues/79813>
[INFO] [stdout]     = note: this warning originates in the macro `expect_exit_code` (in Nightly builds, run with -Z macro-backtrace for more info)
[INFO] [stdout] 
[INFO] [stdout] 
[INFO] [stdout] warning: trailing semicolon in macro used in expression position
[INFO] [stdout]    --> tests/known_cases.rs:47:10
[INFO] [stdout]     |
[INFO] [stdout] 47  |           };
[INFO] [stdout]     |            ^
[INFO] [stdout] ...
[INFO] [stdout] 517 |       let output = expect_exit_code!(
[INFO] [stdout]     |  __________________-
[INFO] [stdout] 518 | |         0,
[INFO] [stdout] 519 | |         r#"
[INFO] [stdout] 520 | |         default_shell = ["bash", "-c", "{COMMAND}"]
[INFO] [stdout] ...   |
[INFO] [stdout] 525 | |         ["basic"]
[INFO] [stdout] 526 | |     );
[INFO] [stdout]     | |_____- in this macro invocation
[INFO] [stdout]     |
[INFO] [stdout]     = warning: this was previously accepted by the compiler but is being phased out; it will become a hard error in a future release!
[INFO] [stdout]     = note: for more information, see issue #79813 <https://github.com/rust-lang/rust/issues/79813>
[INFO] [stdout]     = note: this warning originates in the macro `expect_exit_code` (in Nightly builds, run with -Z macro-backtrace for more info)
[INFO] [stdout] 
[INFO] [stdout] 
[INFO] [stdout] warning: trailing semicolon in macro used in expression position
[INFO] [stdout]    --> tests/known_cases.rs:47:10
[INFO] [stdout]     |
[INFO] [stdout] 47  |           };
[INFO] [stdout]     |            ^
[INFO] [stdout] ...
[INFO] [stdout] 532 |       let output = expect_exit_code!(
[INFO] [stdout]     |  __________________-
[INFO] [stdout] 533 | |         0,
[INFO] [stdout] 534 | |         r#"
[INFO] [stdout] 535 | |         default_shell.generic = ["bash", "-c", "{COMMAND}"]
[INFO] [stdout] ...   |
[INFO] [stdout] 540 | |         ["basic"]
[INFO] [stdout] 541 | |     );
[INFO] [stdout]     | |_____- in this macro invocation
[INFO] [stdout]     |
[INFO] [stdout]     = warning: this was previously accepted by the compiler but is being phased out; it will become a hard error in a future release!
[INFO] [stdout]     = note: for more information, see issue #79813 <https://github.com/rust-lang/rust/issues/79813>
[INFO] [stdout]     = note: this warning originates in the macro `expect_exit_code` (in Nightly builds, run with -Z macro-backtrace for more info)
[INFO] [stdout] 
[INFO] [stdout] 
[INFO] [stdout] warning: trailing semicolon in macro used in expression position
[INFO] [stdout]    --> tests/known_cases.rs:47:10
[INFO] [stdout]     |
[INFO] [stdout] 47  |           };
[INFO] [stdout]     |            ^
[INFO] [stdout] ...
[INFO] [stdout] 547 |       let output = expect_exit_code!(
[INFO] [stdout]     |  __________________-
[INFO] [stdout] 548 | |         0,
[INFO] [stdout] 549 | |         r#"
[INFO] [stdout] 550 | |         default_shell.generic = { parts = ["bash", "-c", "{COMMAND}"], delimiter = " && " }
[INFO] [stdout] ...   |
[INFO] [stdout] 555 | |         ["basic"]
[INFO] [stdout] 556 | |     );
[INFO] [stdout]     | |_____- in this macro invocation
[INFO] [stdout]     |
[INFO] [stdout]     = warning: this was previously accepted by the compiler but is being phased out; it will become a hard error in a future release!
[INFO] [stdout]     = note: for more information, see issue #79813 <https://github.com/rust-lang/rust/issues/79813>
[INFO] [stdout]     = note: this warning originates in the macro `expect_exit_code` (in Nightly builds, run with -Z macro-backtrace for more info)
[INFO] [stdout] 
[INFO] [stdout] 
[INFO] [stdout] warning: trailing semicolon in macro used in expression position
[INFO] [stdout]    --> tests/known_cases.rs:47:10
[INFO] [stdout]     |
[INFO] [stdout] 47  |           };
[INFO] [stdout]     |            ^
[INFO] [stdout] ...
[INFO] [stdout] 562 |       let output = expect_exit_code!(
[INFO] [stdout]     |  __________________-
[INFO] [stdout] 563 | |         0,
[INFO] [stdout] 564 | |         r#"
[INFO] [stdout] 565 | |         default_shell.generic = ["sh", "-c", "{COMMAND}"]
[INFO] [stdout] ...   |
[INFO] [stdout] 571 | |         ["basic"]
[INFO] [stdout] 572 | |     );
[INFO] [stdout]     | |_____- in this macro invocation
[INFO] [stdout]     |
[INFO] [stdout]     = warning: this was previously accepted by the compiler but is being phased out; it will become a hard error in a future release!
[INFO] [stdout]     = note: for more information, see issue #79813 <https://github.com/rust-lang/rust/issues/79813>
[INFO] [stdout]     = note: this warning originates in the macro `expect_exit_code` (in Nightly builds, run with -Z macro-backtrace for more info)
[INFO] [stdout] 
[INFO] [stdout] 
[INFO] [stdout] warning: trailing semicolon in macro used in expression position
[INFO] [stdout]    --> tests/known_cases.rs:47:10
[INFO] [stdout]     |
[INFO] [stdout] 47  |           };
[INFO] [stdout]     |            ^
[INFO] [stdout] ...
[INFO] [stdout] 578 |       let output = expect_exit_code!(
[INFO] [stdout]     |  __________________-
[INFO] [stdout] 579 | |         0,
[INFO] [stdout] 580 | |         r#"
[INFO] [stdout] 581 | |         [scripts]
[INFO] [stdout] ...   |
[INFO] [stdout] 587 | |         ["basic"]
[INFO] [stdout] 588 | |     );
[INFO] [stdout]     | |_____- in this macro invocation
[INFO] [stdout]     |
[INFO] [stdout]     = warning: this was previously accepted by the compiler but is being phased out; it will become a hard error in a future release!
[INFO] [stdout]     = note: for more information, see issue #79813 <https://github.com/rust-lang/rust/issues/79813>
[INFO] [stdout]     = note: this warning originates in the macro `expect_exit_code` (in Nightly builds, run with -Z macro-backtrace for more info)
[INFO] [stdout] 
[INFO] [stdout] 
[INFO] [stdout] warning: trailing semicolon in macro used in expression position
[INFO] [stdout]    --> tests/known_cases.rs:47:10
[INFO] [stdout]     |
[INFO] [stdout] 47  |           };
[INFO] [stdout]     |            ^
[INFO] [stdout] ...
[INFO] [stdout] 594 |       let output = expect_exit_code!(
[INFO] [stdout]     |  __________________-
[INFO] [stdout] 595 | |         1,
[INFO] [stdout] 596 | |         r#"
[INFO] [stdout] 597 | |         [scripts]
[INFO] [stdout] ...   |
[INFO] [stdout] 607 | |         ["basic"]
[INFO] [stdout] 608 | |     );
[INFO] [stdout]     | |_____- in this macro invocation
[INFO] [stdout]     |
[INFO] [stdout]     = warning: this was previously accepted by the compiler but is being phased out; it will become a hard error in a future release!
[INFO] [stdout]     = note: for more information, see issue #79813 <https://github.com/rust-lang/rust/issues/79813>
[INFO] [stdout]     = note: this warning originates in the macro `expect_exit_code` (in Nightly builds, run with -Z macro-backtrace for more info)
[INFO] [stdout] 
[INFO] [stdout] 
[INFO] [stdout] warning: trailing semicolon in macro used in expression position
[INFO] [stdout]    --> tests/known_cases.rs:47:10
[INFO] [stdout]     |
[INFO] [stdout] 47  |           };
[INFO] [stdout]     |            ^
[INFO] [stdout] ...
[INFO] [stdout] 677 |       let output = expect_exit_code!(
[INFO] [stdout]     |  __________________-
[INFO] [stdout] 678 | |         1,
[INFO] [stdout] 679 | |         r#"
[INFO] [stdout] 680 | |         env_files = ["src/.env"]
[INFO] [stdout] ...   |
[INFO] [stdout] 708 | |         ["basic", "Name", "foo", "bar"]
[INFO] [stdout] 709 | |     );
[INFO] [stdout]     | |_____- in this macro invocation
[INFO] [stdout]     |
[INFO] [stdout]     = warning: this was previously accepted by the compiler but is being phased out; it will become a hard error in a future release!
[INFO] [stdout]     = note: for more information, see issue #79813 <https://github.com/rust-lang/rust/issues/79813>
[INFO] [stdout]     = note: this warning originates in the macro `expect_exit_code` (in Nightly builds, run with -Z macro-backtrace for more info)
[INFO] [stdout] 
[INFO] [stdout] 
[INFO] [stdout] warning: trailing semicolon in macro used in expression position
[INFO] [stdout]    --> tests/known_cases.rs:47:10
[INFO] [stdout]     |
[INFO] [stdout] 47  |           };
[INFO] [stdout]     |            ^
[INFO] [stdout] ...
[INFO] [stdout] 724 |       let output1 = expect_exit_code!(
[INFO] [stdout]     |  ___________________-
[INFO] [stdout] 725 | |         1,
[INFO] [stdout] 726 | |         r#"
[INFO] [stdout] 727 | |         [scripts]
[INFO] [stdout] ...   |
[INFO] [stdout] 737 | |         ["basic"]
[INFO] [stdout] 738 | |     );
[INFO] [stdout]     | |_____- in this macro invocation
[INFO] [stdout]     |
[INFO] [stdout]     = warning: this was previously accepted by the compiler but is being phased out; it will become a hard error in a future release!
[INFO] [stdout]     = note: for more information, see issue #79813 <https://github.com/rust-lang/rust/issues/79813>
[INFO] [stdout]     = note: this warning originates in the macro `expect_exit_code` (in Nightly builds, run with -Z macro-backtrace for more info)
[INFO] [stdout] 
[INFO] [stdout] 
[INFO] [stdout] warning: trailing semicolon in macro used in expression position
[INFO] [stdout]    --> tests/known_cases.rs:47:10
[INFO] [stdout]     |
[INFO] [stdout] 47  |           };
[INFO] [stdout]     |            ^
[INFO] [stdout] ...
[INFO] [stdout] 743 |       let output2 = expect_exit_code!(
[INFO] [stdout]     |  ___________________-
[INFO] [stdout] 744 | |         0,
[INFO] [stdout] 745 | |         r#"
[INFO] [stdout] 746 | |         [scripts]
[INFO] [stdout] ...   |
[INFO] [stdout] 756 | |         ["basic"]
[INFO] [stdout] 757 | |     );
[INFO] [stdout]     | |_____- in this macro invocation
[INFO] [stdout]     |
[INFO] [stdout]     = warning: this was previously accepted by the compiler but is being phased out; it will become a hard error in a future release!
[INFO] [stdout]     = note: for more information, see issue #79813 <https://github.com/rust-lang/rust/issues/79813>
[INFO] [stdout]     = note: this warning originates in the macro `expect_exit_code` (in Nightly builds, run with -Z macro-backtrace for more info)
[INFO] [stdout] 
[INFO] [stdout] 
[INFO] [stdout] warning: trailing semicolon in macro used in expression position
[INFO] [stdout]    --> tests/known_cases.rs:47:10
[INFO] [stdout]     |
[INFO] [stdout] 47  |           };
[INFO] [stdout]     |            ^
[INFO] [stdout] ...
[INFO] [stdout] 766 |       let output1 = expect_exit_code!(
[INFO] [stdout]     |  ___________________-
[INFO] [stdout] 767 | |         1,
[INFO] [stdout] 768 | |         r#"
[INFO] [stdout] 769 | |         [scripts]
[INFO] [stdout] ...   |
[INFO] [stdout] 779 | |         ["basic"]
[INFO] [stdout] 780 | |     );
[INFO] [stdout]     | |_____- in this macro invocation
[INFO] [stdout]     |
[INFO] [stdout]     = warning: this was previously accepted by the compiler but is being phased out; it will become a hard error in a future release!
[INFO] [stdout]     = note: for more information, see issue #79813 <https://github.com/rust-lang/rust/issues/79813>
[INFO] [stdout]     = note: this warning originates in the macro `expect_exit_code` (in Nightly builds, run with -Z macro-backtrace for more info)
[INFO] [stdout] 
[INFO] [stdout] 
[INFO] [stdout] warning: trailing semicolon in macro used in expression position
[INFO] [stdout]    --> tests/known_cases.rs:47:10
[INFO] [stdout]     |
[INFO] [stdout] 47  |           };
[INFO] [stdout]     |            ^
[INFO] [stdout] ...
[INFO] [stdout] 785 |       let output2 = expect_exit_code!(
[INFO] [stdout]     |  ___________________-
[INFO] [stdout] 786 | |         0,
[INFO] [stdout] 787 | |         r#"
[INFO] [stdout] 788 | |         [scripts]
[INFO] [stdout] ...   |
[INFO] [stdout] 798 | |         ["basic"]
[INFO] [stdout] 799 | |     );
[INFO] [stdout]     | |_____- in this macro invocation
[INFO] [stdout]     |
[INFO] [stdout]     = warning: this was previously accepted by the compiler but is being phased out; it will become a hard error in a future release!
[INFO] [stdout]     = note: for more information, see issue #79813 <https://github.com/rust-lang/rust/issues/79813>
[INFO] [stdout]     = note: this warning originates in the macro `expect_exit_code` (in Nightly builds, run with -Z macro-backtrace for more info)
[INFO] [stdout] 
[INFO] [stdout] 
[INFO] [stdout] warning: trailing semicolon in macro used in expression position
[INFO] [stdout]    --> tests/known_cases.rs:47:10
[INFO] [stdout]     |
[INFO] [stdout] 47  |           };
[INFO] [stdout]     |            ^
[INFO] [stdout] ...
[INFO] [stdout] 808 |       let output1 = expect_exit_code!(
[INFO] [stdout]     |  ___________________-
[INFO] [stdout] 809 | |         1,
[INFO] [stdout] 810 | |         r#"
[INFO] [stdout] 811 | |         [scripts]
[INFO] [stdout] ...   |
[INFO] [stdout] 821 | |         ["basic"]
[INFO] [stdout] 822 | |     );
[INFO] [stdout]     | |_____- in this macro invocation
[INFO] [stdout]     |
[INFO] [stdout]     = warning: this was previously accepted by the compiler but is being phased out; it will become a hard error in a future release!
[INFO] [stdout]     = note: for more information, see issue #79813 <https://github.com/rust-lang/rust/issues/79813>
[INFO] [stdout]     = note: this warning originates in the macro `expect_exit_code` (in Nightly builds, run with -Z macro-backtrace for more info)
[INFO] [stdout] 
[INFO] [stdout] 
[INFO] [stdout] warning: trailing semicolon in macro used in expression position
[INFO] [stdout]    --> tests/known_cases.rs:47:10
[INFO] [stdout]     |
[INFO] [stdout] 47  |           };
[INFO] [stdout]     |            ^
[INFO] [stdout] ...
[INFO] [stdout] 827 |       let output2 = expect_exit_code!(
[INFO] [stdout]     |  ___________________-
[INFO] [stdout] 828 | |         0,
[INFO] [stdout] 829 | |         r#"
[INFO] [stdout] 830 | |         [scripts]
[INFO] [stdout] ...   |
[INFO] [stdout] 840 | |         ["basic"]
[INFO] [stdout] 841 | |     );
[INFO] [stdout]     | |_____- in this macro invocation
[INFO] [stdout]     |
[INFO] [stdout]     = warning: this was previously accepted by the compiler but is being phased out; it will become a hard error in a future release!
[INFO] [stdout]     = note: for more information, see issue #79813 <https://github.com/rust-lang/rust/issues/79813>
[INFO] [stdout]     = note: this warning originates in the macro `expect_exit_code` (in Nightly builds, run with -Z macro-backtrace for more info)
[INFO] [stdout] 
[INFO] [stdout] 
[INFO] [stdout] warning: trailing semicolon in macro used in expression position
[INFO] [stdout]    --> tests/known_cases.rs:47:10
[INFO] [stdout]     |
[INFO] [stdout] 47  |           };
[INFO] [stdout]     |            ^
[INFO] [stdout] ...
[INFO] [stdout] 850 |       let output1 = expect_exit_code!(
[INFO] [stdout]     |  ___________________-
[INFO] [stdout] 851 | |         1,
[INFO] [stdout] 852 | |         r#"
[INFO] [stdout] 853 | |         [scripts]
[INFO] [stdout] ...   |
[INFO] [stdout] 863 | |         ["basic"]
[INFO] [stdout] 864 | |     );
[INFO] [stdout]     | |_____- in this macro invocation
[INFO] [stdout]     |
[INFO] [stdout]     = warning: this was previously accepted by the compiler but is being phased out; it will become a hard error in a future release!
[INFO] [stdout]     = note: for more information, see issue #79813 <https://github.com/rust-lang/rust/issues/79813>
[INFO] [stdout]     = note: this warning originates in the macro `expect_exit_code` (in Nightly builds, run with -Z macro-backtrace for more info)
[INFO] [stdout] 
[INFO] [stdout] 
[INFO] [stdout] warning: trailing semicolon in macro used in expression position
[INFO] [stdout]    --> tests/known_cases.rs:47:10
[INFO] [stdout]     |
[INFO] [stdout] 47  |           };
[INFO] [stdout]     |            ^
[INFO] [stdout] ...
[INFO] [stdout] 869 |       let output2 = expect_exit_code!(
[INFO] [stdout]     |  ___________________-
[INFO] [stdout] 870 | |         1,
[INFO] [stdout] 871 | |         r#"
[INFO] [stdout] 872 | |         [scripts]
[INFO] [stdout] ...   |
[INFO] [stdout] 882 | |         ["basic"]
[INFO] [stdout] 883 | |     );
[INFO] [stdout]     | |_____- in this macro invocation
[INFO] [stdout]     |
[INFO] [stdout]     = warning: this was previously accepted by the compiler but is being phased out; it will become a hard error in a future release!
[INFO] [stdout]     = note: for more information, see issue #79813 <https://github.com/rust-lang/rust/issues/79813>
[INFO] [stdout]     = note: this warning originates in the macro `expect_exit_code` (in Nightly builds, run with -Z macro-backtrace for more info)
[INFO] [stdout] 
[INFO] [stdout] 
[INFO] [stdout] warning: trailing semicolon in macro used in expression position
[INFO] [stdout]    --> tests/known_cases.rs:47:10
[INFO] [stdout]     |
[INFO] [stdout] 47  |           };
[INFO] [stdout]     |            ^
[INFO] [stdout] ...
[INFO] [stdout] 889 |       let output = expect_exit_code!(
[INFO] [stdout]     |  __________________-
[INFO] [stdout] 890 | |         1,
[INFO] [stdout] 891 | |         r#"
[INFO] [stdout] 892 | |         [scripts]
[INFO] [stdout] ...   |
[INFO] [stdout] 902 | |         ["basic"]
[INFO] [stdout] 903 | |     );
[INFO] [stdout]     | |_____- in this macro invocation
[INFO] [stdout]     |
[INFO] [stdout]     = warning: this was previously accepted by the compiler but is being phased out; it will become a hard error in a future release!
[INFO] [stdout]     = note: for more information, see issue #79813 <https://github.com/rust-lang/rust/issues/79813>
[INFO] [stdout]     = note: this warning originates in the macro `expect_exit_code` (in Nightly builds, run with -Z macro-backtrace for more info)
[INFO] [stdout] 
[INFO] [stdout] 
[INFO] [stdout] warning: trailing semicolon in macro used in expression position
[INFO] [stdout]    --> tests/known_cases.rs:47:10
[INFO] [stdout]     |
[INFO] [stdout] 47  |           };
[INFO] [stdout]     |            ^
[INFO] [stdout] ...
[INFO] [stdout] 912 |       let output = expect_exit_code!(
[INFO] [stdout]     |  __________________-
[INFO] [stdout] 913 | |         1,
[INFO] [stdout] 914 | |         r#"
[INFO] [stdout] 915 | |         [scripts]
[INFO] [stdout] ...   |
[INFO] [stdout] 925 | |         ["basic"]
[INFO] [stdout] 926 | |     );
[INFO] [stdout]     | |_____- in this macro invocation
[INFO] [stdout]     |
[INFO] [stdout]     = warning: this was previously accepted by the compiler but is being phased out; it will become a hard error in a future release!
[INFO] [stdout]     = note: for more information, see issue #79813 <https://github.com/rust-lang/rust/issues/79813>
[INFO] [stdout]     = note: this warning originates in the macro `expect_exit_code` (in Nightly builds, run with -Z macro-backtrace for more info)
[INFO] [stdout] 
[INFO] [stdout] 
[INFO] [stderr]     Finished `test` profile [unoptimized + debuginfo] target(s) in 0.90s
[INFO] [stderr] warning: the following packages contain code that will be rejected by a future version of Rust: codemonument_bx v0.3.4 (/opt/rustwide/workdir)
[INFO] [stderr] note: to see what the problems were, use the option `--future-incompat-report`, or run `cargo report future-incompatibilities --id 1`
[INFO] running `Command { std: "docker" "inspect" "2d0da14539ae274cbd8d76407ba4e1eea28bfd85c470d61fdd5a8b289cb77b78", kill_on_drop: false }`
[INFO] running `Command { std: "docker" "rm" "-f" "2d0da14539ae274cbd8d76407ba4e1eea28bfd85c470d61fdd5a8b289cb77b78", kill_on_drop: false }`
[INFO] [stdout] 2d0da14539ae274cbd8d76407ba4e1eea28bfd85c470d61fdd5a8b289cb77b78
[INFO] running `Command { std: "docker" "create" "-v" "/var/lib/crater-agent-workspace/builds/worker-2-tc1/target:/opt/rustwide/target:rw,Z" "-v" "/var/lib/crater-agent-workspace/builds/worker-2-tc1/source:/opt/rustwide/workdir:ro,Z" "-v" "/var/lib/crater-agent-workspace/cargo-home:/opt/rustwide/cargo-home:ro,Z" "-v" "/var/lib/crater-agent-workspace/rustup-home:/opt/rustwide/rustup-home:ro,Z" "-e" "SOURCE_DIR=/opt/rustwide/workdir" "-e" "CARGO_TARGET_DIR=/opt/rustwide/target" "-e" "CARGO_INCREMENTAL=0" "-e" "RUST_BACKTRACE=full" "-e" "RUSTFLAGS=--cap-lints=forbid" "-e" "RUSTDOCFLAGS=--cap-lints=forbid" "-e" "CARGO_HOME=/opt/rustwide/cargo-home" "-e" "RUSTUP_HOME=/opt/rustwide/rustup-home" "-w" "/opt/rustwide/workdir" "-m" "1610612736" "--user" "0:0" "--network" "none" "ghcr.io/rust-lang/crates-build-env/linux@sha256:4a844ea9eb2546a2d2c7022eacef16ef2e8229c7fbb2c7d4d55a9ceca922f72d" "/opt/rustwide/cargo-home/bin/cargo" "+nightly-2024-10-28" "test" "--frozen", kill_on_drop: false }`
[INFO] [stdout] 78483fc035d4ceb9967a1bfadf13a0d0612a5843807b4420d947c1baeec76a62
[INFO] running `Command { std: "docker" "start" "-a" "78483fc035d4ceb9967a1bfadf13a0d0612a5843807b4420d947c1baeec76a62", kill_on_drop: false }`
[INFO] [stderr] warning: file `/opt/rustwide/workdir/src/bin/main.rs` found to be present in multiple build targets:
[INFO] [stderr]   * `bin` target `bonnie`
[INFO] [stderr]   * `bin` target `bx`
[INFO] [stderr] warning: trailing semicolon in macro used in expression position
[INFO] [stderr]    --> tests/known_cases.rs:47:10
[INFO] [stderr]     |
[INFO] [stderr] 47  |           };
[INFO] [stderr]     |            ^
[INFO] [stderr] ...
[INFO] [stderr] 111 |       let output = expect_exit_code!(
[INFO] [stderr]     |  __________________-
[INFO] [stderr] 112 | |         0,
[INFO] [stderr] 113 | |         r#"
[INFO] [stderr] 114 | |         [scripts]
[INFO] [stderr] ...   |
[INFO] [stderr] 118 | |         ["basic"]
[INFO] [stderr] 119 | |     );
[INFO] [stderr]     | |_____- in this macro invocation
[INFO] [stderr]     |
[INFO] [stderr]     = warning: this was previously accepted by the compiler but is being phased out; it will become a hard error in a future release!
[INFO] [stderr]     = note: for more information, see issue #79813 <https://github.com/rust-lang/rust/issues/79813>
[INFO] [stderr]     = note: `#[warn(semicolon_in_expressions_from_macros)]` on by default
[INFO] [stderr]     = note: this warning originates in the macro `expect_exit_code` (in Nightly builds, run with -Z macro-backtrace for more info)
[INFO] [stderr] 
[INFO] [stderr] warning: trailing semicolon in macro used in expression position
[INFO] [stderr]    --> tests/known_cases.rs:47:10
[INFO] [stderr]     |
[INFO] [stderr] 47  |           };
[INFO] [stderr]     |            ^
[INFO] [stderr] ...
[INFO] [stderr] 126 |       let output = expect_exit_code!(
[INFO] [stderr]     |  __________________-
[INFO] [stderr] 127 | |         0,
[INFO] [stderr] 128 | |         r#"
[INFO] [stderr] 129 | |         [scripts]
[INFO] [stderr] ...   |
[INFO] [stderr] 134 | |         ["basic"]
[INFO] [stderr] 135 | |     );
[INFO] [stderr]     | |_____- in this macro invocation
[INFO] [stderr]     |
[INFO] [stderr]     = warning: this was previously accepted by the compiler but is being phased out; it will become a hard error in a future release!
[INFO] [stderr]     = note: for more information, see issue #79813 <https://github.com/rust-lang/rust/issues/79813>
[INFO] [stderr]     = note: this warning originates in the macro `expect_exit_code` (in Nightly builds, run with -Z macro-backtrace for more info)
[INFO] [stderr] 
[INFO] [stderr] warning: trailing semicolon in macro used in expression position
[INFO] [stderr]    --> tests/known_cases.rs:47:10
[INFO] [stderr]     |
[INFO] [stderr] 47  |           };
[INFO] [stderr]     |            ^
[INFO] [stderr] ...
[INFO] [stderr] 144 |       let output = expect_exit_code!(
[INFO] [stderr]     |  __________________-
[INFO] [stderr] 145 | |         0,
[INFO] [stderr] 146 | |         r#"
[INFO] [stderr] 147 | |         [scripts]
[INFO] [stderr] ...   |
[INFO] [stderr] 152 | |         ["basic", "Name"]
[INFO] [stderr] 153 | |     );
[INFO] [stderr]     | |_____- in this macro invocation
[INFO] [stderr]     |
[INFO] [stderr]     = warning: this was previously accepted by the compiler but is being phased out; it will become a hard error in a future release!
[INFO] [stderr]     = note: for more information, see issue #79813 <https://github.com/rust-lang/rust/issues/79813>
[INFO] [stderr]     = note: this warning originates in the macro `expect_exit_code` (in Nightly builds, run with -Z macro-backtrace for more info)
[INFO] [stderr] 
[INFO] [stderr] warning: trailing semicolon in macro used in expression position
[INFO] [stderr]    --> tests/known_cases.rs:47:10
[INFO] [stderr]     |
[INFO] [stderr] 47  |           };
[INFO] [stderr]     |            ^
[INFO] [stderr] ...
[INFO] [stderr] 172 |       let output = expect_exit_code!(
[INFO] [stderr]     |  __________________-
[INFO] [stderr] 173 | |         0,
[INFO] [stderr] 174 | |         r#"
[INFO] [stderr] 175 | |         [scripts]
[INFO] [stderr] ...   |
[INFO] [stderr] 179 | |         ["basic"]
[INFO] [stderr] 180 | |     );
[INFO] [stderr]     | |_____- in this macro invocation
[INFO] [stderr]     |
[INFO] [stderr]     = warning: this was previously accepted by the compiler but is being phased out; it will become a hard error in a future release!
[INFO] [stderr]     = note: for more information, see issue #79813 <https://github.com/rust-lang/rust/issues/79813>
[INFO] [stderr]     = note: this warning originates in the macro `expect_exit_code` (in Nightly builds, run with -Z macro-backtrace for more info)
[INFO] [stderr] 
[INFO] [stderr] warning: trailing semicolon in macro used in expression position
[INFO] [stderr]    --> tests/known_cases.rs:47:10
[INFO] [stderr]     |
[INFO] [stderr] 47  |           };
[INFO] [stderr]     |            ^
[INFO] [stderr] ...
[INFO] [stderr] 187 |       let output = expect_exit_code!(
[INFO] [stderr]     |  __________________-
[INFO] [stderr] 188 | |         0,
[INFO] [stderr] 189 | |         r#"
[INFO] [stderr] 190 | |         [scripts]
[INFO] [stderr] ...   |
[INFO] [stderr] 194 | |         ["basic", "Test"]
[INFO] [stderr] 195 | |     );
[INFO] [stderr]     | |_____- in this macro invocation
[INFO] [stderr]     |
[INFO] [stderr]     = warning: this was previously accepted by the compiler but is being phased out; it will become a hard error in a future release!
[INFO] [stderr]     = note: for more information, see issue #79813 <https://github.com/rust-lang/rust/issues/79813>
[INFO] [stderr]     = note: this warning originates in the macro `expect_exit_code` (in Nightly builds, run with -Z macro-backtrace for more info)
[INFO] [stderr] 
[INFO] [stderr] warning: trailing semicolon in macro used in expression position
[INFO] [stderr]    --> tests/known_cases.rs:47:10
[INFO] [stderr]     |
[INFO] [stderr] 47  |           };
[INFO] [stderr]     |            ^
[INFO] [stderr] ...
[INFO] [stderr] 201 |       let output = expect_exit_code!(
[INFO] [stderr]     |  __________________-
[INFO] [stderr] 202 | |         0,
[INFO] [stderr] 203 | |         r#"
[INFO] [stderr] 204 | |         [scripts]
[INFO] [stderr] ...   |
[INFO] [stderr] 208 | |         ["basic", "foo", "bar"]
[INFO] [stderr] 209 | |     );
[INFO] [stderr]     | |_____- in this macro invocation
[INFO] [stderr]     |
[INFO] [stderr]     = warning: this was previously accepted by the compiler but is being phased out; it will become a hard error in a future release!
[INFO] [stderr]     = note: for more information, see issue #79813 <https://github.com/rust-lang/rust/issues/79813>
[INFO] [stderr]     = note: this warning originates in the macro `expect_exit_code` (in Nightly builds, run with -Z macro-backtrace for more info)
[INFO] [stderr] 
[INFO] [stderr] warning: trailing semicolon in macro used in expression position
[INFO] [stderr]    --> tests/known_cases.rs:47:10
[INFO] [stderr]     |
[INFO] [stderr] 47  |           };
[INFO] [stderr]     |            ^
[INFO] [stderr] ...
[INFO] [stderr] 215 |       let output = expect_exit_code!(
[INFO] [stderr]     |  __________________-
[INFO] [stderr] 216 | |         0,
[INFO] [stderr] 217 | |         r#"
[INFO] [stderr] 218 | |         [scripts]
[INFO] [stderr] ...   |
[INFO] [stderr] 222 | |         ["basic", "foo", "bar"]
[INFO] [stderr] 223 | |     );
[INFO] [stderr]     | |_____- in this macro invocation
[INFO] [stderr]     |
[INFO] [stderr]     = warning: this was previously accepted by the compiler but is being phased out; it will become a hard error in a future release!
[INFO] [stderr]     = note: for more information, see issue #79813 <https://github.com/rust-lang/rust/issues/79813>
[INFO] [stderr]     = note: this warning originates in the macro `expect_exit_code` (in Nightly builds, run with -Z macro-backtrace for more info)
[INFO] [stderr] 
[INFO] [stderr] warning: trailing semicolon in macro used in expression position
[INFO] [stderr]    --> tests/known_cases.rs:47:10
[INFO] [stderr]     |
[INFO] [stderr] 47  |           };
[INFO] [stderr]     |            ^
[INFO] [stderr] ...
[INFO] [stderr] 229 |       let output = expect_exit_code!(
[INFO] [stderr]     |  __________________-
[INFO] [stderr] 230 | |         0,
[INFO] [stderr] 231 | |         r#"
[INFO] [stderr] 232 | |         [scripts]
[INFO] [stderr] ...   |
[INFO] [stderr] 237 | |         ["basic", "Name", "foo", "bar"]
[INFO] [stderr] 238 | |     );
[INFO] [stderr]     | |_____- in this macro invocation
[INFO] [stderr]     |
[INFO] [stderr]     = warning: this was previously accepted by the compiler but is being phased out; it will become a hard error in a future release!
[INFO] [stderr]     = note: for more information, see issue #79813 <https://github.com/rust-lang/rust/issues/79813>
[INFO] [stderr]     = note: this warning originates in the macro `expect_exit_code` (in Nightly builds, run with -Z macro-backtrace for more info)
[INFO] [stderr] 
[INFO] [stderr] warning: trailing semicolon in macro used in expression position
[INFO] [stderr]    --> tests/known_cases.rs:47:10
[INFO] [stderr]     |
[INFO] [stderr] 47  |           };
[INFO] [stderr]     |            ^
[INFO] [stderr] ...
[INFO] [stderr] 245 |       let output = expect_exit_code!(
[INFO] [stderr]     |  __________________-
[INFO] [stderr] 246 | |         0,
[INFO] [stderr] 247 | |         r#"
[INFO] [stderr] 248 | |         env_files = ["src/.env"]
[INFO] [stderr] ...   |
[INFO] [stderr] 254 | |         ["basic"]
[INFO] [stderr] 255 | |     );
[INFO] [stderr]     | |_____- in this macro invocation
[INFO] [stderr]     |
[INFO] [stderr]     = warning: this was previously accepted by the compiler but is being phased out; it will become a hard error in a future release!
[INFO] [stderr]     = note: for more information, see issue #79813 <https://github.com/rust-lang/rust/issues/79813>
[INFO] [stderr]     = note: this warning originates in the macro `expect_exit_code` (in Nightly builds, run with -Z macro-backtrace for more info)
[INFO] [stderr] 
[INFO] [stderr] warning: trailing semicolon in macro used in expression position
[INFO] [stderr]    --> tests/known_cases.rs:47:10
[INFO] [stderr]     |
[INFO] [stderr] 47  |           };
[INFO] [stderr]     |            ^
[INFO] [stderr] ...
[INFO] [stderr] 289 |       let output = expect_exit_code!(
[INFO] [stderr]     |  __________________-
[INFO] [stderr] 290 | |         0,
[INFO] [stderr] 291 | |         r#"
[INFO] [stderr] 292 | |         env_files = ["src/.env"]
[INFO] [stderr] ...   |
[INFO] [stderr] 299 | |         ["basic", "Name", "(extra stuff)"]
[INFO] [stderr] 300 | |     );
[INFO] [stderr]     | |_____- in this macro invocation
[INFO] [stderr]     |
[INFO] [stderr]     = warning: this was previously accepted by the compiler but is being phased out; it will become a hard error in a future release!
[INFO] [stderr]     = note: for more information, see issue #79813 <https://github.com/rust-lang/rust/issues/79813>
[INFO] [stderr]     = note: this warning originates in the macro `expect_exit_code` (in Nightly builds, run with -Z macro-backtrace for more info)
[INFO] [stderr] 
[INFO] [stderr] warning: trailing semicolon in macro used in expression position
[INFO] [stderr]    --> tests/known_cases.rs:47:10
[INFO] [stderr]     |
[INFO] [stderr] 47  |           };
[INFO] [stderr]     |            ^
[INFO] [stderr] ...
[INFO] [stderr] 309 |       let output = expect_exit_code!(
[INFO] [stderr]     |  __________________-
[INFO] [stderr] 310 | |         1,
[INFO] [stderr] 311 | |         r#"
[INFO] [stderr] 312 | |         [scripts]
[INFO] [stderr] ...   |
[INFO] [stderr] 316 | |         ["basic"]
[INFO] [stderr] 317 | |     );
[INFO] [stderr]     | |_____- in this macro invocation
[INFO] [stderr]     |
[INFO] [stderr]     = warning: this was previously accepted by the compiler but is being phased out; it will become a hard error in a future release!
[INFO] [stderr]     = note: for more information, see issue #79813 <https://github.com/rust-lang/rust/issues/79813>
[INFO] [stderr]     = note: this warning originates in the macro `expect_exit_code` (in Nightly builds, run with -Z macro-backtrace for more info)
[INFO] [stderr] 
[INFO] [stderr] warning: trailing semicolon in macro used in expression position
[INFO] [stderr]    --> tests/known_cases.rs:47:10
[INFO] [stderr]     |
[INFO] [stderr] 47  |           };
[INFO] [stderr]     |            ^
[INFO] [stderr] ...
[INFO] [stderr] 323 |       let output = expect_exit_code!(
[INFO] [stderr]     |  __________________-
[INFO] [stderr] 324 | |         1,
[INFO] [stderr] 325 | |         r#"
[INFO] [stderr] 326 | |         env_files = ["src/.env"]
[INFO] [stderr] ...   |
[INFO] [stderr] 336 | |         ["basic", "Name", "foo", "bar"]
[INFO] [stderr] 337 | |     );
[INFO] [stderr]     | |_____- in this macro invocation
[INFO] [stderr]     |
[INFO] [stderr]     = warning: this was previously accepted by the compiler but is being phased out; it will become a hard error in a future release!
[INFO] [stderr]     = note: for more information, see issue #79813 <https://github.com/rust-lang/rust/issues/79813>
[INFO] [stderr]     = note: this warning originates in the macro `expect_exit_code` (in Nightly builds, run with -Z macro-backtrace for more info)
[INFO] [stderr] 
[INFO] [stderr] warning: trailing semicolon in macro used in expression position
[INFO] [stderr]    --> tests/known_cases.rs:47:10
[INFO] [stderr]     |
[INFO] [stderr] 47  |         };
[INFO] [stderr]     |          ^
[INFO] [stderr] ...
[INFO] [stderr] 351 |     let output1 = expect_exit_code!(0, cfg, BONNIE_VERSION, ["basic", "test"]);
[INFO] [stderr]     |                   ------------------------------------------------------------ in this macro invocation
[INFO] [stderr]     |
[INFO] [stderr]     = warning: this was previously accepted by the compiler but is being phased out; it will become a hard error in a future release!
[INFO] [stderr]     = note: for more information, see issue #79813 <https://github.com/rust-lang/rust/issues/79813>
[INFO] [stderr]     = note: this warning originates in the macro `expect_exit_code` (in Nightly builds, run with -Z macro-backtrace for more info)
[INFO] [stderr] 
[INFO] [stderr] warning: trailing semicolon in macro used in expression position
[INFO] [stderr]    --> tests/known_cases.rs:47:10
[INFO] [stderr]     |
[INFO] [stderr] 47  |         };
[INFO] [stderr]     |          ^
[INFO] [stderr] ...
[INFO] [stderr] 353 |     let output2 = expect_exit_code!(1, cfg, BONNIE_VERSION, ["basic", "other"]);
[INFO] [stderr]     |                   ------------------------------------------------------------- in this macro invocation
[INFO] [stderr]     |
[INFO] [stderr]     = warning: this was previously accepted by the compiler but is being phased out; it will become a hard error in a future release!
[INFO] [stderr]     = note: for more information, see issue #79813 <https://github.com/rust-lang/rust/issues/79813>
[INFO] [stderr]     = note: this warning originates in the macro `expect_exit_code` (in Nightly builds, run with -Z macro-backtrace for more info)
[INFO] [stderr] 
[INFO] [stderr] warning: trailing semicolon in macro used in expression position
[INFO] [stderr]    --> tests/known_cases.rs:47:10
[INFO] [stderr]     |
[INFO] [stderr] 47  |         };
[INFO] [stderr]     |          ^
[INFO] [stderr] ...
[INFO] [stderr] 370 |     let output1 = expect_exit_code!(1, cfg, BONNIE_VERSION, ["basic", "test", "Name", "foo bar"]);
[INFO] [stderr]     |                   ------------------------------------------------------------------------------- in this macro invocation
[INFO] [stderr]     |
[INFO] [stderr]     = warning: this was previously accepted by the compiler but is being phased out; it will become a hard error in a future release!
[INFO] [stderr]     = note: for more information, see issue #79813 <https://github.com/rust-lang/rust/issues/79813>
[INFO] [stderr]     = note: this warning originates in the macro `expect_exit_code` (in Nightly builds, run with -Z macro-backtrace for more info)
[INFO] [stderr] 
[INFO] [stderr] warning: trailing semicolon in macro used in expression position
[INFO] [stderr]    --> tests/known_cases.rs:47:10
[INFO] [stderr]     |
[INFO] [stderr] 47  |         };
[INFO] [stderr]     |          ^
[INFO] [stderr] ...
[INFO] [stderr] 375 |     let output2 = expect_exit_code!(1, cfg, BONNIE_VERSION, ["basic", "other"]);
[INFO] [stderr]     |                   ------------------------------------------------------------- in this macro invocation
[INFO] [stderr]     |
[INFO] [stderr]     = warning: this was previously accepted by the compiler but is being phased out; it will become a hard error in a future release!
[INFO] [stderr]     = note: for more information, see issue #79813 <https://github.com/rust-lang/rust/issues/79813>
[INFO] [stderr]     = note: this warning originates in the macro `expect_exit_code` (in Nightly builds, run with -Z macro-backtrace for more info)
[INFO] [stderr] 
[INFO] [stderr] warning: trailing semicolon in macro used in expression position
[INFO] [stderr]    --> tests/known_cases.rs:47:10
[INFO] [stderr]     |
[INFO] [stderr] 47  |         };
[INFO] [stderr]     |          ^
[INFO] [stderr] ...
[INFO] [stderr] 387 |     let root_output = expect_exit_code!(0, cfg, BONNIE_VERSION, ["basic"]);
[INFO] [stderr]     |                       ---------------------------------------------------- in this macro invocation
[INFO] [stderr]     |
[INFO] [stderr]     = warning: this was previously accepted by the compiler but is being phased out; it will become a hard error in a future release!
[INFO] [stderr]     = note: for more information, see issue #79813 <https://github.com/rust-lang/rust/issues/79813>
[INFO] [stderr]     = note: this warning originates in the macro `expect_exit_code` (in Nightly builds, run with -Z macro-backtrace for more info)
[INFO] [stderr] 
[INFO] [stderr] warning: trailing semicolon in macro used in expression position
[INFO] [stderr]    --> tests/known_cases.rs:47:10
[INFO] [stderr]     |
[INFO] [stderr] 47  |         };
[INFO] [stderr]     |          ^
[INFO] [stderr] ...
[INFO] [stderr] 389 |     let output1 = expect_exit_code!(1, cfg, BONNIE_VERSION, ["basic", "test"]);
[INFO] [stderr]     |                   ------------------------------------------------------------ in this macro invocation
[INFO] [stderr]     |
[INFO] [stderr]     = warning: this was previously accepted by the compiler but is being phased out; it will become a hard error in a future release!
[INFO] [stderr]     = note: for more information, see issue #79813 <https://github.com/rust-lang/rust/issues/79813>
[INFO] [stderr]     = note: this warning originates in the macro `expect_exit_code` (in Nightly builds, run with -Z macro-backtrace for more info)
[INFO] [stderr] 
[INFO] [stderr] warning: trailing semicolon in macro used in expression position
[INFO] [stderr]    --> tests/known_cases.rs:47:10
[INFO] [stderr]     |
[INFO] [stderr] 47  |         };
[INFO] [stderr]     |          ^
[INFO] [stderr] ...
[INFO] [stderr] 391 |     let output2 = expect_exit_code!(2, cfg, BONNIE_VERSION, ["basic", "other"]);
[INFO] [stderr]     |                   ------------------------------------------------------------- in this macro invocation
[INFO] [stderr]     |
[INFO] [stderr]     = warning: this was previously accepted by the compiler but is being phased out; it will become a hard error in a future release!
[INFO] [stderr]     = note: for more information, see issue #79813 <https://github.com/rust-lang/rust/issues/79813>
[INFO] [stderr]     = note: this warning originates in the macro `expect_exit_code` (in Nightly builds, run with -Z macro-backtrace for more info)
[INFO] [stderr] 
[INFO] [stderr] warning: trailing semicolon in macro used in expression position
[INFO] [stderr]    --> tests/known_cases.rs:47:10
[INFO] [stderr]     |
[INFO] [stderr] 47  |           };
[INFO] [stderr]     |            ^
[INFO] [stderr] ...
[INFO] [stderr] 409 |       let output = expect_exit_code!(
[INFO] [stderr]     |  __________________-
[INFO] [stderr] 410 | |         0,
[INFO] [stderr] 411 | |         r#"
[INFO] [stderr] 412 | |         [scripts]
[INFO] [stderr] ...   |
[INFO] [stderr] 417 | |         ["basic"]
[INFO] [stderr] 418 | |     );
[INFO] [stderr]     | |_____- in this macro invocation
[INFO] [stderr]     |
[INFO] [stderr]     = warning: this was previously accepted by the compiler but is being phased out; it will become a hard error in a future release!
[INFO] [stderr]     = note: for more information, see issue #79813 <https://github.com/rust-lang/rust/issues/79813>
[INFO] [stderr]     = note: this warning originates in the macro `expect_exit_code` (in Nightly builds, run with -Z macro-backtrace for more info)
[INFO] [stderr] 
[INFO] [stderr] warning: trailing semicolon in macro used in expression position
[INFO] [stderr]    --> tests/known_cases.rs:47:10
[INFO] [stderr]     |
[INFO] [stderr] 47  |           };
[INFO] [stderr]     |            ^
[INFO] [stderr] ...
[INFO] [stderr] 424 |       let output = expect_exit_code!(
[INFO] [stderr]     |  __________________-
[INFO] [stderr] 425 | |         1,
[INFO] [stderr] 426 | |         r#"
[INFO] [stderr] 427 | |         env_files = ["src/.env"]
[INFO] [stderr] ...   |
[INFO] [stderr] 438 | |         ["basic", "Name", "foo", "bar"]
[INFO] [stderr] 439 | |     );
[INFO] [stderr]     | |_____- in this macro invocation
[INFO] [stderr]     |
[INFO] [stderr]     = warning: this was previously accepted by the compiler but is being phased out; it will become a hard error in a future release!
[INFO] [stderr]     = note: for more information, see issue #79813 <https://github.com/rust-lang/rust/issues/79813>
[INFO] [stderr]     = note: this warning originates in the macro `expect_exit_code` (in Nightly builds, run with -Z macro-backtrace for more info)
[INFO] [stderr] 
[INFO] [stderr] warning: trailing semicolon in macro used in expression position
[INFO] [stderr]    --> tests/known_cases.rs:47:10
[INFO] [stderr]     |
[INFO] [stderr] 47  |           };
[INFO] [stderr]     |            ^
[INFO] [stderr] ...
[INFO] [stderr] 449 |       let output = expect_exit_code!(
[INFO] [stderr]     |  __________________-
[INFO] [stderr] 450 | |         0,
[INFO] [stderr] 451 | |         r#"
[INFO] [stderr] 452 | |         [scripts]
[INFO] [stderr] ...   |
[INFO] [stderr] 457 | |         ["basic"]
[INFO] [stderr] 458 | |     );
[INFO] [stderr]     | |_____- in this macro invocation
[INFO] [stderr]     |
[INFO] [stderr]     = warning: this was previously accepted by the compiler but is being phased out; it will become a hard error in a future release!
[INFO] [stderr]     = note: for more information, see issue #79813 <https://github.com/rust-lang/rust/issues/79813>
[INFO] [stderr]     = note: this warning originates in the macro `expect_exit_code` (in Nightly builds, run with -Z macro-backtrace for more info)
[INFO] [stderr] 
[INFO] [stderr] warning: trailing semicolon in macro used in expression position
[INFO] [stderr]    --> tests/known_cases.rs:47:10
[INFO] [stderr]     |
[INFO] [stderr] 47  |           };
[INFO] [stderr]     |            ^
[INFO] [stderr] ...
[INFO] [stderr] 464 |       let output = expect_exit_code!(
[INFO] [stderr]     |  __________________-
[INFO] [stderr] 465 | |         0,
[INFO] [stderr] 466 | |         r#"
[INFO] [stderr] 467 | |         [scripts]
[INFO] [stderr] ...   |
[INFO] [stderr] 472 | |         ["basic"]
[INFO] [stderr] 473 | |     );
[INFO] [stderr]     | |_____- in this macro invocation
[INFO] [stderr]     |
[INFO] [stderr]     = warning: this was previously accepted by the compiler but is being phased out; it will become a hard error in a future release!
[INFO] [stderr]     = note: for more information, see issue #79813 <https://github.com/rust-lang/rust/issues/79813>
[INFO] [stderr]     = note: this warning originates in the macro `expect_exit_code` (in Nightly builds, run with -Z macro-backtrace for more info)
[INFO] [stderr] 
[INFO] [stderr] warning: trailing semicolon in macro used in expression position
[INFO] [stderr]    --> tests/known_cases.rs:47:10
[INFO] [stderr]     |
[INFO] [stderr] 47  |           };
[INFO] [stderr]     |            ^
[INFO] [stderr] ...
[INFO] [stderr] 479 |       let output = expect_exit_code!(
[INFO] [stderr]     |  __________________-
[INFO] [stderr] 480 | |         1,
[INFO] [stderr] 481 | |         r#"
[INFO] [stderr] 482 | |         env_files = ["src/.env"]
[INFO] [stderr] ...   |
[INFO] [stderr] 494 | |         ["basic", "Name", "foo", "bar"]
[INFO] [stderr] 495 | |     );
[INFO] [stderr]     | |_____- in this macro invocation
[INFO] [stderr]     |
[INFO] [stderr]     = warning: this was previously accepted by the compiler but is being phased out; it will become a hard error in a future release!
[INFO] [stderr]     = note: for more information, see issue #79813 <https://github.com/rust-lang/rust/issues/79813>
[INFO] [stderr]     = note: this warning originates in the macro `expect_exit_code` (in Nightly builds, run with -Z macro-backtrace for more info)
[INFO] [stderr] 
[INFO] [stderr] warning: trailing semicolon in macro used in expression position
[INFO] [stderr]    --> tests/known_cases.rs:47:10
[INFO] [stderr]     |
[INFO] [stderr] 47  |           };
[INFO] [stderr]     |            ^
[INFO] [stderr] ...
[INFO] [stderr] 517 |       let output = expect_exit_code!(
[INFO] [stderr]     |  __________________-
[INFO] [stderr] 518 | |         0,
[INFO] [stderr] 519 | |         r#"
[INFO] [stderr] 520 | |         default_shell = ["bash", "-c", "{COMMAND}"]
[INFO] [stderr] ...   |
[INFO] [stderr] 525 | |         ["basic"]
[INFO] [stderr] 526 | |     );
[INFO] [stderr]     | |_____- in this macro invocation
[INFO] [stderr]     |
[INFO] [stderr]     = warning: this was previously accepted by the compiler but is being phased out; it will become a hard error in a future release!
[INFO] [stderr]     = note: for more information, see issue #79813 <https://github.com/rust-lang/rust/issues/79813>
[INFO] [stderr]     = note: this warning originates in the macro `expect_exit_code` (in Nightly builds, run with -Z macro-backtrace for more info)
[INFO] [stderr] 
[INFO] [stderr] warning: trailing semicolon in macro used in expression position
[INFO] [stderr]    --> tests/known_cases.rs:47:10
[INFO] [stderr]     |
[INFO] [stderr] 47  |           };
[INFO] [stderr]     |            ^
[INFO] [stderr] ...
[INFO] [stderr] 532 |       let output = expect_exit_code!(
[INFO] [stderr]     |  __________________-
[INFO] [stderr] 533 | |         0,
[INFO] [stderr] 534 | |         r#"
[INFO] [stderr] 535 | |         default_shell.generic = ["bash", "-c", "{COMMAND}"]
[INFO] [stderr] ...   |
[INFO] [stderr] 540 | |         ["basic"]
[INFO] [stderr] 541 | |     );
[INFO] [stderr]     | |_____- in this macro invocation
[INFO] [stderr]     |
[INFO] [stderr]     = warning: this was previously accepted by the compiler but is being phased out; it will become a hard error in a future release!
[INFO] [stderr]     = note: for more information, see issue #79813 <https://github.com/rust-lang/rust/issues/79813>
[INFO] [stderr]     = note: this warning originates in the macro `expect_exit_code` (in Nightly builds, run with -Z macro-backtrace for more info)
[INFO] [stderr] 
[INFO] [stderr] warning: trailing semicolon in macro used in expression position
[INFO] [stderr]    --> tests/known_cases.rs:47:10
[INFO] [stderr]     |
[INFO] [stderr] 47  |           };
[INFO] [stderr]     |            ^
[INFO] [stderr] ...
[INFO] [stderr] 547 |       let output = expect_exit_code!(
[INFO] [stderr]     |  __________________-
[INFO] [stderr] 548 | |         0,
[INFO] [stderr] 549 | |         r#"
[INFO] [stderr] 550 | |         default_shell.generic = { parts = ["bash", "-c", "{COMMAND}"], delimiter = " && " }
[INFO] [stderr] ...   |
[INFO] [stderr] 555 | |         ["basic"]
[INFO] [stderr] 556 | |     );
[INFO] [stderr]     | |_____- in this macro invocation
[INFO] [stderr]     |
[INFO] [stderr]     = warning: this was previously accepted by the compiler but is being phased out; it will become a hard error in a future release!
[INFO] [stderr]     = note: for more information, see issue #79813 <https://github.com/rust-lang/rust/issues/79813>
[INFO] [stderr]     = note: this warning originates in the macro `expect_exit_code` (in Nightly builds, run with -Z macro-backtrace for more info)
[INFO] [stderr] 
[INFO] [stderr] warning: trailing semicolon in macro used in expression position
[INFO] [stderr]    --> tests/known_cases.rs:47:10
[INFO] [stderr]     |
[INFO] [stderr] 47  |           };
[INFO] [stderr]     |            ^
[INFO] [stderr] ...
[INFO] [stderr] 562 |       let output = expect_exit_code!(
[INFO] [stderr]     |  __________________-
[INFO] [stderr] 563 | |         0,
[INFO] [stderr] 564 | |         r#"
[INFO] [stderr] 565 | |         default_shell.generic = ["sh", "-c", "{COMMAND}"]
[INFO] [stderr] ...   |
[INFO] [stderr] 571 | |         ["basic"]
[INFO] [stderr] 572 | |     );
[INFO] [stderr]     | |_____- in this macro invocation
[INFO] [stderr]     |
[INFO] [stderr]     = warning: this was previously accepted by the compiler but is being phased out; it will become a hard error in a future release!
[INFO] [stderr]     = note: for more information, see issue #79813 <https://github.com/rust-lang/rust/issues/79813>
[INFO] [stderr]     = note: this warning originates in the macro `expect_exit_code` (in Nightly builds, run with -Z macro-backtrace for more info)
[INFO] [stderr] 
[INFO] [stderr] warning: trailing semicolon in macro used in expression position
[INFO] [stderr]    --> tests/known_cases.rs:47:10
[INFO] [stderr]     |
[INFO] [stderr] 47  |           };
[INFO] [stderr]     |            ^
[INFO] [stderr] ...
[INFO] [stderr] 578 |       let output = expect_exit_code!(
[INFO] [stderr]     |  __________________-
[INFO] [stderr] 579 | |         0,
[INFO] [stderr] 580 | |         r#"
[INFO] [stderr] 581 | |         [scripts]
[INFO] [stderr] ...   |
[INFO] [stderr] 587 | |         ["basic"]
[INFO] [stderr] 588 | |     );
[INFO] [stderr]     | |_____- in this macro invocation
[INFO] [stderr]     |
[INFO] [stderr]     = warning: this was previously accepted by the compiler but is being phased out; it will become a hard error in a future release!
[INFO] [stderr]     = note: for more information, see issue #79813 <https://github.com/rust-lang/rust/issues/79813>
[INFO] [stderr]     = note: this warning originates in the macro `expect_exit_code` (in Nightly builds, run with -Z macro-backtrace for more info)
[INFO] [stderr] 
[INFO] [stderr] warning: trailing semicolon in macro used in expression position
[INFO] [stderr]    --> tests/known_cases.rs:47:10
[INFO] [stderr]     |
[INFO] [stderr] 47  |           };
[INFO] [stderr]     |            ^
[INFO] [stderr] ...
[INFO] [stderr] 594 |       let output = expect_exit_code!(
[INFO] [stderr]     |  __________________-
[INFO] [stderr] 595 | |         1,
[INFO] [stderr] 596 | |         r#"
[INFO] [stderr] 597 | |         [scripts]
[INFO] [stderr] ...   |
[INFO] [stderr] 607 | |         ["basic"]
[INFO] [stderr] 608 | |     );
[INFO] [stderr]     | |_____- in this macro invocation
[INFO] [stderr]     |
[INFO] [stderr]     = warning: this was previously accepted by the compiler but is being phased out; it will become a hard error in a future release!
[INFO] [stderr]     = note: for more information, see issue #79813 <https://github.com/rust-lang/rust/issues/79813>
[INFO] [stderr]     = note: this warning originates in the macro `expect_exit_code` (in Nightly builds, run with -Z macro-backtrace for more info)
[INFO] [stderr] 
[INFO] [stderr] warning: trailing semicolon in macro used in expression position
[INFO] [stderr]    --> tests/known_cases.rs:47:10
[INFO] [stderr]     |
[INFO] [stderr] 47  |           };
[INFO] [stderr]     |            ^
[INFO] [stderr] ...
[INFO] [stderr] 677 |       let output = expect_exit_code!(
[INFO] [stderr]     |  __________________-
[INFO] [stderr] 678 | |         1,
[INFO] [stderr] 679 | |         r#"
[INFO] [stderr] 680 | |         env_files = ["src/.env"]
[INFO] [stderr] ...   |
[INFO] [stderr] 708 | |         ["basic", "Name", "foo", "bar"]
[INFO] [stderr] 709 | |     );
[INFO] [stderr]     | |_____- in this macro invocation
[INFO] [stderr]     |
[INFO] [stderr]     = warning: this was previously accepted by the compiler but is being phased out; it will become a hard error in a future release!
[INFO] [stderr]     = note: for more information, see issue #79813 <https://github.com/rust-lang/rust/issues/79813>
[INFO] [stderr]     = note: this warning originates in the macro `expect_exit_code` (in Nightly builds, run with -Z macro-backtrace for more info)
[INFO] [stderr] 
[INFO] [stderr] warning: trailing semicolon in macro used in expression position
[INFO] [stderr]    --> tests/known_cases.rs:47:10
[INFO] [stderr]     |
[INFO] [stderr] 47  |           };
[INFO] [stderr]     |            ^
[INFO] [stderr] ...
[INFO] [stderr] 724 |       let output1 = expect_exit_code!(
[INFO] [stderr]     |  ___________________-
[INFO] [stderr] 725 | |         1,
[INFO] [stderr] 726 | |         r#"
[INFO] [stderr] 727 | |         [scripts]
[INFO] [stderr] ...   |
[INFO] [stderr] 737 | |         ["basic"]
[INFO] [stderr] 738 | |     );
[INFO] [stderr]     | |_____- in this macro invocation
[INFO] [stderr]     |
[INFO] [stderr]     = warning: this was previously accepted by the compiler but is being phased out; it will become a hard error in a future release!
[INFO] [stderr]     = note: for more information, see issue #79813 <https://github.com/rust-lang/rust/issues/79813>
[INFO] [stderr]     = note: this warning originates in the macro `expect_exit_code` (in Nightly builds, run with -Z macro-backtrace for more info)
[INFO] [stderr] 
[INFO] [stderr] warning: trailing semicolon in macro used in expression position
[INFO] [stderr]    --> tests/known_cases.rs:47:10
[INFO] [stderr]     |
[INFO] [stderr] 47  |           };
[INFO] [stderr]     |            ^
[INFO] [stderr] ...
[INFO] [stderr] 743 |       let output2 = expect_exit_code!(
[INFO] [stderr]     |  ___________________-
[INFO] [stderr] 744 | |         0,
[INFO] [stderr] 745 | |         r#"
[INFO] [stderr] 746 | |         [scripts]
[INFO] [stderr] ...   |
[INFO] [stderr] 756 | |         ["basic"]
[INFO] [stderr] 757 | |     );
[INFO] [stderr]     | |_____- in this macro invocation
[INFO] [stderr]     |
[INFO] [stderr]     = warning: this was previously accepted by the compiler but is being phased out; it will become a hard error in a future release!
[INFO] [stderr]     = note: for more information, see issue #79813 <https://github.com/rust-lang/rust/issues/79813>
[INFO] [stderr]     = note: this warning originates in the macro `expect_exit_code` (in Nightly builds, run with -Z macro-backtrace for more info)
[INFO] [stderr] 
[INFO] [stderr] warning: trailing semicolon in macro used in expression position
[INFO] [stderr]    --> tests/known_cases.rs:47:10
[INFO] [stderr]     |
[INFO] [stderr] 47  |           };
[INFO] [stderr]     |            ^
[INFO] [stderr] ...
[INFO] [stderr] 766 |       let output1 = expect_exit_code!(
[INFO] [stderr]     |  ___________________-
[INFO] [stderr] 767 | |         1,
[INFO] [stderr] 768 | |         r#"
[INFO] [stderr] 769 | |         [scripts]
[INFO] [stderr] ...   |
[INFO] [stderr] 779 | |         ["basic"]
[INFO] [stderr] 780 | |     );
[INFO] [stderr]     | |_____- in this macro invocation
[INFO] [stderr]     |
[INFO] [stderr]     = warning: this was previously accepted by the compiler but is being phased out; it will become a hard error in a future release!
[INFO] [stderr]     = note: for more information, see issue #79813 <https://github.com/rust-lang/rust/issues/79813>
[INFO] [stderr]     = note: this warning originates in the macro `expect_exit_code` (in Nightly builds, run with -Z macro-backtrace for more info)
[INFO] [stderr] 
[INFO] [stderr] warning: trailing semicolon in macro used in expression position
[INFO] [stderr]    --> tests/known_cases.rs:47:10
[INFO] [stderr]     |
[INFO] [stderr] 47  |           };
[INFO] [stderr]     |            ^
[INFO] [stderr] ...
[INFO] [stderr] 785 |       let output2 = expect_exit_code!(
[INFO] [stderr]     |  ___________________-
[INFO] [stderr] 786 | |         0,
[INFO] [stderr] 787 | |         r#"
[INFO] [stderr] 788 | |         [scripts]
[INFO] [stderr] ...   |
[INFO] [stderr] 798 | |         ["basic"]
[INFO] [stderr] 799 | |     );
[INFO] [stderr]     | |_____- in this macro invocation
[INFO] [stderr]     |
[INFO] [stderr]     = warning: this was previously accepted by the compiler but is being phased out; it will become a hard error in a future release!
[INFO] [stderr]     = note: for more information, see issue #79813 <https://github.com/rust-lang/rust/issues/79813>
[INFO] [stderr]     = note: this warning originates in the macro `expect_exit_code` (in Nightly builds, run with -Z macro-backtrace for more info)
[INFO] [stderr] 
[INFO] [stderr] warning: trailing semicolon in macro used in expression position
[INFO] [stderr]    --> tests/known_cases.rs:47:10
[INFO] [stderr]     |
[INFO] [stderr] 47  |           };
[INFO] [stderr]     |            ^
[INFO] [stderr] ...
[INFO] [stderr] 808 |       let output1 = expect_exit_code!(
[INFO] [stderr]     |  ___________________-
[INFO] [stderr] 809 | |         1,
[INFO] [stderr] 810 | |         r#"
[INFO] [stderr] 811 | |         [scripts]
[INFO] [stderr] ...   |
[INFO] [stderr] 821 | |         ["basic"]
[INFO] [stderr] 822 | |     );
[INFO] [stderr]     | |_____- in this macro invocation
[INFO] [stderr]     |
[INFO] [stderr]     = warning: this was previously accepted by the compiler but is being phased out; it will become a hard error in a future release!
[INFO] [stderr]     = note: for more information, see issue #79813 <https://github.com/rust-lang/rust/issues/79813>
[INFO] [stderr]     = note: this warning originates in the macro `expect_exit_code` (in Nightly builds, run with -Z macro-backtrace for more info)
[INFO] [stderr] 
[INFO] [stderr] warning: trailing semicolon in macro used in expression position
[INFO] [stderr]    --> tests/known_cases.rs:47:10
[INFO] [stderr]     |
[INFO] [stderr] 47  |           };
[INFO] [stderr]     |            ^
[INFO] [stderr] ...
[INFO] [stderr] 827 |       let output2 = expect_exit_code!(
[INFO] [stderr]     |  ___________________-
[INFO] [stderr] 828 | |         0,
[INFO] [stderr] 829 | |         r#"
[INFO] [stderr] 830 | |         [scripts]
[INFO] [stderr] ...   |
[INFO] [stderr] 840 | |         ["basic"]
[INFO] [stderr] 841 | |     );
[INFO] [stderr]     | |_____- in this macro invocation
[INFO] [stderr]     |
[INFO] [stderr]     = warning: this was previously accepted by the compiler but is being phased out; it will become a hard error in a future release!
[INFO] [stderr]     = note: for more information, see issue #79813 <https://github.com/rust-lang/rust/issues/79813>
[INFO] [stderr]     = note: this warning originates in the macro `expect_exit_code` (in Nightly builds, run with -Z macro-backtrace for more info)
[INFO] [stderr] 
[INFO] [stderr] warning: trailing semicolon in macro used in expression position
[INFO] [stderr]    --> tests/known_cases.rs:47:10
[INFO] [stderr]     |
[INFO] [stderr] 47  |           };
[INFO] [stderr]     |            ^
[INFO] [stderr] ...
[INFO] [stderr] 850 |       let output1 = expect_exit_code!(
[INFO] [stderr]     |  ___________________-
[INFO] [stderr] 851 | |         1,
[INFO] [stderr] 852 | |         r#"
[INFO] [stderr] 853 | |         [scripts]
[INFO] [stderr] ...   |
[INFO] [stderr] 863 | |         ["basic"]
[INFO] [stderr] 864 | |     );
[INFO] [stderr]     | |_____- in this macro invocation
[INFO] [stderr]     |
[INFO] [stderr]     = warning: this was previously accepted by the compiler but is being phased out; it will become a hard error in a future release!
[INFO] [stderr]     = note: for more information, see issue #79813 <https://github.com/rust-lang/rust/issues/79813>
[INFO] [stderr]     = note: this warning originates in the macro `expect_exit_code` (in Nightly builds, run with -Z macro-backtrace for more info)
[INFO] [stderr] 
[INFO] [stderr] warning: trailing semicolon in macro used in expression position
[INFO] [stderr]    --> tests/known_cases.rs:47:10
[INFO] [stderr]     |
[INFO] [stderr] 47  |           };
[INFO] [stderr]     |            ^
[INFO] [stderr] ...
[INFO] [stderr] 869 |       let output2 = expect_exit_code!(
[INFO] [stderr]     |  ___________________-
[INFO] [stderr] 870 | |         1,
[INFO] [stderr] 871 | |         r#"
[INFO] [stderr] 872 | |         [scripts]
[INFO] [stderr] ...   |
[INFO] [stderr] 882 | |         ["basic"]
[INFO] [stderr] 883 | |     );
[INFO] [stderr]     | |_____- in this macro invocation
[INFO] [stderr]     |
[INFO] [stderr]     = warning: this was previously accepted by the compiler but is being phased out; it will become a hard error in a future release!
[INFO] [stderr]     = note: for more information, see issue #79813 <https://github.com/rust-lang/rust/issues/79813>
[INFO] [stderr]     = note: this warning originates in the macro `expect_exit_code` (in Nightly builds, run with -Z macro-backtrace for more info)
[INFO] [stderr] 
[INFO] [stderr] warning: trailing semicolon in macro used in expression position
[INFO] [stderr]    --> tests/known_cases.rs:47:10
[INFO] [stderr]     |
[INFO] [stderr] 47  |           };
[INFO] [stderr]     |            ^
[INFO] [stderr] ...
[INFO] [stderr] 889 |       let output = expect_exit_code!(
[INFO] [stderr]     |  __________________-
[INFO] [stderr] 890 | |         1,
[INFO] [stderr] 891 | |         r#"
[INFO] [stderr] 892 | |         [scripts]
[INFO] [stderr] ...   |
[INFO] [stderr] 902 | |         ["basic"]
[INFO] [stderr] 903 | |     );
[INFO] [stderr]     | |_____- in this macro invocation
[INFO] [stderr]     |
[INFO] [stderr]     = warning: this was previously accepted by the compiler but is being phased out; it will become a hard error in a future release!
[INFO] [stderr]     = note: for more information, see issue #79813 <https://github.com/rust-lang/rust/issues/79813>
[INFO] [stderr]     = note: this warning originates in the macro `expect_exit_code` (in Nightly builds, run with -Z macro-backtrace for more info)
[INFO] [stderr] 
[INFO] [stderr] warning: trailing semicolon in macro used in expression position
[INFO] [stderr]    --> tests/known_cases.rs:47:10
[INFO] [stderr]     |
[INFO] [stderr] 47  |           };
[INFO] [stderr]     |            ^
[INFO] [stderr] ...
[INFO] [stderr] 912 |       let output = expect_exit_code!(
[INFO] [stderr]     |  __________________-
[INFO] [stderr] 913 | |         1,
[INFO] [stderr] 914 | |         r#"
[INFO] [stderr] 915 | |         [scripts]
[INFO] [stderr] ...   |
[INFO] [stderr] 925 | |         ["basic"]
[INFO] [stderr] 926 | |     );
[INFO] [stderr]     | |_____- in this macro invocation
[INFO] [stderr]     |
[INFO] [stderr]     = warning: this was previously accepted by the compiler but is being phased out; it will become a hard error in a future release!
[INFO] [stderr]     = note: for more information, see issue #79813 <https://github.com/rust-lang/rust/issues/79813>
[INFO] [stderr]     = note: this warning originates in the macro `expect_exit_code` (in Nightly builds, run with -Z macro-backtrace for more info)
[INFO] [stderr] 
[INFO] [stderr] warning: `codemonument_bx` (test "known_cases") generated 41 warnings
[INFO] [stderr]     Finished `test` profile [unoptimized + debuginfo] target(s) in 0.03s
[INFO] [stderr] warning: the following packages contain code that will be rejected by a future version of Rust: codemonument_bx v0.3.4 (/opt/rustwide/workdir)
[INFO] [stderr] note: to see what the problems were, use the option `--future-incompat-report`, or run `cargo report future-incompatibilities --id 1`
[INFO] [stderr]      Running unittests src/lib.rs (/opt/rustwide/target/debug/deps/lib-ad3e190fabe1cec6)
[INFO] [stdout] 
[INFO] [stdout] running 19 tests
[INFO] [stdout] test version::identifies_identical_versions ... ok
[INFO] [stdout] test version::identifies_identical_versions_in_beta ... ok
[INFO] [stdout] test version::identifies_major_too_new ... ok
[INFO] [stdout] test version::identifies_major_too_new_in_beta ... ok
[INFO] [stdout] test version::identifies_major_too_old ... ok
[INFO] [stdout] test version::identifies_minor_too_new ... ok
[INFO] [stdout] test version::identifies_minor_too_new_in_beta ... ok
[INFO] [stdout] test version::identifies_minor_too_old ... ok
[INFO] [stdout] test version::identifies_minor_too_old_in_beta ... ok
[INFO] [stdout] test version::identifies_patch_too_new ... ok
[INFO] [stdout] test version::identifies_patch_too_old ... ok
[INFO] [stdout] test version::identifies_patch_too_new_in_beta ... ok
[INFO] [stdout] test version::identifies_patch_too_old_in_beta ... ok
[INFO] [stdout] test version::returns_correct_part_division ... ok
[INFO] [stdout] test version::returns_error_on_invalid_major_number ... ok
[INFO] [stdout] test version::returns_error_on_invalid_minor_number ... ok
[INFO] [stdout] test version::returns_error_on_invalid_patch_number ... ok
[INFO] [stdout] test version::returns_error_on_missing_minor_number ... ok
[INFO] [stdout] test version::returns_error_on_missing_patch_number ... ok
[INFO] [stdout] 
[INFO] [stdout] test result: ok. 19 passed; 0 failed; 0 ignored; 0 measured; 0 filtered out; finished in 0.00s
[INFO] [stdout] 
[INFO] [stderr]      Running unittests src/bin/main.rs (/opt/rustwide/target/debug/deps/bonnie-77cd89e4ebc85a4f)
[INFO] [stdout] 
[INFO] [stdout] running 0 tests
[INFO] [stdout] 
[INFO] [stdout] test result: ok. 0 passed; 0 failed; 0 ignored; 0 measured; 0 filtered out; finished in 0.00s
[INFO] [stdout] 
[INFO] [stderr]      Running unittests src/bin/main.rs (/opt/rustwide/target/debug/deps/bx-a1de695a9f583a6f)
[INFO] [stdout] 
[INFO] [stdout] running 0 tests
[INFO] [stdout] 
[INFO] [stdout] test result: ok. 0 passed; 0 failed; 0 ignored; 0 measured; 0 filtered out; finished in 0.00s
[INFO] [stdout] 
[INFO] [stderr]      Running tests/caching.rs (/opt/rustwide/target/debug/deps/caching-1e60160a4d6eb2f2)
[INFO] [stdout] 
[INFO] [stdout] running 3 tests
[INFO] [stdout] test returns_error_on_bad_version ... ok
[INFO] [stdout] test cache_works ... ok
[INFO] [stdout] test loads_env_files ... ok
[INFO] [stdout] 
[INFO] [stdout] test result: ok. 3 passed; 0 failed; 0 ignored; 0 measured; 0 filtered out; finished in 0.00s
[INFO] [stdout] 
[INFO] [stderr]      Running tests/known_cases.rs (/opt/rustwide/target/debug/deps/known_cases-aab9e9582e281873)
[INFO] [stdout] 
[INFO] [stdout] running 41 tests
[INFO] [stdout] test returns_error_if_generic_os_specifier_not_given ... ok
[INFO] [stdout] test returns_error_on_invalid_env_file ... ok
[INFO] [stdout] test returns_error_on_missing_cmd ... ok
[INFO] [stdout] test returns_error_on_unordered_nesting_in_order ... ok
[INFO] [stdout] test returns_error_on_non_global_args_for_ordered_subcommands ... ok
[INFO] [stdout] test returns_error_on_too_few_args ... ok
[INFO] [stdout] test returns_error_on_cmd_and_ordered_subcommands ... ok
[INFO] [stdout] Hello Name (extra stuff)
[INFO] [stdout] Name
[INFO] [stdout] Hello
[INFO] [stdout] test returns_error_on_nonexistent_env_file ... ok
[INFO] [stdout] test succeeds_with_full_interpolation ... ok
[INFO] [stdout] test succeeds_with_kv_simple_ordered_subcommands ... ok
[INFO] [stdout] test succeeds_with_kv_syntax ... ok
[INFO] [stdout] test succeeds_with_arg_interpolation ... ok
[INFO] [stdout] test loads_env_files ... ok
[INFO] [stdout] 
[INFO] [stdout] test succeeds_with_mass_arg_interpolation_and_no_args ... ok
[INFO] [stdout] foo bar %%
[INFO] [stdout] test succeeds_with_mass_arg_interpolation_and_escaping ... Name foo bar
[INFO] [stdout] ok
[INFO] [stdout] test succeeds_with_intersection_order_control ... ok
[INFO] [stdout] Test
[INFO] [stdout] Hello foo bar
[INFO] [stdout] Name
[INFO] [stdout] foo bar
[INFO] [stdout] test succeeds_with_mass_arg_interpolation_and_specific_arg_interpolation ... ok
[INFO] [stdout] test succeeds_with_kv_unordered_subcommands ... ok
[INFO] [stdout] test succeeds_with_kv_complex_ordered_subcommands ... ok
[INFO] [stdout] test succeeds_with_multistage ... ok
[INFO] [stdout] test succeeds_with_mass_arg_interpolation_and_one_arg ... ok
[INFO] [stdout] Hello foo bar
[INFO] [stdout] Name
[INFO] [stdout] test succeeds_with_multistage_with_interpolation ... ok
[INFO] [stdout] test succeeds_with_mass_arg_interpolation_and_many_args ... ok
[INFO] [stdout] Hello foo bar
[INFO] [stdout] Name
[INFO] [stdout] Hello foo bar
[INFO] [stdout] Name
[INFO] [stdout] test succeeds_with_os_specific_kv_cmd ... ok
[INFO] [stdout] test succeeds_with_os_specific_multistage_and_interpolation_cmd ... ok
[INFO] [stdout] test succeeds_with_multistage_and_interpolation_unordered_subcommands ... ok
[INFO] [stdout] test succeeds_with_exit_code_order_control ... ok
[INFO] [stdout] test succeeds_with_any_none_order_control ... ok
[INFO] [stdout] Hello foo bar
[INFO] [stdout] Name
[INFO] [stdout] test succeeds_with_root_cmd_for_unordered_subcommands ... ok
[INFO] [stdout] test succeeds_with_everything ... ok
[INFO] [stdout] test succeeds_with_union_order_control ... ok
[INFO] [stdout] Hello foo bar
[INFO] [stdout] Name
[INFO] [stdout] test uses_os_specific_default_shell ... ok
[INFO] [stdout] test uses_generic_default_shell ... ok
[INFO] [stdout] test uses_generic_default_shell_with_delimiter ... ok
[INFO] [stdout] test uses_simple_default_shell ... ok
[INFO] [stdout] test succeeds_with_custom_shell ... ok
[INFO] [stdout] test succeeds_with_custom_shell_with_delimiter ... ok
[INFO] [stdout] test succeeds_with_custom_shell_and_os_specificity_and_multistage_and_interpolation ... ok
[INFO] [stdout] test succeeds_with_not_exit_code_order_control ... ok
[INFO] [stdout] test succeeds_with_success_failure_order_control ... ok
[INFO] [stdout] test succeeds_with_env_var_interpolation ... FAILED
[INFO] [stdout] 
[INFO] [stdout] failures:
[INFO] [stdout] 
[INFO] [stdout] ---- succeeds_with_env_var_interpolation stdout ----
[INFO] [stdout] thread 'succeeds_with_env_var_interpolation' panicked at tests/known_cases.rs:126:18:
[INFO] [stdout] assertion `left == right` failed
[INFO] [stdout]   left: Err("The environment variable 'USER' couldn't be loaded. This means it either hasn't been defined (you may need to load another environment variable file) or contains invalid characters.")
[INFO] [stdout]  right: Ok(0)
[INFO] [stdout] stack backtrace:
[INFO] [stdout]    0:     0x59565c7d978a - std::backtrace_rs::backtrace::libunwind::trace::h207520d6e9873551
[INFO] [stdout]                                at /rustc/df4ca44d3fbc9301ee17f30f4d474e6ae4b05252/library/std/src/../../backtrace/src/backtrace/libunwind.rs:116:5
[INFO] [stdout]    1:     0x59565c7d978a - std::backtrace_rs::backtrace::trace_unsynchronized::h2ed7433f370e3eca
[INFO] [stdout]                                at /rustc/df4ca44d3fbc9301ee17f30f4d474e6ae4b05252/library/std/src/../../backtrace/src/backtrace/mod.rs:66:5
[INFO] [stdout]    2:     0x59565c7d978a - std::sys::backtrace::_print_fmt::h916fac51166b18d7
[INFO] [stdout]                                at /rustc/df4ca44d3fbc9301ee17f30f4d474e6ae4b05252/library/std/src/sys/backtrace.rs:66:9
[INFO] [stdout]    3:     0x59565c7d978a - <std::sys::backtrace::BacktraceLock::print::DisplayBacktrace as core::fmt::Display>::fmt::ha0a4c9b8ce3802e6
[INFO] [stdout]                                at /rustc/df4ca44d3fbc9301ee17f30f4d474e6ae4b05252/library/std/src/sys/backtrace.rs:39:26
[INFO] [stdout]    4:     0x59565c801883 - core::fmt::rt::Argument::fmt::h4cfc8587d52b3eb5
[INFO] [stdout]                                at /rustc/df4ca44d3fbc9301ee17f30f4d474e6ae4b05252/library/core/src/fmt/rt.rs:177:76
[INFO] [stdout]    5:     0x59565c801883 - core::fmt::write::h522cc39e5b36ae9f
[INFO] [stdout]                                at /rustc/df4ca44d3fbc9301ee17f30f4d474e6ae4b05252/library/core/src/fmt/mod.rs:1190:21
[INFO] [stdout]    6:     0x59565c7d6063 - std::io::Write::write_fmt::h7d3c26752da97734
[INFO] [stdout]                                at /rustc/df4ca44d3fbc9301ee17f30f4d474e6ae4b05252/library/std/src/io/mod.rs:1839:15
[INFO] [stdout]    7:     0x59565c7d95d2 - std::sys::backtrace::BacktraceLock::print::h4b9e00b29e9c0942
[INFO] [stdout]                                at /rustc/df4ca44d3fbc9301ee17f30f4d474e6ae4b05252/library/std/src/sys/backtrace.rs:42:9
[INFO] [stdout]    8:     0x59565c7dac1a - std::panicking::default_hook::{{closure}}::hb59b88280d0324d9
[INFO] [stdout]                                at /rustc/df4ca44d3fbc9301ee17f30f4d474e6ae4b05252/library/std/src/panicking.rs:268:22
[INFO] [stdout]    9:     0x59565c7daa24 - std::panicking::default_hook::he1dd496665be4a29
[INFO] [stdout]                                at /rustc/df4ca44d3fbc9301ee17f30f4d474e6ae4b05252/library/std/src/panicking.rs:292:9
[INFO] [stdout]   10:     0x59565c5775e9 - <alloc::boxed::Box<F,A> as core::ops::function::Fn<Args>>::call::h4ff71de18744e1dc
[INFO] [stdout]                                at /rustc/df4ca44d3fbc9301ee17f30f4d474e6ae4b05252/library/alloc/src/boxed.rs:2468:9
[INFO] [stdout]   11:     0x59565c5775e9 - test::test_main::{{closure}}::hcf7c055ce117aa81
[INFO] [stdout]                                at /rustc/df4ca44d3fbc9301ee17f30f4d474e6ae4b05252/library/test/src/lib.rs:133:21
[INFO] [stdout]   12:     0x59565c7db318 - <alloc::boxed::Box<F,A> as core::ops::function::Fn<Args>>::call::h1d66c6bbd60c9692
[INFO] [stdout]                                at /rustc/df4ca44d3fbc9301ee17f30f4d474e6ae4b05252/library/alloc/src/boxed.rs:2468:9
[INFO] [stdout]   13:     0x59565c7db318 - std::panicking::rust_panic_with_hook::h2ff17fe8f26dfcf8
[INFO] [stdout]                                at /rustc/df4ca44d3fbc9301ee17f30f4d474e6ae4b05252/library/std/src/panicking.rs:809:13
[INFO] [stdout]   14:     0x59565c7db0da - std::panicking::begin_panic_handler::{{closure}}::h4fad77951c07e101
[INFO] [stdout]                                at /rustc/df4ca44d3fbc9301ee17f30f4d474e6ae4b05252/library/std/src/panicking.rs:674:13
[INFO] [stdout]   15:     0x59565c7d9c69 - std::sys::backtrace::__rust_end_short_backtrace::hb1a25b3da5d0ea08
[INFO] [stdout]                                at /rustc/df4ca44d3fbc9301ee17f30f4d474e6ae4b05252/library/std/src/sys/backtrace.rs:170:18
[INFO] [stdout]   16:     0x59565c7dad6c - rust_begin_unwind
[INFO] [stdout]                                at /rustc/df4ca44d3fbc9301ee17f30f4d474e6ae4b05252/library/std/src/panicking.rs:665:5
[INFO] [stdout]   17:     0x59565c800240 - core::panicking::panic_fmt::ha9db07b529f9b256
[INFO] [stdout]                                at /rustc/df4ca44d3fbc9301ee17f30f4d474e6ae4b05252/library/core/src/panicking.rs:75:14
[INFO] [stdout]   18:     0x59565c800644 - core::panicking::assert_failed_inner::h04f38944d74a80a8
[INFO] [stdout]   19:     0x59565c533d3e - core::panicking::assert_failed::hef2d5a846e261dc1
[INFO] [stdout]                                at /rustc/df4ca44d3fbc9301ee17f30f4d474e6ae4b05252/library/core/src/panicking.rs:377:5
[INFO] [stdout]   20:     0x59565c512ef2 - known_cases::succeeds_with_env_var_interpolation::hc58d442f40241957
[INFO] [stdout]                                at /opt/rustwide/workdir/tests/known_cases.rs:42:13
[INFO] [stdout]   21:     0x59565c512b67 - known_cases::succeeds_with_env_var_interpolation::{{closure}}::h8b8dfa3eff744d19
[INFO] [stdout]                                at /opt/rustwide/workdir/tests/known_cases.rs:125:41
[INFO] [stdout]   22:     0x59565c538666 - core::ops::function::FnOnce::call_once::h475e00510350d73f
[INFO] [stdout]                                at /rustc/df4ca44d3fbc9301ee17f30f4d474e6ae4b05252/library/core/src/ops/function.rs:250:5
[INFO] [stdout]   23:     0x59565c57bebb - core::ops::function::FnOnce::call_once::h22c3ba5715e93f05
[INFO] [stdout]                                at /rustc/df4ca44d3fbc9301ee17f30f4d474e6ae4b05252/library/core/src/ops/function.rs:250:5
[INFO] [stdout]   24:     0x59565c57bebb - test::__rust_begin_short_backtrace::h8e82d8113d0da17f
[INFO] [stdout]                                at /rustc/df4ca44d3fbc9301ee17f30f4d474e6ae4b05252/library/test/src/lib.rs:621:18
[INFO] [stdout]   25:     0x59565c57b837 - test::run_test_in_process::{{closure}}::h33235f4f20b7b7c7
[INFO] [stdout]                                at /rustc/df4ca44d3fbc9301ee17f30f4d474e6ae4b05252/library/test/src/lib.rs:644:60
[INFO] [stdout]   26:     0x59565c57b837 - <core::panic::unwind_safe::AssertUnwindSafe<F> as core::ops::function::FnOnce<()>>::call_once::hb5043206310c586f
[INFO] [stdout]                                at /rustc/df4ca44d3fbc9301ee17f30f4d474e6ae4b05252/library/core/src/panic/unwind_safe.rs:272:9
[INFO] [stdout]   27:     0x59565c57b837 - std::panicking::try::do_call::h9ad4731a60ab23e2
[INFO] [stdout]                                at /rustc/df4ca44d3fbc9301ee17f30f4d474e6ae4b05252/library/std/src/panicking.rs:557:40
[INFO] [stdout]   28:     0x59565c57b837 - std::panicking::try::h3824d23db772a716
[INFO] [stdout]                                at /rustc/df4ca44d3fbc9301ee17f30f4d474e6ae4b05252/library/std/src/panicking.rs:520:19
[INFO] [stdout]   29:     0x59565c57b837 - std::panic::catch_unwind::h5afd514605fde46b
[INFO] [stdout]                                at /rustc/df4ca44d3fbc9301ee17f30f4d474e6ae4b05252/library/std/src/panic.rs:358:14
[INFO] [stdout]   30:     0x59565c57b837 - test::run_test_in_process::h0d5cbfa7067d1720
[INFO] [stdout]                                at /rustc/df4ca44d3fbc9301ee17f30f4d474e6ae4b05252/library/test/src/lib.rs:644:27
[INFO] [stdout]   31:     0x59565c57b837 - test::run_test::{{closure}}::h708eb8872708115d
[INFO] [stdout]                                at /rustc/df4ca44d3fbc9301ee17f30f4d474e6ae4b05252/library/test/src/lib.rs:565:43
[INFO] [stdout]   32:     0x59565c53ef54 - test::run_test::{{closure}}::h392c51cee94713ab
[INFO] [stdout]                                at /rustc/df4ca44d3fbc9301ee17f30f4d474e6ae4b05252/library/test/src/lib.rs:595:41
[INFO] [stdout]   33:     0x59565c53ef54 - std::sys::backtrace::__rust_begin_short_backtrace::h2f40290710935a8b
[INFO] [stdout]                                at /rustc/df4ca44d3fbc9301ee17f30f4d474e6ae4b05252/library/std/src/sys/backtrace.rs:154:18
[INFO] [stdout]   34:     0x59565c5426fe - std::thread::Builder::spawn_unchecked_::{{closure}}::{{closure}}::h3fd968d89053a903
[INFO] [stdout]                                at /rustc/df4ca44d3fbc9301ee17f30f4d474e6ae4b05252/library/std/src/thread/mod.rs:541:17
[INFO] [stdout]   35:     0x59565c5426fe - <core::panic::unwind_safe::AssertUnwindSafe<F> as core::ops::function::FnOnce<()>>::call_once::h743f637ba4229880
[INFO] [stdout]                                at /rustc/df4ca44d3fbc9301ee17f30f4d474e6ae4b05252/library/core/src/panic/unwind_safe.rs:272:9
[INFO] [stdout]   36:     0x59565c5426fe - std::panicking::try::do_call::h07440897322525a6
[INFO] [stdout]                                at /rustc/df4ca44d3fbc9301ee17f30f4d474e6ae4b05252/library/std/src/panicking.rs:557:40
[INFO] [stdout]   37:     0x59565c5426fe - std::panicking::try::he5a2e00188156637
[INFO] [stdout]                                at /rustc/df4ca44d3fbc9301ee17f30f4d474e6ae4b05252/library/std/src/panicking.rs:520:19
[INFO] [stdout]   38:     0x59565c5426fe - std::panic::catch_unwind::hbaf3cae49b3c6433
[INFO] [stdout]                                at /rustc/df4ca44d3fbc9301ee17f30f4d474e6ae4b05252/library/std/src/panic.rs:358:14
[INFO] [stdout]   39:     0x59565c5426fe - std::thread::Builder::spawn_unchecked_::{{closure}}::h8e141ea224820bce
[INFO] [stdout]                                at /rustc/df4ca44d3fbc9301ee17f30f4d474e6ae4b05252/library/std/src/thread/mod.rs:540:30
[INFO] [stdout]   40:     0x59565c5426fe - core::ops::function::FnOnce::call_once{{vtable.shim}}::h90d312fedd7b8ea8
[INFO] [stdout]                                at /rustc/df4ca44d3fbc9301ee17f30f4d474e6ae4b05252/library/core/src/ops/function.rs:250:5
[INFO] [stdout]   41:     0x59565c7df4eb - <alloc::boxed::Box<F,A> as core::ops::function::FnOnce<Args>>::call_once::h69aa08ddb6adb8b6
[INFO] [stdout]                                at /rustc/df4ca44d3fbc9301ee17f30f4d474e6ae4b05252/library/alloc/src/boxed.rs:2454:9
[INFO] [stdout]   42:     0x59565c7df4eb - <alloc::boxed::Box<F,A> as core::ops::function::FnOnce<Args>>::call_once::h5aa36efdb79c806f
[INFO] [stdout]                                at /rustc/df4ca44d3fbc9301ee17f30f4d474e6ae4b05252/library/alloc/src/boxed.rs:2454:9
[INFO] [stdout]   43:     0x59565c7df4eb - std::sys::pal::unix::thread::Thread::new::thread_start::h6cd80a1b4be5158d
[INFO] [stdout]                                at /rustc/df4ca44d3fbc9301ee17f30f4d474e6ae4b05252/library/std/src/sys/pal/unix/thread.rs:105:17
[INFO] [stdout]   44:     0x7c1760d7fac3 - <unknown>
[INFO] [stdout]   45:     0x7c1760e10a04 - clone
[INFO] [stdout]   46:                0x0 - <unknown>
[INFO] [stdout] 
[INFO] [stdout] 
[INFO] [stdout] failures:
[INFO] [stdout]     succeeds_with_env_var_interpolation
[INFO] [stdout] 
[INFO] [stdout] test result: FAILED. 40 passed; 1 failed; 0 ignored; 0 measured; 0 filtered out; finished in 0.03s
[INFO] [stdout] 
[INFO] [stderr] error: test failed, to rerun pass `--test known_cases`
[INFO] running `Command { std: "docker" "inspect" "78483fc035d4ceb9967a1bfadf13a0d0612a5843807b4420d947c1baeec76a62", kill_on_drop: false }`
[INFO] running `Command { std: "docker" "rm" "-f" "78483fc035d4ceb9967a1bfadf13a0d0612a5843807b4420d947c1baeec76a62", kill_on_drop: false }`
[INFO] [stdout] 78483fc035d4ceb9967a1bfadf13a0d0612a5843807b4420d947c1baeec76a62
