[INFO] fetching crate code-blocks 0.3.0...
[INFO] testing code-blocks-0.3.0 against nightly-2024-10-28+rustflags=-Zrandomize-layout for randomize-layout
[INFO] extracting crate code-blocks 0.3.0 into /workspace/builds/worker-6-tc2/source
[INFO] validating manifest of crates.io crate code-blocks 0.3.0 on toolchain nightly-2024-10-28
[INFO] running `Command { std: CARGO_HOME="/workspace/cargo-home" RUSTUP_HOME="/workspace/rustup-home" "/workspace/cargo-home/bin/cargo" "+nightly-2024-10-28" "metadata" "--manifest-path" "Cargo.toml" "--no-deps", kill_on_drop: false }`
[INFO] started tweaking crates.io crate code-blocks 0.3.0
[INFO] finished tweaking crates.io crate code-blocks 0.3.0
[INFO] tweaked toml for crates.io crate code-blocks 0.3.0 written to /workspace/builds/worker-6-tc2/source/Cargo.toml
[INFO] running `Command { std: CARGO_HOME="/workspace/cargo-home" RUSTUP_HOME="/workspace/rustup-home" "/workspace/cargo-home/bin/cargo" "+nightly-2024-10-28" "generate-lockfile" "--manifest-path" "Cargo.toml", kill_on_drop: false }`
[INFO] [stderr]     Updating crates.io index
[INFO] [stderr]      Locking 37 packages to latest compatible versions
[INFO] [stderr]       Adding cc v1.0.106 (available: v1.1.31)
[INFO] [stderr]       Adding tree-sitter v0.20.10 (available: v0.24.3)
[INFO] [stderr]       Adding tree-sitter-python v0.20.4 (available: v0.23.2)
[INFO] [stderr]       Adding tree-sitter-rust v0.20.4 (available: v0.23.0)
[INFO] [stderr]       Adding tree-sitter-typescript v0.20.5 (available: v0.23.0)
[INFO] running `Command { std: CARGO_HOME="/workspace/cargo-home" RUSTUP_HOME="/workspace/rustup-home" "/workspace/cargo-home/bin/cargo" "+nightly-2024-10-28" "fetch" "--manifest-path" "Cargo.toml", kill_on_drop: false }`
[INFO] running `Command { std: "docker" "create" "-v" "/var/lib/crater-agent-workspace/builds/worker-6-tc2/target:/opt/rustwide/target:rw,Z" "-v" "/var/lib/crater-agent-workspace/builds/worker-6-tc2/source:/opt/rustwide/workdir:ro,Z" "-v" "/var/lib/crater-agent-workspace/cargo-home:/opt/rustwide/cargo-home:ro,Z" "-v" "/var/lib/crater-agent-workspace/rustup-home:/opt/rustwide/rustup-home:ro,Z" "-e" "SOURCE_DIR=/opt/rustwide/workdir" "-e" "CARGO_TARGET_DIR=/opt/rustwide/target" "-e" "CARGO_HOME=/opt/rustwide/cargo-home" "-e" "RUSTUP_HOME=/opt/rustwide/rustup-home" "-w" "/opt/rustwide/workdir" "-m" "1610612736" "--user" "0:0" "--network" "none" "ghcr.io/rust-lang/crates-build-env/linux@sha256:4a844ea9eb2546a2d2c7022eacef16ef2e8229c7fbb2c7d4d55a9ceca922f72d" "/opt/rustwide/cargo-home/bin/cargo" "+nightly-2024-10-28" "metadata" "--no-deps" "--format-version=1", kill_on_drop: false }`
[INFO] [stdout] 2993667da98ebfebc4e476a0fc320f6b247c87cf974e07b7190bc362dffa2812
[INFO] running `Command { std: "docker" "start" "-a" "2993667da98ebfebc4e476a0fc320f6b247c87cf974e07b7190bc362dffa2812", kill_on_drop: false }`
[INFO] running `Command { std: "docker" "inspect" "2993667da98ebfebc4e476a0fc320f6b247c87cf974e07b7190bc362dffa2812", kill_on_drop: false }`
[INFO] running `Command { std: "docker" "rm" "-f" "2993667da98ebfebc4e476a0fc320f6b247c87cf974e07b7190bc362dffa2812", kill_on_drop: false }`
[INFO] [stdout] 2993667da98ebfebc4e476a0fc320f6b247c87cf974e07b7190bc362dffa2812
[INFO] running `Command { std: "docker" "create" "-v" "/var/lib/crater-agent-workspace/builds/worker-6-tc2/target:/opt/rustwide/target:rw,Z" "-v" "/var/lib/crater-agent-workspace/builds/worker-6-tc2/source:/opt/rustwide/workdir:ro,Z" "-v" "/var/lib/crater-agent-workspace/cargo-home:/opt/rustwide/cargo-home:ro,Z" "-v" "/var/lib/crater-agent-workspace/rustup-home:/opt/rustwide/rustup-home:ro,Z" "-e" "SOURCE_DIR=/opt/rustwide/workdir" "-e" "CARGO_TARGET_DIR=/opt/rustwide/target" "-e" "CARGO_INCREMENTAL=0" "-e" "RUST_BACKTRACE=full" "-e" "RUSTFLAGS=--cap-lints=forbid -Zrandomize-layout" "-e" "RUSTDOCFLAGS=--cap-lints=forbid" "-e" "CARGO_HOME=/opt/rustwide/cargo-home" "-e" "RUSTUP_HOME=/opt/rustwide/rustup-home" "-w" "/opt/rustwide/workdir" "-m" "1610612736" "--user" "0:0" "--network" "none" "ghcr.io/rust-lang/crates-build-env/linux@sha256:4a844ea9eb2546a2d2c7022eacef16ef2e8229c7fbb2c7d4d55a9ceca922f72d" "/opt/rustwide/cargo-home/bin/cargo" "+nightly-2024-10-28" "build" "--frozen" "--message-format=json", kill_on_drop: false }`
[INFO] [stdout] 9adbe0d6be032aa8be7e3aee104b95b6b2f3678d768df725957180ea0f027f08
[INFO] running `Command { std: "docker" "start" "-a" "9adbe0d6be032aa8be7e3aee104b95b6b2f3678d768df725957180ea0f027f08", kill_on_drop: false }`
[INFO] [stderr]    Compiling memchr v2.7.4
[INFO] [stderr]    Compiling regex-syntax v0.8.5
[INFO] [stderr]    Compiling cc v1.0.106
[INFO] [stderr]    Compiling anyhow v1.0.92
[INFO] [stderr]    Compiling aho-corasick v1.1.3
[INFO] [stderr]    Compiling tree-sitter v0.20.10
[INFO] [stderr]    Compiling regex-automata v0.4.8
[INFO] [stderr]    Compiling regex v1.11.1
[INFO] [stderr]    Compiling code-blocks v0.3.0 (/opt/rustwide/workdir)
[INFO] [stderr]     Finished `dev` profile [unoptimized + debuginfo] target(s) in 5.38s
[INFO] running `Command { std: "docker" "inspect" "9adbe0d6be032aa8be7e3aee104b95b6b2f3678d768df725957180ea0f027f08", kill_on_drop: false }`
[INFO] running `Command { std: "docker" "rm" "-f" "9adbe0d6be032aa8be7e3aee104b95b6b2f3678d768df725957180ea0f027f08", kill_on_drop: false }`
[INFO] [stdout] 9adbe0d6be032aa8be7e3aee104b95b6b2f3678d768df725957180ea0f027f08
[INFO] running `Command { std: "docker" "create" "-v" "/var/lib/crater-agent-workspace/builds/worker-6-tc2/target:/opt/rustwide/target:rw,Z" "-v" "/var/lib/crater-agent-workspace/builds/worker-6-tc2/source:/opt/rustwide/workdir:ro,Z" "-v" "/var/lib/crater-agent-workspace/cargo-home:/opt/rustwide/cargo-home:ro,Z" "-v" "/var/lib/crater-agent-workspace/rustup-home:/opt/rustwide/rustup-home:ro,Z" "-e" "SOURCE_DIR=/opt/rustwide/workdir" "-e" "CARGO_TARGET_DIR=/opt/rustwide/target" "-e" "CARGO_INCREMENTAL=0" "-e" "RUST_BACKTRACE=full" "-e" "RUSTFLAGS=--cap-lints=forbid -Zrandomize-layout" "-e" "RUSTDOCFLAGS=--cap-lints=forbid" "-e" "CARGO_HOME=/opt/rustwide/cargo-home" "-e" "RUSTUP_HOME=/opt/rustwide/rustup-home" "-w" "/opt/rustwide/workdir" "-m" "1610612736" "--user" "0:0" "--network" "none" "ghcr.io/rust-lang/crates-build-env/linux@sha256:4a844ea9eb2546a2d2c7022eacef16ef2e8229c7fbb2c7d4d55a9ceca922f72d" "/opt/rustwide/cargo-home/bin/cargo" "+nightly-2024-10-28" "test" "--frozen" "--no-run" "--message-format=json", kill_on_drop: false }`
[INFO] [stdout] bdc06ddc23c16d9e05993d5d5086168e4153166e7b1931d676eaa1c83faa15a6
[INFO] running `Command { std: "docker" "start" "-a" "bdc06ddc23c16d9e05993d5d5086168e4153166e7b1931d676eaa1c83faa15a6", kill_on_drop: false }`
[INFO] [stderr]    Compiling libc v0.2.161
[INFO] [stderr]    Compiling serde v1.0.214
[INFO] [stderr]    Compiling lazy_static v1.5.0
[INFO] [stderr]    Compiling unicode-segmentation v1.12.0
[INFO] [stderr]    Compiling tree-sitter-typescript v0.20.5
[INFO] [stderr]    Compiling tree-sitter-rust v0.20.4
[INFO] [stderr]    Compiling tree-sitter-python v0.20.4
[INFO] [stderr]    Compiling similar v2.6.0
[INFO] [stderr]    Compiling console v0.15.8
[INFO] [stderr]    Compiling similar-asserts v1.6.0
[INFO] [stderr]    Compiling insta v1.41.1
[INFO] [stderr]    Compiling code-blocks v0.3.0 (/opt/rustwide/workdir)
[INFO] [stdout] warning: use of deprecated macro `insta::assert_display_snapshot`: use assert_snapshot!() instead
[INFO] [stdout]    --> tests/tsx/../test_utils.rs:150:13
[INFO] [stdout]     |
[INFO] [stdout] 150 |               insta::assert_display_snapshot!(snapshot);
[INFO] [stdout]     |               ^^^^^^^^^^^^^^^^^^^^^^^^^^^^^^
[INFO] [stdout]     |
[INFO] [stdout]    ::: tests/tsx/main.rs:68:1
[INFO] [stdout]     |
[INFO] [stdout] 68  | / snapshot!(
[INFO] [stdout] 69  | |     test_move_block,
[INFO] [stdout] 70  | |     tree_sitter_typescript::language_tsx(),
[INFO] [stdout] 71  | |     tsx_queries(),
[INFO] [stdout] ...   |
[INFO] [stdout] 88  | | "#
[INFO] [stdout] 89  | | );
[INFO] [stdout]     | |_- in this macro invocation
[INFO] [stdout]     |
[INFO] [stdout]     = note: `#[warn(deprecated)]` on by default
[INFO] [stdout]     = note: this warning originates in the macro `snapshot` (in Nightly builds, run with -Z macro-backtrace for more info)
[INFO] [stdout] 
[INFO] [stdout] 
[INFO] [stdout] warning: use of deprecated macro `insta::assert_display_snapshot`: use assert_snapshot!() instead
[INFO] [stdout]    --> tests/tsx/../test_utils.rs:94:13
[INFO] [stdout]     |
[INFO] [stdout] 94  |               insta::assert_display_snapshot!(snapshot);
[INFO] [stdout]     |               ^^^^^^^^^^^^^^^^^^^^^^^^^^^^^^
[INFO] [stdout]     |
[INFO] [stdout]    ::: tests/tsx/main.rs:91:1
[INFO] [stdout]     |
[INFO] [stdout] 91  | / snapshot!(
[INFO] [stdout] 92  | |     test_move_block_outside_scope,
[INFO] [stdout] 93  | |     tree_sitter_typescript::language_tsx(),
[INFO] [stdout] 94  | |     tsx_queries(),
[INFO] [stdout] ...   |
[INFO] [stdout] 112 | | "#
[INFO] [stdout] 113 | | );
[INFO] [stdout]     | |_- in this macro invocation
[INFO] [stdout]     |
[INFO] [stdout]     = note: this warning originates in the macro `snapshot` (in Nightly builds, run with -Z macro-backtrace for more info)
[INFO] [stdout] 
[INFO] [stdout] 
[INFO] [stdout] warning: use of deprecated macro `insta::assert_display_snapshot`: use assert_snapshot!() instead
[INFO] [stdout]    --> tests/python/main.rs:134:9
[INFO] [stdout]     |
[INFO] [stdout] 134 |           insta::assert_display_snapshot!(snapshot);
[INFO] [stdout]     |           ^^^^^^^^^^^^^^^^^^^^^^^^^^^^^^
[INFO] [stdout] ...
[INFO] [stdout] 149 | /     check!(
[INFO] [stdout] 150 | |         check: Some(check_fn),
[INFO] [stdout] 151 | |         force: false,
[INFO] [stdout] 152 | |         r#"
[INFO] [stdout] ...   |
[INFO] [stdout] 175 | | "#
[INFO] [stdout] 176 | |     );
[INFO] [stdout]     | |_____- in this macro invocation
[INFO] [stdout]     |
[INFO] [stdout]     = note: `#[warn(deprecated)]` on by default
[INFO] [stdout]     = note: this warning originates in the macro `check` (in Nightly builds, run with -Z macro-backtrace for more info)
[INFO] [stdout] 
[INFO] [stdout] 
[INFO] [stdout] warning: use of deprecated macro `insta::assert_display_snapshot`: use assert_snapshot!() instead
[INFO] [stdout]    --> tests/python/main.rs:134:9
[INFO] [stdout]     |
[INFO] [stdout] 134 |           insta::assert_display_snapshot!(snapshot);
[INFO] [stdout]     |           ^^^^^^^^^^^^^^^^^^^^^^^^^^^^^^
[INFO] [stdout] ...
[INFO] [stdout] 178 | /     check!(
[INFO] [stdout] 179 | |         check: Some(check_fn),
[INFO] [stdout] 180 | |         force: false,
[INFO] [stdout] 181 | |         r#"
[INFO] [stdout] ...   |
[INFO] [stdout] 204 | | "#
[INFO] [stdout] 205 | |     );
[INFO] [stdout]     | |_____- in this macro invocation
[INFO] [stdout]     |
[INFO] [stdout]     = note: this warning originates in the macro `check` (in Nightly builds, run with -Z macro-backtrace for more info)
[INFO] [stdout] 
[INFO] [stdout] 
[INFO] [stdout] warning: use of deprecated macro `insta::assert_display_snapshot`: use assert_snapshot!() instead
[INFO] [stdout]    --> tests/python/main.rs:134:9
[INFO] [stdout]     |
[INFO] [stdout] 134 |           insta::assert_display_snapshot!(snapshot);
[INFO] [stdout]     |           ^^^^^^^^^^^^^^^^^^^^^^^^^^^^^^
[INFO] [stdout] ...
[INFO] [stdout] 207 | /     check!(
[INFO] [stdout] 208 | |         check: Some(check_fn),
[INFO] [stdout] 209 | |         force: false,
[INFO] [stdout] 210 | |         r#"
[INFO] [stdout] ...   |
[INFO] [stdout] 233 | | "#
[INFO] [stdout] 234 | |     );
[INFO] [stdout]     | |_____- in this macro invocation
[INFO] [stdout]     |
[INFO] [stdout]     = note: this warning originates in the macro `check` (in Nightly builds, run with -Z macro-backtrace for more info)
[INFO] [stdout] 
[INFO] [stdout] 
[INFO] [stdout] warning: use of deprecated macro `insta::assert_display_snapshot`: use assert_snapshot!() instead
[INFO] [stdout]    --> tests/python/main.rs:134:9
[INFO] [stdout]     |
[INFO] [stdout] 134 |           insta::assert_display_snapshot!(snapshot);
[INFO] [stdout]     |           ^^^^^^^^^^^^^^^^^^^^^^^^^^^^^^
[INFO] [stdout] ...
[INFO] [stdout] 236 | /     check!(
[INFO] [stdout] 237 | |         check: Some(check_fn),
[INFO] [stdout] 238 | |         force: false,
[INFO] [stdout] 239 | |         r#"
[INFO] [stdout] ...   |
[INFO] [stdout] 262 | | "#
[INFO] [stdout] 263 | |     );
[INFO] [stdout]     | |_____- in this macro invocation
[INFO] [stdout]     |
[INFO] [stdout]     = note: this warning originates in the macro `check` (in Nightly builds, run with -Z macro-backtrace for more info)
[INFO] [stdout] 
[INFO] [stdout] 
[INFO] [stdout] warning: use of deprecated macro `insta::assert_display_snapshot`: use assert_snapshot!() instead
[INFO] [stdout]    --> tests/python/main.rs:134:9
[INFO] [stdout]     |
[INFO] [stdout] 134 |           insta::assert_display_snapshot!(snapshot);
[INFO] [stdout]     |           ^^^^^^^^^^^^^^^^^^^^^^^^^^^^^^
[INFO] [stdout] ...
[INFO] [stdout] 265 | /     check!(
[INFO] [stdout] 266 | |         check: Some(check_fn),
[INFO] [stdout] 267 | |         force: false,
[INFO] [stdout] 268 | |         r#"
[INFO] [stdout] ...   |
[INFO] [stdout] 291 | | "#
[INFO] [stdout] 292 | |     );
[INFO] [stdout]     | |_____- in this macro invocation
[INFO] [stdout]     |
[INFO] [stdout]     = note: this warning originates in the macro `check` (in Nightly builds, run with -Z macro-backtrace for more info)
[INFO] [stdout] 
[INFO] [stdout] 
[INFO] [stdout] warning: use of deprecated macro `insta::assert_display_snapshot`: use assert_snapshot!() instead
[INFO] [stdout]   --> tests/rust/../test_utils.rs:94:13
[INFO] [stdout]    |
[INFO] [stdout] 94 |               insta::assert_display_snapshot!(snapshot);
[INFO] [stdout]    |               ^^^^^^^^^^^^^^^^^^^^^^^^^^^^^^
[INFO] [stdout]    |
[INFO] [stdout]   ::: tests/rust/main.rs:81:1
[INFO] [stdout]    |
[INFO] [stdout] 81 | / snapshot! {
[INFO] [stdout] 82 | |     test_move_block,
[INFO] [stdout] 83 | |     tree_sitter_rust::language(),
[INFO] [stdout] 84 | |     rust_queries(),
[INFO] [stdout] ...  |
[INFO] [stdout] 95 | | "#
[INFO] [stdout] 96 | | }
[INFO] [stdout]    | |_- in this macro invocation
[INFO] [stdout]    |
[INFO] [stdout]    = note: `#[warn(deprecated)]` on by default
[INFO] [stdout]    = note: this warning originates in the macro `snapshot` (in Nightly builds, run with -Z macro-backtrace for more info)
[INFO] [stdout] 
[INFO] [stdout] 
[INFO] [stdout] warning: use of deprecated macro `insta::assert_display_snapshot`: use assert_snapshot!() instead
[INFO] [stdout]    --> tests/rust/../test_utils.rs:94:13
[INFO] [stdout]     |
[INFO] [stdout] 94  |               insta::assert_display_snapshot!(snapshot);
[INFO] [stdout]     |               ^^^^^^^^^^^^^^^^^^^^^^^^^^^^^^
[INFO] [stdout]     |
[INFO] [stdout]    ::: tests/rust/main.rs:98:1
[INFO] [stdout]     |
[INFO] [stdout] 98  | / snapshot!(
[INFO] [stdout] 99  | |     test_move_block_in_module,
[INFO] [stdout] 100 | |     tree_sitter_rust::language(),
[INFO] [stdout] 101 | |     rust_queries(),
[INFO] [stdout] ...   |
[INFO] [stdout] 116 | | "#
[INFO] [stdout] 117 | | );
[INFO] [stdout]     | |_- in this macro invocation
[INFO] [stdout]     |
[INFO] [stdout]     = note: this warning originates in the macro `snapshot` (in Nightly builds, run with -Z macro-backtrace for more info)
[INFO] [stdout] 
[INFO] [stdout] 
[INFO] [stdout] warning: use of deprecated macro `insta::assert_display_snapshot`: use assert_snapshot!() instead
[INFO] [stdout]    --> tests/rust/../test_utils.rs:94:13
[INFO] [stdout]     |
[INFO] [stdout] 94  |               insta::assert_display_snapshot!(snapshot);
[INFO] [stdout]     |               ^^^^^^^^^^^^^^^^^^^^^^^^^^^^^^
[INFO] [stdout]     |
[INFO] [stdout]    ::: tests/rust/main.rs:119:1
[INFO] [stdout]     |
[INFO] [stdout] 119 | / snapshot!(
[INFO] [stdout] 120 | |     test_move_block_in_module2,
[INFO] [stdout] 121 | |     tree_sitter_rust::language(),
[INFO] [stdout] 122 | |     rust_queries(),
[INFO] [stdout] ...   |
[INFO] [stdout] 132 | | "#
[INFO] [stdout] 133 | | );
[INFO] [stdout]     | |_- in this macro invocation
[INFO] [stdout]     |
[INFO] [stdout]     = note: this warning originates in the macro `snapshot` (in Nightly builds, run with -Z macro-backtrace for more info)
[INFO] [stdout] 
[INFO] [stdout] 
[INFO] [stdout] warning: use of deprecated macro `insta::assert_display_snapshot`: use assert_snapshot!() instead
[INFO] [stdout]    --> tests/rust/../test_utils.rs:150:13
[INFO] [stdout]     |
[INFO] [stdout] 150 |               insta::assert_display_snapshot!(snapshot);
[INFO] [stdout]     |               ^^^^^^^^^^^^^^^^^^^^^^^^^^^^^^
[INFO] [stdout]     |
[INFO] [stdout]    ::: tests/rust/main.rs:135:1
[INFO] [stdout]     |
[INFO] [stdout] 135 | / snapshot!(
[INFO] [stdout] 136 | |     test_move_block_outside_scope_fails,
[INFO] [stdout] 137 | |     tree_sitter_rust::language(),
[INFO] [stdout] 138 | |     rust_queries(),
[INFO] [stdout] ...   |
[INFO] [stdout] 148 | | "#
[INFO] [stdout] 149 | | );
[INFO] [stdout]     | |_- in this macro invocation
[INFO] [stdout]     |
[INFO] [stdout]     = note: this warning originates in the macro `snapshot` (in Nightly builds, run with -Z macro-backtrace for more info)
[INFO] [stdout] 
[INFO] [stdout] 
[INFO] [stdout] warning: use of deprecated macro `insta::assert_display_snapshot`: use assert_snapshot!() instead
[INFO] [stdout]    --> tests/rust/../test_utils.rs:150:13
[INFO] [stdout]     |
[INFO] [stdout] 150 |               insta::assert_display_snapshot!(snapshot);
[INFO] [stdout]     |               ^^^^^^^^^^^^^^^^^^^^^^^^^^^^^^
[INFO] [stdout]     |
[INFO] [stdout]    ::: tests/rust/main.rs:151:1
[INFO] [stdout]     |
[INFO] [stdout] 151 | / snapshot!(
[INFO] [stdout] 152 | |     test_move_block_outside_scope_fails2,
[INFO] [stdout] 153 | |     tree_sitter_rust::language(),
[INFO] [stdout] 154 | |     rust_queries(),
[INFO] [stdout] ...   |
[INFO] [stdout] 164 | | "#
[INFO] [stdout] 165 | | );
[INFO] [stdout]     | |_- in this macro invocation
[INFO] [stdout]     |
[INFO] [stdout]     = note: this warning originates in the macro `snapshot` (in Nightly builds, run with -Z macro-backtrace for more info)
[INFO] [stdout] 
[INFO] [stdout] 
[INFO] [stdout] warning: use of deprecated macro `insta::assert_display_snapshot`: use assert_snapshot!() instead
[INFO] [stdout]    --> tests/rust/../test_utils.rs:94:13
[INFO] [stdout]     |
[INFO] [stdout] 94  |               insta::assert_display_snapshot!(snapshot);
[INFO] [stdout]     |               ^^^^^^^^^^^^^^^^^^^^^^^^^^^^^^
[INFO] [stdout]     |
[INFO] [stdout]    ::: tests/rust/main.rs:167:1
[INFO] [stdout]     |
[INFO] [stdout] 167 | / snapshot!(
[INFO] [stdout] 168 | |     test_move_block_up,
[INFO] [stdout] 169 | |     tree_sitter_rust::language(),
[INFO] [stdout] 170 | |     rust_queries(),
[INFO] [stdout] ...   |
[INFO] [stdout] 179 | | "#
[INFO] [stdout] 180 | | );
[INFO] [stdout]     | |_- in this macro invocation
[INFO] [stdout]     |
[INFO] [stdout]     = note: this warning originates in the macro `snapshot` (in Nightly builds, run with -Z macro-backtrace for more info)
[INFO] [stdout] 
[INFO] [stdout] 
[INFO] [stdout] warning: use of deprecated macro `insta::assert_display_snapshot`: use assert_snapshot!() instead
[INFO] [stdout]    --> tests/rust/../test_utils.rs:94:13
[INFO] [stdout]     |
[INFO] [stdout] 94  |               insta::assert_display_snapshot!(snapshot);
[INFO] [stdout]     |               ^^^^^^^^^^^^^^^^^^^^^^^^^^^^^^
[INFO] [stdout]     |
[INFO] [stdout]    ::: tests/rust/main.rs:182:1
[INFO] [stdout]     |
[INFO] [stdout] 182 | / snapshot!(
[INFO] [stdout] 183 | |     test_move_block_down,
[INFO] [stdout] 184 | |     tree_sitter_rust::language(),
[INFO] [stdout] 185 | |     rust_queries(),
[INFO] [stdout] ...   |
[INFO] [stdout] 200 | | "#
[INFO] [stdout] 201 | | );
[INFO] [stdout]     | |_- in this macro invocation
[INFO] [stdout]     |
[INFO] [stdout]     = note: this warning originates in the macro `snapshot` (in Nightly builds, run with -Z macro-backtrace for more info)
[INFO] [stdout] 
[INFO] [stdout] 
[INFO] [stdout] warning: use of deprecated macro `insta::assert_display_snapshot`: use assert_snapshot!() instead
[INFO] [stdout]    --> tests/rust/../test_utils.rs:94:13
[INFO] [stdout]     |
[INFO] [stdout] 94  |               insta::assert_display_snapshot!(snapshot);
[INFO] [stdout]     |               ^^^^^^^^^^^^^^^^^^^^^^^^^^^^^^
[INFO] [stdout]     |
[INFO] [stdout]    ::: tests/rust/main.rs:203:1
[INFO] [stdout]     |
[INFO] [stdout] 203 | / snapshot!(
[INFO] [stdout] 204 | |     test_move_block_up2,
[INFO] [stdout] 205 | |     tree_sitter_rust::language(),
[INFO] [stdout] 206 | |     rust_queries(),
[INFO] [stdout] ...   |
[INFO] [stdout] 221 | | "#
[INFO] [stdout] 222 | | );
[INFO] [stdout]     | |_- in this macro invocation
[INFO] [stdout]     |
[INFO] [stdout]     = note: this warning originates in the macro `snapshot` (in Nightly builds, run with -Z macro-backtrace for more info)
[INFO] [stdout] 
[INFO] [stdout] 
[INFO] [stdout] warning: use of deprecated macro `insta::assert_display_snapshot`: use assert_snapshot!() instead
[INFO] [stdout]    --> tests/rust/../test_utils.rs:150:13
[INFO] [stdout]     |
[INFO] [stdout] 150 |               insta::assert_display_snapshot!(snapshot);
[INFO] [stdout]     |               ^^^^^^^^^^^^^^^^^^^^^^^^^^^^^^
[INFO] [stdout]     |
[INFO] [stdout]    ::: tests/rust/main.rs:224:1
[INFO] [stdout]     |
[INFO] [stdout] 224 | / snapshot!(
[INFO] [stdout] 225 | |     test_move_block_into_scope_fails,
[INFO] [stdout] 226 | |     tree_sitter_rust::language(),
[INFO] [stdout] 227 | |     rust_queries(),
[INFO] [stdout] ...   |
[INFO] [stdout] 243 | | "#
[INFO] [stdout] 244 | | );
[INFO] [stdout]     | |_- in this macro invocation
[INFO] [stdout]     |
[INFO] [stdout]     = note: this warning originates in the macro `snapshot` (in Nightly builds, run with -Z macro-backtrace for more info)
[INFO] [stdout] 
[INFO] [stdout] 
[INFO] [stdout] warning: use of deprecated macro `insta::assert_display_snapshot`: use assert_snapshot!() instead
[INFO] [stdout]    --> tests/rust/../test_utils.rs:94:13
[INFO] [stdout]     |
[INFO] [stdout] 94  |               insta::assert_display_snapshot!(snapshot);
[INFO] [stdout]     |               ^^^^^^^^^^^^^^^^^^^^^^^^^^^^^^
[INFO] [stdout]     |
[INFO] [stdout]    ::: tests/rust/main.rs:246:1
[INFO] [stdout]     |
[INFO] [stdout] 246 | / snapshot!(
[INFO] [stdout] 247 | |     test_move_block_with_attributes,
[INFO] [stdout] 248 | |     tree_sitter_rust::language(),
[INFO] [stdout] 249 | |     rust_queries(),
[INFO] [stdout] ...   |
[INFO] [stdout] 257 | | "#
[INFO] [stdout] 258 | | );
[INFO] [stdout]     | |_- in this macro invocation
[INFO] [stdout]     |
[INFO] [stdout]     = note: this warning originates in the macro `snapshot` (in Nightly builds, run with -Z macro-backtrace for more info)
[INFO] [stdout] 
[INFO] [stdout] 
[INFO] [stderr]     Finished `test` profile [unoptimized + debuginfo] target(s) in 5.04s
[INFO] running `Command { std: "docker" "inspect" "bdc06ddc23c16d9e05993d5d5086168e4153166e7b1931d676eaa1c83faa15a6", kill_on_drop: false }`
[INFO] running `Command { std: "docker" "rm" "-f" "bdc06ddc23c16d9e05993d5d5086168e4153166e7b1931d676eaa1c83faa15a6", kill_on_drop: false }`
[INFO] [stdout] bdc06ddc23c16d9e05993d5d5086168e4153166e7b1931d676eaa1c83faa15a6
[INFO] running `Command { std: "docker" "create" "-v" "/var/lib/crater-agent-workspace/builds/worker-6-tc2/target:/opt/rustwide/target:rw,Z" "-v" "/var/lib/crater-agent-workspace/builds/worker-6-tc2/source:/opt/rustwide/workdir:ro,Z" "-v" "/var/lib/crater-agent-workspace/cargo-home:/opt/rustwide/cargo-home:ro,Z" "-v" "/var/lib/crater-agent-workspace/rustup-home:/opt/rustwide/rustup-home:ro,Z" "-e" "SOURCE_DIR=/opt/rustwide/workdir" "-e" "CARGO_TARGET_DIR=/opt/rustwide/target" "-e" "CARGO_INCREMENTAL=0" "-e" "RUST_BACKTRACE=full" "-e" "RUSTFLAGS=--cap-lints=forbid -Zrandomize-layout" "-e" "RUSTDOCFLAGS=--cap-lints=forbid" "-e" "CARGO_HOME=/opt/rustwide/cargo-home" "-e" "RUSTUP_HOME=/opt/rustwide/rustup-home" "-w" "/opt/rustwide/workdir" "-m" "1610612736" "--user" "0:0" "--network" "none" "ghcr.io/rust-lang/crates-build-env/linux@sha256:4a844ea9eb2546a2d2c7022eacef16ef2e8229c7fbb2c7d4d55a9ceca922f72d" "/opt/rustwide/cargo-home/bin/cargo" "+nightly-2024-10-28" "test" "--frozen", kill_on_drop: false }`
[INFO] [stdout] 6458636e2776d7871d62ba234e3d4c9da70bbd35ada2811c2a0e441840e41506
[INFO] running `Command { std: "docker" "start" "-a" "6458636e2776d7871d62ba234e3d4c9da70bbd35ada2811c2a0e441840e41506", kill_on_drop: false }`
[INFO] [stderr] warning: use of deprecated macro `insta::assert_display_snapshot`: use assert_snapshot!() instead
[INFO] [stderr]   --> tests/rust/../test_utils.rs:94:13
[INFO] [stderr]    |
[INFO] [stderr] 94 |               insta::assert_display_snapshot!(snapshot);
[INFO] [stderr]    |               ^^^^^^^^^^^^^^^^^^^^^^^^^^^^^^
[INFO] [stderr]    |
[INFO] [stderr]   ::: tests/rust/main.rs:81:1
[INFO] [stderr]    |
[INFO] [stderr] 81 | / snapshot! {
[INFO] [stderr] 82 | |     test_move_block,
[INFO] [stderr] 83 | |     tree_sitter_rust::language(),
[INFO] [stderr] 84 | |     rust_queries(),
[INFO] [stderr] ...  |
[INFO] [stderr] 95 | | "#
[INFO] [stderr] 96 | | }
[INFO] [stderr]    | |_- in this macro invocation
[INFO] [stderr]    |
[INFO] [stderr]    = note: `#[warn(deprecated)]` on by default
[INFO] [stderr]    = note: this warning originates in the macro `snapshot` (in Nightly builds, run with -Z macro-backtrace for more info)
[INFO] [stderr] 
[INFO] [stderr] warning: use of deprecated macro `insta::assert_display_snapshot`: use assert_snapshot!() instead
[INFO] [stderr]    --> tests/rust/../test_utils.rs:94:13
[INFO] [stderr]     |
[INFO] [stderr] 94  |               insta::assert_display_snapshot!(snapshot);
[INFO] [stderr]     |               ^^^^^^^^^^^^^^^^^^^^^^^^^^^^^^
[INFO] [stderr]     |
[INFO] [stderr]    ::: tests/rust/main.rs:98:1
[INFO] [stderr]     |
[INFO] [stderr] 98  | / snapshot!(
[INFO] [stderr] 99  | |     test_move_block_in_module,
[INFO] [stderr] 100 | |     tree_sitter_rust::language(),
[INFO] [stderr] 101 | |     rust_queries(),
[INFO] [stderr] ...   |
[INFO] [stderr] 116 | | "#
[INFO] [stderr] 117 | | );
[INFO] [stderr]     | |_- in this macro invocation
[INFO] [stderr]     |
[INFO] [stderr]     = note: this warning originates in the macro `snapshot` (in Nightly builds, run with -Z macro-backtrace for more info)
[INFO] [stderr] 
[INFO] [stderr] warning: use of deprecated macro `insta::assert_display_snapshot`: use assert_snapshot!() instead
[INFO] [stderr]    --> tests/rust/../test_utils.rs:94:13
[INFO] [stderr]     |
[INFO] [stderr] 94  |               insta::assert_display_snapshot!(snapshot);
[INFO] [stderr]     |               ^^^^^^^^^^^^^^^^^^^^^^^^^^^^^^
[INFO] [stderr]     |
[INFO] [stderr]    ::: tests/rust/main.rs:119:1
[INFO] [stderr]     |
[INFO] [stderr] 119 | / snapshot!(
[INFO] [stderr] 120 | |     test_move_block_in_module2,
[INFO] [stderr] 121 | |     tree_sitter_rust::language(),
[INFO] [stderr] 122 | |     rust_queries(),
[INFO] [stderr] ...   |
[INFO] [stderr] 132 | | "#
[INFO] [stderr] 133 | | );
[INFO] [stderr]     | |_- in this macro invocation
[INFO] [stderr]     |
[INFO] [stderr]     = note: this warning originates in the macro `snapshot` (in Nightly builds, run with -Z macro-backtrace for more info)
[INFO] [stderr] 
[INFO] [stderr] warning: use of deprecated macro `insta::assert_display_snapshot`: use assert_snapshot!() instead
[INFO] [stderr]    --> tests/rust/../test_utils.rs:150:13
[INFO] [stderr]     |
[INFO] [stderr] 150 |               insta::assert_display_snapshot!(snapshot);
[INFO] [stderr]     |               ^^^^^^^^^^^^^^^^^^^^^^^^^^^^^^
[INFO] [stderr]     |
[INFO] [stderr]    ::: tests/rust/main.rs:135:1
[INFO] [stderr]     |
[INFO] [stderr] 135 | / snapshot!(
[INFO] [stderr] 136 | |     test_move_block_outside_scope_fails,
[INFO] [stderr] 137 | |     tree_sitter_rust::language(),
[INFO] [stderr] 138 | |     rust_queries(),
[INFO] [stderr] ...   |
[INFO] [stderr] 148 | | "#
[INFO] [stderr] 149 | | );
[INFO] [stderr]     | |_- in this macro invocation
[INFO] [stderr]     |
[INFO] [stderr]     = note: this warning originates in the macro `snapshot` (in Nightly builds, run with -Z macro-backtrace for more info)
[INFO] [stderr] 
[INFO] [stderr] warning: use of deprecated macro `insta::assert_display_snapshot`: use assert_snapshot!() instead
[INFO] [stderr]    --> tests/rust/../test_utils.rs:150:13
[INFO] [stderr]     |
[INFO] [stderr] 150 |               insta::assert_display_snapshot!(snapshot);
[INFO] [stderr]     |               ^^^^^^^^^^^^^^^^^^^^^^^^^^^^^^
[INFO] [stderr]     |
[INFO] [stderr]    ::: tests/rust/main.rs:151:1
[INFO] [stderr]     |
[INFO] [stderr] 151 | / snapshot!(
[INFO] [stderr] 152 | |     test_move_block_outside_scope_fails2,
[INFO] [stderr] 153 | |     tree_sitter_rust::language(),
[INFO] [stderr] 154 | |     rust_queries(),
[INFO] [stderr] ...   |
[INFO] [stderr] 164 | | "#
[INFO] [stderr] 165 | | );
[INFO] [stderr]     | |_- in this macro invocation
[INFO] [stderr]     |
[INFO] [stderr]     = note: this warning originates in the macro `snapshot` (in Nightly builds, run with -Z macro-backtrace for more info)
[INFO] [stderr] 
[INFO] [stderr] warning: use of deprecated macro `insta::assert_display_snapshot`: use assert_snapshot!() instead
[INFO] [stderr]    --> tests/rust/../test_utils.rs:94:13
[INFO] [stderr]     |
[INFO] [stderr] 94  |               insta::assert_display_snapshot!(snapshot);
[INFO] [stderr]     |               ^^^^^^^^^^^^^^^^^^^^^^^^^^^^^^
[INFO] [stderr]     |
[INFO] [stderr]    ::: tests/rust/main.rs:167:1
[INFO] [stderr]     |
[INFO] [stderr] 167 | / snapshot!(
[INFO] [stderr] 168 | |     test_move_block_up,
[INFO] [stderr] 169 | |     tree_sitter_rust::language(),
[INFO] [stderr] 170 | |     rust_queries(),
[INFO] [stderr] ...   |
[INFO] [stderr] 179 | | "#
[INFO] [stderr] 180 | | );
[INFO] [stderr]     | |_- in this macro invocation
[INFO] [stderr]     |
[INFO] [stderr]     = note: this warning originates in the macro `snapshot` (in Nightly builds, run with -Z macro-backtrace for more info)
[INFO] [stderr] 
[INFO] [stderr] warning: use of deprecated macro `insta::assert_display_snapshot`: use assert_snapshot!() instead
[INFO] [stderr]    --> tests/rust/../test_utils.rs:94:13
[INFO] [stderr]     |
[INFO] [stderr] 94  |               insta::assert_display_snapshot!(snapshot);
[INFO] [stderr]     |               ^^^^^^^^^^^^^^^^^^^^^^^^^^^^^^
[INFO] [stderr]     |
[INFO] [stderr]    ::: tests/rust/main.rs:182:1
[INFO] [stderr]     |
[INFO] [stderr] 182 | / snapshot!(
[INFO] [stderr] 183 | |     test_move_block_down,
[INFO] [stderr] 184 | |     tree_sitter_rust::language(),
[INFO] [stderr] 185 | |     rust_queries(),
[INFO] [stderr] ...   |
[INFO] [stderr] 200 | | "#
[INFO] [stderr] 201 | | );
[INFO] [stderr]     | |_- in this macro invocation
[INFO] [stderr]     |
[INFO] [stderr]     = note: this warning originates in the macro `snapshot` (in Nightly builds, run with -Z macro-backtrace for more info)
[INFO] [stderr] 
[INFO] [stderr] warning: use of deprecated macro `insta::assert_display_snapshot`: use assert_snapshot!() instead
[INFO] [stderr]    --> tests/rust/../test_utils.rs:94:13
[INFO] [stderr]     |
[INFO] [stderr] 94  |               insta::assert_display_snapshot!(snapshot);
[INFO] [stderr]     |               ^^^^^^^^^^^^^^^^^^^^^^^^^^^^^^
[INFO] [stderr]     |
[INFO] [stderr]    ::: tests/rust/main.rs:203:1
[INFO] [stderr]     |
[INFO] [stderr] 203 | / snapshot!(
[INFO] [stderr] 204 | |     test_move_block_up2,
[INFO] [stderr] 205 | |     tree_sitter_rust::language(),
[INFO] [stderr] 206 | |     rust_queries(),
[INFO] [stderr] ...   |
[INFO] [stderr] 221 | | "#
[INFO] [stderr] 222 | | );
[INFO] [stderr]     | |_- in this macro invocation
[INFO] [stderr]     |
[INFO] [stderr]     = note: this warning originates in the macro `snapshot` (in Nightly builds, run with -Z macro-backtrace for more info)
[INFO] [stderr] 
[INFO] [stderr] warning: use of deprecated macro `insta::assert_display_snapshot`: use assert_snapshot!() instead
[INFO] [stderr]    --> tests/rust/../test_utils.rs:150:13
[INFO] [stderr]     |
[INFO] [stderr] 150 |               insta::assert_display_snapshot!(snapshot);
[INFO] [stderr]     |               ^^^^^^^^^^^^^^^^^^^^^^^^^^^^^^
[INFO] [stderr]     |
[INFO] [stderr]    ::: tests/rust/main.rs:224:1
[INFO] [stderr]     |
[INFO] [stderr] 224 | / snapshot!(
[INFO] [stderr] 225 | |     test_move_block_into_scope_fails,
[INFO] [stderr] 226 | |     tree_sitter_rust::language(),
[INFO] [stderr] 227 | |     rust_queries(),
[INFO] [stderr] ...   |
[INFO] [stderr] 243 | | "#
[INFO] [stderr] 244 | | );
[INFO] [stderr]     | |_- in this macro invocation
[INFO] [stderr]     |
[INFO] [stderr]     = note: this warning originates in the macro `snapshot` (in Nightly builds, run with -Z macro-backtrace for more info)
[INFO] [stderr] 
[INFO] [stderr] warning: use of deprecated macro `insta::assert_display_snapshot`: use assert_snapshot!() instead
[INFO] [stderr]    --> tests/rust/../test_utils.rs:94:13
[INFO] [stderr]     |
[INFO] [stderr] 94  |               insta::assert_display_snapshot!(snapshot);
[INFO] [stderr]     |               ^^^^^^^^^^^^^^^^^^^^^^^^^^^^^^
[INFO] [stderr]     |
[INFO] [stderr]    ::: tests/rust/main.rs:246:1
[INFO] [stderr]     |
[INFO] [stderr] 246 | / snapshot!(
[INFO] [stderr] 247 | |     test_move_block_with_attributes,
[INFO] [stderr] 248 | |     tree_sitter_rust::language(),
[INFO] [stderr] 249 | |     rust_queries(),
[INFO] [stderr] ...   |
[INFO] [stderr] 257 | | "#
[INFO] [stderr] 258 | | );
[INFO] [stderr]     | |_- in this macro invocation
[INFO] [stderr]     |
[INFO] [stderr]     = note: this warning originates in the macro `snapshot` (in Nightly builds, run with -Z macro-backtrace for more info)
[INFO] [stderr] 
[INFO] [stderr] warning: use of deprecated macro `insta::assert_display_snapshot`: use assert_snapshot!() instead
[INFO] [stderr]    --> tests/python/main.rs:134:9
[INFO] [stderr]     |
[INFO] [stderr] 134 |           insta::assert_display_snapshot!(snapshot);
[INFO] [stderr]     |           ^^^^^^^^^^^^^^^^^^^^^^^^^^^^^^
[INFO] [stderr] ...
[INFO] [stderr] 149 | /     check!(
[INFO] [stderr] 150 | |         check: Some(check_fn),
[INFO] [stderr] 151 | |         force: false,
[INFO] [stderr] 152 | |         r#"
[INFO] [stderr] ...   |
[INFO] [stderr] 175 | | "#
[INFO] [stderr] 176 | |     );
[INFO] [stderr]     | |_____- in this macro invocation
[INFO] [stderr]     |
[INFO] [stderr]     = note: `#[warn(deprecated)]` on by default
[INFO] [stderr]     = note: this warning originates in the macro `check` (in Nightly builds, run with -Z macro-backtrace for more info)
[INFO] [stderr] 
[INFO] [stderr] warning: use of deprecated macro `insta::assert_display_snapshot`: use assert_snapshot!() instead
[INFO] [stderr]    --> tests/python/main.rs:134:9
[INFO] [stderr]     |
[INFO] [stderr] 134 |           insta::assert_display_snapshot!(snapshot);
[INFO] [stderr]     |           ^^^^^^^^^^^^^^^^^^^^^^^^^^^^^^
[INFO] [stderr] ...
[INFO] [stderr] 178 | /     check!(
[INFO] [stderr] 179 | |         check: Some(check_fn),
[INFO] [stderr] 180 | |         force: false,
[INFO] [stderr] 181 | |         r#"
[INFO] [stderr] ...   |
[INFO] [stderr] 204 | | "#
[INFO] [stderr] 205 | |     );
[INFO] [stderr]     | |_____- in this macro invocation
[INFO] [stderr]     |
[INFO] [stderr]     = note: this warning originates in the macro `check` (in Nightly builds, run with -Z macro-backtrace for more info)
[INFO] [stderr] 
[INFO] [stderr] warning: use of deprecated macro `insta::assert_display_snapshot`: use assert_snapshot!() instead
[INFO] [stderr]    --> tests/python/main.rs:134:9
[INFO] [stderr]     |
[INFO] [stderr] 134 |           insta::assert_display_snapshot!(snapshot);
[INFO] [stderr]     |           ^^^^^^^^^^^^^^^^^^^^^^^^^^^^^^
[INFO] [stderr] ...
[INFO] [stderr] 207 | /     check!(
[INFO] [stderr] 208 | |         check: Some(check_fn),
[INFO] [stderr] 209 | |         force: false,
[INFO] [stderr] 210 | |         r#"
[INFO] [stderr] ...   |
[INFO] [stderr] 233 | | "#
[INFO] [stderr] 234 | |     );
[INFO] [stderr]     | |_____- in this macro invocation
[INFO] [stderr]     |
[INFO] [stderr]     = note: this warning originates in the macro `check` (in Nightly builds, run with -Z macro-backtrace for more info)
[INFO] [stderr] 
[INFO] [stderr] warning: use of deprecated macro `insta::assert_display_snapshot`: use assert_snapshot!() instead
[INFO] [stderr]    --> tests/python/main.rs:134:9
[INFO] [stderr]     |
[INFO] [stderr] 134 |           insta::assert_display_snapshot!(snapshot);
[INFO] [stderr]     |           ^^^^^^^^^^^^^^^^^^^^^^^^^^^^^^
[INFO] [stderr] ...
[INFO] [stderr] 236 | /     check!(
[INFO] [stderr] 237 | |         check: Some(check_fn),
[INFO] [stderr] 238 | |         force: false,
[INFO] [stderr] 239 | |         r#"
[INFO] [stderr] ...   |
[INFO] [stderr] 262 | | "#
[INFO] [stderr] 263 | |     );
[INFO] [stderr]     | |_____- in this macro invocation
[INFO] [stderr]     |
[INFO] [stderr]     = note: this warning originates in the macro `check` (in Nightly builds, run with -Z macro-backtrace for more info)
[INFO] [stderr] 
[INFO] [stderr] warning: use of deprecated macro `insta::assert_display_snapshot`: use assert_snapshot!() instead
[INFO] [stderr]    --> tests/python/main.rs:134:9
[INFO] [stderr]     |
[INFO] [stderr] 134 |           insta::assert_display_snapshot!(snapshot);
[INFO] [stderr]     |           ^^^^^^^^^^^^^^^^^^^^^^^^^^^^^^
[INFO] [stderr] ...
[INFO] [stderr] 265 | /     check!(
[INFO] [stderr] 266 | |         check: Some(check_fn),
[INFO] [stderr] 267 | |         force: false,
[INFO] [stderr] 268 | |         r#"
[INFO] [stderr] ...   |
[INFO] [stderr] 291 | | "#
[INFO] [stderr] 292 | |     );
[INFO] [stderr]     | |_____- in this macro invocation
[INFO] [stderr]     |
[INFO] [stderr]     = note: this warning originates in the macro `check` (in Nightly builds, run with -Z macro-backtrace for more info)
[INFO] [stderr] 
[INFO] [stderr] warning: use of deprecated macro `insta::assert_display_snapshot`: use assert_snapshot!() instead
[INFO] [stderr]    --> tests/tsx/../test_utils.rs:150:13
[INFO] [stderr]     |
[INFO] [stderr] 150 |               insta::assert_display_snapshot!(snapshot);
[INFO] [stderr]     |               ^^^^^^^^^^^^^^^^^^^^^^^^^^^^^^
[INFO] [stderr]     |
[INFO] [stderr]    ::: tests/tsx/main.rs:68:1
[INFO] [stderr]     |
[INFO] [stderr] 68  | / snapshot!(
[INFO] [stderr] 69  | |     test_move_block,
[INFO] [stderr] 70  | |     tree_sitter_typescript::language_tsx(),
[INFO] [stderr] 71  | |     tsx_queries(),
[INFO] [stderr] ...   |
[INFO] [stderr] 88  | | "#
[INFO] [stderr] 89  | | );
[INFO] [stderr]     | |_- in this macro invocation
[INFO] [stderr]     |
[INFO] [stderr]     = note: `#[warn(deprecated)]` on by default
[INFO] [stderr]     = note: this warning originates in the macro `snapshot` (in Nightly builds, run with -Z macro-backtrace for more info)
[INFO] [stderr] 
[INFO] [stderr] warning: use of deprecated macro `insta::assert_display_snapshot`: use assert_snapshot!() instead
[INFO] [stderr]    --> tests/tsx/../test_utils.rs:94:13
[INFO] [stderr]     |
[INFO] [stderr] 94  |               insta::assert_display_snapshot!(snapshot);
[INFO] [stderr]     |               ^^^^^^^^^^^^^^^^^^^^^^^^^^^^^^
[INFO] [stderr]     |
[INFO] [stderr]    ::: tests/tsx/main.rs:91:1
[INFO] [stderr]     |
[INFO] [stderr] 91  | / snapshot!(
[INFO] [stderr] 92  | |     test_move_block_outside_scope,
[INFO] [stderr] 93  | |     tree_sitter_typescript::language_tsx(),
[INFO] [stderr] 94  | |     tsx_queries(),
[INFO] [stderr] ...   |
[INFO] [stderr] 112 | | "#
[INFO] [stderr] 113 | | );
[INFO] [stderr]     | |_- in this macro invocation
[INFO] [stderr]     |
[INFO] [stderr]     = note: this warning originates in the macro `snapshot` (in Nightly builds, run with -Z macro-backtrace for more info)
[INFO] [stderr] 
[INFO] [stderr] warning: `code-blocks` (test "rust") generated 10 warnings
[INFO] [stderr] warning: `code-blocks` (test "python") generated 5 warnings
[INFO] [stderr] warning: `code-blocks` (test "tsx") generated 2 warnings
[INFO] [stderr]     Finished `test` profile [unoptimized + debuginfo] target(s) in 0.02s
[INFO] [stderr]      Running unittests src/lib.rs (/opt/rustwide/target/debug/deps/code_blocks-dfc05b7b9f8330fa)
[INFO] [stdout] 
[INFO] [stdout] running 0 tests
[INFO] [stdout] 
[INFO] [stdout] test result: ok. 0 passed; 0 failed; 0 ignored; 0 measured; 0 filtered out; finished in 0.00s
[INFO] [stdout] 
[INFO] [stderr]      Running tests/python/main.rs (/opt/rustwide/target/debug/deps/python-6efad801604e4293)
[INFO] [stdout] 
[INFO] [stdout] running 2 tests
[INFO] [stdout] test test_get_query_subtrees ... ok
[INFO] [stdout] test test_move_block ... FAILED
[INFO] [stdout] 
[INFO] [stdout] failures:
[INFO] [stdout] 
[INFO] [stdout] ---- test_move_block stdout ----
[INFO] [stdout] ━━━━━━━━━━━━━━━━━━━━━━━━━━━━━━━ Snapshot Summary ━━━━━━━━━━━━━━━━━━━━━━━━━━━━━━━
[INFO] [stdout] Snapshot file: tests/python/snapshots/python__move_block-2.snap
[INFO] [stdout] Snapshot: move_block-2
[INFO] [stdout] Source: tests/python/main.rs:178
[INFO] [stdout] ────────────────────────────────────────────────────────────────────────────────
[INFO] [stdout] Expression: snapshot
[INFO] [stdout] ────────────────────────────────────────────────────────────────────────────────
[INFO] [stdout] -old snapshot
[INFO] [stdout] +new results
[INFO] [stdout] ────────────┬───────────────────────────────────────────────────────────────────
[INFO] [stdout]    23    23 │ 
[INFO] [stdout]    24    24 │ Illegal move operation
[INFO] [stdout]    25    25 │ 
[INFO] [stdout]    26    26 │ Caused by:
[INFO] [stdout]    27       │-    Blocks have different parents
[INFO] [stdout]          27 │+    Blocks have different parents
[INFO] [stdout]          28 │+
[INFO] [stdout]          29 │+Stack backtrace:
[INFO] [stdout]          30 │+   0: anyhow::error::<impl anyhow::Error>::msg
[INFO] [stdout]          31 │+             at /opt/rustwide/cargo-home/registry/src/index.crates.io-6f17d22bba15001f/anyhow-1.0.92/src/backtrace.rs:27:14
[INFO] [stdout]          32 │+   1: anyhow::__private::format_err
[INFO] [stdout]          33 │+             at /opt/rustwide/cargo-home/registry/src/index.crates.io-6f17d22bba15001f/anyhow-1.0.92/src/lib.rs:691:13
[INFO] [stdout]          34 │+   2: python::check_fn
[INFO] [stdout]          35 │+             at ./tests/python/main.rs:139:5
[INFO] [stdout]          36 │+   3: core::ops::function::Fn::call
[INFO] [stdout]          37 │+             at /rustc/df4ca44d3fbc9301ee17f30f4d474e6ae4b05252/library/core/src/ops/function.rs:79:5
[INFO] [stdout]          38 │+   4: code_blocks::move_block
[INFO] [stdout]          39 │+             at ./src/lib.rs:62:13
[INFO] [stdout]          40 │+   5: python::test_move_block
[INFO] [stdout]          41 │+             at ./tests/python/main.rs:127:26
[INFO] [stdout]          42 │+   6: python::test_move_block::{{closure}}
[INFO] [stdout]          43 │+             at ./tests/python/main.rs:148:21
[INFO] [stdout]          44 │+   7: core::ops::function::FnOnce::call_once
[INFO] [stdout]          45 │+             at /rustc/df4ca44d3fbc9301ee17f30f4d474e6ae4b05252/library/core/src/ops/function.rs:250:5
[INFO] [stdout]          46 │+   8: core::ops::function::FnOnce::call_once
[INFO] [stdout]          47 │+             at /rustc/df4ca44d3fbc9301ee17f30f4d474e6ae4b05252/library/core/src/ops/function.rs:250:5
[INFO] [stdout]          48 │+   9: test::__rust_begin_short_backtrace
[INFO] [stdout]          49 │+             at /rustc/df4ca44d3fbc9301ee17f30f4d474e6ae4b05252/library/test/src/lib.rs:621:18
[INFO] [stdout]          50 │+  10: test::run_test_in_process::{{closure}}
[INFO] [stdout]          51 │+             at /rustc/df4ca44d3fbc9301ee17f30f4d474e6ae4b05252/library/test/src/lib.rs:644:60
[INFO] [stdout]          52 │+  11: <core::panic::unwind_safe::AssertUnwindSafe<F> as core::ops::function::FnOnce<()>>::call_once
[INFO] [stdout]          53 │+             at /rustc/df4ca44d3fbc9301ee17f30f4d474e6ae4b05252/library/core/src/panic/unwind_safe.rs:272:9
[INFO] [stdout]          54 │+  12: std::panicking::try::do_call
[INFO] [stdout]          55 │+             at /rustc/df4ca44d3fbc9301ee17f30f4d474e6ae4b05252/library/std/src/panicking.rs:557:40
[INFO] [stdout]          56 │+  13: std::panicking::try
[INFO] [stdout]          57 │+             at /rustc/df4ca44d3fbc9301ee17f30f4d474e6ae4b05252/library/std/src/panicking.rs:520:19
[INFO] [stdout]          58 │+  14: std::panic::catch_unwind
[INFO] [stdout]          59 │+             at /rustc/df4ca44d3fbc9301ee17f30f4d474e6ae4b05252/library/std/src/panic.rs:358:14
[INFO] [stdout]          60 │+  15: test::run_test_in_process
[INFO] [stdout]          61 │+             at /rustc/df4ca44d3fbc9301ee17f30f4d474e6ae4b05252/library/test/src/lib.rs:644:27
[INFO] [stdout]          62 │+  16: test::run_test::{{closure}}
[INFO] [stdout]          63 │+             at /rustc/df4ca44d3fbc9301ee17f30f4d474e6ae4b05252/library/test/src/lib.rs:565:43
[INFO] [stdout]          64 │+  17: test::run_test::{{closure}}
[INFO] [stdout]          65 │+             at /rustc/df4ca44d3fbc9301ee17f30f4d474e6ae4b05252/library/test/src/lib.rs:595:41
[INFO] [stdout]          66 │+  18: std::sys::backtrace::__rust_begin_short_backtrace
[INFO] [stdout]          67 │+             at /rustc/df4ca44d3fbc9301ee17f30f4d474e6ae4b05252/library/std/src/sys/backtrace.rs:154:18
[INFO] [stdout]          68 │+  19: std::thread::Builder::spawn_unchecked_::{{closure}}::{{closure}}
[INFO] [stdout]          69 │+             at /rustc/df4ca44d3fbc9301ee17f30f4d474e6ae4b05252/library/std/src/thread/mod.rs:541:17
[INFO] [stdout]          70 │+  20: <core::panic::unwind_safe::AssertUnwindSafe<F> as core::ops::function::FnOnce<()>>::call_once
[INFO] [stdout]          71 │+             at /rustc/df4ca44d3fbc9301ee17f30f4d474e6ae4b05252/library/core/src/panic/unwind_safe.rs:272:9
[INFO] [stdout]          72 │+  21: std::panicking::try::do_call
[INFO] [stdout]          73 │+             at /rustc/df4ca44d3fbc9301ee17f30f4d474e6ae4b05252/library/std/src/panicking.rs:557:40
[INFO] [stdout]          74 │+  22: std::panicking::try
[INFO] [stdout]          75 │+             at /rustc/df4ca44d3fbc9301ee17f30f4d474e6ae4b05252/library/std/src/panicking.rs:520:19
[INFO] [stdout]          76 │+  23: std::panic::catch_unwind
[INFO] [stdout]          77 │+             at /rustc/df4ca44d3fbc9301ee17f30f4d474e6ae4b05252/library/std/src/panic.rs:358:14
[INFO] [stdout]          78 │+  24: std::thread::Builder::spawn_unchecked_::{{closure}}
[INFO] [stdout]          79 │+             at /rustc/df4ca44d3fbc9301ee17f30f4d474e6ae4b05252/library/std/src/thread/mod.rs:540:30
[INFO] [stdout]          80 │+  25: core::ops::function::FnOnce::call_once{{vtable.shim}}
[INFO] [stdout]          81 │+             at /rustc/df4ca44d3fbc9301ee17f30f4d474e6ae4b05252/library/core/src/ops/function.rs:250:5
[INFO] [stdout]          82 │+  26: <alloc::boxed::Box<F,A> as core::ops::function::FnOnce<Args>>::call_once
[INFO] [stdout]          83 │+             at /rustc/df4ca44d3fbc9301ee17f30f4d474e6ae4b05252/library/alloc/src/boxed.rs:2454:9
[INFO] [stdout]          84 │+  27: <alloc::boxed::Box<F,A> as core::ops::function::FnOnce<Args>>::call_once
[INFO] [stdout]          85 │+             at /rustc/df4ca44d3fbc9301ee17f30f4d474e6ae4b05252/library/alloc/src/boxed.rs:2454:9
[INFO] [stdout]          86 │+  28: std::sys::pal::unix::thread::Thread::new::thread_start
[INFO] [stdout]          87 │+             at /rustc/df4ca44d3fbc9301ee17f30f4d474e6ae4b05252/library/std/src/sys/pal/unix/thread.rs:105:17
[INFO] [stdout]          88 │+  29: <unknown>
[INFO] [stdout]          89 │+  30: clone
[INFO] [stdout] ────────────┴───────────────────────────────────────────────────────────────────
[INFO] [stdout] thread 'test_move_block' panicked at tests/python/main.rs:178:5:
[INFO] [stdout] called `Result::unwrap()` on an `Err` value: FileIo(Os { code: 30, kind: ReadOnlyFilesystem, message: "Read-only file system" }, "/opt/rustwide/workdir/tests/python/snapshots/python__move_block-2.snap.new")
[INFO] [stdout] stack backtrace:
[INFO] [stdout]    0:     0x597b2dbfc1ba - std::backtrace_rs::backtrace::libunwind::trace::h207520d6e9873551
[INFO] [stdout]                                at /rustc/df4ca44d3fbc9301ee17f30f4d474e6ae4b05252/library/std/src/../../backtrace/src/backtrace/libunwind.rs:116:5
[INFO] [stdout]    1:     0x597b2dbfc1ba - std::backtrace_rs::backtrace::trace_unsynchronized::h2ed7433f370e3eca
[INFO] [stdout]                                at /rustc/df4ca44d3fbc9301ee17f30f4d474e6ae4b05252/library/std/src/../../backtrace/src/backtrace/mod.rs:66:5
[INFO] [stdout]    2:     0x597b2dbfc1ba - std::sys::backtrace::_print_fmt::h916fac51166b18d7
[INFO] [stdout]                                at /rustc/df4ca44d3fbc9301ee17f30f4d474e6ae4b05252/library/std/src/sys/backtrace.rs:66:9
[INFO] [stdout]    3:     0x597b2dbfc1ba - <std::sys::backtrace::BacktraceLock::print::DisplayBacktrace as core::fmt::Display>::fmt::ha0a4c9b8ce3802e6
[INFO] [stdout]                                at /rustc/df4ca44d3fbc9301ee17f30f4d474e6ae4b05252/library/std/src/sys/backtrace.rs:39:26
[INFO] [stdout]    4:     0x597b2dc26813 - core::fmt::rt::Argument::fmt::h4cfc8587d52b3eb5
[INFO] [stdout]                                at /rustc/df4ca44d3fbc9301ee17f30f4d474e6ae4b05252/library/core/src/fmt/rt.rs:177:76
[INFO] [stdout]    5:     0x597b2dc26813 - core::fmt::write::h522cc39e5b36ae9f
[INFO] [stdout]                                at /rustc/df4ca44d3fbc9301ee17f30f4d474e6ae4b05252/library/core/src/fmt/mod.rs:1190:21
[INFO] [stdout]    6:     0x597b2dbf7bd3 - std::io::Write::write_fmt::h7d3c26752da97734
[INFO] [stdout]                                at /rustc/df4ca44d3fbc9301ee17f30f4d474e6ae4b05252/library/std/src/io/mod.rs:1839:15
[INFO] [stdout]    7:     0x597b2dbfc002 - std::sys::backtrace::BacktraceLock::print::h4b9e00b29e9c0942
[INFO] [stdout]                                at /rustc/df4ca44d3fbc9301ee17f30f4d474e6ae4b05252/library/std/src/sys/backtrace.rs:42:9
[INFO] [stdout]    8:     0x597b2dbfd64a - std::panicking::default_hook::{{closure}}::hb59b88280d0324d9
[INFO] [stdout]                                at /rustc/df4ca44d3fbc9301ee17f30f4d474e6ae4b05252/library/std/src/panicking.rs:268:22
[INFO] [stdout]    9:     0x597b2dbfd454 - std::panicking::default_hook::he1dd496665be4a29
[INFO] [stdout]                                at /rustc/df4ca44d3fbc9301ee17f30f4d474e6ae4b05252/library/std/src/panicking.rs:292:9
[INFO] [stdout]   10:     0x597b2d8f7569 - <alloc::boxed::Box<F,A> as core::ops::function::Fn<Args>>::call::h4ff71de18744e1dc
[INFO] [stdout]                                at /rustc/df4ca44d3fbc9301ee17f30f4d474e6ae4b05252/library/alloc/src/boxed.rs:2468:9
[INFO] [stdout]   11:     0x597b2d8f7569 - test::test_main::{{closure}}::hcf7c055ce117aa81
[INFO] [stdout]                                at /rustc/df4ca44d3fbc9301ee17f30f4d474e6ae4b05252/library/test/src/lib.rs:133:21
[INFO] [stdout]   12:     0x597b2dbfdd48 - <alloc::boxed::Box<F,A> as core::ops::function::Fn<Args>>::call::h1d66c6bbd60c9692
[INFO] [stdout]                                at /rustc/df4ca44d3fbc9301ee17f30f4d474e6ae4b05252/library/alloc/src/boxed.rs:2468:9
[INFO] [stdout]   13:     0x597b2dbfdd48 - std::panicking::rust_panic_with_hook::h2ff17fe8f26dfcf8
[INFO] [stdout]                                at /rustc/df4ca44d3fbc9301ee17f30f4d474e6ae4b05252/library/std/src/panicking.rs:809:13
[INFO] [stdout]   14:     0x597b2dbfdb0a - std::panicking::begin_panic_handler::{{closure}}::h4fad77951c07e101
[INFO] [stdout]                                at /rustc/df4ca44d3fbc9301ee17f30f4d474e6ae4b05252/library/std/src/panicking.rs:674:13
[INFO] [stdout]   15:     0x597b2dbfc699 - std::sys::backtrace::__rust_end_short_backtrace::hb1a25b3da5d0ea08
[INFO] [stdout]                                at /rustc/df4ca44d3fbc9301ee17f30f4d474e6ae4b05252/library/std/src/sys/backtrace.rs:170:18
[INFO] [stdout]   16:     0x597b2dbfd79c - rust_begin_unwind
[INFO] [stdout]                                at /rustc/df4ca44d3fbc9301ee17f30f4d474e6ae4b05252/library/std/src/panicking.rs:665:5
[INFO] [stdout]   17:     0x597b2dc24210 - core::panicking::panic_fmt::ha9db07b529f9b256
[INFO] [stdout]                                at /rustc/df4ca44d3fbc9301ee17f30f4d474e6ae4b05252/library/core/src/panicking.rs:75:14
[INFO] [stdout]   18:     0x597b2dc24696 - core::result::unwrap_failed::h5e8218e4d4338b8a
[INFO] [stdout]                                at /rustc/df4ca44d3fbc9301ee17f30f4d474e6ae4b05252/library/core/src/result.rs:1698:5
[INFO] [stdout]   19:     0x597b2d75ed92 - core::result::Result<T,E>::unwrap::h2ae3efd9ea73e6a3
[INFO] [stdout]                                at /rustc/df4ca44d3fbc9301ee17f30f4d474e6ae4b05252/library/core/src/result.rs:1103:23
[INFO] [stdout]   20:     0x597b2d75ed92 - python::test_move_block::h44e6862495fd9e1c
[INFO] [stdout]                                at /opt/rustwide/workdir/tests/python/main.rs:134:9
[INFO] [stdout]   21:     0x597b2d75c5e7 - python::test_move_block::{{closure}}::ha2b15b76aefe4385
[INFO] [stdout]                                at /opt/rustwide/workdir/tests/python/main.rs:148:21
[INFO] [stdout]   22:     0x597b2d758286 - core::ops::function::FnOnce::call_once::h4dc783a353885597
[INFO] [stdout]                                at /rustc/df4ca44d3fbc9301ee17f30f4d474e6ae4b05252/library/core/src/ops/function.rs:250:5
[INFO] [stdout]   23:     0x597b2d8fbe3b - core::ops::function::FnOnce::call_once::h22c3ba5715e93f05
[INFO] [stdout]                                at /rustc/df4ca44d3fbc9301ee17f30f4d474e6ae4b05252/library/core/src/ops/function.rs:250:5
[INFO] [stdout]   24:     0x597b2d8fbe3b - test::__rust_begin_short_backtrace::h8e82d8113d0da17f
[INFO] [stdout]                                at /rustc/df4ca44d3fbc9301ee17f30f4d474e6ae4b05252/library/test/src/lib.rs:621:18
[INFO] [stdout]   25:     0x597b2d8fb7b7 - test::run_test_in_process::{{closure}}::h33235f4f20b7b7c7
[INFO] [stdout]                                at /rustc/df4ca44d3fbc9301ee17f30f4d474e6ae4b05252/library/test/src/lib.rs:644:60
[INFO] [stdout]   26:     0x597b2d8fb7b7 - <core::panic::unwind_safe::AssertUnwindSafe<F> as core::ops::function::FnOnce<()>>::call_once::hb5043206310c586f
[INFO] [stdout]                                at /rustc/df4ca44d3fbc9301ee17f30f4d474e6ae4b05252/library/core/src/panic/unwind_safe.rs:272:9
[INFO] [stdout]   27:     0x597b2d8fb7b7 - std::panicking::try::do_call::h9ad4731a60ab23e2
[INFO] [stdout]                                at /rustc/df4ca44d3fbc9301ee17f30f4d474e6ae4b05252/library/std/src/panicking.rs:557:40
[INFO] [stdout]   28:     0x597b2d8fb7b7 - std::panicking::try::h3824d23db772a716
[INFO] [stdout]                                at /rustc/df4ca44d3fbc9301ee17f30f4d474e6ae4b05252/library/std/src/panicking.rs:520:19
[INFO] [stdout]   29:     0x597b2d8fb7b7 - std::panic::catch_unwind::h5afd514605fde46b
[INFO] [stdout]                                at /rustc/df4ca44d3fbc9301ee17f30f4d474e6ae4b05252/library/std/src/panic.rs:358:14
[INFO] [stdout]   30:     0x597b2d8fb7b7 - test::run_test_in_process::h0d5cbfa7067d1720
[INFO] [stdout]                                at /rustc/df4ca44d3fbc9301ee17f30f4d474e6ae4b05252/library/test/src/lib.rs:644:27
[INFO] [stdout]   31:     0x597b2d8fb7b7 - test::run_test::{{closure}}::h708eb8872708115d
[INFO] [stdout]                                at /rustc/df4ca44d3fbc9301ee17f30f4d474e6ae4b05252/library/test/src/lib.rs:565:43
[INFO] [stdout]   32:     0x597b2d8beed4 - test::run_test::{{closure}}::h392c51cee94713ab
[INFO] [stdout]                                at /rustc/df4ca44d3fbc9301ee17f30f4d474e6ae4b05252/library/test/src/lib.rs:595:41
[INFO] [stdout]   33:     0x597b2d8beed4 - std::sys::backtrace::__rust_begin_short_backtrace::h2f40290710935a8b
[INFO] [stdout]                                at /rustc/df4ca44d3fbc9301ee17f30f4d474e6ae4b05252/library/std/src/sys/backtrace.rs:154:18
[INFO] [stdout]   34:     0x597b2d8c267e - std::thread::Builder::spawn_unchecked_::{{closure}}::{{closure}}::h3fd968d89053a903
[INFO] [stdout]                                at /rustc/df4ca44d3fbc9301ee17f30f4d474e6ae4b05252/library/std/src/thread/mod.rs:541:17
[INFO] [stdout]   35:     0x597b2d8c267e - <core::panic::unwind_safe::AssertUnwindSafe<F> as core::ops::function::FnOnce<()>>::call_once::h743f637ba4229880
[INFO] [stdout]                                at /rustc/df4ca44d3fbc9301ee17f30f4d474e6ae4b05252/library/core/src/panic/unwind_safe.rs:272:9
[INFO] [stdout]   36:     0x597b2d8c267e - std::panicking::try::do_call::h07440897322525a6
[INFO] [stdout]                                at /rustc/df4ca44d3fbc9301ee17f30f4d474e6ae4b05252/library/std/src/panicking.rs:557:40
[INFO] [stdout]   37:     0x597b2d8c267e - std::panicking::try::he5a2e00188156637
[INFO] [stdout]                                at /rustc/df4ca44d3fbc9301ee17f30f4d474e6ae4b05252/library/std/src/panicking.rs:520:19
[INFO] [stdout]   38:     0x597b2d8c267e - std::panic::catch_unwind::hbaf3cae49b3c6433
[INFO] [stdout]                                at /rustc/df4ca44d3fbc9301ee17f30f4d474e6ae4b05252/library/std/src/panic.rs:358:14
[INFO] [stdout]   39:     0x597b2d8c267e - std::thread::Builder::spawn_unchecked_::{{closure}}::h8e141ea224820bce
[INFO] [stdout]                                at /rustc/df4ca44d3fbc9301ee17f30f4d474e6ae4b05252/library/std/src/thread/mod.rs:540:30
[INFO] [stdout]   40:     0x597b2d8c267e - core::ops::function::FnOnce::call_once{{vtable.shim}}::h90d312fedd7b8ea8
[INFO] [stdout]                                at /rustc/df4ca44d3fbc9301ee17f30f4d474e6ae4b05252/library/core/src/ops/function.rs:250:5
[INFO] [stdout]   41:     0x597b2dc025bb - <alloc::boxed::Box<F,A> as core::ops::function::FnOnce<Args>>::call_once::h69aa08ddb6adb8b6
[INFO] [stdout]                                at /rustc/df4ca44d3fbc9301ee17f30f4d474e6ae4b05252/library/alloc/src/boxed.rs:2454:9
[INFO] [stdout]   42:     0x597b2dc025bb - <alloc::boxed::Box<F,A> as core::ops::function::FnOnce<Args>>::call_once::h5aa36efdb79c806f
[INFO] [stdout]                                at /rustc/df4ca44d3fbc9301ee17f30f4d474e6ae4b05252/library/alloc/src/boxed.rs:2454:9
[INFO] [stdout]   43:     0x597b2dc025bb - std::sys::pal::unix::thread::Thread::new::thread_start::h6cd80a1b4be5158d
[INFO] [stdout]                                at /rustc/df4ca44d3fbc9301ee17f30f4d474e6ae4b05252/library/std/src/sys/pal/unix/thread.rs:105:17
[INFO] [stdout]   44:     0x75432dcfeac3 - <unknown>
[INFO] [stdout]   45:     0x75432dd8fa04 - clone
[INFO] [stdout]   46:                0x0 - <unknown>
[INFO] [stdout] 
[INFO] [stdout] 
[INFO] [stdout] failures:
[INFO] [stdout]     test_move_block
[INFO] [stdout] 
[INFO] [stdout] test result: FAILED. 1 passed; 1 failed; 0 ignored; 0 measured; 0 filtered out; finished in 0.96s
[INFO] [stdout] 
[INFO] [stderr] error: test failed, to rerun pass `--test python`
[INFO] running `Command { std: "docker" "inspect" "6458636e2776d7871d62ba234e3d4c9da70bbd35ada2811c2a0e441840e41506", kill_on_drop: false }`
[INFO] running `Command { std: "docker" "rm" "-f" "6458636e2776d7871d62ba234e3d4c9da70bbd35ada2811c2a0e441840e41506", kill_on_drop: false }`
[INFO] [stdout] 6458636e2776d7871d62ba234e3d4c9da70bbd35ada2811c2a0e441840e41506
