[INFO] fetching crate cmakefmt 0.1.11...
[INFO] testing cmakefmt-0.1.11 against nightly-2024-10-28 for randomize-layout
[INFO] extracting crate cmakefmt 0.1.11 into /workspace/builds/worker-5-tc1/source
[INFO] validating manifest of crates.io crate cmakefmt 0.1.11 on toolchain nightly-2024-10-28
[INFO] running `Command { std: CARGO_HOME="/workspace/cargo-home" RUSTUP_HOME="/workspace/rustup-home" "/workspace/cargo-home/bin/cargo" "+nightly-2024-10-28" "metadata" "--manifest-path" "Cargo.toml" "--no-deps", kill_on_drop: false }`
[INFO] started tweaking crates.io crate cmakefmt 0.1.11
[INFO] finished tweaking crates.io crate cmakefmt 0.1.11
[INFO] tweaked toml for crates.io crate cmakefmt 0.1.11 written to /workspace/builds/worker-5-tc1/source/Cargo.toml
[INFO] crate crates.io crate cmakefmt 0.1.11 already has a lockfile, it will not be regenerated
[INFO] running `Command { std: CARGO_HOME="/workspace/cargo-home" RUSTUP_HOME="/workspace/rustup-home" "/workspace/cargo-home/bin/cargo" "+nightly-2024-10-28" "fetch" "--manifest-path" "Cargo.toml", kill_on_drop: false }`
[INFO] [stderr]     Blocking waiting for file lock on package cache
[INFO] running `Command { std: "docker" "create" "-v" "/var/lib/crater-agent-workspace/builds/worker-5-tc1/target:/opt/rustwide/target:rw,Z" "-v" "/var/lib/crater-agent-workspace/builds/worker-5-tc1/source:/opt/rustwide/workdir:ro,Z" "-v" "/var/lib/crater-agent-workspace/cargo-home:/opt/rustwide/cargo-home:ro,Z" "-v" "/var/lib/crater-agent-workspace/rustup-home:/opt/rustwide/rustup-home:ro,Z" "-e" "SOURCE_DIR=/opt/rustwide/workdir" "-e" "CARGO_TARGET_DIR=/opt/rustwide/target" "-e" "CARGO_HOME=/opt/rustwide/cargo-home" "-e" "RUSTUP_HOME=/opt/rustwide/rustup-home" "-w" "/opt/rustwide/workdir" "-m" "1610612736" "--user" "0:0" "--network" "none" "ghcr.io/rust-lang/crates-build-env/linux@sha256:4a844ea9eb2546a2d2c7022eacef16ef2e8229c7fbb2c7d4d55a9ceca922f72d" "/opt/rustwide/cargo-home/bin/cargo" "+nightly-2024-10-28" "metadata" "--no-deps" "--format-version=1", kill_on_drop: false }`
[INFO] [stdout] 4c464edb45f300bc836f0e758fd88406bd6c4b48264bafacd2712ed13d7b4e44
[INFO] running `Command { std: "docker" "start" "-a" "4c464edb45f300bc836f0e758fd88406bd6c4b48264bafacd2712ed13d7b4e44", kill_on_drop: false }`
[INFO] running `Command { std: "docker" "inspect" "4c464edb45f300bc836f0e758fd88406bd6c4b48264bafacd2712ed13d7b4e44", kill_on_drop: false }`
[INFO] running `Command { std: "docker" "rm" "-f" "4c464edb45f300bc836f0e758fd88406bd6c4b48264bafacd2712ed13d7b4e44", kill_on_drop: false }`
[INFO] [stdout] 4c464edb45f300bc836f0e758fd88406bd6c4b48264bafacd2712ed13d7b4e44
[INFO] running `Command { std: "docker" "create" "-v" "/var/lib/crater-agent-workspace/builds/worker-5-tc1/target:/opt/rustwide/target:rw,Z" "-v" "/var/lib/crater-agent-workspace/builds/worker-5-tc1/source:/opt/rustwide/workdir:ro,Z" "-v" "/var/lib/crater-agent-workspace/cargo-home:/opt/rustwide/cargo-home:ro,Z" "-v" "/var/lib/crater-agent-workspace/rustup-home:/opt/rustwide/rustup-home:ro,Z" "-e" "SOURCE_DIR=/opt/rustwide/workdir" "-e" "CARGO_TARGET_DIR=/opt/rustwide/target" "-e" "CARGO_INCREMENTAL=0" "-e" "RUST_BACKTRACE=full" "-e" "RUSTFLAGS=--cap-lints=forbid" "-e" "RUSTDOCFLAGS=--cap-lints=forbid" "-e" "CARGO_HOME=/opt/rustwide/cargo-home" "-e" "RUSTUP_HOME=/opt/rustwide/rustup-home" "-w" "/opt/rustwide/workdir" "-m" "1610612736" "--user" "0:0" "--network" "none" "ghcr.io/rust-lang/crates-build-env/linux@sha256:4a844ea9eb2546a2d2c7022eacef16ef2e8229c7fbb2c7d4d55a9ceca922f72d" "/opt/rustwide/cargo-home/bin/cargo" "+nightly-2024-10-28" "build" "--frozen" "--message-format=json", kill_on_drop: false }`
[INFO] [stdout] f782082c04b05dfab4427255a4c6693046dca15a4143e012621de17250c5fb25
[INFO] running `Command { std: "docker" "start" "-a" "f782082c04b05dfab4427255a4c6693046dca15a4143e012621de17250c5fb25", kill_on_drop: false }`
[INFO] [stderr]    Compiling utf8parse v0.2.1
[INFO] [stderr]    Compiling anstyle-query v1.0.2
[INFO] [stderr]    Compiling colorchoice v1.0.0
[INFO] [stderr]    Compiling anstyle v1.0.4
[INFO] [stderr]    Compiling clap_lex v0.6.0
[INFO] [stderr]    Compiling arrayvec v0.7.4
[INFO] [stderr]    Compiling strsim v0.10.0
[INFO] [stderr]    Compiling memchr v2.6.4
[INFO] [stderr]    Compiling joinery v2.1.0
[INFO] [stderr]    Compiling typed-arena v2.0.2
[INFO] [stderr]    Compiling arrayvec v0.5.2
[INFO] [stderr]    Compiling indent_write v2.2.0
[INFO] [stderr]    Compiling unicode-width v0.1.11
[INFO] [stderr]    Compiling colored v2.1.0
[INFO] [stderr]    Compiling anstyle-parse v0.2.3
[INFO] [stderr]    Compiling anstream v0.6.5
[INFO] [stderr]    Compiling brownstone v3.0.0
[INFO] [stderr]    Compiling pretty v0.12.3
[INFO] [stderr]    Compiling clap_builder v4.4.11
[INFO] [stderr]    Compiling nom v7.1.3
[INFO] [stderr]    Compiling nom-supreme v0.8.0
[INFO] [stderr]    Compiling clap v4.4.11
[INFO] [stderr]    Compiling cmakefmt v0.1.11 (/opt/rustwide/workdir)
[INFO] [stdout] warning: field `0` is never read
[INFO] [stdout]   --> src/parser/strings.rs:35:18
[INFO] [stdout]    |
[INFO] [stdout] 35 |     EscapedQuote(char),
[INFO] [stdout]    |     ------------ ^^^^
[INFO] [stdout]    |     |
[INFO] [stdout]    |     field in this variant
[INFO] [stdout]    |
[INFO] [stdout]    = note: `#[warn(dead_code)]` on by default
[INFO] [stdout] help: consider changing the field to be of unit type to suppress this warning while preserving the field numbering, or remove the field
[INFO] [stdout]    |
[INFO] [stdout] 35 |     EscapedQuote(()),
[INFO] [stdout]    |                  ~~
[INFO] [stdout] 
[INFO] [stdout] 
[INFO] [stdout] warning: field `0` is never read
[INFO] [stdout]   --> src/parser/strings.rs:35:18
[INFO] [stdout]    |
[INFO] [stdout] 35 |     EscapedQuote(char),
[INFO] [stdout]    |     ------------ ^^^^
[INFO] [stdout]    |     |
[INFO] [stdout]    |     field in this variant
[INFO] [stdout]    |
[INFO] [stdout]    = note: `#[warn(dead_code)]` on by default
[INFO] [stdout] help: consider changing the field to be of unit type to suppress this warning while preserving the field numbering, or remove the field
[INFO] [stdout]    |
[INFO] [stdout] 35 |     EscapedQuote(()),
[INFO] [stdout]    |                  ~~
[INFO] [stdout] 
[INFO] [stdout] 
[INFO] [stderr]     Finished `dev` profile [unoptimized + debuginfo] target(s) in 5.26s
[INFO] running `Command { std: "docker" "inspect" "f782082c04b05dfab4427255a4c6693046dca15a4143e012621de17250c5fb25", kill_on_drop: false }`
[INFO] running `Command { std: "docker" "rm" "-f" "f782082c04b05dfab4427255a4c6693046dca15a4143e012621de17250c5fb25", kill_on_drop: false }`
[INFO] [stdout] f782082c04b05dfab4427255a4c6693046dca15a4143e012621de17250c5fb25
[INFO] running `Command { std: "docker" "create" "-v" "/var/lib/crater-agent-workspace/builds/worker-5-tc1/target:/opt/rustwide/target:rw,Z" "-v" "/var/lib/crater-agent-workspace/builds/worker-5-tc1/source:/opt/rustwide/workdir:ro,Z" "-v" "/var/lib/crater-agent-workspace/cargo-home:/opt/rustwide/cargo-home:ro,Z" "-v" "/var/lib/crater-agent-workspace/rustup-home:/opt/rustwide/rustup-home:ro,Z" "-e" "SOURCE_DIR=/opt/rustwide/workdir" "-e" "CARGO_TARGET_DIR=/opt/rustwide/target" "-e" "CARGO_INCREMENTAL=0" "-e" "RUST_BACKTRACE=full" "-e" "RUSTFLAGS=--cap-lints=forbid" "-e" "RUSTDOCFLAGS=--cap-lints=forbid" "-e" "CARGO_HOME=/opt/rustwide/cargo-home" "-e" "RUSTUP_HOME=/opt/rustwide/rustup-home" "-w" "/opt/rustwide/workdir" "-m" "1610612736" "--user" "0:0" "--network" "none" "ghcr.io/rust-lang/crates-build-env/linux@sha256:4a844ea9eb2546a2d2c7022eacef16ef2e8229c7fbb2c7d4d55a9ceca922f72d" "/opt/rustwide/cargo-home/bin/cargo" "+nightly-2024-10-28" "test" "--frozen" "--no-run" "--message-format=json", kill_on_drop: false }`
[INFO] [stdout] c9257d3fc3dfb79b0cb57a533c864210122bdebfc04ba2c2dd84d96639c261bd
[INFO] running `Command { std: "docker" "start" "-a" "c9257d3fc3dfb79b0cb57a533c864210122bdebfc04ba2c2dd84d96639c261bd", kill_on_drop: false }`
[INFO] [stdout] warning: field `0` is never read
[INFO] [stdout]   --> src/parser/strings.rs:35:18
[INFO] [stdout]    |
[INFO] [stdout] 35 |     EscapedQuote(char),
[INFO] [stdout]    |     ------------ ^^^^
[INFO] [stdout]    |     |
[INFO] [stdout]    |     field in this variant
[INFO] [stdout]    |
[INFO] [stdout]    = note: `#[warn(dead_code)]` on by default
[INFO] [stdout] help: consider changing the field to be of unit type to suppress this warning while preserving the field numbering, or remove the field
[INFO] [stdout]    |
[INFO] [stdout] 35 |     EscapedQuote(()),
[INFO] [stdout]    |                  ~~
[INFO] [stdout] 
[INFO] [stdout] 
[INFO] [stderr]    Compiling cmakefmt v0.1.11 (/opt/rustwide/workdir)
[INFO] [stdout] warning: field `0` is never read
[INFO] [stdout]   --> src/parser/strings.rs:35:18
[INFO] [stdout]    |
[INFO] [stdout] 35 |     EscapedQuote(char),
[INFO] [stdout]    |     ------------ ^^^^
[INFO] [stdout]    |     |
[INFO] [stdout]    |     field in this variant
[INFO] [stdout]    |
[INFO] [stdout]    = note: `#[warn(dead_code)]` on by default
[INFO] [stdout] help: consider changing the field to be of unit type to suppress this warning while preserving the field numbering, or remove the field
[INFO] [stdout]    |
[INFO] [stdout] 35 |     EscapedQuote(()),
[INFO] [stdout]    |                  ~~
[INFO] [stdout] 
[INFO] [stdout] 
[INFO] [stdout] warning: field `0` is never read
[INFO] [stdout]   --> src/parser/strings.rs:35:18
[INFO] [stdout]    |
[INFO] [stdout] 35 |     EscapedQuote(char),
[INFO] [stdout]    |     ------------ ^^^^
[INFO] [stdout]    |     |
[INFO] [stdout]    |     field in this variant
[INFO] [stdout]    |
[INFO] [stdout]    = note: `#[warn(dead_code)]` on by default
[INFO] [stdout] help: consider changing the field to be of unit type to suppress this warning while preserving the field numbering, or remove the field
[INFO] [stdout]    |
[INFO] [stdout] 35 |     EscapedQuote(()),
[INFO] [stdout]    |                  ~~
[INFO] [stdout] 
[INFO] [stdout] 
[INFO] [stderr]     Finished `test` profile [unoptimized + debuginfo] target(s) in 1.28s
[INFO] running `Command { std: "docker" "inspect" "c9257d3fc3dfb79b0cb57a533c864210122bdebfc04ba2c2dd84d96639c261bd", kill_on_drop: false }`
[INFO] running `Command { std: "docker" "rm" "-f" "c9257d3fc3dfb79b0cb57a533c864210122bdebfc04ba2c2dd84d96639c261bd", kill_on_drop: false }`
[INFO] [stdout] c9257d3fc3dfb79b0cb57a533c864210122bdebfc04ba2c2dd84d96639c261bd
[INFO] running `Command { std: "docker" "create" "-v" "/var/lib/crater-agent-workspace/builds/worker-5-tc1/target:/opt/rustwide/target:rw,Z" "-v" "/var/lib/crater-agent-workspace/builds/worker-5-tc1/source:/opt/rustwide/workdir:ro,Z" "-v" "/var/lib/crater-agent-workspace/cargo-home:/opt/rustwide/cargo-home:ro,Z" "-v" "/var/lib/crater-agent-workspace/rustup-home:/opt/rustwide/rustup-home:ro,Z" "-e" "SOURCE_DIR=/opt/rustwide/workdir" "-e" "CARGO_TARGET_DIR=/opt/rustwide/target" "-e" "CARGO_INCREMENTAL=0" "-e" "RUST_BACKTRACE=full" "-e" "RUSTFLAGS=--cap-lints=forbid" "-e" "RUSTDOCFLAGS=--cap-lints=forbid" "-e" "CARGO_HOME=/opt/rustwide/cargo-home" "-e" "RUSTUP_HOME=/opt/rustwide/rustup-home" "-w" "/opt/rustwide/workdir" "-m" "1610612736" "--user" "0:0" "--network" "none" "ghcr.io/rust-lang/crates-build-env/linux@sha256:4a844ea9eb2546a2d2c7022eacef16ef2e8229c7fbb2c7d4d55a9ceca922f72d" "/opt/rustwide/cargo-home/bin/cargo" "+nightly-2024-10-28" "test" "--frozen", kill_on_drop: false }`
[INFO] [stdout] 16be90561965e886c900f59fd1a95785f93f3058ed883ab2ddd2141c77dbd8f9
[INFO] running `Command { std: "docker" "start" "-a" "16be90561965e886c900f59fd1a95785f93f3058ed883ab2ddd2141c77dbd8f9", kill_on_drop: false }`
[INFO] [stderr] warning: field `0` is never read
[INFO] [stderr]   --> src/parser/strings.rs:35:18
[INFO] [stderr]    |
[INFO] [stderr] 35 |     EscapedQuote(char),
[INFO] [stderr]    |     ------------ ^^^^
[INFO] [stderr]    |     |
[INFO] [stderr]    |     field in this variant
[INFO] [stderr]    |
[INFO] [stderr]    = note: `#[warn(dead_code)]` on by default
[INFO] [stderr] help: consider changing the field to be of unit type to suppress this warning while preserving the field numbering, or remove the field
[INFO] [stderr]    |
[INFO] [stderr] 35 |     EscapedQuote(()),
[INFO] [stderr]    |                  ~~
[INFO] [stderr] 
[INFO] [stderr] warning: `cmakefmt` (lib) generated 1 warning
[INFO] [stderr] warning: `cmakefmt` (lib test) generated 1 warning (1 duplicate)
[INFO] [stderr] warning: `cmakefmt` (bin "cmakefmt" test) generated 1 warning (1 duplicate)
[INFO] [stderr]     Finished `test` profile [unoptimized + debuginfo] target(s) in 0.02s
[INFO] [stderr]      Running unittests src/lib.rs (/opt/rustwide/target/debug/deps/cmakefmt-55be0fb3110a0f07)
[INFO] [stdout] 
[INFO] [stdout] running 73 tests
[INFO] [stdout] test parser::parse_condition::test::test_multiline_condition ... ok
[INFO] [stdout] test parser::parse_condition::test::test_parse_condition_binary ... ok
[INFO] [stdout] test parser::parse_condition::test::test_parse_condition_binary_logical_operator ... ok
[INFO] [stdout] test parser::parse_condition::test::test_parse_condition_with_command_before_operator ... ignored
[INFO] [stdout] test parser::parse_condition::test::test_parse_condition_value ... ok
[INFO] [stdout] test parser::parse_condition::test::test_parse_condition_unary ... ok
[INFO] [stdout] test parser::parse_condition::test::test_parse_version_binary_condition ... ok
[INFO] [stdout] test parser::parse_condition::test::test_parse_condition_with_comment ... ok
[INFO] [stdout] test parser::strings::test::test_parse_string_with_quotes ... ok
[INFO] [stdout] test parser::strings::test::test_parse_string ... ok
[INFO] [stdout] test parser::test::test_command_whitespace_is_parsed ... ok
[INFO] [stdout] test parser::parse_condition::test::test_parse_complex_expression ... ok
[INFO] [stdout] test parser::test::test_parse_arg_list_inner ... ok
[INFO] [stdout] test parser::test::test_parse_cmake_arg_parenthesis ... ok
[INFO] [stdout] test parser::test::test_parse_cmake_nested_arg_parenthesis ... ok
[INFO] [stdout] test parser::test::test_newlines_are_tracked ... ok
[INFO] [stdout] test parser::test::test_parse_command ... ok
[INFO] [stdout] test parser::test::test_if_statements ... ok
[INFO] [stdout] test parser::parse_condition::test::test_parse_condition_unary_logical_operator ... ok
[INFO] [stdout] test parser::test::test_parse_command_multiple_args ... ok
[INFO] [stdout] test parser::test::test_parse_command_name_fail_with_special_char ... ok
[INFO] [stdout] test parser::test::test_parse_command_name_with_numbers ... ok
[INFO] [stdout] test parser::test::test_parse_command_name_fail_with_space ... ok
[INFO] [stdout] test parser::test::test_parse_command_name_with_underscores ... ok
[INFO] [stdout] test parser::test::test_parse_command_name_simple ... ok
[INFO] [stdout] test parser::test::test_parse_command_with_line_break ... ok
[INFO] [stdout] test parser::test::test_parse_command_with_nested_parenthesis ... ok
[INFO] [stdout] test parser::test::test_parse_command_with_string_argument ... ok
[INFO] [stdout] test parser::test::test_parse_command_with_two_args ... ok
[INFO] [stdout] test parser::test::test_parse_comment_empty ... ok
[INFO] [stdout] test parser::test::test_parse_command_with_dangling_comma ... ok
[INFO] [stdout] test parser::test::test_parse_comment_with_content ... ok
[INFO] [stdout] test parser::test::test_parse_command_with_comment ... ok
[INFO] [stdout] test parser::test::test_parse_comment_with_spaces ... ok
[INFO] [stdout] test parser::test::test_parse_comment_with_special_characters ... ok
[INFO] [stdout] test parser::test::test_parse_command_with_variable ... ok
[INFO] [stdout] test parser::test::test_parse_empty_command ... ok
[INFO] [stdout] test parser::test::test_parse_comment_with_utf8 ... ok
[INFO] [stdout] test parser::test::test_parse_empty_string_literal ... ok
[INFO] [stdout] test parser::test::test_parse_else_with_args ... ok
[INFO] [stdout] test parser::test::test_parse_complex_expr ... ok
[INFO] [stdout] test parser::test::test_parse_if_statement_with_single_condition ... ok
[INFO] [stdout] test parser::test::test_parse_macro ... ok
[INFO] [stdout] test parser::test::test_parse_if_statement_with_else ... ok
[INFO] [stdout] test parser::test::test_parse_quoted_string_with_escaped_quotes ... ok
[INFO] [stdout] test parser::test::test_parse_quoted_string_with_inner_quotes ... ok
[INFO] [stdout] test parser::test::test_parse_comment ... ok
[INFO] [stdout] test parser::test::test_parse_nested_if_statements ... ok
[INFO] [stdout] test parser::test::test_parse_function ... ok
[INFO] [stdout] test parser::test::test_parse_foreach_block_with_space_after_command ... ok
[INFO] [stdout] test parser::test::test_parse_interpolated_literal ... ok
[INFO] [stdout] test parser::test::test_parse_multiple_commands ... ok
[INFO] [stdout] test parser::test::test_parse_quoted_string_with_newline ... ok
[INFO] [stdout] test parser::test::test_parse_number_literal ... ok
[INFO] [stdout] test parser::test::test_parse_string_literal_with_parens ... ok
[INFO] [stdout] test parser::test::test_parse_quoted_string_empty ... ok
[INFO] [stdout] test parser::test::test_parse_string_literal_with_special_characters ... ok
[INFO] [stdout] test parser::test::test_parse_version_literal ... ok
[INFO] [stdout] test parser::test::test_parse_string_quoted ... ok
[INFO] [stdout] test pretty_printer::test::pretty_print_command_with_long_line_args ... ok
[INFO] [stdout] test pretty_printer::test::pretty_print_command_without_args ... ok
[INFO] [stdout] test parser::test::test_value_comment_within_command ... ok
[INFO] [stdout] test parser::test::test_whitespace_gets_parsed ... ok
[INFO] [stdout] test pretty_printer::test::test_args_are_grouped_with_upper_case_args ... ok
[INFO] [stdout] test pretty_printer::test::test_args_still_stay_in_one_line_if_there_is_space ... ok
[INFO] [stdout] test pretty_printer::test::test_preseving_newlines ... ok
[INFO] [stdout] test pretty_printer::test::test_pretty_print_two_statements_has_no_blank_line ... ok
[INFO] [stdout] test pretty_printer::test::pretty_print_command_with_multiple_args ... ok
[INFO] [stdout] test parser::test::test_parse_string_unquoted ... ok
[INFO] [stdout] test pretty_printer::test::test_print_if_statement ... ok
[INFO] [stdout] test pretty_printer::test::test_print_nested_if_statement ... ok
[INFO] [stdout] test pretty_printer::test::test_sample ... ok
[INFO] [stdout] test pretty_printer::test::pretty_print_command_with_single_arg ... ok
[INFO] [stdout] 
[INFO] [stdout] test result: ok. 72 passed; 0 failed; 1 ignored; 0 measured; 0 filtered out; finished in 0.01s
[INFO] [stdout] 
[INFO] [stderr]      Running unittests src/main.rs (/opt/rustwide/target/debug/deps/cmakefmt-f3ba3ba70136f1ea)
[INFO] [stdout] 
[INFO] [stdout] running 75 tests
[INFO] [stdout] test parser::parse_condition::test::test_multiline_condition ... ok
[INFO] [stdout] test parser::parse_condition::test::test_parse_condition_binary ... ok
[INFO] [stdout] test parser::parse_condition::test::test_parse_condition_binary_logical_operator ... ok
[INFO] [stdout] test parser::parse_condition::test::test_parse_condition_with_command_before_operator ... ignored
[INFO] [stdout] test parser::parse_condition::test::test_parse_condition_value ... ok
[INFO] [stdout] test parser::parse_condition::test::test_parse_condition_unary ... ok
[INFO] [stdout] test parser::parse_condition::test::test_parse_condition_with_comment ... ok
[INFO] [stdout] test parser::parse_condition::test::test_parse_version_binary_condition ... ok
[INFO] [stdout] test parser::strings::test::test_parse_string ... ok
[INFO] [stdout] test parser::parse_condition::test::test_parse_condition_unary_logical_operator ... ok
[INFO] [stdout] test parser::strings::test::test_parse_string_with_quotes ... ok
[INFO] [stdout] test parser::test::test_command_whitespace_is_parsed ... ok
[INFO] [stdout] test parser::parse_condition::test::test_parse_complex_expression ... ok
[INFO] [stdout] test parser::test::test_if_statements ... ok
[INFO] [stdout] test parser::test::test_newlines_are_tracked ... ok
[INFO] [stdout] test parser::test::test_parse_command ... ok
[INFO] [stdout] test parser::test::test_parse_cmake_nested_arg_parenthesis ... ok
[INFO] [stdout] test parser::test::test_parse_command_multiple_args ... ok
[INFO] [stdout] test parser::test::test_parse_arg_list_inner ... ok
[INFO] [stdout] test parser::test::test_parse_command_name_fail_with_special_char ... ok
[INFO] [stdout] test parser::test::test_parse_command_name_fail_with_space ... ok
[INFO] [stdout] test parser::test::test_parse_command_name_simple ... ok
[INFO] [stdout] test parser::test::test_parse_command_name_with_numbers ... ok
[INFO] [stdout] test parser::test::test_parse_cmake_arg_parenthesis ... ok
[INFO] [stdout] test parser::test::test_parse_command_name_with_underscores ... ok
[INFO] [stdout] test parser::test::test_parse_command_with_line_break ... ok
[INFO] [stdout] test parser::test::test_parse_command_with_comment ... ok
[INFO] [stdout] test parser::test::test_parse_command_with_nested_parenthesis ... ok
[INFO] [stdout] test parser::test::test_parse_command_with_dangling_comma ... ok
[INFO] [stdout] test parser::test::test_parse_command_with_string_argument ... ok
[INFO] [stdout] test parser::test::test_parse_command_with_variable ... ok
[INFO] [stdout] test parser::test::test_parse_comment ... ok
[INFO] [stdout] test parser::test::test_parse_command_with_two_args ... ok
[INFO] [stdout] test parser::test::test_parse_comment_with_spaces ... ok
[INFO] [stdout] test parser::test::test_parse_comment_with_content ... ok
[INFO] [stdout] test parser::test::test_parse_comment_empty ... ok
[INFO] [stdout] test parser::test::test_parse_comment_with_special_characters ... ok
[INFO] [stdout] test parser::test::test_parse_complex_expr ... ok
[INFO] [stdout] test parser::test::test_parse_empty_command ... ok
[INFO] [stdout] test parser::test::test_parse_else_with_args ... ok
[INFO] [stdout] test parser::test::test_parse_foreach_block_with_space_after_command ... ok
[INFO] [stdout] test parser::test::test_parse_function ... ok
[INFO] [stdout] test parser::test::test_parse_empty_string_literal ... ok
[INFO] [stdout] test parser::test::test_parse_if_statement_with_single_condition ... ok
[INFO] [stdout] test parser::test::test_parse_comment_with_utf8 ... ok
[INFO] [stdout] test parser::test::test_parse_macro ... ok
[INFO] [stdout] test parser::test::test_parse_multiple_commands ... ok
[INFO] [stdout] test parser::test::test_parse_quoted_string_with_escaped_quotes ... ok
[INFO] [stdout] test parser::test::test_parse_quoted_string_with_inner_quotes ... ok
[INFO] [stdout] test parser::test::test_parse_interpolated_literal ... ok
[INFO] [stdout] test parser::test::test_parse_quoted_string_with_newline ... ok
[INFO] [stdout] test parser::test::test_parse_string_literal_with_special_characters ... ok
[INFO] [stdout] test parser::test::test_parse_string_literal_with_parens ... ok
[INFO] [stdout] test parser::test::test_parse_number_literal ... ok
[INFO] [stdout] test parser::test::test_parse_if_statement_with_else ... ok
[INFO] [stdout] test parser::test::test_parse_nested_if_statements ... ok
[INFO] [stdout] test parser::test::test_parse_quoted_string_empty ... ok
[INFO] [stdout] test parser::test::test_parse_string_unquoted ... ok
[INFO] [stdout] test parser::test::test_parse_string_quoted ... ok
[INFO] [stdout] test parser::test::test_parse_version_literal ... ok
[INFO] [stdout] test parser::test::test_whitespace_gets_parsed ... ok
[INFO] [stdout] test parser::test::test_value_comment_within_command ... ok
[INFO] [stdout] test pretty_printer::test::pretty_print_command_with_long_line_args ... ok
[INFO] [stdout] test pretty_printer::test::pretty_print_command_with_multiple_args ... ok
[INFO] [stdout] test pretty_printer::test::pretty_print_command_with_single_arg ... ok
[INFO] [stdout] test pretty_printer::test::pretty_print_command_without_args ... ok
[INFO] [stdout] test pretty_printer::test::test_args_are_grouped_with_upper_case_args ... ok
[INFO] [stdout] test pretty_printer::test::test_args_still_stay_in_one_line_if_there_is_space ... ok
[INFO] [stdout] test pretty_printer::test::test_pretty_print_two_statements_has_no_blank_line ... ok
[INFO] [stdout] test pretty_printer::test::test_preseving_newlines ... ok
[INFO] [stdout] test pretty_printer::test::test_print_if_statement ... ok
[INFO] [stdout] test pretty_printer::test::test_sample ... ok
[INFO] [stdout] test pretty_printer::test::test_print_nested_if_statement ... ok
[INFO] [stdout] test test::test_smoke_tests ... ok
[INFO] [stdout] test test::test_snapshots ... FAILED
[INFO] [stdout] 
[INFO] [stdout] failures:
[INFO] [stdout] 
[INFO] [stdout] ---- test::test_snapshots stdout ----
[INFO] [stdout] thread 'test::test_snapshots' panicked at src/main.rs:80:73:
[INFO] [stdout] called `Result::unwrap()` on an `Err` value: Os { code: 2, kind: NotFound, message: "No such file or directory" }
[INFO] [stdout] stack backtrace:
[INFO] [stdout]    0:     0x5eaa2da82c1a - std::backtrace_rs::backtrace::libunwind::trace::h207520d6e9873551
[INFO] [stdout]                                at /rustc/df4ca44d3fbc9301ee17f30f4d474e6ae4b05252/library/std/src/../../backtrace/src/backtrace/libunwind.rs:116:5
[INFO] [stdout]    1:     0x5eaa2da82c1a - std::backtrace_rs::backtrace::trace_unsynchronized::h2ed7433f370e3eca
[INFO] [stdout]                                at /rustc/df4ca44d3fbc9301ee17f30f4d474e6ae4b05252/library/std/src/../../backtrace/src/backtrace/mod.rs:66:5
[INFO] [stdout]    2:     0x5eaa2da82c1a - std::sys::backtrace::_print_fmt::h916fac51166b18d7
[INFO] [stdout]                                at /rustc/df4ca44d3fbc9301ee17f30f4d474e6ae4b05252/library/std/src/sys/backtrace.rs:66:9
[INFO] [stdout]    3:     0x5eaa2da82c1a - <std::sys::backtrace::BacktraceLock::print::DisplayBacktrace as core::fmt::Display>::fmt::ha0a4c9b8ce3802e6
[INFO] [stdout]                                at /rustc/df4ca44d3fbc9301ee17f30f4d474e6ae4b05252/library/std/src/sys/backtrace.rs:39:26
[INFO] [stdout]    4:     0x5eaa2daaa463 - core::fmt::rt::Argument::fmt::h4cfc8587d52b3eb5
[INFO] [stdout]                                at /rustc/df4ca44d3fbc9301ee17f30f4d474e6ae4b05252/library/core/src/fmt/rt.rs:177:76
[INFO] [stdout]    5:     0x5eaa2daaa463 - core::fmt::write::h522cc39e5b36ae9f
[INFO] [stdout]                                at /rustc/df4ca44d3fbc9301ee17f30f4d474e6ae4b05252/library/core/src/fmt/mod.rs:1190:21
[INFO] [stdout]    6:     0x5eaa2da7f7f3 - std::io::Write::write_fmt::h7d3c26752da97734
[INFO] [stdout]                                at /rustc/df4ca44d3fbc9301ee17f30f4d474e6ae4b05252/library/std/src/io/mod.rs:1839:15
[INFO] [stdout]    7:     0x5eaa2da82a62 - std::sys::backtrace::BacktraceLock::print::h4b9e00b29e9c0942
[INFO] [stdout]                                at /rustc/df4ca44d3fbc9301ee17f30f4d474e6ae4b05252/library/std/src/sys/backtrace.rs:42:9
[INFO] [stdout]    8:     0x5eaa2da840aa - std::panicking::default_hook::{{closure}}::hb59b88280d0324d9
[INFO] [stdout]                                at /rustc/df4ca44d3fbc9301ee17f30f4d474e6ae4b05252/library/std/src/panicking.rs:268:22
[INFO] [stdout]    9:     0x5eaa2da83eb4 - std::panicking::default_hook::he1dd496665be4a29
[INFO] [stdout]                                at /rustc/df4ca44d3fbc9301ee17f30f4d474e6ae4b05252/library/std/src/panicking.rs:292:9
[INFO] [stdout]   10:     0x5eaa2da3c7c9 - <alloc::boxed::Box<F,A> as core::ops::function::Fn<Args>>::call::h4ff71de18744e1dc
[INFO] [stdout]                                at /rustc/df4ca44d3fbc9301ee17f30f4d474e6ae4b05252/library/alloc/src/boxed.rs:2468:9
[INFO] [stdout]   11:     0x5eaa2da3c7c9 - test::test_main::{{closure}}::hcf7c055ce117aa81
[INFO] [stdout]                                at /rustc/df4ca44d3fbc9301ee17f30f4d474e6ae4b05252/library/test/src/lib.rs:133:21
[INFO] [stdout]   12:     0x5eaa2da847a8 - <alloc::boxed::Box<F,A> as core::ops::function::Fn<Args>>::call::h1d66c6bbd60c9692
[INFO] [stdout]                                at /rustc/df4ca44d3fbc9301ee17f30f4d474e6ae4b05252/library/alloc/src/boxed.rs:2468:9
[INFO] [stdout]   13:     0x5eaa2da847a8 - std::panicking::rust_panic_with_hook::h2ff17fe8f26dfcf8
[INFO] [stdout]                                at /rustc/df4ca44d3fbc9301ee17f30f4d474e6ae4b05252/library/std/src/panicking.rs:809:13
[INFO] [stdout]   14:     0x5eaa2da8456a - std::panicking::begin_panic_handler::{{closure}}::h4fad77951c07e101
[INFO] [stdout]                                at /rustc/df4ca44d3fbc9301ee17f30f4d474e6ae4b05252/library/std/src/panicking.rs:674:13
[INFO] [stdout]   15:     0x5eaa2da830f9 - std::sys::backtrace::__rust_end_short_backtrace::hb1a25b3da5d0ea08
[INFO] [stdout]                                at /rustc/df4ca44d3fbc9301ee17f30f4d474e6ae4b05252/library/std/src/sys/backtrace.rs:170:18
[INFO] [stdout]   16:     0x5eaa2da841fc - rust_begin_unwind
[INFO] [stdout]                                at /rustc/df4ca44d3fbc9301ee17f30f4d474e6ae4b05252/library/std/src/panicking.rs:665:5
[INFO] [stdout]   17:     0x5eaa2daa8e60 - core::panicking::panic_fmt::ha9db07b529f9b256
[INFO] [stdout]                                at /rustc/df4ca44d3fbc9301ee17f30f4d474e6ae4b05252/library/core/src/panicking.rs:75:14
[INFO] [stdout]   18:     0x5eaa2daa92a6 - core::result::unwrap_failed::h5e8218e4d4338b8a
[INFO] [stdout]                                at /rustc/df4ca44d3fbc9301ee17f30f4d474e6ae4b05252/library/core/src/result.rs:1698:5
[INFO] [stdout]   19:     0x5eaa2d998bc8 - core::result::Result<T,E>::unwrap::ha46b565375538b5f
[INFO] [stdout]                                at /rustc/df4ca44d3fbc9301ee17f30f4d474e6ae4b05252/library/core/src/result.rs:1103:23
[INFO] [stdout]   20:     0x5eaa2d998bc8 - cmakefmt::test::test_snapshots::h32c8aa307ce83a27
[INFO] [stdout]                                at /opt/rustwide/workdir/src/main.rs:80:21
[INFO] [stdout]   21:     0x5eaa2d998907 - cmakefmt::test::test_snapshots::{{closure}}::h2c1ba93d971c8d8b
[INFO] [stdout]                                at /opt/rustwide/workdir/src/main.rs:72:24
[INFO] [stdout]   22:     0x5eaa2d9a4bb6 - core::ops::function::FnOnce::call_once::hc13d398f35d2c8d5
[INFO] [stdout]                                at /rustc/df4ca44d3fbc9301ee17f30f4d474e6ae4b05252/library/core/src/ops/function.rs:250:5
[INFO] [stdout]   23:     0x5eaa2da4109b - core::ops::function::FnOnce::call_once::h22c3ba5715e93f05
[INFO] [stdout]                                at /rustc/df4ca44d3fbc9301ee17f30f4d474e6ae4b05252/library/core/src/ops/function.rs:250:5
[INFO] [stdout]   24:     0x5eaa2da4109b - test::__rust_begin_short_backtrace::h8e82d8113d0da17f
[INFO] [stdout]                                at /rustc/df4ca44d3fbc9301ee17f30f4d474e6ae4b05252/library/test/src/lib.rs:621:18
[INFO] [stdout]   25:     0x5eaa2da40a17 - test::run_test_in_process::{{closure}}::h33235f4f20b7b7c7
[INFO] [stdout]                                at /rustc/df4ca44d3fbc9301ee17f30f4d474e6ae4b05252/library/test/src/lib.rs:644:60
[INFO] [stdout]   26:     0x5eaa2da40a17 - <core::panic::unwind_safe::AssertUnwindSafe<F> as core::ops::function::FnOnce<()>>::call_once::hb5043206310c586f
[INFO] [stdout]                                at /rustc/df4ca44d3fbc9301ee17f30f4d474e6ae4b05252/library/core/src/panic/unwind_safe.rs:272:9
[INFO] [stdout]   27:     0x5eaa2da40a17 - std::panicking::try::do_call::h9ad4731a60ab23e2
[INFO] [stdout]                                at /rustc/df4ca44d3fbc9301ee17f30f4d474e6ae4b05252/library/std/src/panicking.rs:557:40
[INFO] [stdout]   28:     0x5eaa2da40a17 - std::panicking::try::h3824d23db772a716
[INFO] [stdout]                                at /rustc/df4ca44d3fbc9301ee17f30f4d474e6ae4b05252/library/std/src/panicking.rs:520:19
[INFO] [stdout]   29:     0x5eaa2da40a17 - std::panic::catch_unwind::h5afd514605fde46b
[INFO] [stdout]                                at /rustc/df4ca44d3fbc9301ee17f30f4d474e6ae4b05252/library/std/src/panic.rs:358:14
[INFO] [stdout]   30:     0x5eaa2da40a17 - test::run_test_in_process::h0d5cbfa7067d1720
[INFO] [stdout]                                at /rustc/df4ca44d3fbc9301ee17f30f4d474e6ae4b05252/library/test/src/lib.rs:644:27
[INFO] [stdout]   31:     0x5eaa2da40a17 - test::run_test::{{closure}}::h708eb8872708115d
[INFO] [stdout]                                at /rustc/df4ca44d3fbc9301ee17f30f4d474e6ae4b05252/library/test/src/lib.rs:565:43
[INFO] [stdout]   32:     0x5eaa2da04134 - test::run_test::{{closure}}::h392c51cee94713ab
[INFO] [stdout]                                at /rustc/df4ca44d3fbc9301ee17f30f4d474e6ae4b05252/library/test/src/lib.rs:595:41
[INFO] [stdout]   33:     0x5eaa2da04134 - std::sys::backtrace::__rust_begin_short_backtrace::h2f40290710935a8b
[INFO] [stdout]                                at /rustc/df4ca44d3fbc9301ee17f30f4d474e6ae4b05252/library/std/src/sys/backtrace.rs:154:18
[INFO] [stdout]   34:     0x5eaa2da078de - std::thread::Builder::spawn_unchecked_::{{closure}}::{{closure}}::h3fd968d89053a903
[INFO] [stdout]                                at /rustc/df4ca44d3fbc9301ee17f30f4d474e6ae4b05252/library/std/src/thread/mod.rs:541:17
[INFO] [stdout]   35:     0x5eaa2da078de - <core::panic::unwind_safe::AssertUnwindSafe<F> as core::ops::function::FnOnce<()>>::call_once::h743f637ba4229880
[INFO] [stdout]                                at /rustc/df4ca44d3fbc9301ee17f30f4d474e6ae4b05252/library/core/src/panic/unwind_safe.rs:272:9
[INFO] [stdout]   36:     0x5eaa2da078de - std::panicking::try::do_call::h07440897322525a6
[INFO] [stdout]                                at /rustc/df4ca44d3fbc9301ee17f30f4d474e6ae4b05252/library/std/src/panicking.rs:557:40
[INFO] [stdout]   37:     0x5eaa2da078de - std::panicking::try::he5a2e00188156637
[INFO] [stdout]                                at /rustc/df4ca44d3fbc9301ee17f30f4d474e6ae4b05252/library/std/src/panicking.rs:520:19
[INFO] [stdout]   38:     0x5eaa2da078de - std::panic::catch_unwind::hbaf3cae49b3c6433
[INFO] [stdout]                                at /rustc/df4ca44d3fbc9301ee17f30f4d474e6ae4b05252/library/std/src/panic.rs:358:14
[INFO] [stdout]   39:     0x5eaa2da078de - std::thread::Builder::spawn_unchecked_::{{closure}}::h8e141ea224820bce
[INFO] [stdout]                                at /rustc/df4ca44d3fbc9301ee17f30f4d474e6ae4b05252/library/std/src/thread/mod.rs:540:30
[INFO] [stdout]   40:     0x5eaa2da078de - core::ops::function::FnOnce::call_once{{vtable.shim}}::h90d312fedd7b8ea8
[INFO] [stdout]                                at /rustc/df4ca44d3fbc9301ee17f30f4d474e6ae4b05252/library/core/src/ops/function.rs:250:5
[INFO] [stdout]   41:     0x5eaa2da889eb - <alloc::boxed::Box<F,A> as core::ops::function::FnOnce<Args>>::call_once::h69aa08ddb6adb8b6
[INFO] [stdout]                                at /rustc/df4ca44d3fbc9301ee17f30f4d474e6ae4b05252/library/alloc/src/boxed.rs:2454:9
[INFO] [stdout]   42:     0x5eaa2da889eb - <alloc::boxed::Box<F,A> as core::ops::function::FnOnce<Args>>::call_once::h5aa36efdb79c806f
[INFO] [stdout]                                at /rustc/df4ca44d3fbc9301ee17f30f4d474e6ae4b05252/library/alloc/src/boxed.rs:2454:9
[INFO] [stdout]   43:     0x5eaa2da889eb - std::sys::pal::unix::thread::Thread::new::thread_start::h6cd80a1b4be5158d
[INFO] [stdout]                                at /rustc/df4ca44d3fbc9301ee17f30f4d474e6ae4b05252/library/std/src/sys/pal/unix/thread.rs:105:17
[INFO] [stdout]   44:     0x7aed7ffd0ac3 - <unknown>
[INFO] [stdout]   45:     0x7aed80061a04 - clone
[INFO] [stdout]   46:                0x0 - <unknown>
[INFO] [stdout] 
[INFO] [stdout] 
[INFO] [stdout] failures:
[INFO] [stdout]     test::test_snapshots
[INFO] [stdout] 
[INFO] [stdout] test result: FAILED. 73 passed; 1 failed; 1 ignored; 0 measured; 0 filtered out; finished in 0.02s
[INFO] [stdout] 
[INFO] [stderr] error: test failed, to rerun pass `--bin cmakefmt`
[INFO] running `Command { std: "docker" "inspect" "16be90561965e886c900f59fd1a95785f93f3058ed883ab2ddd2141c77dbd8f9", kill_on_drop: false }`
[INFO] running `Command { std: "docker" "rm" "-f" "16be90561965e886c900f59fd1a95785f93f3058ed883ab2ddd2141c77dbd8f9", kill_on_drop: false }`
[INFO] [stdout] 16be90561965e886c900f59fd1a95785f93f3058ed883ab2ddd2141c77dbd8f9
