[INFO] fetching crate closure-future 0.1.0...
[INFO] testing closure-future-0.1.0 against nightly-2024-10-28 for randomize-layout
[INFO] extracting crate closure-future 0.1.0 into /workspace/builds/worker-6-tc1/source
[INFO] validating manifest of crates.io crate closure-future 0.1.0 on toolchain nightly-2024-10-28
[INFO] running `Command { std: CARGO_HOME="/workspace/cargo-home" RUSTUP_HOME="/workspace/rustup-home" "/workspace/cargo-home/bin/cargo" "+nightly-2024-10-28" "metadata" "--manifest-path" "Cargo.toml" "--no-deps", kill_on_drop: false }`
[INFO] started tweaking crates.io crate closure-future 0.1.0
[INFO] finished tweaking crates.io crate closure-future 0.1.0
[INFO] tweaked toml for crates.io crate closure-future 0.1.0 written to /workspace/builds/worker-6-tc1/source/Cargo.toml
[INFO] running `Command { std: CARGO_HOME="/workspace/cargo-home" RUSTUP_HOME="/workspace/rustup-home" "/workspace/cargo-home/bin/cargo" "+nightly-2024-10-28" "generate-lockfile" "--manifest-path" "Cargo.toml", kill_on_drop: false }`
[INFO] [stderr]     Updating crates.io index
[INFO] [stderr]      Locking 10 packages to latest compatible versions
[INFO] [stderr]       Adding pollster v0.2.5 (available: v0.4.0)
[INFO] running `Command { std: CARGO_HOME="/workspace/cargo-home" RUSTUP_HOME="/workspace/rustup-home" "/workspace/cargo-home/bin/cargo" "+nightly-2024-10-28" "fetch" "--manifest-path" "Cargo.toml", kill_on_drop: false }`
[INFO] [stderr]  Downloading crates ...
[INFO] [stderr]   Downloaded pollster v0.2.5
[INFO] running `Command { std: "docker" "create" "-v" "/var/lib/crater-agent-workspace/builds/worker-6-tc1/target:/opt/rustwide/target:rw,Z" "-v" "/var/lib/crater-agent-workspace/builds/worker-6-tc1/source:/opt/rustwide/workdir:ro,Z" "-v" "/var/lib/crater-agent-workspace/cargo-home:/opt/rustwide/cargo-home:ro,Z" "-v" "/var/lib/crater-agent-workspace/rustup-home:/opt/rustwide/rustup-home:ro,Z" "-e" "SOURCE_DIR=/opt/rustwide/workdir" "-e" "CARGO_TARGET_DIR=/opt/rustwide/target" "-e" "CARGO_HOME=/opt/rustwide/cargo-home" "-e" "RUSTUP_HOME=/opt/rustwide/rustup-home" "-w" "/opt/rustwide/workdir" "-m" "1610612736" "--user" "0:0" "--network" "none" "ghcr.io/rust-lang/crates-build-env/linux@sha256:4a844ea9eb2546a2d2c7022eacef16ef2e8229c7fbb2c7d4d55a9ceca922f72d" "/opt/rustwide/cargo-home/bin/cargo" "+nightly-2024-10-28" "metadata" "--no-deps" "--format-version=1", kill_on_drop: false }`
[INFO] [stdout] e2c3067a70ade66b6aaa45b11e5a0783b9e4836f431ae888816c8dc16be3a002
[INFO] running `Command { std: "docker" "start" "-a" "e2c3067a70ade66b6aaa45b11e5a0783b9e4836f431ae888816c8dc16be3a002", kill_on_drop: false }`
[INFO] running `Command { std: "docker" "inspect" "e2c3067a70ade66b6aaa45b11e5a0783b9e4836f431ae888816c8dc16be3a002", kill_on_drop: false }`
[INFO] running `Command { std: "docker" "rm" "-f" "e2c3067a70ade66b6aaa45b11e5a0783b9e4836f431ae888816c8dc16be3a002", kill_on_drop: false }`
[INFO] [stdout] e2c3067a70ade66b6aaa45b11e5a0783b9e4836f431ae888816c8dc16be3a002
[INFO] running `Command { std: "docker" "create" "-v" "/var/lib/crater-agent-workspace/builds/worker-6-tc1/target:/opt/rustwide/target:rw,Z" "-v" "/var/lib/crater-agent-workspace/builds/worker-6-tc1/source:/opt/rustwide/workdir:ro,Z" "-v" "/var/lib/crater-agent-workspace/cargo-home:/opt/rustwide/cargo-home:ro,Z" "-v" "/var/lib/crater-agent-workspace/rustup-home:/opt/rustwide/rustup-home:ro,Z" "-e" "SOURCE_DIR=/opt/rustwide/workdir" "-e" "CARGO_TARGET_DIR=/opt/rustwide/target" "-e" "CARGO_INCREMENTAL=0" "-e" "RUST_BACKTRACE=full" "-e" "RUSTFLAGS=--cap-lints=forbid" "-e" "RUSTDOCFLAGS=--cap-lints=forbid" "-e" "CARGO_HOME=/opt/rustwide/cargo-home" "-e" "RUSTUP_HOME=/opt/rustwide/rustup-home" "-w" "/opt/rustwide/workdir" "-m" "1610612736" "--user" "0:0" "--network" "none" "ghcr.io/rust-lang/crates-build-env/linux@sha256:4a844ea9eb2546a2d2c7022eacef16ef2e8229c7fbb2c7d4d55a9ceca922f72d" "/opt/rustwide/cargo-home/bin/cargo" "+nightly-2024-10-28" "build" "--frozen" "--message-format=json", kill_on_drop: false }`
[INFO] [stdout] d8e5754c2964f5cc8b7d0b7e584800a37828b3383b11c5a1730e73a6c1c98588
[INFO] running `Command { std: "docker" "start" "-a" "d8e5754c2964f5cc8b7d0b7e584800a37828b3383b11c5a1730e73a6c1c98588", kill_on_drop: false }`
[INFO] [stderr]    Compiling pin-project-lite v0.2.15
[INFO] [stderr]    Compiling futures-micro v0.5.0
[INFO] [stderr]    Compiling async-oneshot v0.5.9
[INFO] [stderr]    Compiling closure-future v0.1.0 (/opt/rustwide/workdir)
[INFO] [stderr]     Finished `dev` profile [unoptimized + debuginfo] target(s) in 0.14s
[INFO] running `Command { std: "docker" "inspect" "d8e5754c2964f5cc8b7d0b7e584800a37828b3383b11c5a1730e73a6c1c98588", kill_on_drop: false }`
[INFO] running `Command { std: "docker" "rm" "-f" "d8e5754c2964f5cc8b7d0b7e584800a37828b3383b11c5a1730e73a6c1c98588", kill_on_drop: false }`
[INFO] [stdout] d8e5754c2964f5cc8b7d0b7e584800a37828b3383b11c5a1730e73a6c1c98588
[INFO] running `Command { std: "docker" "create" "-v" "/var/lib/crater-agent-workspace/builds/worker-6-tc1/target:/opt/rustwide/target:rw,Z" "-v" "/var/lib/crater-agent-workspace/builds/worker-6-tc1/source:/opt/rustwide/workdir:ro,Z" "-v" "/var/lib/crater-agent-workspace/cargo-home:/opt/rustwide/cargo-home:ro,Z" "-v" "/var/lib/crater-agent-workspace/rustup-home:/opt/rustwide/rustup-home:ro,Z" "-e" "SOURCE_DIR=/opt/rustwide/workdir" "-e" "CARGO_TARGET_DIR=/opt/rustwide/target" "-e" "CARGO_INCREMENTAL=0" "-e" "RUST_BACKTRACE=full" "-e" "RUSTFLAGS=--cap-lints=forbid" "-e" "RUSTDOCFLAGS=--cap-lints=forbid" "-e" "CARGO_HOME=/opt/rustwide/cargo-home" "-e" "RUSTUP_HOME=/opt/rustwide/rustup-home" "-w" "/opt/rustwide/workdir" "-m" "1610612736" "--user" "0:0" "--network" "none" "ghcr.io/rust-lang/crates-build-env/linux@sha256:4a844ea9eb2546a2d2c7022eacef16ef2e8229c7fbb2c7d4d55a9ceca922f72d" "/opt/rustwide/cargo-home/bin/cargo" "+nightly-2024-10-28" "test" "--frozen" "--no-run" "--message-format=json", kill_on_drop: false }`
[INFO] [stdout] f00ad66ac06c0f307cd1c04b8b8f8c1315561b3bd07542098f516cc5c5debc5c
[INFO] running `Command { std: "docker" "start" "-a" "f00ad66ac06c0f307cd1c04b8b8f8c1315561b3bd07542098f516cc5c5debc5c", kill_on_drop: false }`
[INFO] [stderr]    Compiling crossbeam-utils v0.8.20
[INFO] [stderr]    Compiling rayon-core v1.12.1
[INFO] [stderr]    Compiling either v1.13.0
[INFO] [stderr]    Compiling pollster v0.2.5
[INFO] [stderr]    Compiling crossbeam-epoch v0.9.18
[INFO] [stderr]    Compiling crossbeam-deque v0.8.5
[INFO] [stderr]    Compiling rayon v1.10.0
[INFO] [stderr]    Compiling closure-future v0.1.0 (/opt/rustwide/workdir)
[INFO] [stderr]     Finished `test` profile [unoptimized + debuginfo] target(s) in 2.15s
[INFO] running `Command { std: "docker" "inspect" "f00ad66ac06c0f307cd1c04b8b8f8c1315561b3bd07542098f516cc5c5debc5c", kill_on_drop: false }`
[INFO] running `Command { std: "docker" "rm" "-f" "f00ad66ac06c0f307cd1c04b8b8f8c1315561b3bd07542098f516cc5c5debc5c", kill_on_drop: false }`
[INFO] [stdout] f00ad66ac06c0f307cd1c04b8b8f8c1315561b3bd07542098f516cc5c5debc5c
[INFO] running `Command { std: "docker" "create" "-v" "/var/lib/crater-agent-workspace/builds/worker-6-tc1/target:/opt/rustwide/target:rw,Z" "-v" "/var/lib/crater-agent-workspace/builds/worker-6-tc1/source:/opt/rustwide/workdir:ro,Z" "-v" "/var/lib/crater-agent-workspace/cargo-home:/opt/rustwide/cargo-home:ro,Z" "-v" "/var/lib/crater-agent-workspace/rustup-home:/opt/rustwide/rustup-home:ro,Z" "-e" "SOURCE_DIR=/opt/rustwide/workdir" "-e" "CARGO_TARGET_DIR=/opt/rustwide/target" "-e" "CARGO_INCREMENTAL=0" "-e" "RUST_BACKTRACE=full" "-e" "RUSTFLAGS=--cap-lints=forbid" "-e" "RUSTDOCFLAGS=--cap-lints=forbid" "-e" "CARGO_HOME=/opt/rustwide/cargo-home" "-e" "RUSTUP_HOME=/opt/rustwide/rustup-home" "-w" "/opt/rustwide/workdir" "-m" "1610612736" "--user" "0:0" "--network" "none" "ghcr.io/rust-lang/crates-build-env/linux@sha256:4a844ea9eb2546a2d2c7022eacef16ef2e8229c7fbb2c7d4d55a9ceca922f72d" "/opt/rustwide/cargo-home/bin/cargo" "+nightly-2024-10-28" "test" "--frozen", kill_on_drop: false }`
[INFO] [stdout] 05cf489b58d1f18b60d6063bfadf0bf04a85be83a136d2593bdd63e524ce4e1d
[INFO] running `Command { std: "docker" "start" "-a" "05cf489b58d1f18b60d6063bfadf0bf04a85be83a136d2593bdd63e524ce4e1d", kill_on_drop: false }`
[INFO] [stderr]     Finished `test` profile [unoptimized + debuginfo] target(s) in 0.01s
[INFO] [stderr]      Running unittests src/lib.rs (/opt/rustwide/target/debug/deps/closure_future-367327e3f3283def)
[INFO] [stdout] 
[INFO] [stdout] running 0 tests
[INFO] [stdout] 
[INFO] [stdout] test result: ok. 0 passed; 0 failed; 0 ignored; 0 measured; 0 filtered out; finished in 0.00s
[INFO] [stdout] 
[INFO] [stderr]    Doc-tests closure_future
[INFO] [stdout] 
[INFO] [stdout] running 2 tests
[INFO] [stdout] test src/../README.md - (line 25) ... FAILED
[INFO] [stdout] test src/../README.md - (line 10) ... ok
[INFO] [stdout] 
[INFO] [stdout] failures:
[INFO] [stdout] 
[INFO] [stdout] ---- src/../README.md - (line 25) stdout ----
[INFO] [stdout] error[E0432]: unresolved import `closure_future::spawn_rayon`
[INFO] [stdout]   --> src/../README.md:28:5
[INFO] [stdout]    |
[INFO] [stdout] 6  | use closure_future::spawn_rayon;
[INFO] [stdout]    |     ^^^^^^^^^^^^^^^^^^^^^^^^^^^ no `spawn_rayon` in the root
[INFO] [stdout]    |
[INFO] [stdout] note: found an item that was configured out
[INFO] [stdout]   --> /opt/rustwide/workdir/src/lib.rs:70:8
[INFO] [stdout]    |
[INFO] [stdout] 70 | pub fn spawn_rayon<Output: Send + Sync + 'static, F: FnOnce() -> Output + UnwindSafe + Send + 'static>(
[INFO] [stdout]    |        ^^^^^^^^^^^
[INFO] [stdout] note: the item is gated behind the `rayon` feature
[INFO] [stdout]   --> /opt/rustwide/workdir/src/lib.rs:66:7
[INFO] [stdout]    |
[INFO] [stdout] 66 | #[cfg(feature = "rayon")]
[INFO] [stdout]    |       ^^^^^^^^^^^^^^^^^
[INFO] [stdout] 
[INFO] [stdout] error: aborting due to 1 previous error
[INFO] [stdout] 
[INFO] [stdout] For more information about this error, try `rustc --explain E0432`.
[INFO] [stdout] Couldn't compile the test.
[INFO] [stdout] 
[INFO] [stdout] failures:
[INFO] [stdout]     src/../README.md - (line 25)
[INFO] [stdout] 
[INFO] [stdout] test result: FAILED. 1 passed; 1 failed; 0 ignored; 0 measured; 0 filtered out; finished in 0.11s
[INFO] [stdout] 
[INFO] [stderr] error: doctest failed, to rerun pass `--doc`
[INFO] running `Command { std: "docker" "inspect" "05cf489b58d1f18b60d6063bfadf0bf04a85be83a136d2593bdd63e524ce4e1d", kill_on_drop: false }`
[INFO] running `Command { std: "docker" "rm" "-f" "05cf489b58d1f18b60d6063bfadf0bf04a85be83a136d2593bdd63e524ce4e1d", kill_on_drop: false }`
[INFO] [stdout] 05cf489b58d1f18b60d6063bfadf0bf04a85be83a136d2593bdd63e524ce4e1d
