[INFO] fetching crate clique-sibyl-commonlib 2.3.2...
[INFO] testing clique-sibyl-commonlib-2.3.2 against nightly-2024-10-28 for randomize-layout
[INFO] extracting crate clique-sibyl-commonlib 2.3.2 into /workspace/builds/worker-3-tc1/source
[INFO] validating manifest of crates.io crate clique-sibyl-commonlib 2.3.2 on toolchain nightly-2024-10-28
[INFO] running `Command { std: CARGO_HOME="/workspace/cargo-home" RUSTUP_HOME="/workspace/rustup-home" "/workspace/cargo-home/bin/cargo" "+nightly-2024-10-28" "metadata" "--manifest-path" "Cargo.toml" "--no-deps", kill_on_drop: false }`
[INFO] started tweaking crates.io crate clique-sibyl-commonlib 2.3.2
[INFO] finished tweaking crates.io crate clique-sibyl-commonlib 2.3.2
[INFO] tweaked toml for crates.io crate clique-sibyl-commonlib 2.3.2 written to /workspace/builds/worker-3-tc1/source/Cargo.toml
[INFO] running `Command { std: CARGO_HOME="/workspace/cargo-home" RUSTUP_HOME="/workspace/rustup-home" "/workspace/cargo-home/bin/cargo" "+nightly-2024-10-28" "generate-lockfile" "--manifest-path" "Cargo.toml", kill_on_drop: false }`
[INFO] [stderr]     Updating crates.io index
[INFO] [stderr]      Locking 289 packages to latest compatible versions
[INFO] [stderr]       Adding base64 v0.21.7 (available: v0.22.1)
[INFO] [stderr]       Adding bit-vec v0.6.3 (available: v0.8.0)
[INFO] [stderr]       Adding rustls v0.20.9 (available: v0.23.16)
[INFO] [stderr]       Adding rustls v0.21.12 (available: v0.23.16)
[INFO] [stderr]       Adding rustls v0.22.4 (available: v0.23.16)
[INFO] [stderr]       Adding yasna v0.3.1 (available: v0.3.2)
[INFO] running `Command { std: CARGO_HOME="/workspace/cargo-home" RUSTUP_HOME="/workspace/rustup-home" "/workspace/cargo-home/bin/cargo" "+nightly-2024-10-28" "fetch" "--manifest-path" "Cargo.toml", kill_on_drop: false }`
[INFO] [stderr]  Downloading crates ...
[INFO] [stderr]   Downloaded der_derive v0.7.3
[INFO] [stderr]   Downloaded tls_codec v0.4.1
[INFO] [stderr]   Downloaded flagset v0.4.6
[INFO] [stderr]   Downloaded yasna v0.3.1
[INFO] [stderr]   Downloaded tls_codec_derive v0.4.1
[INFO] [stderr]   Downloaded impl-more v0.1.8
[INFO] [stderr]   Downloaded x509-cert v0.2.5
[INFO] [stderr]   Downloaded aws-lc-rs v1.10.0
[INFO] [stderr]   Downloaded aws-lc-sys v0.22.0
[INFO] running `Command { std: "docker" "create" "-v" "/var/lib/crater-agent-workspace/builds/worker-3-tc1/target:/opt/rustwide/target:rw,Z" "-v" "/var/lib/crater-agent-workspace/builds/worker-3-tc1/source:/opt/rustwide/workdir:ro,Z" "-v" "/var/lib/crater-agent-workspace/cargo-home:/opt/rustwide/cargo-home:ro,Z" "-v" "/var/lib/crater-agent-workspace/rustup-home:/opt/rustwide/rustup-home:ro,Z" "-e" "SOURCE_DIR=/opt/rustwide/workdir" "-e" "CARGO_TARGET_DIR=/opt/rustwide/target" "-e" "CARGO_HOME=/opt/rustwide/cargo-home" "-e" "RUSTUP_HOME=/opt/rustwide/rustup-home" "-w" "/opt/rustwide/workdir" "-m" "1610612736" "--user" "0:0" "--network" "none" "ghcr.io/rust-lang/crates-build-env/linux@sha256:4a844ea9eb2546a2d2c7022eacef16ef2e8229c7fbb2c7d4d55a9ceca922f72d" "/opt/rustwide/cargo-home/bin/cargo" "+nightly-2024-10-28" "metadata" "--no-deps" "--format-version=1", kill_on_drop: false }`
[INFO] [stdout] 4af4bd707dd3305d1afa2f88ca7a45e7735523bc8bdf883787360c7b26eb2bcc
[INFO] running `Command { std: "docker" "start" "-a" "4af4bd707dd3305d1afa2f88ca7a45e7735523bc8bdf883787360c7b26eb2bcc", kill_on_drop: false }`
[INFO] running `Command { std: "docker" "inspect" "4af4bd707dd3305d1afa2f88ca7a45e7735523bc8bdf883787360c7b26eb2bcc", kill_on_drop: false }`
[INFO] running `Command { std: "docker" "rm" "-f" "4af4bd707dd3305d1afa2f88ca7a45e7735523bc8bdf883787360c7b26eb2bcc", kill_on_drop: false }`
[INFO] [stdout] 4af4bd707dd3305d1afa2f88ca7a45e7735523bc8bdf883787360c7b26eb2bcc
[INFO] running `Command { std: "docker" "create" "-v" "/var/lib/crater-agent-workspace/builds/worker-3-tc1/target:/opt/rustwide/target:rw,Z" "-v" "/var/lib/crater-agent-workspace/builds/worker-3-tc1/source:/opt/rustwide/workdir:ro,Z" "-v" "/var/lib/crater-agent-workspace/cargo-home:/opt/rustwide/cargo-home:ro,Z" "-v" "/var/lib/crater-agent-workspace/rustup-home:/opt/rustwide/rustup-home:ro,Z" "-e" "SOURCE_DIR=/opt/rustwide/workdir" "-e" "CARGO_TARGET_DIR=/opt/rustwide/target" "-e" "CARGO_INCREMENTAL=0" "-e" "RUST_BACKTRACE=full" "-e" "RUSTFLAGS=--cap-lints=forbid" "-e" "RUSTDOCFLAGS=--cap-lints=forbid" "-e" "CARGO_HOME=/opt/rustwide/cargo-home" "-e" "RUSTUP_HOME=/opt/rustwide/rustup-home" "-w" "/opt/rustwide/workdir" "-m" "1610612736" "--user" "0:0" "--network" "none" "ghcr.io/rust-lang/crates-build-env/linux@sha256:4a844ea9eb2546a2d2c7022eacef16ef2e8229c7fbb2c7d4d55a9ceca922f72d" "/opt/rustwide/cargo-home/bin/cargo" "+nightly-2024-10-28" "build" "--frozen" "--message-format=json", kill_on_drop: false }`
[INFO] [stdout] 7e0c97149e4110bb8010d230f0c8d688eba3c3a77d719b368218f5c23e328b62
[INFO] running `Command { std: "docker" "start" "-a" "7e0c97149e4110bb8010d230f0c8d688eba3c3a77d719b368218f5c23e328b62", kill_on_drop: false }`
[INFO] [stderr]    Compiling zeroize v1.8.1
[INFO] [stderr]    Compiling typenum v1.17.0
[INFO] [stderr]    Compiling const-oid v0.9.6
[INFO] [stderr]    Compiling subtle v2.6.1
[INFO] [stderr]    Compiling generic-array v0.14.7
[INFO] [stderr]    Compiling libm v0.2.11
[INFO] [stderr]    Compiling num-traits v0.2.19
[INFO] [stderr]    Compiling getrandom v0.2.15
[INFO] [stderr]    Compiling base64ct v1.6.0
[INFO] [stderr]    Compiling der_derive v0.7.3
[INFO] [stderr]    Compiling rand_core v0.6.4
[INFO] [stderr]    Compiling flagset v0.4.6
[INFO] [stderr]    Compiling ff v0.13.0
[INFO] [stderr]    Compiling zerocopy-derive v0.7.35
[INFO] [stderr]    Compiling base16ct v0.2.0
[INFO] [stderr]    Compiling pem-rfc7468 v0.7.0
[INFO] [stderr]    Compiling itoa v1.0.11
[INFO] [stderr]    Compiling minimal-lexical v0.2.1
[INFO] [stderr]    Compiling byteorder v1.5.0
[INFO] [stderr]    Compiling time-macros v0.2.18
[INFO] [stderr]    Compiling nom v7.1.3
[INFO] [stderr]    Compiling thiserror v1.0.66
[INFO] [stderr]    Compiling group v0.13.0
[INFO] [stderr]    Compiling zerocopy v0.7.35
[INFO] [stderr]    Compiling synstructure v0.13.1
[INFO] [stderr]    Compiling der v0.7.9
[INFO] [stderr]    Compiling asn1-rs-impl v0.2.0
[INFO] [stderr]    Compiling block-buffer v0.10.4
[INFO] [stderr]    Compiling crypto-common v0.1.6
[INFO] [stderr]    Compiling num-integer v0.1.46
[INFO] [stderr]    Compiling digest v0.10.7
[INFO] [stderr]    Compiling crypto-bigint v0.5.5
[INFO] [stderr]    Compiling ppv-lite86 v0.2.20
[INFO] [stderr]    Compiling signature v2.2.0
[INFO] [stderr]    Compiling hmac v0.12.1
[INFO] [stderr]    Compiling asn1-rs-derive v0.5.1
[INFO] [stderr]    Compiling displaydoc v0.2.5
[INFO] [stderr]    Compiling time v0.3.36
[INFO] [stderr]    Compiling spin v0.9.8
[INFO] [stderr]    Compiling lazy_static v1.5.0
[INFO] [stderr]    Compiling rand_chacha v0.3.1
[INFO] [stderr]    Compiling rfc6979 v0.4.0
[INFO] [stderr]    Compiling num-bigint v0.2.6
[INFO] [stderr]    Compiling spki v0.7.3
[INFO] [stderr]    Compiling pkcs8 v0.10.2
[INFO] [stderr]    Compiling rusticata-macros v4.1.0
[INFO] [stderr]    Compiling cpufeatures v0.2.14
[INFO] [stderr]    Compiling sec1 v0.7.3
[INFO] [stderr]    Compiling oid-registry v0.7.1
[INFO] [stderr]    Compiling once_cell v1.20.2
[INFO] [stderr]    Compiling num-bigint-dig v0.8.4
[INFO] [stderr]    Compiling sha2 v0.10.8
[INFO] [stderr]    Compiling rand v0.8.5
[INFO] [stderr]    Compiling num-bigint v0.4.6
[INFO] [stderr]    Compiling num-iter v0.1.45
[INFO] [stderr]    Compiling hashbrown v0.15.0
[INFO] [stderr]    Compiling equivalent v1.0.1
[INFO] [stderr]    Compiling serde_json v1.0.132
[INFO] [stderr]    Compiling smallvec v1.13.2
[INFO] [stderr]    Compiling elliptic-curve v0.13.8
[INFO] [stderr]    Compiling chrono v0.4.38
[INFO] [stderr]    Compiling serde v1.0.214
[INFO] [stderr]    Compiling indexmap v2.6.0
[INFO] [stderr]    Compiling ecdsa v0.16.9
[INFO] [stderr]    Compiling primeorder v0.13.6
[INFO] [stderr]    Compiling asn1-rs v0.6.2
[INFO] [stderr]    Compiling tracing-core v0.1.32
[INFO] [stderr]    Compiling pkcs1 v0.7.5
[INFO] [stderr]    Compiling der-parser v9.0.0
[INFO] [stderr]    Compiling ryu v1.0.18
[INFO] [stderr]    Compiling keccak v0.1.5
[INFO] [stderr]    Compiling data-encoding v2.6.0
[INFO] [stderr]    Compiling base64 v0.22.1
[INFO] [stderr]    Compiling bit-vec v0.6.3
[INFO] [stderr]    Compiling sha3 v0.10.8
[INFO] [stderr]    Compiling tracing v0.1.40
[INFO] [stderr]    Compiling x509-parser v0.16.0
[INFO] [stderr]    Compiling yasna v0.3.1
[INFO] [stderr]    Compiling pem v3.0.4
[INFO] [stderr]    Compiling rsa v0.9.6
[INFO] [stderr]    Compiling p256 v0.13.2
[INFO] [stderr]    Compiling k256 v0.13.4
[INFO] [stderr]    Compiling x509-cert v0.2.5
[INFO] [stderr]    Compiling uuid v1.11.0
[INFO] [stderr]    Compiling base64 v0.21.7
[INFO] [stderr]    Compiling hex-literal v0.4.1
[INFO] [stderr]    Compiling clique-sibyl-commonlib v2.3.2 (/opt/rustwide/workdir)
[INFO] [stdout] warning: field `isvprodid` is never read
[INFO] [stdout]   --> src/dcap/enclave.rs:24:9
[INFO] [stdout]    |
[INFO] [stdout] 21 | pub struct EnclaveId {
[INFO] [stdout]    |            --------- field in this struct
[INFO] [stdout] ...
[INFO] [stdout] 24 |     pub isvprodid: u16,
[INFO] [stdout]    |         ^^^^^^^^^
[INFO] [stdout]    |
[INFO] [stdout]    = note: `#[warn(dead_code)]` on by default
[INFO] [stdout] 
[INFO] [stdout] 
[INFO] [stdout] warning: fields `version`, `issue_data`, `next_update`, `tcb_type`, and `tcb_evaluation_data_number` are never read
[INFO] [stdout]   --> src/dcap/tcb_info.rs:13:9
[INFO] [stdout]    |
[INFO] [stdout] 12 | pub struct TcbInfo {
[INFO] [stdout]    |            ------- fields in this struct
[INFO] [stdout] 13 |     pub version: u8,
[INFO] [stdout]    |         ^^^^^^^
[INFO] [stdout] 14 |     pub issue_data: DateTime<Utc>,
[INFO] [stdout]    |         ^^^^^^^^^^
[INFO] [stdout] 15 |     pub next_update: DateTime<Utc>,
[INFO] [stdout]    |         ^^^^^^^^^^^
[INFO] [stdout] ...
[INFO] [stdout] 18 |     pub tcb_type: u8,
[INFO] [stdout]    |         ^^^^^^^^
[INFO] [stdout] 19 |     pub tcb_evaluation_data_number: u8,
[INFO] [stdout]    |         ^^^^^^^^^^^^^^^^^^^^^^^^^^
[INFO] [stdout] 
[INFO] [stdout] 
[INFO] [stdout] warning: field `tcb_date` is never read
[INFO] [stdout]   --> src/dcap/tcb_info.rs:25:9
[INFO] [stdout]    |
[INFO] [stdout] 23 | pub struct TcbLevelInfo {
[INFO] [stdout]    |            ------------ field in this struct
[INFO] [stdout] 24 |     pub tcb: Tcb,
[INFO] [stdout] 25 |     pub tcb_date: DateTime<Utc>,
[INFO] [stdout]    |         ^^^^^^^^
[INFO] [stdout] 
[INFO] [stdout] 
[INFO] [stderr]     Finished `dev` profile [unoptimized + debuginfo] target(s) in 14.21s
[INFO] running `Command { std: "docker" "inspect" "7e0c97149e4110bb8010d230f0c8d688eba3c3a77d719b368218f5c23e328b62", kill_on_drop: false }`
[INFO] running `Command { std: "docker" "rm" "-f" "7e0c97149e4110bb8010d230f0c8d688eba3c3a77d719b368218f5c23e328b62", kill_on_drop: false }`
[INFO] [stdout] 7e0c97149e4110bb8010d230f0c8d688eba3c3a77d719b368218f5c23e328b62
[INFO] running `Command { std: "docker" "create" "-v" "/var/lib/crater-agent-workspace/builds/worker-3-tc1/target:/opt/rustwide/target:rw,Z" "-v" "/var/lib/crater-agent-workspace/builds/worker-3-tc1/source:/opt/rustwide/workdir:ro,Z" "-v" "/var/lib/crater-agent-workspace/cargo-home:/opt/rustwide/cargo-home:ro,Z" "-v" "/var/lib/crater-agent-workspace/rustup-home:/opt/rustwide/rustup-home:ro,Z" "-e" "SOURCE_DIR=/opt/rustwide/workdir" "-e" "CARGO_TARGET_DIR=/opt/rustwide/target" "-e" "CARGO_INCREMENTAL=0" "-e" "RUST_BACKTRACE=full" "-e" "RUSTFLAGS=--cap-lints=forbid" "-e" "RUSTDOCFLAGS=--cap-lints=forbid" "-e" "CARGO_HOME=/opt/rustwide/cargo-home" "-e" "RUSTUP_HOME=/opt/rustwide/rustup-home" "-w" "/opt/rustwide/workdir" "-m" "1610612736" "--user" "0:0" "--network" "none" "ghcr.io/rust-lang/crates-build-env/linux@sha256:4a844ea9eb2546a2d2c7022eacef16ef2e8229c7fbb2c7d4d55a9ceca922f72d" "/opt/rustwide/cargo-home/bin/cargo" "+nightly-2024-10-28" "test" "--frozen" "--no-run" "--message-format=json", kill_on_drop: false }`
[INFO] [stdout] b0018ae3d99b6fe5718722871b091f931bb6b747b5d4127d3e717639e33f1886
[INFO] running `Command { std: "docker" "start" "-a" "b0018ae3d99b6fe5718722871b091f931bb6b747b5d4127d3e717639e33f1886", kill_on_drop: false }`
[INFO] [stderr]    Compiling bytes v1.8.0
[INFO] [stderr]    Compiling jobserver v0.1.32
[INFO] [stderr]    Compiling parking_lot_core v0.9.10
[INFO] [stderr]    Compiling lock_api v0.4.12
[INFO] [stderr]    Compiling scopeguard v1.2.0
[INFO] [stderr]    Compiling futures-sink v0.3.31
[INFO] [stderr]    Compiling tokio-macros v2.4.0
[INFO] [stderr]    Compiling socket2 v0.5.7
[INFO] [stderr]    Compiling mio v1.0.2
[INFO] [stderr]    Compiling signal-hook-registry v1.4.2
[INFO] [stderr]    Compiling cc v1.1.31
[INFO] [stderr]    Compiling fnv v1.0.7
[INFO] [stderr]    Compiling futures-util v0.3.31
[INFO] [stderr]    Compiling httparse v1.9.5
[INFO] [stderr]    Compiling parking_lot v0.12.3
[INFO] [stderr]    Compiling http v1.1.0
[INFO] [stderr]    Compiling percent-encoding v2.3.1
[INFO] [stderr]    Compiling http v0.2.12
[INFO] [stderr]    Compiling rustls-pki-types v1.10.0
[INFO] [stderr]    Compiling local-waker v0.1.4
[INFO] [stderr]    Compiling tokio v1.41.0
[INFO] [stderr]    Compiling actix-macros v0.2.4
[INFO] [stderr]    Compiling untrusted v0.9.0
[INFO] [stderr]    Compiling tinyvec_macros v0.1.1
[INFO] [stderr]    Compiling alloc-no-stdlib v2.0.4
[INFO] [stderr]    Compiling zstd-safe v7.2.1
[INFO] [stderr]    Compiling alloc-stdlib v0.2.2
[INFO] [stderr]    Compiling tinyvec v1.8.0
[INFO] [stderr]    Compiling http-body v1.0.1
[INFO] [stderr]    Compiling actix-service v2.0.2
[INFO] [stderr]    Compiling actix-utils v3.0.1
[INFO] [stderr]    Compiling form_urlencoded v1.2.1
[INFO] [stderr]    Compiling bytestring v1.3.1
[INFO] [stderr]    Compiling ahash v0.8.11
[INFO] [stderr]    Compiling ring v0.17.8
[INFO] [stderr]    Compiling zstd-sys v2.0.13+zstd.1.5.6
[INFO] [stderr]    Compiling aho-corasick v1.1.3
[INFO] [stderr]    Compiling rustls v0.23.16
[INFO] [stderr]    Compiling try-lock v0.2.5
[INFO] [stderr]    Compiling regex-syntax v0.8.5
[INFO] [stderr]    Compiling unicode-normalization v0.1.24
[INFO] [stderr]    Compiling want v0.3.1
[INFO] [stderr]    Compiling miniz_oxide v0.8.0
[INFO] [stderr]    Compiling brotli-decompressor v4.0.1
[INFO] [stderr]    Compiling futures-channel v0.3.31
[INFO] [stderr]    Compiling crc32fast v1.4.2
[INFO] [stderr]    Compiling cookie v0.16.2
[INFO] [stderr]    Compiling mime v0.3.17
[INFO] [stderr]    Compiling unicode-bidi v0.3.17
[INFO] [stderr]    Compiling convert_case v0.4.0
[INFO] [stderr]    Compiling derive_more v0.99.18
[INFO] [stderr]    Compiling idna v0.5.0
[INFO] [stderr]    Compiling brotli v6.0.0
[INFO] [stderr]    Compiling regex-automata v0.4.8
[INFO] [stderr]    Compiling flate2 v1.0.34
[INFO] [stderr]    Compiling tokio-util v0.7.12
[INFO] [stderr]    Compiling actix-rt v2.10.0
[INFO] [stderr]    Compiling h2 v0.3.26
[INFO] [stderr]    Compiling actix-codec v0.5.2
[INFO] [stderr]    Compiling hyper v1.5.0
[INFO] [stderr]    Compiling rustls-webpki v0.102.8
[INFO] [stderr]    Compiling regex v1.11.1
[INFO] [stderr]    Compiling serde_urlencoded v0.7.1
[INFO] [stderr]    Compiling local-channel v0.1.5
[INFO] [stderr]    Compiling sha1 v0.10.6
[INFO] [stderr]    Compiling encoding_rs v0.8.35
[INFO] [stderr]    Compiling httpdate v1.0.3
[INFO] [stderr]    Compiling impl-more v0.1.8
[INFO] [stderr]    Compiling language-tags v0.3.2
[INFO] [stderr]    Compiling tower-service v0.3.3
[INFO] [stderr]    Compiling regex-lite v0.1.6
[INFO] [stderr]    Compiling hyper-util v0.1.10
[INFO] [stderr]    Compiling actix-router v0.5.3
[INFO] [stderr]    Compiling url v2.5.2
[INFO] [stderr]    Compiling webpki-roots v0.26.6
[INFO] [stderr]    Compiling actix-tls v3.4.0
[INFO] [stderr]    Compiling actix-web-codegen v4.3.0
[INFO] [stderr]    Compiling actix-server v2.5.0
[INFO] [stderr]    Compiling http-body-util v0.1.2
[INFO] [stderr]    Compiling rustls-pemfile v2.2.0
[INFO] [stderr]    Compiling sync_wrapper v1.0.1
[INFO] [stderr]    Compiling ipnet v2.10.1
[INFO] [stdout] warning: field `isvprodid` is never read
[INFO] [stdout]   --> src/dcap/enclave.rs:24:9
[INFO] [stdout]    |
[INFO] [stdout] 21 | pub struct EnclaveId {
[INFO] [stdout]    |            --------- field in this struct
[INFO] [stdout] ...
[INFO] [stdout] 24 |     pub isvprodid: u16,
[INFO] [stdout]    |         ^^^^^^^^^
[INFO] [stdout]    |
[INFO] [stdout]    = note: `#[warn(dead_code)]` on by default
[INFO] [stdout] 
[INFO] [stdout] 
[INFO] [stdout] warning: fields `version`, `issue_data`, `next_update`, `tcb_type`, and `tcb_evaluation_data_number` are never read
[INFO] [stdout]   --> src/dcap/tcb_info.rs:13:9
[INFO] [stdout]    |
[INFO] [stdout] 12 | pub struct TcbInfo {
[INFO] [stdout]    |            ------- fields in this struct
[INFO] [stdout] 13 |     pub version: u8,
[INFO] [stdout]    |         ^^^^^^^
[INFO] [stdout] 14 |     pub issue_data: DateTime<Utc>,
[INFO] [stdout]    |         ^^^^^^^^^^
[INFO] [stdout] 15 |     pub next_update: DateTime<Utc>,
[INFO] [stdout]    |         ^^^^^^^^^^^
[INFO] [stdout] ...
[INFO] [stdout] 18 |     pub tcb_type: u8,
[INFO] [stdout]    |         ^^^^^^^^
[INFO] [stdout] 19 |     pub tcb_evaluation_data_number: u8,
[INFO] [stdout]    |         ^^^^^^^^^^^^^^^^^^^^^^^^^^
[INFO] [stdout] 
[INFO] [stdout] 
[INFO] [stdout] warning: field `tcb_date` is never read
[INFO] [stdout]   --> src/dcap/tcb_info.rs:25:9
[INFO] [stdout]    |
[INFO] [stdout] 23 | pub struct TcbLevelInfo {
[INFO] [stdout]    |            ------------ field in this struct
[INFO] [stdout] 24 |     pub tcb: Tcb,
[INFO] [stdout] 25 |     pub tcb_date: DateTime<Utc>,
[INFO] [stdout]    |         ^^^^^^^^
[INFO] [stdout] 
[INFO] [stdout] 
[INFO] [stderr]    Compiling tokio-rustls v0.26.0
[INFO] [stderr]    Compiling hyper-rustls v0.27.3
[INFO] [stderr]    Compiling reqwest v0.12.9
[INFO] [stderr]    Compiling zstd v0.13.2
[INFO] [stderr]    Compiling actix-http v3.9.0
[INFO] [stderr]    Compiling actix-web v4.9.0
[INFO] [stderr]    Compiling awc v3.5.1
[INFO] [stderr]    Compiling clique-sibyl-commonlib v2.3.2 (/opt/rustwide/workdir)
[INFO] [stdout] warning: field `isvprodid` is never read
[INFO] [stdout]   --> src/dcap/enclave.rs:24:9
[INFO] [stdout]    |
[INFO] [stdout] 21 | pub struct EnclaveId {
[INFO] [stdout]    |            --------- field in this struct
[INFO] [stdout] ...
[INFO] [stdout] 24 |     pub isvprodid: u16,
[INFO] [stdout]    |         ^^^^^^^^^
[INFO] [stdout]    |
[INFO] [stdout]    = note: `#[warn(dead_code)]` on by default
[INFO] [stdout] 
[INFO] [stdout] 
[INFO] [stdout] warning: fields `version`, `issue_data`, `next_update`, `tcb_type`, and `tcb_evaluation_data_number` are never read
[INFO] [stdout]   --> src/dcap/tcb_info.rs:13:9
[INFO] [stdout]    |
[INFO] [stdout] 12 | pub struct TcbInfo {
[INFO] [stdout]    |            ------- fields in this struct
[INFO] [stdout] 13 |     pub version: u8,
[INFO] [stdout]    |         ^^^^^^^
[INFO] [stdout] 14 |     pub issue_data: DateTime<Utc>,
[INFO] [stdout]    |         ^^^^^^^^^^
[INFO] [stdout] 15 |     pub next_update: DateTime<Utc>,
[INFO] [stdout]    |         ^^^^^^^^^^^
[INFO] [stdout] ...
[INFO] [stdout] 18 |     pub tcb_type: u8,
[INFO] [stdout]    |         ^^^^^^^^
[INFO] [stdout] 19 |     pub tcb_evaluation_data_number: u8,
[INFO] [stdout]    |         ^^^^^^^^^^^^^^^^^^^^^^^^^^
[INFO] [stdout] 
[INFO] [stdout] 
[INFO] [stdout] warning: field `tcb_date` is never read
[INFO] [stdout]   --> src/dcap/tcb_info.rs:25:9
[INFO] [stdout]    |
[INFO] [stdout] 23 | pub struct TcbLevelInfo {
[INFO] [stdout]    |            ------------ field in this struct
[INFO] [stdout] 24 |     pub tcb: Tcb,
[INFO] [stdout] 25 |     pub tcb_date: DateTime<Utc>,
[INFO] [stdout]    |         ^^^^^^^^
[INFO] [stdout] 
[INFO] [stdout] 
[INFO] [stderr]     Finished `test` profile [unoptimized + debuginfo] target(s) in 37.57s
[INFO] running `Command { std: "docker" "inspect" "b0018ae3d99b6fe5718722871b091f931bb6b747b5d4127d3e717639e33f1886", kill_on_drop: false }`
[INFO] running `Command { std: "docker" "rm" "-f" "b0018ae3d99b6fe5718722871b091f931bb6b747b5d4127d3e717639e33f1886", kill_on_drop: false }`
[INFO] [stdout] b0018ae3d99b6fe5718722871b091f931bb6b747b5d4127d3e717639e33f1886
[INFO] running `Command { std: "docker" "create" "-v" "/var/lib/crater-agent-workspace/builds/worker-3-tc1/target:/opt/rustwide/target:rw,Z" "-v" "/var/lib/crater-agent-workspace/builds/worker-3-tc1/source:/opt/rustwide/workdir:ro,Z" "-v" "/var/lib/crater-agent-workspace/cargo-home:/opt/rustwide/cargo-home:ro,Z" "-v" "/var/lib/crater-agent-workspace/rustup-home:/opt/rustwide/rustup-home:ro,Z" "-e" "SOURCE_DIR=/opt/rustwide/workdir" "-e" "CARGO_TARGET_DIR=/opt/rustwide/target" "-e" "CARGO_INCREMENTAL=0" "-e" "RUST_BACKTRACE=full" "-e" "RUSTFLAGS=--cap-lints=forbid" "-e" "RUSTDOCFLAGS=--cap-lints=forbid" "-e" "CARGO_HOME=/opt/rustwide/cargo-home" "-e" "RUSTUP_HOME=/opt/rustwide/rustup-home" "-w" "/opt/rustwide/workdir" "-m" "1610612736" "--user" "0:0" "--network" "none" "ghcr.io/rust-lang/crates-build-env/linux@sha256:4a844ea9eb2546a2d2c7022eacef16ef2e8229c7fbb2c7d4d55a9ceca922f72d" "/opt/rustwide/cargo-home/bin/cargo" "+nightly-2024-10-28" "test" "--frozen", kill_on_drop: false }`
[INFO] [stdout] f439d733acf7eb7654fdcdf34fc157230e10b4be9705de5f52792a8a319ca415
[INFO] running `Command { std: "docker" "start" "-a" "f439d733acf7eb7654fdcdf34fc157230e10b4be9705de5f52792a8a319ca415", kill_on_drop: false }`
[INFO] [stderr] warning: field `isvprodid` is never read
[INFO] [stderr]   --> src/dcap/enclave.rs:24:9
[INFO] [stderr]    |
[INFO] [stderr] 21 | pub struct EnclaveId {
[INFO] [stderr]    |            --------- field in this struct
[INFO] [stderr] ...
[INFO] [stderr] 24 |     pub isvprodid: u16,
[INFO] [stderr]    |         ^^^^^^^^^
[INFO] [stderr]    |
[INFO] [stderr]    = note: `#[warn(dead_code)]` on by default
[INFO] [stderr] 
[INFO] [stderr] warning: fields `version`, `issue_data`, `next_update`, `tcb_type`, and `tcb_evaluation_data_number` are never read
[INFO] [stderr]   --> src/dcap/tcb_info.rs:13:9
[INFO] [stderr]    |
[INFO] [stderr] 12 | pub struct TcbInfo {
[INFO] [stderr]    |            ------- fields in this struct
[INFO] [stderr] 13 |     pub version: u8,
[INFO] [stderr]    |         ^^^^^^^
[INFO] [stderr] 14 |     pub issue_data: DateTime<Utc>,
[INFO] [stderr]    |         ^^^^^^^^^^
[INFO] [stderr] 15 |     pub next_update: DateTime<Utc>,
[INFO] [stderr]    |         ^^^^^^^^^^^
[INFO] [stderr] ...
[INFO] [stderr] 18 |     pub tcb_type: u8,
[INFO] [stderr]    |         ^^^^^^^^
[INFO] [stderr] 19 |     pub tcb_evaluation_data_number: u8,
[INFO] [stderr]    |         ^^^^^^^^^^^^^^^^^^^^^^^^^^
[INFO] [stderr] 
[INFO] [stderr] warning: field `tcb_date` is never read
[INFO] [stderr]   --> src/dcap/tcb_info.rs:25:9
[INFO] [stderr]    |
[INFO] [stderr] 23 | pub struct TcbLevelInfo {
[INFO] [stderr]    |            ------------ field in this struct
[INFO] [stderr] 24 |     pub tcb: Tcb,
[INFO] [stderr] 25 |     pub tcb_date: DateTime<Utc>,
[INFO] [stderr]    |         ^^^^^^^^
[INFO] [stderr] 
[INFO] [stderr] warning: `clique-sibyl-commonlib` (lib) generated 3 warnings
[INFO] [stderr] warning: `clique-sibyl-commonlib` (lib test) generated 3 warnings (3 duplicates)
[INFO] [stderr]     Finished `test` profile [unoptimized + debuginfo] target(s) in 0.30s
[INFO] [stderr]      Running unittests src/lib.rs (/opt/rustwide/target/debug/deps/clique_sibyl_commonlib-0703e39b3f5ba0b9)
[INFO] [stdout] 
[INFO] [stdout] running 7 tests
[INFO] [stdout] test dcap::ecdsa_sig::tests::test_ecdsa_sig ... ok
[INFO] [stdout] test dcap::tcb_info::tests::test_parse_tcb_info_json ... ok
[INFO] [stdout] test signature::p256::tests::test_verify_signature ... ok
[INFO] [stdout] test attestation::verify::tests::test_verify_tdx_attestation ... ok
[INFO] [stdout] test dcap::quote::tests::test_quote_from_bytes_with_ecdsa_sig ... ok
[INFO] [stdout] test attestation::verify::tests::test_verify_sgx_attestation ... ok
[INFO] [stdout] test attestation::collateral::test::test_get_collateral ... FAILED
[INFO] [stdout] 
[INFO] [stdout] failures:
[INFO] [stdout] 
[INFO] [stdout] ---- attestation::collateral::test::test_get_collateral stdout ----
[INFO] [stdout] thread 'attestation::collateral::test::test_get_collateral' panicked at src/attestation/collateral.rs:69:80:
[INFO] [stdout] called `Result::unwrap()` on an `Err` value: Error("Failed to get TCB Info")
[INFO] [stdout] stack backtrace:
[INFO] [stdout]    0:     0x60edf346a0ba - std::backtrace_rs::backtrace::libunwind::trace::h207520d6e9873551
[INFO] [stdout]                                at /rustc/df4ca44d3fbc9301ee17f30f4d474e6ae4b05252/library/std/src/../../backtrace/src/backtrace/libunwind.rs:116:5
[INFO] [stdout]    1:     0x60edf346a0ba - std::backtrace_rs::backtrace::trace_unsynchronized::h2ed7433f370e3eca
[INFO] [stdout]                                at /rustc/df4ca44d3fbc9301ee17f30f4d474e6ae4b05252/library/std/src/../../backtrace/src/backtrace/mod.rs:66:5
[INFO] [stdout]    2:     0x60edf346a0ba - std::sys::backtrace::_print_fmt::h916fac51166b18d7
[INFO] [stdout]                                at /rustc/df4ca44d3fbc9301ee17f30f4d474e6ae4b05252/library/std/src/sys/backtrace.rs:66:9
[INFO] [stdout]    3:     0x60edf346a0ba - <std::sys::backtrace::BacktraceLock::print::DisplayBacktrace as core::fmt::Display>::fmt::ha0a4c9b8ce3802e6
[INFO] [stdout]                                at /rustc/df4ca44d3fbc9301ee17f30f4d474e6ae4b05252/library/std/src/sys/backtrace.rs:39:26
[INFO] [stdout]    4:     0x60edf34945d3 - core::fmt::rt::Argument::fmt::h4cfc8587d52b3eb5
[INFO] [stdout]                                at /rustc/df4ca44d3fbc9301ee17f30f4d474e6ae4b05252/library/core/src/fmt/rt.rs:177:76
[INFO] [stdout]    5:     0x60edf34945d3 - core::fmt::write::h522cc39e5b36ae9f
[INFO] [stdout]                                at /rustc/df4ca44d3fbc9301ee17f30f4d474e6ae4b05252/library/core/src/fmt/mod.rs:1190:21
[INFO] [stdout]    6:     0x60edf34662c3 - std::io::Write::write_fmt::h7d3c26752da97734
[INFO] [stdout]                                at /rustc/df4ca44d3fbc9301ee17f30f4d474e6ae4b05252/library/std/src/io/mod.rs:1839:15
[INFO] [stdout]    7:     0x60edf3469f02 - std::sys::backtrace::BacktraceLock::print::h4b9e00b29e9c0942
[INFO] [stdout]                                at /rustc/df4ca44d3fbc9301ee17f30f4d474e6ae4b05252/library/std/src/sys/backtrace.rs:42:9
[INFO] [stdout]    8:     0x60edf346b54a - std::panicking::default_hook::{{closure}}::hb59b88280d0324d9
[INFO] [stdout]                                at /rustc/df4ca44d3fbc9301ee17f30f4d474e6ae4b05252/library/std/src/panicking.rs:268:22
[INFO] [stdout]    9:     0x60edf346b354 - std::panicking::default_hook::he1dd496665be4a29
[INFO] [stdout]                                at /rustc/df4ca44d3fbc9301ee17f30f4d474e6ae4b05252/library/std/src/panicking.rs:292:9
[INFO] [stdout]   10:     0x60edf32c7599 - <alloc::boxed::Box<F,A> as core::ops::function::Fn<Args>>::call::h4ff71de18744e1dc
[INFO] [stdout]                                at /rustc/df4ca44d3fbc9301ee17f30f4d474e6ae4b05252/library/alloc/src/boxed.rs:2468:9
[INFO] [stdout]   11:     0x60edf32c7599 - test::test_main::{{closure}}::hcf7c055ce117aa81
[INFO] [stdout]                                at /rustc/df4ca44d3fbc9301ee17f30f4d474e6ae4b05252/library/test/src/lib.rs:133:21
[INFO] [stdout]   12:     0x60edf346bc48 - <alloc::boxed::Box<F,A> as core::ops::function::Fn<Args>>::call::h1d66c6bbd60c9692
[INFO] [stdout]                                at /rustc/df4ca44d3fbc9301ee17f30f4d474e6ae4b05252/library/alloc/src/boxed.rs:2468:9
[INFO] [stdout]   13:     0x60edf346bc48 - std::panicking::rust_panic_with_hook::h2ff17fe8f26dfcf8
[INFO] [stdout]                                at /rustc/df4ca44d3fbc9301ee17f30f4d474e6ae4b05252/library/std/src/panicking.rs:809:13
[INFO] [stdout]   14:     0x60edf346ba0a - std::panicking::begin_panic_handler::{{closure}}::h4fad77951c07e101
[INFO] [stdout]                                at /rustc/df4ca44d3fbc9301ee17f30f4d474e6ae4b05252/library/std/src/panicking.rs:674:13
[INFO] [stdout]   15:     0x60edf346a599 - std::sys::backtrace::__rust_end_short_backtrace::hb1a25b3da5d0ea08
[INFO] [stdout]                                at /rustc/df4ca44d3fbc9301ee17f30f4d474e6ae4b05252/library/std/src/sys/backtrace.rs:170:18
[INFO] [stdout]   16:     0x60edf346b69c - rust_begin_unwind
[INFO] [stdout]                                at /rustc/df4ca44d3fbc9301ee17f30f4d474e6ae4b05252/library/std/src/panicking.rs:665:5
[INFO] [stdout]   17:     0x60edf3491f50 - core::panicking::panic_fmt::ha9db07b529f9b256
[INFO] [stdout]                                at /rustc/df4ca44d3fbc9301ee17f30f4d474e6ae4b05252/library/core/src/panicking.rs:75:14
[INFO] [stdout]   18:     0x60edf3492436 - core::result::unwrap_failed::h5e8218e4d4338b8a
[INFO] [stdout]                                at /rustc/df4ca44d3fbc9301ee17f30f4d474e6ae4b05252/library/core/src/result.rs:1698:5
[INFO] [stdout]   19:     0x60edf2e8a98d - core::result::Result<T,E>::unwrap::h1c7801f837544727
[INFO] [stdout]                                at /rustc/df4ca44d3fbc9301ee17f30f4d474e6ae4b05252/library/core/src/result.rs:1103:23
[INFO] [stdout]   20:     0x60edf2e8a98d - clique_sibyl_commonlib::attestation::collateral::test::get_collateral::{{closure}}::hb4903b1c30560302
[INFO] [stdout]                                at /opt/rustwide/workdir/src/attestation/collateral.rs:69:13
[INFO] [stdout]   21:     0x60edf2e8b876 - clique_sibyl_commonlib::attestation::collateral::test::test_get_collateral::{{closure}}::hfad5d3fc7df23f7e
[INFO] [stdout]                                at /opt/rustwide/workdir/src/attestation/collateral.rs:94:52
[INFO] [stdout]   22:     0x60edf2e91bf2 - <core::pin::Pin<P> as core::future::future::Future>::poll::h5aa53a2dfc62c728
[INFO] [stdout]                                at /rustc/df4ca44d3fbc9301ee17f30f4d474e6ae4b05252/library/core/src/future/future.rs:123:9
[INFO] [stdout]   23:     0x60edf2e91cad - <core::pin::Pin<P> as core::future::future::Future>::poll::hf0ab2acd4343d0a3
[INFO] [stdout]                                at /rustc/df4ca44d3fbc9301ee17f30f4d474e6ae4b05252/library/core/src/future/future.rs:123:9
[INFO] [stdout]   24:     0x60edf2ebf8ef - tokio::runtime::scheduler::current_thread::CoreGuard::block_on::{{closure}}::{{closure}}::{{closure}}::hf2dc7ef416c9408e
[INFO] [stdout]                                at /opt/rustwide/cargo-home/registry/src/index.crates.io-6f17d22bba15001f/tokio-1.41.0/src/runtime/scheduler/current_thread/mod.rs:729:57
[INFO] [stdout]   25:     0x60edf2ebf635 - tokio::runtime::coop::with_budget::hb03453301f115f69
[INFO] [stdout]                                at /opt/rustwide/cargo-home/registry/src/index.crates.io-6f17d22bba15001f/tokio-1.41.0/src/runtime/coop.rs:107:5
[INFO] [stdout]   26:     0x60edf2ebf635 - tokio::runtime::coop::budget::h948601fd759e8ac6
[INFO] [stdout]                                at /opt/rustwide/cargo-home/registry/src/index.crates.io-6f17d22bba15001f/tokio-1.41.0/src/runtime/coop.rs:73:5
[INFO] [stdout]   27:     0x60edf2ebf635 - tokio::runtime::scheduler::current_thread::CoreGuard::block_on::{{closure}}::{{closure}}::h4757bfc780325462
[INFO] [stdout]                                at /opt/rustwide/cargo-home/registry/src/index.crates.io-6f17d22bba15001f/tokio-1.41.0/src/runtime/scheduler/current_thread/mod.rs:729:25
[INFO] [stdout]   28:     0x60edf2ebcb20 - tokio::runtime::scheduler::current_thread::Context::enter::h06f90220de5e48fe
[INFO] [stdout]                                at /opt/rustwide/cargo-home/registry/src/index.crates.io-6f17d22bba15001f/tokio-1.41.0/src/runtime/scheduler/current_thread/mod.rs:428:19
[INFO] [stdout]   29:     0x60edf2ebe5fe - tokio::runtime::scheduler::current_thread::CoreGuard::block_on::{{closure}}::h258a4a68b6b2db32
[INFO] [stdout]                                at /opt/rustwide/cargo-home/registry/src/index.crates.io-6f17d22bba15001f/tokio-1.41.0/src/runtime/scheduler/current_thread/mod.rs:728:36
[INFO] [stdout]   30:     0x60edf2ebe314 - tokio::runtime::scheduler::current_thread::CoreGuard::enter::{{closure}}::h8396a6dc541d0352
[INFO] [stdout]                                at /opt/rustwide/cargo-home/registry/src/index.crates.io-6f17d22bba15001f/tokio-1.41.0/src/runtime/scheduler/current_thread/mod.rs:807:68
[INFO] [stdout]   31:     0x60edf2e8908b - tokio::runtime::context::scoped::Scoped<T>::set::h0ea46fa76d6f79aa
[INFO] [stdout]                                at /opt/rustwide/cargo-home/registry/src/index.crates.io-6f17d22bba15001f/tokio-1.41.0/src/runtime/context/scoped.rs:40:9
[INFO] [stdout]   32:     0x60edf2eb0389 - tokio::runtime::context::set_scheduler::{{closure}}::h8eca8d3228394bea
[INFO] [stdout]                                at /opt/rustwide/cargo-home/registry/src/index.crates.io-6f17d22bba15001f/tokio-1.41.0/src/runtime/context.rs:180:26
[INFO] [stdout]   33:     0x60edf2eb4d9d - std::thread::local::LocalKey<T>::try_with::hd4ded5a19a61068b
[INFO] [stdout]                                at /rustc/df4ca44d3fbc9301ee17f30f4d474e6ae4b05252/library/std/src/thread/local.rs:283:12
[INFO] [stdout]   34:     0x60edf2eb400a - std::thread::local::LocalKey<T>::with::ha28eabf4cc77af01
[INFO] [stdout]                                at /rustc/df4ca44d3fbc9301ee17f30f4d474e6ae4b05252/library/std/src/thread/local.rs:260:9
[INFO] [stdout]   35:     0x60edf2eb02bd - tokio::runtime::context::set_scheduler::h883f7029ee2d3eaa
[INFO] [stdout]                                at /opt/rustwide/cargo-home/registry/src/index.crates.io-6f17d22bba15001f/tokio-1.41.0/src/runtime/context.rs:180:9
[INFO] [stdout]   36:     0x60edf2ebdc80 - tokio::runtime::scheduler::current_thread::CoreGuard::enter::he2f9b7708d645980
[INFO] [stdout]                                at /opt/rustwide/cargo-home/registry/src/index.crates.io-6f17d22bba15001f/tokio-1.41.0/src/runtime/scheduler/current_thread/mod.rs:807:27
[INFO] [stdout]   37:     0x60edf2ebe393 - tokio::runtime::scheduler::current_thread::CoreGuard::block_on::hd92f99f573ab262e
[INFO] [stdout]                                at /opt/rustwide/cargo-home/registry/src/index.crates.io-6f17d22bba15001f/tokio-1.41.0/src/runtime/scheduler/current_thread/mod.rs:716:19
[INFO] [stdout]   38:     0x60edf2ebc0ef - tokio::runtime::scheduler::current_thread::CurrentThread::block_on::{{closure}}::h25ebad7fd45db588
[INFO] [stdout]                                at /opt/rustwide/cargo-home/registry/src/index.crates.io-6f17d22bba15001f/tokio-1.41.0/src/runtime/scheduler/current_thread/mod.rs:196:28
[INFO] [stdout]   39:     0x60edf2eb0bd6 - tokio::runtime::context::runtime::enter_runtime::hc7e5559392a2d782
[INFO] [stdout]                                at /opt/rustwide/cargo-home/registry/src/index.crates.io-6f17d22bba15001f/tokio-1.41.0/src/runtime/context/runtime.rs:65:16
[INFO] [stdout]   40:     0x60edf2ebbde1 - tokio::runtime::scheduler::current_thread::CurrentThread::block_on::h233a0ea9e2ffec79
[INFO] [stdout]                                at /opt/rustwide/cargo-home/registry/src/index.crates.io-6f17d22bba15001f/tokio-1.41.0/src/runtime/scheduler/current_thread/mod.rs:184:9
[INFO] [stdout]   41:     0x60edf2e89423 - tokio::runtime::runtime::Runtime::block_on_inner::heb80dcceec0565e9
[INFO] [stdout]                                at /opt/rustwide/cargo-home/registry/src/index.crates.io-6f17d22bba15001f/tokio-1.41.0/src/runtime/runtime.rs:368:47
[INFO] [stdout]   42:     0x60edf2e89617 - tokio::runtime::runtime::Runtime::block_on::h7263cdd5adde70f4
[INFO] [stdout]                                at /opt/rustwide/cargo-home/registry/src/index.crates.io-6f17d22bba15001f/tokio-1.41.0/src/runtime/runtime.rs:342:13
[INFO] [stdout]   43:     0x60edf2e8b631 - clique_sibyl_commonlib::attestation::collateral::test::test_get_collateral::h2dcf22eb874c978d
[INFO] [stdout]                                at /opt/rustwide/workdir/src/attestation/collateral.rs:96:9
[INFO] [stdout]   44:     0x60edf2e8b4c7 - clique_sibyl_commonlib::attestation::collateral::test::test_get_collateral::{{closure}}::h4a8943e87a85e697
[INFO] [stdout]                                at /opt/rustwide/workdir/src/attestation/collateral.rs:92:35
[INFO] [stdout]   45:     0x60edf2eae1d6 - core::ops::function::FnOnce::call_once::hc32b13405c4152df
[INFO] [stdout]                                at /rustc/df4ca44d3fbc9301ee17f30f4d474e6ae4b05252/library/core/src/ops/function.rs:250:5
[INFO] [stdout]   46:     0x60edf32cbe6b - core::ops::function::FnOnce::call_once::h22c3ba5715e93f05
[INFO] [stdout]                                at /rustc/df4ca44d3fbc9301ee17f30f4d474e6ae4b05252/library/core/src/ops/function.rs:250:5
[INFO] [stdout]   47:     0x60edf32cbe6b - test::__rust_begin_short_backtrace::h8e82d8113d0da17f
[INFO] [stdout]                                at /rustc/df4ca44d3fbc9301ee17f30f4d474e6ae4b05252/library/test/src/lib.rs:621:18
[INFO] [stdout]   48:     0x60edf32cb7e7 - test::run_test_in_process::{{closure}}::h33235f4f20b7b7c7
[INFO] [stdout]                                at /rustc/df4ca44d3fbc9301ee17f30f4d474e6ae4b05252/library/test/src/lib.rs:644:60
[INFO] [stdout]   49:     0x60edf32cb7e7 - <core::panic::unwind_safe::AssertUnwindSafe<F> as core::ops::function::FnOnce<()>>::call_once::hb5043206310c586f
[INFO] [stdout]                                at /rustc/df4ca44d3fbc9301ee17f30f4d474e6ae4b05252/library/core/src/panic/unwind_safe.rs:272:9
[INFO] [stdout]   50:     0x60edf32cb7e7 - std::panicking::try::do_call::h9ad4731a60ab23e2
[INFO] [stdout]                                at /rustc/df4ca44d3fbc9301ee17f30f4d474e6ae4b05252/library/std/src/panicking.rs:557:40
[INFO] [stdout]   51:     0x60edf32cb7e7 - std::panicking::try::h3824d23db772a716
[INFO] [stdout]                                at /rustc/df4ca44d3fbc9301ee17f30f4d474e6ae4b05252/library/std/src/panicking.rs:520:19
[INFO] [stdout]   52:     0x60edf32cb7e7 - std::panic::catch_unwind::h5afd514605fde46b
[INFO] [stdout]                                at /rustc/df4ca44d3fbc9301ee17f30f4d474e6ae4b05252/library/std/src/panic.rs:358:14
[INFO] [stdout]   53:     0x60edf32cb7e7 - test::run_test_in_process::h0d5cbfa7067d1720
[INFO] [stdout]                                at /rustc/df4ca44d3fbc9301ee17f30f4d474e6ae4b05252/library/test/src/lib.rs:644:27
[INFO] [stdout]   54:     0x60edf32cb7e7 - test::run_test::{{closure}}::h708eb8872708115d
[INFO] [stdout]                                at /rustc/df4ca44d3fbc9301ee17f30f4d474e6ae4b05252/library/test/src/lib.rs:565:43
[INFO] [stdout]   55:     0x60edf328ef04 - test::run_test::{{closure}}::h392c51cee94713ab
[INFO] [stdout]                                at /rustc/df4ca44d3fbc9301ee17f30f4d474e6ae4b05252/library/test/src/lib.rs:595:41
[INFO] [stdout]   56:     0x60edf328ef04 - std::sys::backtrace::__rust_begin_short_backtrace::h2f40290710935a8b
[INFO] [stdout]                                at /rustc/df4ca44d3fbc9301ee17f30f4d474e6ae4b05252/library/std/src/sys/backtrace.rs:154:18
[INFO] [stdout]   57:     0x60edf32926ae - std::thread::Builder::spawn_unchecked_::{{closure}}::{{closure}}::h3fd968d89053a903
[INFO] [stdout]                                at /rustc/df4ca44d3fbc9301ee17f30f4d474e6ae4b05252/library/std/src/thread/mod.rs:541:17
[INFO] [stdout]   58:     0x60edf32926ae - <core::panic::unwind_safe::AssertUnwindSafe<F> as core::ops::function::FnOnce<()>>::call_once::h743f637ba4229880
[INFO] [stdout]                                at /rustc/df4ca44d3fbc9301ee17f30f4d474e6ae4b05252/library/core/src/panic/unwind_safe.rs:272:9
[INFO] [stdout]   59:     0x60edf32926ae - std::panicking::try::do_call::h07440897322525a6
[INFO] [stdout]                                at /rustc/df4ca44d3fbc9301ee17f30f4d474e6ae4b05252/library/std/src/panicking.rs:557:40
[INFO] [stdout]   60:     0x60edf32926ae - std::panicking::try::he5a2e00188156637
[INFO] [stdout]                                at /rustc/df4ca44d3fbc9301ee17f30f4d474e6ae4b05252/library/std/src/panicking.rs:520:19
[INFO] [stdout]   61:     0x60edf32926ae - std::panic::catch_unwind::hbaf3cae49b3c6433
[INFO] [stdout]                                at /rustc/df4ca44d3fbc9301ee17f30f4d474e6ae4b05252/library/std/src/panic.rs:358:14
[INFO] [stdout]   62:     0x60edf32926ae - std::thread::Builder::spawn_unchecked_::{{closure}}::h8e141ea224820bce
[INFO] [stdout]                                at /rustc/df4ca44d3fbc9301ee17f30f4d474e6ae4b05252/library/std/src/thread/mod.rs:540:30
[INFO] [stdout]   63:     0x60edf32926ae - core::ops::function::FnOnce::call_once{{vtable.shim}}::h90d312fedd7b8ea8
[INFO] [stdout]                                at /rustc/df4ca44d3fbc9301ee17f30f4d474e6ae4b05252/library/core/src/ops/function.rs:250:5
[INFO] [stdout]   64:     0x60edf346fccb - <alloc::boxed::Box<F,A> as core::ops::function::FnOnce<Args>>::call_once::h69aa08ddb6adb8b6
[INFO] [stdout]                                at /rustc/df4ca44d3fbc9301ee17f30f4d474e6ae4b05252/library/alloc/src/boxed.rs:2454:9
[INFO] [stdout]   65:     0x60edf346fccb - <alloc::boxed::Box<F,A> as core::ops::function::FnOnce<Args>>::call_once::h5aa36efdb79c806f
[INFO] [stdout]                                at /rustc/df4ca44d3fbc9301ee17f30f4d474e6ae4b05252/library/alloc/src/boxed.rs:2454:9
[INFO] [stdout]   66:     0x60edf346fccb - std::sys::pal::unix::thread::Thread::new::thread_start::h6cd80a1b4be5158d
[INFO] [stdout]                                at /rustc/df4ca44d3fbc9301ee17f30f4d474e6ae4b05252/library/std/src/sys/pal/unix/thread.rs:105:17
[INFO] [stdout]   67:     0x78566ad0eac3 - <unknown>
[INFO] [stdout]   68:     0x78566ad9fa04 - clone
[INFO] [stdout]   69:                0x0 - <unknown>
[INFO] [stdout] 
[INFO] [stdout] 
[INFO] [stdout] failures:
[INFO] [stdout]     attestation::collateral::test::test_get_collateral
[INFO] [stdout] 
[INFO] [stdout] test result: FAILED. 6 passed; 1 failed; 0 ignored; 0 measured; 0 filtered out; finished in 0.04s
[INFO] [stdout] 
[INFO] [stderr] error: test failed, to rerun pass `--lib`
[INFO] running `Command { std: "docker" "inspect" "f439d733acf7eb7654fdcdf34fc157230e10b4be9705de5f52792a8a319ca415", kill_on_drop: false }`
[INFO] running `Command { std: "docker" "rm" "-f" "f439d733acf7eb7654fdcdf34fc157230e10b4be9705de5f52792a8a319ca415", kill_on_drop: false }`
[INFO] [stdout] f439d733acf7eb7654fdcdf34fc157230e10b4be9705de5f52792a8a319ca415
