[INFO] fetching crate clier 0.7.4...
[INFO] testing clier-0.7.4 against nightly-2024-10-28 for randomize-layout
[INFO] extracting crate clier 0.7.4 into /workspace/builds/worker-3-tc1/source
[INFO] validating manifest of crates.io crate clier 0.7.4 on toolchain nightly-2024-10-28
[INFO] running `Command { std: CARGO_HOME="/workspace/cargo-home" RUSTUP_HOME="/workspace/rustup-home" "/workspace/cargo-home/bin/cargo" "+nightly-2024-10-28" "metadata" "--manifest-path" "Cargo.toml" "--no-deps", kill_on_drop: false }`
[INFO] started tweaking crates.io crate clier 0.7.4
[INFO] finished tweaking crates.io crate clier 0.7.4
[INFO] tweaked toml for crates.io crate clier 0.7.4 written to /workspace/builds/worker-3-tc1/source/Cargo.toml
[INFO] crate crates.io crate clier 0.7.4 already has a lockfile, it will not be regenerated
[INFO] running `Command { std: CARGO_HOME="/workspace/cargo-home" RUSTUP_HOME="/workspace/rustup-home" "/workspace/cargo-home/bin/cargo" "+nightly-2024-10-28" "fetch" "--manifest-path" "Cargo.toml", kill_on_drop: false }`
[INFO] [stderr]     Updating crates.io index
[INFO] [stderr]  Downloading crates ...
[INFO] [stderr]   Downloaded clier_parser v0.7.4
[INFO] [stderr]   Downloaded console v0.15.7
[INFO] running `Command { std: "docker" "create" "-v" "/var/lib/crater-agent-workspace/builds/worker-3-tc1/target:/opt/rustwide/target:rw,Z" "-v" "/var/lib/crater-agent-workspace/builds/worker-3-tc1/source:/opt/rustwide/workdir:ro,Z" "-v" "/var/lib/crater-agent-workspace/cargo-home:/opt/rustwide/cargo-home:ro,Z" "-v" "/var/lib/crater-agent-workspace/rustup-home:/opt/rustwide/rustup-home:ro,Z" "-e" "SOURCE_DIR=/opt/rustwide/workdir" "-e" "CARGO_TARGET_DIR=/opt/rustwide/target" "-e" "CARGO_HOME=/opt/rustwide/cargo-home" "-e" "RUSTUP_HOME=/opt/rustwide/rustup-home" "-w" "/opt/rustwide/workdir" "-m" "1610612736" "--user" "0:0" "--network" "none" "ghcr.io/rust-lang/crates-build-env/linux@sha256:4a844ea9eb2546a2d2c7022eacef16ef2e8229c7fbb2c7d4d55a9ceca922f72d" "/opt/rustwide/cargo-home/bin/cargo" "+nightly-2024-10-28" "metadata" "--no-deps" "--format-version=1", kill_on_drop: false }`
[INFO] [stdout] f0f4fe06c94682d0daf4505961e124768572e7ecfa605e1f2af4aa25a0195b28
[INFO] running `Command { std: "docker" "start" "-a" "f0f4fe06c94682d0daf4505961e124768572e7ecfa605e1f2af4aa25a0195b28", kill_on_drop: false }`
[INFO] running `Command { std: "docker" "inspect" "f0f4fe06c94682d0daf4505961e124768572e7ecfa605e1f2af4aa25a0195b28", kill_on_drop: false }`
[INFO] running `Command { std: "docker" "rm" "-f" "f0f4fe06c94682d0daf4505961e124768572e7ecfa605e1f2af4aa25a0195b28", kill_on_drop: false }`
[INFO] [stdout] f0f4fe06c94682d0daf4505961e124768572e7ecfa605e1f2af4aa25a0195b28
[INFO] running `Command { std: "docker" "create" "-v" "/var/lib/crater-agent-workspace/builds/worker-3-tc1/target:/opt/rustwide/target:rw,Z" "-v" "/var/lib/crater-agent-workspace/builds/worker-3-tc1/source:/opt/rustwide/workdir:ro,Z" "-v" "/var/lib/crater-agent-workspace/cargo-home:/opt/rustwide/cargo-home:ro,Z" "-v" "/var/lib/crater-agent-workspace/rustup-home:/opt/rustwide/rustup-home:ro,Z" "-e" "SOURCE_DIR=/opt/rustwide/workdir" "-e" "CARGO_TARGET_DIR=/opt/rustwide/target" "-e" "CARGO_INCREMENTAL=0" "-e" "RUST_BACKTRACE=full" "-e" "RUSTFLAGS=--cap-lints=forbid" "-e" "RUSTDOCFLAGS=--cap-lints=forbid" "-e" "CARGO_HOME=/opt/rustwide/cargo-home" "-e" "RUSTUP_HOME=/opt/rustwide/rustup-home" "-w" "/opt/rustwide/workdir" "-m" "1610612736" "--user" "0:0" "--network" "none" "ghcr.io/rust-lang/crates-build-env/linux@sha256:4a844ea9eb2546a2d2c7022eacef16ef2e8229c7fbb2c7d4d55a9ceca922f72d" "/opt/rustwide/cargo-home/bin/cargo" "+nightly-2024-10-28" "build" "--frozen" "--message-format=json", kill_on_drop: false }`
[INFO] [stdout] 13c086a115e5946a4560093e112a41c94f764133df071cafedf1099fd24b2a9b
[INFO] running `Command { std: "docker" "start" "-a" "13c086a115e5946a4560093e112a41c94f764133df071cafedf1099fd24b2a9b", kill_on_drop: false }`
[INFO] [stderr]    Compiling proc-macro2 v1.0.67
[INFO] [stderr]    Compiling unicode-ident v1.0.12
[INFO] [stderr]    Compiling libc v0.2.148
[INFO] [stderr]    Compiling either v1.9.0
[INFO] [stderr]    Compiling thiserror v1.0.49
[INFO] [stderr]    Compiling lazy_static v1.4.0
[INFO] [stderr]    Compiling unicode-width v0.1.11
[INFO] [stderr]    Compiling itertools v0.11.0
[INFO] [stderr]    Compiling quote v1.0.33
[INFO] [stderr]    Compiling console v0.15.7
[INFO] [stderr]    Compiling syn v2.0.37
[INFO] [stderr]    Compiling clier_parser v0.7.4
[INFO] [stderr]    Compiling thiserror-impl v1.0.49
[INFO] [stderr]    Compiling clier v0.7.4 (/opt/rustwide/workdir)
[INFO] [stderr]     Finished `dev` profile [unoptimized + debuginfo] target(s) in 5.41s
[INFO] running `Command { std: "docker" "inspect" "13c086a115e5946a4560093e112a41c94f764133df071cafedf1099fd24b2a9b", kill_on_drop: false }`
[INFO] running `Command { std: "docker" "rm" "-f" "13c086a115e5946a4560093e112a41c94f764133df071cafedf1099fd24b2a9b", kill_on_drop: false }`
[INFO] [stdout] 13c086a115e5946a4560093e112a41c94f764133df071cafedf1099fd24b2a9b
[INFO] running `Command { std: "docker" "create" "-v" "/var/lib/crater-agent-workspace/builds/worker-3-tc1/target:/opt/rustwide/target:rw,Z" "-v" "/var/lib/crater-agent-workspace/builds/worker-3-tc1/source:/opt/rustwide/workdir:ro,Z" "-v" "/var/lib/crater-agent-workspace/cargo-home:/opt/rustwide/cargo-home:ro,Z" "-v" "/var/lib/crater-agent-workspace/rustup-home:/opt/rustwide/rustup-home:ro,Z" "-e" "SOURCE_DIR=/opt/rustwide/workdir" "-e" "CARGO_TARGET_DIR=/opt/rustwide/target" "-e" "CARGO_INCREMENTAL=0" "-e" "RUST_BACKTRACE=full" "-e" "RUSTFLAGS=--cap-lints=forbid" "-e" "RUSTDOCFLAGS=--cap-lints=forbid" "-e" "CARGO_HOME=/opt/rustwide/cargo-home" "-e" "RUSTUP_HOME=/opt/rustwide/rustup-home" "-w" "/opt/rustwide/workdir" "-m" "1610612736" "--user" "0:0" "--network" "none" "ghcr.io/rust-lang/crates-build-env/linux@sha256:4a844ea9eb2546a2d2c7022eacef16ef2e8229c7fbb2c7d4d55a9ceca922f72d" "/opt/rustwide/cargo-home/bin/cargo" "+nightly-2024-10-28" "test" "--frozen" "--no-run" "--message-format=json", kill_on_drop: false }`
[INFO] [stdout] f5a686ce5fff9b692117c74378c789e6890db759bc054a1827c0b877741aab20
[INFO] running `Command { std: "docker" "start" "-a" "f5a686ce5fff9b692117c74378c789e6890db759bc054a1827c0b877741aab20", kill_on_drop: false }`
[INFO] [stderr]    Compiling clier v0.7.4 (/opt/rustwide/workdir)
[INFO] [stderr]     Finished `test` profile [unoptimized + debuginfo] target(s) in 0.66s
[INFO] running `Command { std: "docker" "inspect" "f5a686ce5fff9b692117c74378c789e6890db759bc054a1827c0b877741aab20", kill_on_drop: false }`
[INFO] running `Command { std: "docker" "rm" "-f" "f5a686ce5fff9b692117c74378c789e6890db759bc054a1827c0b877741aab20", kill_on_drop: false }`
[INFO] [stdout] f5a686ce5fff9b692117c74378c789e6890db759bc054a1827c0b877741aab20
[INFO] running `Command { std: "docker" "create" "-v" "/var/lib/crater-agent-workspace/builds/worker-3-tc1/target:/opt/rustwide/target:rw,Z" "-v" "/var/lib/crater-agent-workspace/builds/worker-3-tc1/source:/opt/rustwide/workdir:ro,Z" "-v" "/var/lib/crater-agent-workspace/cargo-home:/opt/rustwide/cargo-home:ro,Z" "-v" "/var/lib/crater-agent-workspace/rustup-home:/opt/rustwide/rustup-home:ro,Z" "-e" "SOURCE_DIR=/opt/rustwide/workdir" "-e" "CARGO_TARGET_DIR=/opt/rustwide/target" "-e" "CARGO_INCREMENTAL=0" "-e" "RUST_BACKTRACE=full" "-e" "RUSTFLAGS=--cap-lints=forbid" "-e" "RUSTDOCFLAGS=--cap-lints=forbid" "-e" "CARGO_HOME=/opt/rustwide/cargo-home" "-e" "RUSTUP_HOME=/opt/rustwide/rustup-home" "-w" "/opt/rustwide/workdir" "-m" "1610612736" "--user" "0:0" "--network" "none" "ghcr.io/rust-lang/crates-build-env/linux@sha256:4a844ea9eb2546a2d2c7022eacef16ef2e8229c7fbb2c7d4d55a9ceca922f72d" "/opt/rustwide/cargo-home/bin/cargo" "+nightly-2024-10-28" "test" "--frozen", kill_on_drop: false }`
[INFO] [stdout] 7aea78f2f73519e7f0989b98096ae71f6110bc4f09848dfa3935942126b758da
[INFO] running `Command { std: "docker" "start" "-a" "7aea78f2f73519e7f0989b98096ae71f6110bc4f09848dfa3935942126b758da", kill_on_drop: false }`
[INFO] [stderr]     Finished `test` profile [unoptimized + debuginfo] target(s) in 0.04s
[INFO] [stderr]      Running unittests src/lib.rs (/opt/rustwide/target/debug/deps/clier-65185eddb4b4bcbb)
[INFO] [stderr]    Doc-tests clier
[INFO] [stdout] 
[INFO] [stdout] running 0 tests
[INFO] [stdout] 
[INFO] [stdout] test result: ok. 0 passed; 0 failed; 0 ignored; 0 measured; 0 filtered out; finished in 0.00s
[INFO] [stdout] 
[INFO] [stdout] 
[INFO] [stdout] running 2 tests
[INFO] [stdout] test src/../README.md - (line 46) ... FAILED
[INFO] [stdout] test src/../README.md - (line 18) ... ok
[INFO] [stdout] 
[INFO] [stdout] failures:
[INFO] [stdout] 
[INFO] [stdout] ---- src/../README.md - (line 46) stdout ----
[INFO] [stdout] error[E0308]: mismatched types
[INFO] [stdout]   --> src/../README.md:55:19
[INFO] [stdout]    |
[INFO] [stdout] 11 |     version: Some((0, 0, 0))
[INFO] [stdout]    |              ---- ^^^^^^^^^ expected `String`, found `({integer}, {integer}, {integer})`
[INFO] [stdout]    |              |
[INFO] [stdout]    |              arguments to this enum variant are incorrect
[INFO] [stdout]    |
[INFO] [stdout]    = note: expected struct `String`
[INFO] [stdout]                found tuple `({integer}, {integer}, {integer})`
[INFO] [stdout] help: the type constructed contains `({integer}, {integer}, {integer})` due to the type of the argument passed
[INFO] [stdout]   --> src/../README.md:55:14
[INFO] [stdout]    |
[INFO] [stdout] 11 |     version: Some((0, 0, 0))
[INFO] [stdout]    |              ^^^^^---------^
[INFO] [stdout]    |                   |
[INFO] [stdout]    |                   this argument influences the type of `Some`
[INFO] [stdout] note: tuple variant defined here
[INFO] [stdout]   --> /rustc/df4ca44d3fbc9301ee17f30f4d474e6ae4b05252/library/core/src/option.rs:579:5
[INFO] [stdout] 
[INFO] [stdout] error: aborting due to 1 previous error
[INFO] [stdout] 
[INFO] [stdout] For more information about this error, try `rustc --explain E0308`.
[INFO] [stdout] Couldn't compile the test.
[INFO] [stdout] 
[INFO] [stdout] failures:
[INFO] [stdout]     src/../README.md - (line 46)
[INFO] [stdout] 
[INFO] [stdout] test result: FAILED. 1 passed; 1 failed; 0 ignored; 0 measured; 0 filtered out; finished in 0.29s
[INFO] [stdout] 
[INFO] [stderr] error: doctest failed, to rerun pass `--doc`
[INFO] running `Command { std: "docker" "inspect" "7aea78f2f73519e7f0989b98096ae71f6110bc4f09848dfa3935942126b758da", kill_on_drop: false }`
[INFO] running `Command { std: "docker" "rm" "-f" "7aea78f2f73519e7f0989b98096ae71f6110bc4f09848dfa3935942126b758da", kill_on_drop: false }`
[INFO] [stdout] 7aea78f2f73519e7f0989b98096ae71f6110bc4f09848dfa3935942126b758da
