[INFO] fetching crate cli_timestamps_generator 1.0.1...
[INFO] testing cli_timestamps_generator-1.0.1 against nightly-2024-10-28+rustflags=-Zrandomize-layout for randomize-layout
[INFO] extracting crate cli_timestamps_generator 1.0.1 into /workspace/builds/worker-1-tc2/source
[INFO] validating manifest of crates.io crate cli_timestamps_generator 1.0.1 on toolchain nightly-2024-10-28
[INFO] running `Command { std: CARGO_HOME="/workspace/cargo-home" RUSTUP_HOME="/workspace/rustup-home" "/workspace/cargo-home/bin/cargo" "+nightly-2024-10-28" "metadata" "--manifest-path" "Cargo.toml" "--no-deps", kill_on_drop: false }`
[INFO] started tweaking crates.io crate cli_timestamps_generator 1.0.1
[INFO] finished tweaking crates.io crate cli_timestamps_generator 1.0.1
[INFO] tweaked toml for crates.io crate cli_timestamps_generator 1.0.1 written to /workspace/builds/worker-1-tc2/source/Cargo.toml
[INFO] crate crates.io crate cli_timestamps_generator 1.0.1 already has a lockfile, it will not be regenerated
[INFO] running `Command { std: CARGO_HOME="/workspace/cargo-home" RUSTUP_HOME="/workspace/rustup-home" "/workspace/cargo-home/bin/cargo" "+nightly-2024-10-28" "fetch" "--manifest-path" "Cargo.toml", kill_on_drop: false }`
[INFO] running `Command { std: "docker" "create" "-v" "/var/lib/crater-agent-workspace/builds/worker-1-tc2/target:/opt/rustwide/target:rw,Z" "-v" "/var/lib/crater-agent-workspace/builds/worker-1-tc2/source:/opt/rustwide/workdir:ro,Z" "-v" "/var/lib/crater-agent-workspace/cargo-home:/opt/rustwide/cargo-home:ro,Z" "-v" "/var/lib/crater-agent-workspace/rustup-home:/opt/rustwide/rustup-home:ro,Z" "-e" "SOURCE_DIR=/opt/rustwide/workdir" "-e" "CARGO_TARGET_DIR=/opt/rustwide/target" "-e" "CARGO_HOME=/opt/rustwide/cargo-home" "-e" "RUSTUP_HOME=/opt/rustwide/rustup-home" "-w" "/opt/rustwide/workdir" "-m" "1610612736" "--user" "0:0" "--network" "none" "ghcr.io/rust-lang/crates-build-env/linux@sha256:4a844ea9eb2546a2d2c7022eacef16ef2e8229c7fbb2c7d4d55a9ceca922f72d" "/opt/rustwide/cargo-home/bin/cargo" "+nightly-2024-10-28" "metadata" "--no-deps" "--format-version=1", kill_on_drop: false }`
[INFO] [stdout] 4b5e8de236cd0cb6dfaeed04ea77d2dfffd48ab987bfc4e1935c855f51fae3c7
[INFO] running `Command { std: "docker" "start" "-a" "4b5e8de236cd0cb6dfaeed04ea77d2dfffd48ab987bfc4e1935c855f51fae3c7", kill_on_drop: false }`
[INFO] running `Command { std: "docker" "inspect" "4b5e8de236cd0cb6dfaeed04ea77d2dfffd48ab987bfc4e1935c855f51fae3c7", kill_on_drop: false }`
[INFO] running `Command { std: "docker" "rm" "-f" "4b5e8de236cd0cb6dfaeed04ea77d2dfffd48ab987bfc4e1935c855f51fae3c7", kill_on_drop: false }`
[INFO] [stdout] 4b5e8de236cd0cb6dfaeed04ea77d2dfffd48ab987bfc4e1935c855f51fae3c7
[INFO] running `Command { std: "docker" "create" "-v" "/var/lib/crater-agent-workspace/builds/worker-1-tc2/target:/opt/rustwide/target:rw,Z" "-v" "/var/lib/crater-agent-workspace/builds/worker-1-tc2/source:/opt/rustwide/workdir:ro,Z" "-v" "/var/lib/crater-agent-workspace/cargo-home:/opt/rustwide/cargo-home:ro,Z" "-v" "/var/lib/crater-agent-workspace/rustup-home:/opt/rustwide/rustup-home:ro,Z" "-e" "SOURCE_DIR=/opt/rustwide/workdir" "-e" "CARGO_TARGET_DIR=/opt/rustwide/target" "-e" "CARGO_INCREMENTAL=0" "-e" "RUST_BACKTRACE=full" "-e" "RUSTFLAGS=--cap-lints=forbid -Zrandomize-layout" "-e" "RUSTDOCFLAGS=--cap-lints=forbid" "-e" "CARGO_HOME=/opt/rustwide/cargo-home" "-e" "RUSTUP_HOME=/opt/rustwide/rustup-home" "-w" "/opt/rustwide/workdir" "-m" "1610612736" "--user" "0:0" "--network" "none" "ghcr.io/rust-lang/crates-build-env/linux@sha256:4a844ea9eb2546a2d2c7022eacef16ef2e8229c7fbb2c7d4d55a9ceca922f72d" "/opt/rustwide/cargo-home/bin/cargo" "+nightly-2024-10-28" "build" "--frozen" "--message-format=json", kill_on_drop: false }`
[INFO] [stdout] 4826e25680ea06e8282b16eef74d6c063add5c02fc7d1dfc45d0cf8eeee2e04e
[INFO] running `Command { std: "docker" "start" "-a" "4826e25680ea06e8282b16eef74d6c063add5c02fc7d1dfc45d0cf8eeee2e04e", kill_on_drop: false }`
[INFO] [stderr]    Compiling proc-macro2 v1.0.79
[INFO] [stderr]    Compiling unicode-ident v1.0.12
[INFO] [stderr]    Compiling libc v0.2.153
[INFO] [stderr]    Compiling rustix v0.38.31
[INFO] [stderr]    Compiling linux-raw-sys v0.4.13
[INFO] [stderr]    Compiling thiserror v1.0.58
[INFO] [stderr]    Compiling bitflags v2.4.2
[INFO] [stderr]    Compiling memchr v2.7.1
[INFO] [stderr]    Compiling fastrand v2.0.1
[INFO] [stderr]    Compiling unicode-width v0.1.11
[INFO] [stderr]    Compiling regex-syntax v0.8.2
[INFO] [stderr]    Compiling zeroize v1.7.0
[INFO] [stderr]    Compiling shell-words v1.1.0
[INFO] [stderr]    Compiling quote v1.0.35
[INFO] [stderr]    Compiling aho-corasick v1.1.2
[INFO] [stderr]    Compiling syn v2.0.52
[INFO] [stderr]    Compiling console v0.15.8
[INFO] [stderr]    Compiling regex-automata v0.4.6
[INFO] [stderr]    Compiling tempfile v3.10.1
[INFO] [stderr]    Compiling thiserror-impl v1.0.58
[INFO] [stderr]    Compiling dialoguer v0.11.0
[INFO] [stderr]    Compiling regex v1.10.3
[INFO] [stderr]    Compiling cli_timestamps_generator v1.0.1 (/opt/rustwide/workdir)
[INFO] [stderr]     Finished `dev` profile [unoptimized + debuginfo] target(s) in 7.82s
[INFO] running `Command { std: "docker" "inspect" "4826e25680ea06e8282b16eef74d6c063add5c02fc7d1dfc45d0cf8eeee2e04e", kill_on_drop: false }`
[INFO] running `Command { std: "docker" "rm" "-f" "4826e25680ea06e8282b16eef74d6c063add5c02fc7d1dfc45d0cf8eeee2e04e", kill_on_drop: false }`
[INFO] [stdout] 4826e25680ea06e8282b16eef74d6c063add5c02fc7d1dfc45d0cf8eeee2e04e
[INFO] running `Command { std: "docker" "create" "-v" "/var/lib/crater-agent-workspace/builds/worker-1-tc2/target:/opt/rustwide/target:rw,Z" "-v" "/var/lib/crater-agent-workspace/builds/worker-1-tc2/source:/opt/rustwide/workdir:ro,Z" "-v" "/var/lib/crater-agent-workspace/cargo-home:/opt/rustwide/cargo-home:ro,Z" "-v" "/var/lib/crater-agent-workspace/rustup-home:/opt/rustwide/rustup-home:ro,Z" "-e" "SOURCE_DIR=/opt/rustwide/workdir" "-e" "CARGO_TARGET_DIR=/opt/rustwide/target" "-e" "CARGO_INCREMENTAL=0" "-e" "RUST_BACKTRACE=full" "-e" "RUSTFLAGS=--cap-lints=forbid -Zrandomize-layout" "-e" "RUSTDOCFLAGS=--cap-lints=forbid" "-e" "CARGO_HOME=/opt/rustwide/cargo-home" "-e" "RUSTUP_HOME=/opt/rustwide/rustup-home" "-w" "/opt/rustwide/workdir" "-m" "1610612736" "--user" "0:0" "--network" "none" "ghcr.io/rust-lang/crates-build-env/linux@sha256:4a844ea9eb2546a2d2c7022eacef16ef2e8229c7fbb2c7d4d55a9ceca922f72d" "/opt/rustwide/cargo-home/bin/cargo" "+nightly-2024-10-28" "test" "--frozen" "--no-run" "--message-format=json", kill_on_drop: false }`
[INFO] [stdout] b85a95ff4f33863cb378c5d3f844a1d9aa530e0e137fbe00bb22ed26d21e688c
[INFO] running `Command { std: "docker" "start" "-a" "b85a95ff4f33863cb378c5d3f844a1d9aa530e0e137fbe00bb22ed26d21e688c", kill_on_drop: false }`
[INFO] [stderr]    Compiling cli_timestamps_generator v1.0.1 (/opt/rustwide/workdir)
[INFO] [stderr]     Finished `test` profile [unoptimized + debuginfo] target(s) in 0.19s
[INFO] running `Command { std: "docker" "inspect" "b85a95ff4f33863cb378c5d3f844a1d9aa530e0e137fbe00bb22ed26d21e688c", kill_on_drop: false }`
[INFO] running `Command { std: "docker" "rm" "-f" "b85a95ff4f33863cb378c5d3f844a1d9aa530e0e137fbe00bb22ed26d21e688c", kill_on_drop: false }`
[INFO] [stdout] b85a95ff4f33863cb378c5d3f844a1d9aa530e0e137fbe00bb22ed26d21e688c
[INFO] running `Command { std: "docker" "create" "-v" "/var/lib/crater-agent-workspace/builds/worker-1-tc2/target:/opt/rustwide/target:rw,Z" "-v" "/var/lib/crater-agent-workspace/builds/worker-1-tc2/source:/opt/rustwide/workdir:ro,Z" "-v" "/var/lib/crater-agent-workspace/cargo-home:/opt/rustwide/cargo-home:ro,Z" "-v" "/var/lib/crater-agent-workspace/rustup-home:/opt/rustwide/rustup-home:ro,Z" "-e" "SOURCE_DIR=/opt/rustwide/workdir" "-e" "CARGO_TARGET_DIR=/opt/rustwide/target" "-e" "CARGO_INCREMENTAL=0" "-e" "RUST_BACKTRACE=full" "-e" "RUSTFLAGS=--cap-lints=forbid -Zrandomize-layout" "-e" "RUSTDOCFLAGS=--cap-lints=forbid" "-e" "CARGO_HOME=/opt/rustwide/cargo-home" "-e" "RUSTUP_HOME=/opt/rustwide/rustup-home" "-w" "/opt/rustwide/workdir" "-m" "1610612736" "--user" "0:0" "--network" "none" "ghcr.io/rust-lang/crates-build-env/linux@sha256:4a844ea9eb2546a2d2c7022eacef16ef2e8229c7fbb2c7d4d55a9ceca922f72d" "/opt/rustwide/cargo-home/bin/cargo" "+nightly-2024-10-28" "test" "--frozen", kill_on_drop: false }`
[INFO] [stdout] a8e4f793eff3ad0cefa190a04dca5de25ae2fb2ebb7590f6c34d89df24b0245c
[INFO] running `Command { std: "docker" "start" "-a" "a8e4f793eff3ad0cefa190a04dca5de25ae2fb2ebb7590f6c34d89df24b0245c", kill_on_drop: false }`
[INFO] [stderr]     Finished `test` profile [unoptimized + debuginfo] target(s) in 0.04s
[INFO] [stderr]      Running unittests src/lib.rs (/opt/rustwide/target/debug/deps/cli_timestamps_generator-9c5ade5965203756)
[INFO] [stdout] 
[INFO] [stdout] running 0 tests
[INFO] [stdout] 
[INFO] [stdout] test result: ok. 0 passed; 0 failed; 0 ignored; 0 measured; 0 filtered out; finished in 0.00s
[INFO] [stdout] 
[INFO] [stderr]      Running unittests src/main.rs (/opt/rustwide/target/debug/deps/generate_timestamps-852c573aef6d10f7)
[INFO] [stdout] 
[INFO] [stdout] running 0 tests
[INFO] [stdout] 
[INFO] [stdout] test result: ok. 0 passed; 0 failed; 0 ignored; 0 measured; 0 filtered out; finished in 0.00s
[INFO] [stdout] 
[INFO] [stderr]    Doc-tests cli_timestamps_generator
[INFO] [stdout] 
[INFO] [stdout] running 5 tests
[INFO] [stdout] test src/utils/input.rs - utils::input::input_generic (line 69) ... ignored
[INFO] [stdout] test src/utils/input.rs - utils::input::prompt (line 41) ... ignored
[INFO] [stdout] test src/utils/input.rs - utils::input::select (line 15) ... ignored
[INFO] [stdout] test src/utils/tui.rs - utils::tui::pause (line 22) ... FAILED
[INFO] [stdout] test src/utils/terminal.rs - utils::terminal::clearscr (line 13) ... FAILED
[INFO] [stdout] 
[INFO] [stdout] failures:
[INFO] [stdout] 
[INFO] [stdout] ---- src/utils/tui.rs - utils::tui::pause (line 22) stdout ----
[INFO] [stdout] error[E0433]: failed to resolve: use of undeclared crate or module `albion_terminal_rpg`
[INFO] [stdout]  --> src/utils/tui.rs:23:5
[INFO] [stdout]   |
[INFO] [stdout] 3 | use albion_terminal_rpg::prelude::pause;
[INFO] [stdout]   |     ^^^^^^^^^^^^^^^^^^^ use of undeclared crate or module `albion_terminal_rpg`
[INFO] [stdout] 
[INFO] [stdout] error: aborting due to 1 previous error
[INFO] [stdout] 
[INFO] [stdout] For more information about this error, try `rustc --explain E0433`.
[INFO] [stdout] Couldn't compile the test.
[INFO] [stdout] ---- src/utils/terminal.rs - utils::terminal::clearscr (line 13) stdout ----
[INFO] [stdout] error[E0433]: failed to resolve: use of undeclared crate or module `albion_terminal_rpg`
[INFO] [stdout]  --> src/utils/terminal.rs:14:5
[INFO] [stdout]   |
[INFO] [stdout] 3 | use albion_terminal_rpg::prelude::clearscr;
[INFO] [stdout]   |     ^^^^^^^^^^^^^^^^^^^ use of undeclared crate or module `albion_terminal_rpg`
[INFO] [stdout] 
[INFO] [stdout] error: aborting due to 1 previous error
[INFO] [stdout] 
[INFO] [stdout] For more information about this error, try `rustc --explain E0433`.
[INFO] [stdout] Couldn't compile the test.
[INFO] [stdout] 
[INFO] [stdout] failures:
[INFO] [stdout]     src/utils/terminal.rs - utils::terminal::clearscr (line 13)
[INFO] [stdout]     src/utils/tui.rs - utils::tui::pause (line 22)
[INFO] [stdout] 
[INFO] [stdout] test result: FAILED. 0 passed; 2 failed; 3 ignored; 0 measured; 0 filtered out; finished in 0.06s
[INFO] [stdout] 
[INFO] [stderr] error: doctest failed, to rerun pass `--doc`
[INFO] running `Command { std: "docker" "inspect" "a8e4f793eff3ad0cefa190a04dca5de25ae2fb2ebb7590f6c34d89df24b0245c", kill_on_drop: false }`
[INFO] running `Command { std: "docker" "rm" "-f" "a8e4f793eff3ad0cefa190a04dca5de25ae2fb2ebb7590f6c34d89df24b0245c", kill_on_drop: false }`
[INFO] [stdout] a8e4f793eff3ad0cefa190a04dca5de25ae2fb2ebb7590f6c34d89df24b0245c
