[INFO] fetching crate cli_pipeviewer 0.1.0...
[INFO] testing cli_pipeviewer-0.1.0 against nightly-2024-10-28 for randomize-layout
[INFO] extracting crate cli_pipeviewer 0.1.0 into /workspace/builds/worker-2-tc1/source
[INFO] validating manifest of crates.io crate cli_pipeviewer 0.1.0 on toolchain nightly-2024-10-28
[INFO] running `Command { std: CARGO_HOME="/workspace/cargo-home" RUSTUP_HOME="/workspace/rustup-home" "/workspace/cargo-home/bin/cargo" "+nightly-2024-10-28" "metadata" "--manifest-path" "Cargo.toml" "--no-deps", kill_on_drop: false }`
[INFO] started tweaking crates.io crate cli_pipeviewer 0.1.0
[INFO] finished tweaking crates.io crate cli_pipeviewer 0.1.0
[INFO] tweaked toml for crates.io crate cli_pipeviewer 0.1.0 written to /workspace/builds/worker-2-tc1/source/Cargo.toml
[INFO] crate crates.io crate cli_pipeviewer 0.1.0 already has a lockfile, it will not be regenerated
[INFO] running `Command { std: CARGO_HOME="/workspace/cargo-home" RUSTUP_HOME="/workspace/rustup-home" "/workspace/cargo-home/bin/cargo" "+nightly-2024-10-28" "fetch" "--manifest-path" "Cargo.toml", kill_on_drop: false }`
[INFO] [stderr]  Downloading crates ...
[INFO] [stderr]   Downloaded crossterm_winapi v0.5.1
[INFO] [stderr]   Downloaded crossterm v0.14.2
[INFO] [stderr]   Downloaded crossbeam v0.7.3
[INFO] [stderr]   Downloaded crossbeam-channel v0.4.4
[INFO] running `Command { std: "docker" "create" "-v" "/var/lib/crater-agent-workspace/builds/worker-2-tc1/target:/opt/rustwide/target:rw,Z" "-v" "/var/lib/crater-agent-workspace/builds/worker-2-tc1/source:/opt/rustwide/workdir:ro,Z" "-v" "/var/lib/crater-agent-workspace/cargo-home:/opt/rustwide/cargo-home:ro,Z" "-v" "/var/lib/crater-agent-workspace/rustup-home:/opt/rustwide/rustup-home:ro,Z" "-e" "SOURCE_DIR=/opt/rustwide/workdir" "-e" "CARGO_TARGET_DIR=/opt/rustwide/target" "-e" "CARGO_HOME=/opt/rustwide/cargo-home" "-e" "RUSTUP_HOME=/opt/rustwide/rustup-home" "-w" "/opt/rustwide/workdir" "-m" "1610612736" "--user" "0:0" "--network" "none" "ghcr.io/rust-lang/crates-build-env/linux@sha256:4a844ea9eb2546a2d2c7022eacef16ef2e8229c7fbb2c7d4d55a9ceca922f72d" "/opt/rustwide/cargo-home/bin/cargo" "+nightly-2024-10-28" "metadata" "--no-deps" "--format-version=1", kill_on_drop: false }`
[INFO] [stdout] 3fbc4605c3dc75ef4c1eb3e6ef1e1ac6b9586890ab1bbf980850a83e7a16918a
[INFO] running `Command { std: "docker" "start" "-a" "3fbc4605c3dc75ef4c1eb3e6ef1e1ac6b9586890ab1bbf980850a83e7a16918a", kill_on_drop: false }`
[INFO] running `Command { std: "docker" "inspect" "3fbc4605c3dc75ef4c1eb3e6ef1e1ac6b9586890ab1bbf980850a83e7a16918a", kill_on_drop: false }`
[INFO] running `Command { std: "docker" "rm" "-f" "3fbc4605c3dc75ef4c1eb3e6ef1e1ac6b9586890ab1bbf980850a83e7a16918a", kill_on_drop: false }`
[INFO] [stdout] 3fbc4605c3dc75ef4c1eb3e6ef1e1ac6b9586890ab1bbf980850a83e7a16918a
[INFO] running `Command { std: "docker" "create" "-v" "/var/lib/crater-agent-workspace/builds/worker-2-tc1/target:/opt/rustwide/target:rw,Z" "-v" "/var/lib/crater-agent-workspace/builds/worker-2-tc1/source:/opt/rustwide/workdir:ro,Z" "-v" "/var/lib/crater-agent-workspace/cargo-home:/opt/rustwide/cargo-home:ro,Z" "-v" "/var/lib/crater-agent-workspace/rustup-home:/opt/rustwide/rustup-home:ro,Z" "-e" "SOURCE_DIR=/opt/rustwide/workdir" "-e" "CARGO_TARGET_DIR=/opt/rustwide/target" "-e" "CARGO_INCREMENTAL=0" "-e" "RUST_BACKTRACE=full" "-e" "RUSTFLAGS=--cap-lints=forbid" "-e" "RUSTDOCFLAGS=--cap-lints=forbid" "-e" "CARGO_HOME=/opt/rustwide/cargo-home" "-e" "RUSTUP_HOME=/opt/rustwide/rustup-home" "-w" "/opt/rustwide/workdir" "-m" "1610612736" "--user" "0:0" "--network" "none" "ghcr.io/rust-lang/crates-build-env/linux@sha256:4a844ea9eb2546a2d2c7022eacef16ef2e8229c7fbb2c7d4d55a9ceca922f72d" "/opt/rustwide/cargo-home/bin/cargo" "+nightly-2024-10-28" "build" "--frozen" "--message-format=json", kill_on_drop: false }`
[INFO] [stdout] 97feaa183f519680d8181d68d61343112078790504921b4358d5f96326425bc0
[INFO] running `Command { std: "docker" "start" "-a" "97feaa183f519680d8181d68d61343112078790504921b4358d5f96326425bc0", kill_on_drop: false }`
[INFO] [stderr]    Compiling libc v0.2.150
[INFO] [stderr]    Compiling cfg-if v0.1.10
[INFO] [stderr]    Compiling crossbeam-utils v0.7.2
[INFO] [stderr]    Compiling maybe-uninit v2.0.0
[INFO] [stderr]    Compiling memoffset v0.5.6
[INFO] [stderr]    Compiling slab v0.4.9
[INFO] [stderr]    Compiling crossbeam-epoch v0.8.2
[INFO] [stderr]    Compiling log v0.4.20
[INFO] [stderr]    Compiling smallvec v1.11.2
[INFO] [stderr]    Compiling lock_api v0.3.4
[INFO] [stderr]    Compiling unicode-width v0.1.11
[INFO] [stderr]    Compiling textwrap v0.11.0
[INFO] [stderr]    Compiling crossbeam-queue v0.2.3
[INFO] [stderr]    Compiling crossbeam-channel v0.4.4
[INFO] [stderr]    Compiling crossbeam-deque v0.7.4
[INFO] [stderr]    Compiling iovec v0.1.4
[INFO] [stderr]    Compiling net2 v0.2.39
[INFO] [stderr]    Compiling parking_lot_core v0.7.3
[INFO] [stderr]    Compiling signal-hook-registry v1.4.1
[INFO] [stderr]    Compiling atty v0.2.14
[INFO] [stderr]    Compiling clap v2.34.0
[INFO] [stderr]    Compiling crossbeam v0.7.3
[INFO] [stderr]    Compiling parking_lot v0.10.2
[INFO] [stderr]    Compiling mio v0.6.23
[INFO] [stderr]    Compiling signal-hook v0.1.17
[INFO] [stderr]    Compiling crossterm v0.14.2
[INFO] [stderr]    Compiling cli_pipeviewer v0.1.0 (/opt/rustwide/workdir)
[INFO] [stderr]     Finished `dev` profile [unoptimized + debuginfo] target(s) in 7.36s
[INFO] running `Command { std: "docker" "inspect" "97feaa183f519680d8181d68d61343112078790504921b4358d5f96326425bc0", kill_on_drop: false }`
[INFO] running `Command { std: "docker" "rm" "-f" "97feaa183f519680d8181d68d61343112078790504921b4358d5f96326425bc0", kill_on_drop: false }`
[INFO] [stdout] 97feaa183f519680d8181d68d61343112078790504921b4358d5f96326425bc0
[INFO] running `Command { std: "docker" "create" "-v" "/var/lib/crater-agent-workspace/builds/worker-2-tc1/target:/opt/rustwide/target:rw,Z" "-v" "/var/lib/crater-agent-workspace/builds/worker-2-tc1/source:/opt/rustwide/workdir:ro,Z" "-v" "/var/lib/crater-agent-workspace/cargo-home:/opt/rustwide/cargo-home:ro,Z" "-v" "/var/lib/crater-agent-workspace/rustup-home:/opt/rustwide/rustup-home:ro,Z" "-e" "SOURCE_DIR=/opt/rustwide/workdir" "-e" "CARGO_TARGET_DIR=/opt/rustwide/target" "-e" "CARGO_INCREMENTAL=0" "-e" "RUST_BACKTRACE=full" "-e" "RUSTFLAGS=--cap-lints=forbid" "-e" "RUSTDOCFLAGS=--cap-lints=forbid" "-e" "CARGO_HOME=/opt/rustwide/cargo-home" "-e" "RUSTUP_HOME=/opt/rustwide/rustup-home" "-w" "/opt/rustwide/workdir" "-m" "1610612736" "--user" "0:0" "--network" "none" "ghcr.io/rust-lang/crates-build-env/linux@sha256:4a844ea9eb2546a2d2c7022eacef16ef2e8229c7fbb2c7d4d55a9ceca922f72d" "/opt/rustwide/cargo-home/bin/cargo" "+nightly-2024-10-28" "test" "--frozen" "--no-run" "--message-format=json", kill_on_drop: false }`
[INFO] [stdout] 6f8a6ff851f462e0b49604ee658ad7afd85967dad8b1f5301e912bb3a973ed35
[INFO] running `Command { std: "docker" "start" "-a" "6f8a6ff851f462e0b49604ee658ad7afd85967dad8b1f5301e912bb3a973ed35", kill_on_drop: false }`
[INFO] [stderr]    Compiling cli_pipeviewer v0.1.0 (/opt/rustwide/workdir)
[INFO] [stderr]     Finished `test` profile [unoptimized + debuginfo] target(s) in 0.45s
[INFO] running `Command { std: "docker" "inspect" "6f8a6ff851f462e0b49604ee658ad7afd85967dad8b1f5301e912bb3a973ed35", kill_on_drop: false }`
[INFO] running `Command { std: "docker" "rm" "-f" "6f8a6ff851f462e0b49604ee658ad7afd85967dad8b1f5301e912bb3a973ed35", kill_on_drop: false }`
[INFO] [stdout] 6f8a6ff851f462e0b49604ee658ad7afd85967dad8b1f5301e912bb3a973ed35
[INFO] running `Command { std: "docker" "create" "-v" "/var/lib/crater-agent-workspace/builds/worker-2-tc1/target:/opt/rustwide/target:rw,Z" "-v" "/var/lib/crater-agent-workspace/builds/worker-2-tc1/source:/opt/rustwide/workdir:ro,Z" "-v" "/var/lib/crater-agent-workspace/cargo-home:/opt/rustwide/cargo-home:ro,Z" "-v" "/var/lib/crater-agent-workspace/rustup-home:/opt/rustwide/rustup-home:ro,Z" "-e" "SOURCE_DIR=/opt/rustwide/workdir" "-e" "CARGO_TARGET_DIR=/opt/rustwide/target" "-e" "CARGO_INCREMENTAL=0" "-e" "RUST_BACKTRACE=full" "-e" "RUSTFLAGS=--cap-lints=forbid" "-e" "RUSTDOCFLAGS=--cap-lints=forbid" "-e" "CARGO_HOME=/opt/rustwide/cargo-home" "-e" "RUSTUP_HOME=/opt/rustwide/rustup-home" "-w" "/opt/rustwide/workdir" "-m" "1610612736" "--user" "0:0" "--network" "none" "ghcr.io/rust-lang/crates-build-env/linux@sha256:4a844ea9eb2546a2d2c7022eacef16ef2e8229c7fbb2c7d4d55a9ceca922f72d" "/opt/rustwide/cargo-home/bin/cargo" "+nightly-2024-10-28" "test" "--frozen", kill_on_drop: false }`
[INFO] [stdout] 2f52c4d9dcaa04c5ec7d58c7a7a8e9569a99fe3f34cf91cef46f37257f5bf1de
[INFO] running `Command { std: "docker" "start" "-a" "2f52c4d9dcaa04c5ec7d58c7a7a8e9569a99fe3f34cf91cef46f37257f5bf1de", kill_on_drop: false }`
[INFO] [stderr]     Finished `test` profile [unoptimized + debuginfo] target(s) in 0.04s
[INFO] [stderr]      Running unittests src/lib.rs (/opt/rustwide/target/debug/deps/cli_pipeviewer-7ec0b30fd44df281)
[INFO] [stdout] 
[INFO] [stdout] running 1 test
[INFO] [stdout] test stats::tests::as_time_format ... ok
[INFO] [stdout] 
[INFO] [stdout] test result: ok. 1 passed; 0 failed; 0 ignored; 0 measured; 0 filtered out; finished in 0.00s
[INFO] [stdout] 
[INFO] [stderr]      Running unittests src/main.rs (/opt/rustwide/target/debug/deps/cli_pipeviewer-7cc732a4ec6ead80)
[INFO] [stdout] 
[INFO] [stdout] running 0 tests
[INFO] [stdout] 
[INFO] [stdout] test result: ok. 0 passed; 0 failed; 0 ignored; 0 measured; 0 filtered out; finished in 0.00s
[INFO] [stdout] 
[INFO] [stderr]    Doc-tests cli_pipeviewer
[INFO] [stdout] 
[INFO] [stdout] running 1 test
[INFO] [stdout] test src/stats.rs - stats::TimeOutput (line 78) ... FAILED
[INFO] [stdout] 
[INFO] [stdout] failures:
[INFO] [stdout] 
[INFO] [stdout] ---- src/stats.rs - stats::TimeOutput (line 78) stdout ----
[INFO] [stdout] error[E0433]: failed to resolve: use of undeclared crate or module `pipeviewer`
[INFO] [stdout]  --> src/stats.rs:79:5
[INFO] [stdout]   |
[INFO] [stdout] 3 | use pipeviewer::stats::TimeOutput;
[INFO] [stdout]   |     ^^^^^^^^^^ use of undeclared crate or module `pipeviewer`
[INFO] [stdout] 
[INFO] [stdout] error[E0599]: no method named `as_time` found for type `u64` in the current scope
[INFO] [stdout]  --> src/stats.rs:80:19
[INFO] [stdout]   |
[INFO] [stdout] 4 | assert_eq!(65_u64.as_time(), String::from("0:01:05"))
[INFO] [stdout]   |                   ^^^^^^^ method not found in `u64`
[INFO] [stdout] 
[INFO] [stdout] error: aborting due to 2 previous errors
[INFO] [stdout] 
[INFO] [stdout] Some errors have detailed explanations: E0433, E0599.
[INFO] [stdout] For more information about an error, try `rustc --explain E0433`.
[INFO] [stdout] Couldn't compile the test.
[INFO] [stdout] 
[INFO] [stdout] failures:
[INFO] [stdout]     src/stats.rs - stats::TimeOutput (line 78)
[INFO] [stdout] 
[INFO] [stdout] test result: FAILED. 0 passed; 1 failed; 0 ignored; 0 measured; 0 filtered out; finished in 0.09s
[INFO] [stdout] 
[INFO] [stderr] error: doctest failed, to rerun pass `--doc`
[INFO] running `Command { std: "docker" "inspect" "2f52c4d9dcaa04c5ec7d58c7a7a8e9569a99fe3f34cf91cef46f37257f5bf1de", kill_on_drop: false }`
[INFO] running `Command { std: "docker" "rm" "-f" "2f52c4d9dcaa04c5ec7d58c7a7a8e9569a99fe3f34cf91cef46f37257f5bf1de", kill_on_drop: false }`
[INFO] [stdout] 2f52c4d9dcaa04c5ec7d58c7a7a8e9569a99fe3f34cf91cef46f37257f5bf1de
