[INFO] fetching crate cli-log 2.1.0...
[INFO] testing cli-log-2.1.0 against nightly-2024-10-28+rustflags=-Zrandomize-layout for randomize-layout
[INFO] extracting crate cli-log 2.1.0 into /workspace/builds/worker-4-tc2/source
[INFO] validating manifest of crates.io crate cli-log 2.1.0 on toolchain nightly-2024-10-28
[INFO] running `Command { std: CARGO_HOME="/workspace/cargo-home" RUSTUP_HOME="/workspace/rustup-home" "/workspace/cargo-home/bin/cargo" "+nightly-2024-10-28" "metadata" "--manifest-path" "Cargo.toml" "--no-deps", kill_on_drop: false }`
[INFO] started tweaking crates.io crate cli-log 2.1.0
[INFO] finished tweaking crates.io crate cli-log 2.1.0
[INFO] tweaked toml for crates.io crate cli-log 2.1.0 written to /workspace/builds/worker-4-tc2/source/Cargo.toml
[INFO] running `Command { std: CARGO_HOME="/workspace/cargo-home" RUSTUP_HOME="/workspace/rustup-home" "/workspace/cargo-home/bin/cargo" "+nightly-2024-10-28" "generate-lockfile" "--manifest-path" "Cargo.toml", kill_on_drop: false }`
[INFO] [stderr]     Updating crates.io index
[INFO] [stderr]      Locking 39 packages to latest compatible versions
[INFO] running `Command { std: CARGO_HOME="/workspace/cargo-home" RUSTUP_HOME="/workspace/rustup-home" "/workspace/cargo-home/bin/cargo" "+nightly-2024-10-28" "fetch" "--manifest-path" "Cargo.toml", kill_on_drop: false }`
[INFO] running `Command { std: "docker" "create" "-v" "/var/lib/crater-agent-workspace/builds/worker-4-tc2/target:/opt/rustwide/target:rw,Z" "-v" "/var/lib/crater-agent-workspace/builds/worker-4-tc2/source:/opt/rustwide/workdir:ro,Z" "-v" "/var/lib/crater-agent-workspace/cargo-home:/opt/rustwide/cargo-home:ro,Z" "-v" "/var/lib/crater-agent-workspace/rustup-home:/opt/rustwide/rustup-home:ro,Z" "-e" "SOURCE_DIR=/opt/rustwide/workdir" "-e" "CARGO_TARGET_DIR=/opt/rustwide/target" "-e" "CARGO_HOME=/opt/rustwide/cargo-home" "-e" "RUSTUP_HOME=/opt/rustwide/rustup-home" "-w" "/opt/rustwide/workdir" "-m" "1610612736" "--user" "0:0" "--network" "none" "ghcr.io/rust-lang/crates-build-env/linux@sha256:4a844ea9eb2546a2d2c7022eacef16ef2e8229c7fbb2c7d4d55a9ceca922f72d" "/opt/rustwide/cargo-home/bin/cargo" "+nightly-2024-10-28" "metadata" "--no-deps" "--format-version=1", kill_on_drop: false }`
[INFO] [stdout] 614b8f2e5e0f37614bbfa22199ed1cbc523475a89efb731231b80ffe72974a85
[INFO] running `Command { std: "docker" "start" "-a" "614b8f2e5e0f37614bbfa22199ed1cbc523475a89efb731231b80ffe72974a85", kill_on_drop: false }`
[INFO] running `Command { std: "docker" "inspect" "614b8f2e5e0f37614bbfa22199ed1cbc523475a89efb731231b80ffe72974a85", kill_on_drop: false }`
[INFO] running `Command { std: "docker" "rm" "-f" "614b8f2e5e0f37614bbfa22199ed1cbc523475a89efb731231b80ffe72974a85", kill_on_drop: false }`
[INFO] [stdout] 614b8f2e5e0f37614bbfa22199ed1cbc523475a89efb731231b80ffe72974a85
[INFO] running `Command { std: "docker" "create" "-v" "/var/lib/crater-agent-workspace/builds/worker-4-tc2/target:/opt/rustwide/target:rw,Z" "-v" "/var/lib/crater-agent-workspace/builds/worker-4-tc2/source:/opt/rustwide/workdir:ro,Z" "-v" "/var/lib/crater-agent-workspace/cargo-home:/opt/rustwide/cargo-home:ro,Z" "-v" "/var/lib/crater-agent-workspace/rustup-home:/opt/rustwide/rustup-home:ro,Z" "-e" "SOURCE_DIR=/opt/rustwide/workdir" "-e" "CARGO_TARGET_DIR=/opt/rustwide/target" "-e" "CARGO_INCREMENTAL=0" "-e" "RUST_BACKTRACE=full" "-e" "RUSTFLAGS=--cap-lints=forbid -Zrandomize-layout" "-e" "RUSTDOCFLAGS=--cap-lints=forbid" "-e" "CARGO_HOME=/opt/rustwide/cargo-home" "-e" "RUSTUP_HOME=/opt/rustwide/rustup-home" "-w" "/opt/rustwide/workdir" "-m" "1610612736" "--user" "0:0" "--network" "none" "ghcr.io/rust-lang/crates-build-env/linux@sha256:4a844ea9eb2546a2d2c7022eacef16ef2e8229c7fbb2c7d4d55a9ceca922f72d" "/opt/rustwide/cargo-home/bin/cargo" "+nightly-2024-10-28" "build" "--frozen" "--message-format=json", kill_on_drop: false }`
[INFO] [stdout] cd863632fda0fc781d792c5b61c2a12e91fde3813e7ae7e15d9b36c9cdf2d8b1
[INFO] running `Command { std: "docker" "start" "-a" "cd863632fda0fc781d792c5b61c2a12e91fde3813e7ae7e15d9b36c9cdf2d8b1", kill_on_drop: false }`
[INFO] [stderr]    Compiling proc-macro2 v1.0.89
[INFO] [stderr]    Compiling unicode-ident v1.0.13
[INFO] [stderr]    Compiling autocfg v1.4.0
[INFO] [stderr]    Compiling thiserror v1.0.66
[INFO] [stderr]    Compiling iana-time-zone v0.1.61
[INFO] [stderr]    Compiling log v0.4.22
[INFO] [stderr]    Compiling file-size v1.0.3
[INFO] [stderr]    Compiling num-traits v0.2.19
[INFO] [stderr]    Compiling quote v1.0.37
[INFO] [stderr]    Compiling syn v2.0.86
[INFO] [stderr]    Compiling chrono v0.4.38
[INFO] [stderr]    Compiling thiserror-impl v1.0.66
[INFO] [stderr]    Compiling proc-status v0.1.1
[INFO] [stderr]    Compiling cli-log v2.1.0 (/opt/rustwide/workdir)
[INFO] [stderr]     Finished `dev` profile [unoptimized + debuginfo] target(s) in 3.67s
[INFO] running `Command { std: "docker" "inspect" "cd863632fda0fc781d792c5b61c2a12e91fde3813e7ae7e15d9b36c9cdf2d8b1", kill_on_drop: false }`
[INFO] running `Command { std: "docker" "rm" "-f" "cd863632fda0fc781d792c5b61c2a12e91fde3813e7ae7e15d9b36c9cdf2d8b1", kill_on_drop: false }`
[INFO] [stdout] cd863632fda0fc781d792c5b61c2a12e91fde3813e7ae7e15d9b36c9cdf2d8b1
[INFO] running `Command { std: "docker" "create" "-v" "/var/lib/crater-agent-workspace/builds/worker-4-tc2/target:/opt/rustwide/target:rw,Z" "-v" "/var/lib/crater-agent-workspace/builds/worker-4-tc2/source:/opt/rustwide/workdir:ro,Z" "-v" "/var/lib/crater-agent-workspace/cargo-home:/opt/rustwide/cargo-home:ro,Z" "-v" "/var/lib/crater-agent-workspace/rustup-home:/opt/rustwide/rustup-home:ro,Z" "-e" "SOURCE_DIR=/opt/rustwide/workdir" "-e" "CARGO_TARGET_DIR=/opt/rustwide/target" "-e" "CARGO_INCREMENTAL=0" "-e" "RUST_BACKTRACE=full" "-e" "RUSTFLAGS=--cap-lints=forbid -Zrandomize-layout" "-e" "RUSTDOCFLAGS=--cap-lints=forbid" "-e" "CARGO_HOME=/opt/rustwide/cargo-home" "-e" "RUSTUP_HOME=/opt/rustwide/rustup-home" "-w" "/opt/rustwide/workdir" "-m" "1610612736" "--user" "0:0" "--network" "none" "ghcr.io/rust-lang/crates-build-env/linux@sha256:4a844ea9eb2546a2d2c7022eacef16ef2e8229c7fbb2c7d4d55a9ceca922f72d" "/opt/rustwide/cargo-home/bin/cargo" "+nightly-2024-10-28" "test" "--frozen" "--no-run" "--message-format=json", kill_on_drop: false }`
[INFO] [stdout] dd58a6c4e3b6eb92654580ba7f3d3b9498ac991c75b2d6735a19c72fc3521b68
[INFO] running `Command { std: "docker" "start" "-a" "dd58a6c4e3b6eb92654580ba7f3d3b9498ac991c75b2d6735a19c72fc3521b68", kill_on_drop: false }`
[INFO] [stderr]    Compiling cli-log v2.1.0 (/opt/rustwide/workdir)
[INFO] [stderr]     Finished `test` profile [unoptimized + debuginfo] target(s) in 0.12s
[INFO] running `Command { std: "docker" "inspect" "dd58a6c4e3b6eb92654580ba7f3d3b9498ac991c75b2d6735a19c72fc3521b68", kill_on_drop: false }`
[INFO] running `Command { std: "docker" "rm" "-f" "dd58a6c4e3b6eb92654580ba7f3d3b9498ac991c75b2d6735a19c72fc3521b68", kill_on_drop: false }`
[INFO] [stdout] dd58a6c4e3b6eb92654580ba7f3d3b9498ac991c75b2d6735a19c72fc3521b68
[INFO] running `Command { std: "docker" "create" "-v" "/var/lib/crater-agent-workspace/builds/worker-4-tc2/target:/opt/rustwide/target:rw,Z" "-v" "/var/lib/crater-agent-workspace/builds/worker-4-tc2/source:/opt/rustwide/workdir:ro,Z" "-v" "/var/lib/crater-agent-workspace/cargo-home:/opt/rustwide/cargo-home:ro,Z" "-v" "/var/lib/crater-agent-workspace/rustup-home:/opt/rustwide/rustup-home:ro,Z" "-e" "SOURCE_DIR=/opt/rustwide/workdir" "-e" "CARGO_TARGET_DIR=/opt/rustwide/target" "-e" "CARGO_INCREMENTAL=0" "-e" "RUST_BACKTRACE=full" "-e" "RUSTFLAGS=--cap-lints=forbid -Zrandomize-layout" "-e" "RUSTDOCFLAGS=--cap-lints=forbid" "-e" "CARGO_HOME=/opt/rustwide/cargo-home" "-e" "RUSTUP_HOME=/opt/rustwide/rustup-home" "-w" "/opt/rustwide/workdir" "-m" "1610612736" "--user" "0:0" "--network" "none" "ghcr.io/rust-lang/crates-build-env/linux@sha256:4a844ea9eb2546a2d2c7022eacef16ef2e8229c7fbb2c7d4d55a9ceca922f72d" "/opt/rustwide/cargo-home/bin/cargo" "+nightly-2024-10-28" "test" "--frozen", kill_on_drop: false }`
[INFO] [stdout] ea7b0fb461ebe6836b17b564ff11f5e51ac8d17e35b3346af2e6049c77af43b7
[INFO] running `Command { std: "docker" "start" "-a" "ea7b0fb461ebe6836b17b564ff11f5e51ac8d17e35b3346af2e6049c77af43b7", kill_on_drop: false }`
[INFO] [stderr]     Finished `test` profile [unoptimized + debuginfo] target(s) in 0.02s
[INFO] [stderr]      Running unittests src/lib.rs (/opt/rustwide/target/debug/deps/cli_log-02bb8b1bfa999ffc)
[INFO] [stdout] 
[INFO] [stdout] running 0 tests
[INFO] [stdout] 
[INFO] [stdout] test result: ok. 0 passed; 0 failed; 0 ignored; 0 measured; 0 filtered out; finished in 0.00s
[INFO] [stdout] 
[INFO] [stderr]    Doc-tests cli_log
[INFO] [stdout] 
[INFO] [stdout] running 8 tests
[INFO] [stdout] test src/init.rs - init::try_init_cli_log (line 110) ... FAILED
[INFO] [stdout] test src/init.rs - init::init_cli_log (line 68) ... ok
[INFO] [stdout] test src/init.rs - init::init_cli_log (line 74) ... ok
[INFO] [stdout] test src/lib.rs - (line 25) ... ok
[INFO] [stdout] test src/lib.rs - (line 16) ... ok
[INFO] [stdout] test src/init.rs - init::try_init_cli_log (line 104) ... ok
[INFO] [stdout] test src/lib.rs - (line 37) ... ok
[INFO] [stdout] test src/time.rs - time::time (line 15) ... ok
[INFO] [stdout] 
[INFO] [stdout] failures:
[INFO] [stdout] 
[INFO] [stdout] ---- src/init.rs - init::try_init_cli_log (line 110) stdout ----
[INFO] [stdout] error[E0425]: cannot find value `e` in this scope
[INFO] [stdout]  --> src/init.rs:112:8
[INFO] [stdout]   |
[INFO] [stdout] 5 | if Err(e) = cli_log::try_init_cli_log!("my-app") {
[INFO] [stdout]   |        ^ not found in this scope
[INFO] [stdout]   |
[INFO] [stdout] help: you might have meant to use pattern matching
[INFO] [stdout]   |
[INFO] [stdout] 5 | if let Err(e) = cli_log::try_init_cli_log!("my-app") {
[INFO] [stdout]   |    +++
[INFO] [stdout] 
[INFO] [stdout] error[E0425]: cannot find value `e` in this scope
[INFO] [stdout]  --> src/init.rs:113:60
[INFO] [stdout]   |
[INFO] [stdout] 6 |      eprintln!("Running without log because of error: {}", e);
[INFO] [stdout]   |                                                            ^ not found in this scope
[INFO] [stdout] 
[INFO] [stdout] error[E0308]: mismatched types
[INFO] [stdout]  --> src/init.rs:112:4
[INFO] [stdout]   |
[INFO] [stdout] 5 | if Err(e) = cli_log::try_init_cli_log!("my-app") {
[INFO] [stdout]   |    ^^^^^^^^^^^^^^^^^^^^^^^^^^^^^^^^^^^^^^^^^^^^^ expected `bool`, found `()`
[INFO] [stdout]   |
[INFO] [stdout] help: consider adding `let`
[INFO] [stdout]   |
[INFO] [stdout] 5 | if let Err(e) = cli_log::try_init_cli_log!("my-app") {
[INFO] [stdout]   |    +++
[INFO] [stdout] 
[INFO] [stdout] error: aborting due to 3 previous errors
[INFO] [stdout] 
[INFO] [stdout] Some errors have detailed explanations: E0308, E0425.
[INFO] [stdout] For more information about an error, try `rustc --explain E0308`.
[INFO] [stdout] Couldn't compile the test.
[INFO] [stdout] 
[INFO] [stdout] failures:
[INFO] [stdout]     src/init.rs - init::try_init_cli_log (line 110)
[INFO] [stdout] 
[INFO] [stdout] test result: FAILED. 7 passed; 1 failed; 0 ignored; 0 measured; 0 filtered out; finished in 0.13s
[INFO] [stdout] 
[INFO] [stderr] error: doctest failed, to rerun pass `--doc`
[INFO] running `Command { std: "docker" "inspect" "ea7b0fb461ebe6836b17b564ff11f5e51ac8d17e35b3346af2e6049c77af43b7", kill_on_drop: false }`
[INFO] running `Command { std: "docker" "rm" "-f" "ea7b0fb461ebe6836b17b564ff11f5e51ac8d17e35b3346af2e6049c77af43b7", kill_on_drop: false }`
[INFO] [stdout] ea7b0fb461ebe6836b17b564ff11f5e51ac8d17e35b3346af2e6049c77af43b7
