[INFO] fetching crate cleora 1.2.3...
[INFO] testing cleora-1.2.3 against nightly-2024-10-28 for randomize-layout
[INFO] extracting crate cleora 1.2.3 into /workspace/builds/worker-2-tc1/source
[INFO] validating manifest of crates.io crate cleora 1.2.3 on toolchain nightly-2024-10-28
[INFO] running `Command { std: CARGO_HOME="/workspace/cargo-home" RUSTUP_HOME="/workspace/rustup-home" "/workspace/cargo-home/bin/cargo" "+nightly-2024-10-28" "metadata" "--manifest-path" "Cargo.toml" "--no-deps", kill_on_drop: false }`
[INFO] removed /workspace/builds/worker-2-tc1/source/.cargo/config
[INFO] started tweaking crates.io crate cleora 1.2.3
[INFO] finished tweaking crates.io crate cleora 1.2.3
[INFO] tweaked toml for crates.io crate cleora 1.2.3 written to /workspace/builds/worker-2-tc1/source/Cargo.toml
[INFO] crate crates.io crate cleora 1.2.3 already has a lockfile, it will not be regenerated
[INFO] running `Command { std: CARGO_HOME="/workspace/cargo-home" RUSTUP_HOME="/workspace/rustup-home" "/workspace/cargo-home/bin/cargo" "+nightly-2024-10-28" "fetch" "--manifest-path" "Cargo.toml", kill_on_drop: false }`
[INFO] [stderr]     Updating crates.io index
[INFO] [stderr]  Downloading crates ...
[INFO] [stderr]   Downloaded py_literal v0.4.0
[INFO] [stderr]   Downloaded proc-macro2 v1.0.60
[INFO] [stderr]   Downloaded plotters-svg v0.3.5
[INFO] [stderr]   Downloaded bus v2.4.0
[INFO] [stderr]   Downloaded plotters-backend v0.3.5
[INFO] [stderr]   Downloaded zip v0.5.13
[INFO] [stderr]   Downloaded console v0.15.7
[INFO] [stderr]   Downloaded similar v2.2.1
[INFO] [stderr]   Downloaded pest_meta v2.7.0
[INFO] [stderr]   Downloaded pest v2.7.0
[INFO] [stderr]   Downloaded cxx-build v1.0.97
[INFO] [stderr]   Downloaded plotters v0.3.5
[INFO] [stderr]   Downloaded serde_json v1.0.97
[INFO] [stderr]   Downloaded matrixmultiply v0.3.7
[INFO] [stderr]   Downloaded num-complex v0.4.3
[INFO] [stderr]   Downloaded pest_derive v2.7.0
[INFO] [stderr]   Downloaded ndarray-npy v0.8.1
[INFO] [stderr]   Downloaded uuid v1.3.4
[INFO] [stderr]   Downloaded cpufeatures v0.2.8
[INFO] [stderr]   Downloaded pest_generator v2.7.0
[INFO] [stderr]   Downloaded insta v1.30.0
[INFO] [stderr]   Downloaded csv v1.2.2
[INFO] [stderr]   Downloaded simdjson-rust v0.2.0-alpha
[INFO] running `Command { std: "docker" "create" "-v" "/var/lib/crater-agent-workspace/builds/worker-2-tc1/target:/opt/rustwide/target:rw,Z" "-v" "/var/lib/crater-agent-workspace/builds/worker-2-tc1/source:/opt/rustwide/workdir:ro,Z" "-v" "/var/lib/crater-agent-workspace/cargo-home:/opt/rustwide/cargo-home:ro,Z" "-v" "/var/lib/crater-agent-workspace/rustup-home:/opt/rustwide/rustup-home:ro,Z" "-e" "SOURCE_DIR=/opt/rustwide/workdir" "-e" "CARGO_TARGET_DIR=/opt/rustwide/target" "-e" "CARGO_HOME=/opt/rustwide/cargo-home" "-e" "RUSTUP_HOME=/opt/rustwide/rustup-home" "-w" "/opt/rustwide/workdir" "-m" "1610612736" "--user" "0:0" "--network" "none" "ghcr.io/rust-lang/crates-build-env/linux@sha256:4a844ea9eb2546a2d2c7022eacef16ef2e8229c7fbb2c7d4d55a9ceca922f72d" "/opt/rustwide/cargo-home/bin/cargo" "+nightly-2024-10-28" "metadata" "--no-deps" "--format-version=1", kill_on_drop: false }`
[INFO] [stdout] ae9b4c0af61b0bf27f0c65f025bb5c42108a669baac3c415681c389e243a75ae
[INFO] running `Command { std: "docker" "start" "-a" "ae9b4c0af61b0bf27f0c65f025bb5c42108a669baac3c415681c389e243a75ae", kill_on_drop: false }`
[INFO] running `Command { std: "docker" "inspect" "ae9b4c0af61b0bf27f0c65f025bb5c42108a669baac3c415681c389e243a75ae", kill_on_drop: false }`
[INFO] running `Command { std: "docker" "rm" "-f" "ae9b4c0af61b0bf27f0c65f025bb5c42108a669baac3c415681c389e243a75ae", kill_on_drop: false }`
[INFO] [stdout] ae9b4c0af61b0bf27f0c65f025bb5c42108a669baac3c415681c389e243a75ae
[INFO] running `Command { std: "docker" "create" "-v" "/var/lib/crater-agent-workspace/builds/worker-2-tc1/target:/opt/rustwide/target:rw,Z" "-v" "/var/lib/crater-agent-workspace/builds/worker-2-tc1/source:/opt/rustwide/workdir:ro,Z" "-v" "/var/lib/crater-agent-workspace/cargo-home:/opt/rustwide/cargo-home:ro,Z" "-v" "/var/lib/crater-agent-workspace/rustup-home:/opt/rustwide/rustup-home:ro,Z" "-e" "SOURCE_DIR=/opt/rustwide/workdir" "-e" "CARGO_TARGET_DIR=/opt/rustwide/target" "-e" "CARGO_INCREMENTAL=0" "-e" "RUST_BACKTRACE=full" "-e" "RUSTFLAGS=--cap-lints=forbid" "-e" "RUSTDOCFLAGS=--cap-lints=forbid" "-e" "CARGO_HOME=/opt/rustwide/cargo-home" "-e" "RUSTUP_HOME=/opt/rustwide/rustup-home" "-w" "/opt/rustwide/workdir" "-m" "1610612736" "--user" "0:0" "--network" "none" "ghcr.io/rust-lang/crates-build-env/linux@sha256:4a844ea9eb2546a2d2c7022eacef16ef2e8229c7fbb2c7d4d55a9ceca922f72d" "/opt/rustwide/cargo-home/bin/cargo" "+nightly-2024-10-28" "build" "--frozen" "--message-format=json", kill_on_drop: false }`
[INFO] [stdout] fb15f23239b6d6e5f178ba23ba2ce1bc5c0a60868f3a79de630ee4002ec769aa
[INFO] running `Command { std: "docker" "start" "-a" "fb15f23239b6d6e5f178ba23ba2ce1bc5c0a60868f3a79de630ee4002ec769aa", kill_on_drop: false }`
[INFO] [stderr]    Compiling autocfg v1.1.0
[INFO] [stderr]    Compiling proc-macro2 v1.0.60
[INFO] [stderr]    Compiling quote v1.0.28
[INFO] [stderr]    Compiling unicode-ident v1.0.9
[INFO] [stderr]    Compiling libc v0.2.146
[INFO] [stderr]    Compiling once_cell v1.18.0
[INFO] [stderr]    Compiling thiserror v1.0.40
[INFO] [stderr]    Compiling crossbeam-utils v0.8.16
[INFO] [stderr]    Compiling termcolor v1.2.0
[INFO] [stderr]    Compiling ucd-trie v0.1.5
[INFO] [stderr]    Compiling scratch v1.0.5
[INFO] [stderr]    Compiling memchr v2.5.0
[INFO] [stderr]    Compiling crc32fast v1.3.2
[INFO] [stderr]    Compiling cxxbridge-flags v1.0.97
[INFO] [stderr]    Compiling link-cplusplus v1.0.8
[INFO] [stderr]    Compiling unicode-width v0.1.10
[INFO] [stderr]    Compiling cxx v1.0.97
[INFO] [stderr]    Compiling serde v1.0.164
[INFO] [stderr]    Compiling scopeguard v1.1.0
[INFO] [stderr]    Compiling miniz_oxide v0.7.1
[INFO] [stderr]    Compiling codespan-reporting v0.11.1
[INFO] [stderr]    Compiling ppv-lite86 v0.2.17
[INFO] [stderr]    Compiling parking_lot_core v0.9.8
[INFO] [stderr]    Compiling serde_json v1.0.97
[INFO] [stderr]    Compiling rayon-core v1.11.0
[INFO] [stderr]    Compiling rawpointer v0.2.1
[INFO] [stderr]    Compiling num-traits v0.2.15
[INFO] [stderr]    Compiling memoffset v0.9.0
[INFO] [stderr]    Compiling num-integer v0.1.45
[INFO] [stderr]    Compiling crossbeam-epoch v0.9.15
[INFO] [stderr]    Compiling num-bigint v0.4.3
[INFO] [stderr]    Compiling matrixmultiply v0.3.7
[INFO] [stderr]    Compiling indexmap v1.9.3
[INFO] [stderr]    Compiling ryu v1.0.13
[INFO] [stderr]    Compiling crossbeam-channel v0.5.8
[INFO] [stderr]    Compiling flate2 v1.0.26
[INFO] [stderr]    Compiling itoa v1.0.6
[INFO] [stderr]    Compiling regex-syntax v0.7.2
[INFO] [stderr]    Compiling aho-corasick v1.0.2
[INFO] [stderr]    Compiling byteorder v1.4.3
[INFO] [stderr]    Compiling hashbrown v0.12.3
[INFO] [stderr]    Compiling syn v2.0.18
[INFO] [stderr]    Compiling getrandom v0.2.10
[INFO] [stderr]    Compiling num_cpus v1.15.0
[INFO] [stderr]    Compiling atty v0.2.14
[INFO] [stderr]    Compiling smallvec v1.10.0
[INFO] [stderr]    Compiling crossbeam-deque v0.8.3
[INFO] [stderr]    Compiling os_str_bytes v6.5.1
[INFO] [stderr]    Compiling rand_core v0.6.4
[INFO] [stderr]    Compiling either v1.8.1
[INFO] [stderr]    Compiling static_assertions v1.1.0
[INFO] [stderr]    Compiling humantime v2.1.0
[INFO] [stderr]    Compiling log v0.4.19
[INFO] [stderr]    Compiling textwrap v0.16.0
[INFO] [stderr]    Compiling bitflags v1.3.2
[INFO] [stderr]    Compiling rand_chacha v0.3.1
[INFO] [stderr]    Compiling clap_lex v0.2.4
[INFO] [stderr]    Compiling strsim v0.10.0
[INFO] [stderr]    Compiling bus v2.4.0
[INFO] [stderr]    Compiling uuid v1.3.4
[INFO] [stderr]    Compiling memmap v0.7.0
[INFO] [stderr]    Compiling rand v0.8.5
[INFO] [stderr]    Compiling rustc-hash v1.1.0
[INFO] [stderr]    Compiling num-complex v0.4.3
[INFO] [stderr]    Compiling rayon v1.7.0
[INFO] [stderr]    Compiling regex v1.8.4
[INFO] [stderr]    Compiling clap v3.2.25
[INFO] [stderr]    Compiling ndarray v0.15.6
[INFO] [stderr]    Compiling twox-hash v1.6.3
[INFO] [stderr]    Compiling env_logger v0.9.3
[INFO] [stderr]    Compiling cxx-build v1.0.97
[INFO] [stderr]    Compiling thiserror-impl v1.0.40
[INFO] [stderr]    Compiling serde_derive v1.0.164
[INFO] [stderr]    Compiling cxxbridge-macro v1.0.97
[INFO] [stderr]    Compiling pest v2.7.0
[INFO] [stderr]    Compiling zip v0.5.13
[INFO] [stderr]    Compiling simdjson-rust v0.2.0-alpha
[INFO] [stderr]    Compiling pest_meta v2.7.0
[INFO] [stderr]    Compiling pest_generator v2.7.0
[INFO] [stderr]    Compiling pest_derive v2.7.0
[INFO] [stderr]    Compiling py_literal v0.4.0
[INFO] [stderr]    Compiling ndarray-npy v0.8.1
[INFO] [stderr]    Compiling cleora v1.2.3 (/opt/rustwide/workdir)
[INFO] [stderr]     Finished `dev` profile [unoptimized + debuginfo] target(s) in 33.63s
[INFO] running `Command { std: "docker" "inspect" "fb15f23239b6d6e5f178ba23ba2ce1bc5c0a60868f3a79de630ee4002ec769aa", kill_on_drop: false }`
[INFO] running `Command { std: "docker" "rm" "-f" "fb15f23239b6d6e5f178ba23ba2ce1bc5c0a60868f3a79de630ee4002ec769aa", kill_on_drop: false }`
[INFO] [stdout] fb15f23239b6d6e5f178ba23ba2ce1bc5c0a60868f3a79de630ee4002ec769aa
[INFO] running `Command { std: "docker" "create" "-v" "/var/lib/crater-agent-workspace/builds/worker-2-tc1/target:/opt/rustwide/target:rw,Z" "-v" "/var/lib/crater-agent-workspace/builds/worker-2-tc1/source:/opt/rustwide/workdir:ro,Z" "-v" "/var/lib/crater-agent-workspace/cargo-home:/opt/rustwide/cargo-home:ro,Z" "-v" "/var/lib/crater-agent-workspace/rustup-home:/opt/rustwide/rustup-home:ro,Z" "-e" "SOURCE_DIR=/opt/rustwide/workdir" "-e" "CARGO_TARGET_DIR=/opt/rustwide/target" "-e" "CARGO_INCREMENTAL=0" "-e" "RUST_BACKTRACE=full" "-e" "RUSTFLAGS=--cap-lints=forbid" "-e" "RUSTDOCFLAGS=--cap-lints=forbid" "-e" "CARGO_HOME=/opt/rustwide/cargo-home" "-e" "RUSTUP_HOME=/opt/rustwide/rustup-home" "-w" "/opt/rustwide/workdir" "-m" "1610612736" "--user" "0:0" "--network" "none" "ghcr.io/rust-lang/crates-build-env/linux@sha256:4a844ea9eb2546a2d2c7022eacef16ef2e8229c7fbb2c7d4d55a9ceca922f72d" "/opt/rustwide/cargo-home/bin/cargo" "+nightly-2024-10-28" "test" "--frozen" "--no-run" "--message-format=json", kill_on_drop: false }`
[INFO] [stdout] 59fe7ad4f3d5fe4b218ea3240a7010b9fb14a02bd67ced4dc20a31dcd42063c0
[INFO] running `Command { std: "docker" "start" "-a" "59fe7ad4f3d5fe4b218ea3240a7010b9fb14a02bd67ced4dc20a31dcd42063c0", kill_on_drop: false }`
[INFO] [stderr]    Compiling unicode-width v0.1.10
[INFO] [stderr]    Compiling plotters-backend v0.3.5
[INFO] [stderr]    Compiling lazy_static v1.4.0
[INFO] [stderr]    Compiling itertools v0.10.5
[INFO] [stderr]    Compiling csv-core v0.1.10
[INFO] [stderr]    Compiling linked-hash-map v0.5.6
[INFO] [stderr]    Compiling half v1.8.2
[INFO] [stderr]    Compiling walkdir v2.3.3
[INFO] [stderr]    Compiling tinytemplate v1.2.1
[INFO] [stderr]    Compiling oorandom v11.1.3
[INFO] [stderr]    Compiling similar v2.2.1
[INFO] [stderr]    Compiling console v0.15.7
[INFO] [stderr]    Compiling codespan-reporting v0.11.1
[INFO] [stderr]    Compiling textwrap v0.11.0
[INFO] [stderr]    Compiling yaml-rust v0.4.5
[INFO] [stderr]    Compiling csv v1.2.2
[INFO] [stderr]    Compiling clap v2.34.0
[INFO] [stderr]    Compiling plotters-svg v0.3.5
[INFO] [stderr]    Compiling serde_cbor v0.11.2
[INFO] [stderr]    Compiling plotters v0.3.5
[INFO] [stderr]    Compiling cxx-build v1.0.97
[INFO] [stderr]    Compiling insta v1.30.0
[INFO] [stderr]    Compiling criterion-plot v0.4.5
[INFO] [stderr]    Compiling criterion v0.3.6
[INFO] [stderr]    Compiling simdjson-rust v0.2.0-alpha
[INFO] [stderr]    Compiling cleora v1.2.3 (/opt/rustwide/workdir)
[INFO] [stdout] warning: fields `entity`, `occur_count`, and `vector` are never read
[INFO] [stdout]    --> tests/snapshot.rs:109:5
[INFO] [stdout]     |
[INFO] [stdout] 108 | struct InMemoryEntity {
[INFO] [stdout]     |        -------------- fields in this struct
[INFO] [stdout] 109 |     entity: String,
[INFO] [stdout]     |     ^^^^^^
[INFO] [stdout] 110 |     occur_count: u32,
[INFO] [stdout]     |     ^^^^^^^^^^^
[INFO] [stdout] 111 |     vector: Vec<f32>,
[INFO] [stdout]     |     ^^^^^^
[INFO] [stdout]     |
[INFO] [stdout]     = note: `InMemoryEntity` has a derived impl for the trait `Debug`, but this is intentionally ignored during dead code analysis
[INFO] [stdout]     = note: `#[warn(dead_code)]` on by default
[INFO] [stdout] 
[INFO] [stdout] 
[INFO] [stderr]     Finished `test` profile [unoptimized + debuginfo] target(s) in 24.05s
[INFO] running `Command { std: "docker" "inspect" "59fe7ad4f3d5fe4b218ea3240a7010b9fb14a02bd67ced4dc20a31dcd42063c0", kill_on_drop: false }`
[INFO] running `Command { std: "docker" "rm" "-f" "59fe7ad4f3d5fe4b218ea3240a7010b9fb14a02bd67ced4dc20a31dcd42063c0", kill_on_drop: false }`
[INFO] [stdout] 59fe7ad4f3d5fe4b218ea3240a7010b9fb14a02bd67ced4dc20a31dcd42063c0
[INFO] running `Command { std: "docker" "create" "-v" "/var/lib/crater-agent-workspace/builds/worker-2-tc1/target:/opt/rustwide/target:rw,Z" "-v" "/var/lib/crater-agent-workspace/builds/worker-2-tc1/source:/opt/rustwide/workdir:ro,Z" "-v" "/var/lib/crater-agent-workspace/cargo-home:/opt/rustwide/cargo-home:ro,Z" "-v" "/var/lib/crater-agent-workspace/rustup-home:/opt/rustwide/rustup-home:ro,Z" "-e" "SOURCE_DIR=/opt/rustwide/workdir" "-e" "CARGO_TARGET_DIR=/opt/rustwide/target" "-e" "CARGO_INCREMENTAL=0" "-e" "RUST_BACKTRACE=full" "-e" "RUSTFLAGS=--cap-lints=forbid" "-e" "RUSTDOCFLAGS=--cap-lints=forbid" "-e" "CARGO_HOME=/opt/rustwide/cargo-home" "-e" "RUSTUP_HOME=/opt/rustwide/rustup-home" "-w" "/opt/rustwide/workdir" "-m" "1610612736" "--user" "0:0" "--network" "none" "ghcr.io/rust-lang/crates-build-env/linux@sha256:4a844ea9eb2546a2d2c7022eacef16ef2e8229c7fbb2c7d4d55a9ceca922f72d" "/opt/rustwide/cargo-home/bin/cargo" "+nightly-2024-10-28" "test" "--frozen", kill_on_drop: false }`
[INFO] [stdout] cf7bbcec550ce9ca0ee45b0136de99fc7a44f21ea6ce1210271d65f53bef6349
[INFO] running `Command { std: "docker" "start" "-a" "cf7bbcec550ce9ca0ee45b0136de99fc7a44f21ea6ce1210271d65f53bef6349", kill_on_drop: false }`
[INFO] [stderr] warning: fields `entity`, `occur_count`, and `vector` are never read
[INFO] [stderr]    --> tests/snapshot.rs:109:5
[INFO] [stderr]     |
[INFO] [stderr] 108 | struct InMemoryEntity {
[INFO] [stderr]     |        -------------- fields in this struct
[INFO] [stderr] 109 |     entity: String,
[INFO] [stderr]     |     ^^^^^^
[INFO] [stderr] 110 |     occur_count: u32,
[INFO] [stderr]     |     ^^^^^^^^^^^
[INFO] [stderr] 111 |     vector: Vec<f32>,
[INFO] [stderr]     |     ^^^^^^
[INFO] [stderr]     |
[INFO] [stderr]     = note: `InMemoryEntity` has a derived impl for the trait `Debug`, but this is intentionally ignored during dead code analysis
[INFO] [stderr]     = note: `#[warn(dead_code)]` on by default
[INFO] [stderr] 
[INFO] [stderr] warning: `cleora` (test "snapshot") generated 1 warning
[INFO] [stderr]     Finished `test` profile [unoptimized + debuginfo] target(s) in 0.08s
[INFO] [stderr]      Running unittests src/lib.rs (/opt/rustwide/target/debug/deps/cleora-475f517a8b41585e)
[INFO] [stdout] 
[INFO] [stdout] running 7 tests
[INFO] [stdout] test entity::tests::generate_cartesian_product_indices ... ok
[INFO] [stdout] test entity::tests::generate_cartesian_product_hashes ... ok
[INFO] [stdout] test entity::tests::process_row_and_handle_hashes ... ok
[INFO] [stdout] test sparse_matrix::tests::create_sparse_matrices_if_reflexive_columns_provided ... ok
[INFO] [stdout] test sparse_matrix::tests::create_sparse_matrices_if_no_columns_provided ... ok
[INFO] [stdout] test sparse_matrix::tests::create_sparse_matrices_if_transient_columns_provided ... ok
[INFO] [stdout] test sparse_matrix::tests::create_sparse_matrix_for_undirected_graph ... ok
[INFO] [stdout] 
[INFO] [stdout] test result: ok. 7 passed; 0 failed; 0 ignored; 0 measured; 0 filtered out; finished in 0.00s
[INFO] [stdout] 
[INFO] [stderr]      Running unittests src/main.rs (/opt/rustwide/target/debug/deps/cleora-8e381e76fc8e11e9)
[INFO] [stdout] 
[INFO] [stdout] running 0 tests
[INFO] [stdout] 
[INFO] [stdout] test result: ok. 0 passed; 0 failed; 0 ignored; 0 measured; 0 filtered out; finished in 0.00s
[INFO] [stdout] 
[INFO] [stderr]      Running tests/snapshot.rs (/opt/rustwide/target/debug/deps/snapshot-dde61f22e539c6f6)
[INFO] [stdout] 
[INFO] [stdout] running 1 test
[INFO] [stdout] test test_build_graphs_and_create_embeddings ... FAILED
[INFO] [stdout] 
[INFO] [stdout] failures:
[INFO] [stdout] 
[INFO] [stdout] ---- test_build_graphs_and_create_embeddings stdout ----
[INFO] [stdout] [src/pipeline.rs:25:5] &sparse_matrices = [
[INFO] [stdout]     SparseMatrix {
[INFO] [stdout]         col_a_id: 0,
[INFO] [stdout]         col_a_name: "a",
[INFO] [stdout]         col_b_id: 3,
[INFO] [stdout]         col_b_name: "a",
[INFO] [stdout]         edge_count: 0,
[INFO] [stdout]         hash_2_id: {},
[INFO] [stdout]         id_2_hash: [],
[INFO] [stdout]         row_sum: [],
[INFO] [stdout]         pair_index: {},
[INFO] [stdout]         entries: [],
[INFO] [stdout]     },
[INFO] [stdout]     SparseMatrix {
[INFO] [stdout]         col_a_id: 0,
[INFO] [stdout]         col_a_name: "a",
[INFO] [stdout]         col_b_id: 1,
[INFO] [stdout]         col_b_name: "b",
[INFO] [stdout]         edge_count: 0,
[INFO] [stdout]         hash_2_id: {},
[INFO] [stdout]         id_2_hash: [],
[INFO] [stdout]         row_sum: [],
[INFO] [stdout]         pair_index: {},
[INFO] [stdout]         entries: [],
[INFO] [stdout]     },
[INFO] [stdout]     SparseMatrix {
[INFO] [stdout]         col_a_id: 0,
[INFO] [stdout]         col_a_name: "a",
[INFO] [stdout]         col_b_id: 2,
[INFO] [stdout]         col_b_name: "c",
[INFO] [stdout]         edge_count: 0,
[INFO] [stdout]         hash_2_id: {},
[INFO] [stdout]         id_2_hash: [],
[INFO] [stdout]         row_sum: [],
[INFO] [stdout]         pair_index: {},
[INFO] [stdout]         entries: [],
[INFO] [stdout]     },
[INFO] [stdout]     SparseMatrix {
[INFO] [stdout]         col_a_id: 1,
[INFO] [stdout]         col_a_name: "b",
[INFO] [stdout]         col_b_id: 2,
[INFO] [stdout]         col_b_name: "c",
[INFO] [stdout]         edge_count: 0,
[INFO] [stdout]         hash_2_id: {},
[INFO] [stdout]         id_2_hash: [],
[INFO] [stdout]         row_sum: [],
[INFO] [stdout]         pair_index: {},
[INFO] [stdout]         entries: [],
[INFO] [stdout]     },
[INFO] [stdout] ]
[INFO] [stdout] thread 'test_build_graphs_and_create_embeddings' panicked at src/embedding.rs:278:10:
[INFO] [stdout] Can't create new set of options for memory mapped file: Os { code: 30, kind: ReadOnlyFilesystem, message: "Read-only file system" }
[INFO] [stdout] stack backtrace:
[INFO] [stdout]    0:     0x652de40e73fa - std::backtrace_rs::backtrace::libunwind::trace::h207520d6e9873551
[INFO] [stdout]                                at /rustc/df4ca44d3fbc9301ee17f30f4d474e6ae4b05252/library/std/src/../../backtrace/src/backtrace/libunwind.rs:116:5
[INFO] [stdout]    1:     0x652de40e73fa - std::backtrace_rs::backtrace::trace_unsynchronized::h2ed7433f370e3eca
[INFO] [stdout]                                at /rustc/df4ca44d3fbc9301ee17f30f4d474e6ae4b05252/library/std/src/../../backtrace/src/backtrace/mod.rs:66:5
[INFO] [stdout]    2:     0x652de40e73fa - std::sys::backtrace::_print_fmt::h916fac51166b18d7
[INFO] [stdout]                                at /rustc/df4ca44d3fbc9301ee17f30f4d474e6ae4b05252/library/std/src/sys/backtrace.rs:66:9
[INFO] [stdout]    3:     0x652de40e73fa - <std::sys::backtrace::BacktraceLock::print::DisplayBacktrace as core::fmt::Display>::fmt::ha0a4c9b8ce3802e6
[INFO] [stdout]                                at /rustc/df4ca44d3fbc9301ee17f30f4d474e6ae4b05252/library/std/src/sys/backtrace.rs:39:26
[INFO] [stdout]    4:     0x652de4111203 - core::fmt::rt::Argument::fmt::h4cfc8587d52b3eb5
[INFO] [stdout]                                at /rustc/df4ca44d3fbc9301ee17f30f4d474e6ae4b05252/library/core/src/fmt/rt.rs:177:76
[INFO] [stdout]    5:     0x652de4111203 - core::fmt::write::h522cc39e5b36ae9f
[INFO] [stdout]                                at /rustc/df4ca44d3fbc9301ee17f30f4d474e6ae4b05252/library/core/src/fmt/mod.rs:1190:21
[INFO] [stdout]    6:     0x652de40e37c3 - std::io::Write::write_fmt::h7d3c26752da97734
[INFO] [stdout]                                at /rustc/df4ca44d3fbc9301ee17f30f4d474e6ae4b05252/library/std/src/io/mod.rs:1839:15
[INFO] [stdout]    7:     0x652de40e7242 - std::sys::backtrace::BacktraceLock::print::h4b9e00b29e9c0942
[INFO] [stdout]                                at /rustc/df4ca44d3fbc9301ee17f30f4d474e6ae4b05252/library/std/src/sys/backtrace.rs:42:9
[INFO] [stdout]    8:     0x652de40e888a - std::panicking::default_hook::{{closure}}::hb59b88280d0324d9
[INFO] [stdout]                                at /rustc/df4ca44d3fbc9301ee17f30f4d474e6ae4b05252/library/std/src/panicking.rs:268:22
[INFO] [stdout]    9:     0x652de40e8694 - std::panicking::default_hook::he1dd496665be4a29
[INFO] [stdout]                                at /rustc/df4ca44d3fbc9301ee17f30f4d474e6ae4b05252/library/std/src/panicking.rs:292:9
[INFO] [stdout]   10:     0x652de3e55d89 - <alloc::boxed::Box<F,A> as core::ops::function::Fn<Args>>::call::h4ff71de18744e1dc
[INFO] [stdout]                                at /rustc/df4ca44d3fbc9301ee17f30f4d474e6ae4b05252/library/alloc/src/boxed.rs:2468:9
[INFO] [stdout]   11:     0x652de3e55d89 - test::test_main::{{closure}}::hcf7c055ce117aa81
[INFO] [stdout]                                at /rustc/df4ca44d3fbc9301ee17f30f4d474e6ae4b05252/library/test/src/lib.rs:133:21
[INFO] [stdout]   12:     0x652de40e8f88 - <alloc::boxed::Box<F,A> as core::ops::function::Fn<Args>>::call::h1d66c6bbd60c9692
[INFO] [stdout]                                at /rustc/df4ca44d3fbc9301ee17f30f4d474e6ae4b05252/library/alloc/src/boxed.rs:2468:9
[INFO] [stdout]   13:     0x652de40e8f88 - std::panicking::rust_panic_with_hook::h2ff17fe8f26dfcf8
[INFO] [stdout]                                at /rustc/df4ca44d3fbc9301ee17f30f4d474e6ae4b05252/library/std/src/panicking.rs:809:13
[INFO] [stdout]   14:     0x652de40e8d4a - std::panicking::begin_panic_handler::{{closure}}::h4fad77951c07e101
[INFO] [stdout]                                at /rustc/df4ca44d3fbc9301ee17f30f4d474e6ae4b05252/library/std/src/panicking.rs:674:13
[INFO] [stdout]   15:     0x652de40e78d9 - std::sys::backtrace::__rust_end_short_backtrace::hb1a25b3da5d0ea08
[INFO] [stdout]                                at /rustc/df4ca44d3fbc9301ee17f30f4d474e6ae4b05252/library/std/src/sys/backtrace.rs:170:18
[INFO] [stdout]   16:     0x652de40e89dc - rust_begin_unwind
[INFO] [stdout]                                at /rustc/df4ca44d3fbc9301ee17f30f4d474e6ae4b05252/library/std/src/panicking.rs:665:5
[INFO] [stdout]   17:     0x652de410e950 - core::panicking::panic_fmt::ha9db07b529f9b256
[INFO] [stdout]                                at /rustc/df4ca44d3fbc9301ee17f30f4d474e6ae4b05252/library/core/src/panicking.rs:75:14
[INFO] [stdout]   18:     0x652de410edd6 - core::result::unwrap_failed::h5e8218e4d4338b8a
[INFO] [stdout]                                at /rustc/df4ca44d3fbc9301ee17f30f4d474e6ae4b05252/library/core/src/result.rs:1698:5
[INFO] [stdout]   19:     0x652de3fe97ed - core::result::Result<T,E>::expect::hb14f75f97f204618
[INFO] [stdout]                                at /rustc/df4ca44d3fbc9301ee17f30f4d474e6ae4b05252/library/core/src/result.rs:1060:23
[INFO] [stdout]   20:     0x652de3fb4503 - cleora::embedding::create_mmap::hedfca7b7084668c1
[INFO] [stdout]                                at /opt/rustwide/workdir/src/embedding.rs:273:16
[INFO] [stdout]   21:     0x652de3fb3116 - <cleora::embedding::MMapMatrix as cleora::embedding::MatrixWrapper>::init_with_hashes::h7ed16d949d7ff29b
[INFO] [stdout]                                at /opt/rustwide/workdir/src/embedding.rs:170:24
[INFO] [stdout]   22:     0x652de3fb5469 - cleora::embedding::MatrixMultiplicator<T,M>::initialize::h3caffc3a69158da4
[INFO] [stdout]                                at /opt/rustwide/workdir/src/embedding.rs:372:22
[INFO] [stdout]   23:     0x652de3fb89cb - cleora::embedding::calculate_embeddings_mmap::ha959aa193cb9adf6
[INFO] [stdout]                                at /opt/rustwide/workdir/src/embedding.rs:488:28
[INFO] [stdout]   24:     0x652de3e1b4e5 - snapshot::test_build_graphs_and_create_embeddings::he6e5d4d813da3e46
[INFO] [stdout]                                at /opt/rustwide/workdir/tests/snapshot.rs:53:9
[INFO] [stdout]   25:     0x652de3e1a687 - snapshot::test_build_graphs_and_create_embeddings::{{closure}}::h0d12179d45293e21
[INFO] [stdout]                                at /opt/rustwide/workdir/tests/snapshot.rs:22:45
[INFO] [stdout]   26:     0x652de3e182c6 - core::ops::function::FnOnce::call_once::h696f83595380a414
[INFO] [stdout]                                at /rustc/df4ca44d3fbc9301ee17f30f4d474e6ae4b05252/library/core/src/ops/function.rs:250:5
[INFO] [stdout]   27:     0x652de3e5a65b - core::ops::function::FnOnce::call_once::h22c3ba5715e93f05
[INFO] [stdout]                                at /rustc/df4ca44d3fbc9301ee17f30f4d474e6ae4b05252/library/core/src/ops/function.rs:250:5
[INFO] [stdout]   28:     0x652de3e5a65b - test::__rust_begin_short_backtrace::h8e82d8113d0da17f
[INFO] [stdout]                                at /rustc/df4ca44d3fbc9301ee17f30f4d474e6ae4b05252/library/test/src/lib.rs:621:18
[INFO] [stdout]   29:     0x652de3e59fd7 - test::run_test_in_process::{{closure}}::h33235f4f20b7b7c7
[INFO] [stdout]                                at /rustc/df4ca44d3fbc9301ee17f30f4d474e6ae4b05252/library/test/src/lib.rs:644:60
[INFO] [stdout]   30:     0x652de3e59fd7 - <core::panic::unwind_safe::AssertUnwindSafe<F> as core::ops::function::FnOnce<()>>::call_once::hb5043206310c586f
[INFO] [stdout]                                at /rustc/df4ca44d3fbc9301ee17f30f4d474e6ae4b05252/library/core/src/panic/unwind_safe.rs:272:9
[INFO] [stdout]   31:     0x652de3e59fd7 - std::panicking::try::do_call::h9ad4731a60ab23e2
[INFO] [stdout]                                at /rustc/df4ca44d3fbc9301ee17f30f4d474e6ae4b05252/library/std/src/panicking.rs:557:40
[INFO] [stdout]   32:     0x652de3e59fd7 - std::panicking::try::h3824d23db772a716
[INFO] [stdout]                                at /rustc/df4ca44d3fbc9301ee17f30f4d474e6ae4b05252/library/std/src/panicking.rs:520:19
[INFO] [stdout]   33:     0x652de3e59fd7 - std::panic::catch_unwind::h5afd514605fde46b
[INFO] [stdout]                                at /rustc/df4ca44d3fbc9301ee17f30f4d474e6ae4b05252/library/std/src/panic.rs:358:14
[INFO] [stdout]   34:     0x652de3e59fd7 - test::run_test_in_process::h0d5cbfa7067d1720
[INFO] [stdout]                                at /rustc/df4ca44d3fbc9301ee17f30f4d474e6ae4b05252/library/test/src/lib.rs:644:27
[INFO] [stdout]   35:     0x652de3e59fd7 - test::run_test::{{closure}}::h708eb8872708115d
[INFO] [stdout]                                at /rustc/df4ca44d3fbc9301ee17f30f4d474e6ae4b05252/library/test/src/lib.rs:565:43
[INFO] [stdout]   36:     0x652de3e1d6f4 - test::run_test::{{closure}}::h392c51cee94713ab
[INFO] [stdout]                                at /rustc/df4ca44d3fbc9301ee17f30f4d474e6ae4b05252/library/test/src/lib.rs:595:41
[INFO] [stdout]   37:     0x652de3e1d6f4 - std::sys::backtrace::__rust_begin_short_backtrace::h2f40290710935a8b
[INFO] [stdout]                                at /rustc/df4ca44d3fbc9301ee17f30f4d474e6ae4b05252/library/std/src/sys/backtrace.rs:154:18
[INFO] [stdout]   38:     0x652de3e20e9e - std::thread::Builder::spawn_unchecked_::{{closure}}::{{closure}}::h3fd968d89053a903
[INFO] [stdout]                                at /rustc/df4ca44d3fbc9301ee17f30f4d474e6ae4b05252/library/std/src/thread/mod.rs:541:17
[INFO] [stdout]   39:     0x652de3e20e9e - <core::panic::unwind_safe::AssertUnwindSafe<F> as core::ops::function::FnOnce<()>>::call_once::h743f637ba4229880
[INFO] [stdout]                                at /rustc/df4ca44d3fbc9301ee17f30f4d474e6ae4b05252/library/core/src/panic/unwind_safe.rs:272:9
[INFO] [stdout]   40:     0x652de3e20e9e - std::panicking::try::do_call::h07440897322525a6
[INFO] [stdout]                                at /rustc/df4ca44d3fbc9301ee17f30f4d474e6ae4b05252/library/std/src/panicking.rs:557:40
[INFO] [stdout]   41:     0x652de3e20e9e - std::panicking::try::he5a2e00188156637
[INFO] [stdout]                                at /rustc/df4ca44d3fbc9301ee17f30f4d474e6ae4b05252/library/std/src/panicking.rs:520:19
[INFO] [stdout]   42:     0x652de3e20e9e - std::panic::catch_unwind::hbaf3cae49b3c6433
[INFO] [stdout]                                at /rustc/df4ca44d3fbc9301ee17f30f4d474e6ae4b05252/library/std/src/panic.rs:358:14
[INFO] [stdout]   43:     0x652de3e20e9e - std::thread::Builder::spawn_unchecked_::{{closure}}::h8e141ea224820bce
[INFO] [stdout]                                at /rustc/df4ca44d3fbc9301ee17f30f4d474e6ae4b05252/library/std/src/thread/mod.rs:540:30
[INFO] [stdout]   44:     0x652de3e20e9e - core::ops::function::FnOnce::call_once{{vtable.shim}}::h90d312fedd7b8ea8
[INFO] [stdout]                                at /rustc/df4ca44d3fbc9301ee17f30f4d474e6ae4b05252/library/core/src/ops/function.rs:250:5
[INFO] [stdout]   45:     0x652de40ed1cb - <alloc::boxed::Box<F,A> as core::ops::function::FnOnce<Args>>::call_once::h69aa08ddb6adb8b6
[INFO] [stdout]                                at /rustc/df4ca44d3fbc9301ee17f30f4d474e6ae4b05252/library/alloc/src/boxed.rs:2454:9
[INFO] [stdout]   46:     0x652de40ed1cb - <alloc::boxed::Box<F,A> as core::ops::function::FnOnce<Args>>::call_once::h5aa36efdb79c806f
[INFO] [stdout]                                at /rustc/df4ca44d3fbc9301ee17f30f4d474e6ae4b05252/library/alloc/src/boxed.rs:2454:9
[INFO] [stdout]   47:     0x652de40ed1cb - std::sys::pal::unix::thread::Thread::new::thread_start::h6cd80a1b4be5158d
[INFO] [stdout]                                at /rustc/df4ca44d3fbc9301ee17f30f4d474e6ae4b05252/library/std/src/sys/pal/unix/thread.rs:105:17
[INFO] [stdout]   48:     0x7b6e0f619ac3 - <unknown>
[INFO] [stdout]   49:     0x7b6e0f6aaa04 - clone
[INFO] [stdout]   50:                0x0 - <unknown>
[INFO] [stdout] 
[INFO] [stdout] 
[INFO] [stdout] failures:
[INFO] [stdout]     test_build_graphs_and_create_embeddings
[INFO] [stdout] 
[INFO] [stdout] test result: FAILED. 0 passed; 1 failed; 0 ignored; 0 measured; 0 filtered out; finished in 0.04s
[INFO] [stdout] 
[INFO] [stderr] error: test failed, to rerun pass `--test snapshot`
[INFO] running `Command { std: "docker" "inspect" "cf7bbcec550ce9ca0ee45b0136de99fc7a44f21ea6ce1210271d65f53bef6349", kill_on_drop: false }`
[INFO] running `Command { std: "docker" "rm" "-f" "cf7bbcec550ce9ca0ee45b0136de99fc7a44f21ea6ce1210271d65f53bef6349", kill_on_drop: false }`
[INFO] [stdout] cf7bbcec550ce9ca0ee45b0136de99fc7a44f21ea6ce1210271d65f53bef6349
