[INFO] fetching crate clauser 0.1.0...
[INFO] testing clauser-0.1.0 against nightly-2024-10-28+rustflags=-Zrandomize-layout for randomize-layout
[INFO] extracting crate clauser 0.1.0 into /workspace/builds/worker-6-tc2/source
[INFO] validating manifest of crates.io crate clauser 0.1.0 on toolchain nightly-2024-10-28
[INFO] running `Command { std: CARGO_HOME="/workspace/cargo-home" RUSTUP_HOME="/workspace/rustup-home" "/workspace/cargo-home/bin/cargo" "+nightly-2024-10-28" "metadata" "--manifest-path" "Cargo.toml" "--no-deps", kill_on_drop: false }`
[INFO] started tweaking crates.io crate clauser 0.1.0
[INFO] removed 0 missing tests
[INFO] finished tweaking crates.io crate clauser 0.1.0
[INFO] tweaked toml for crates.io crate clauser 0.1.0 written to /workspace/builds/worker-6-tc2/source/Cargo.toml
[INFO] running `Command { std: CARGO_HOME="/workspace/cargo-home" RUSTUP_HOME="/workspace/rustup-home" "/workspace/cargo-home/bin/cargo" "+nightly-2024-10-28" "generate-lockfile" "--manifest-path" "Cargo.toml", kill_on_drop: false }`
[INFO] [stderr]     Updating crates.io index
[INFO] [stderr]      Locking 41 packages to latest compatible versions
[INFO] [stderr]       Adding zerocopy v0.7.35 (available: v0.8.8)
[INFO] [stderr]       Adding zerocopy-derive v0.7.35 (available: v0.8.8)
[INFO] running `Command { std: CARGO_HOME="/workspace/cargo-home" RUSTUP_HOME="/workspace/rustup-home" "/workspace/cargo-home/bin/cargo" "+nightly-2024-10-28" "fetch" "--manifest-path" "Cargo.toml", kill_on_drop: false }`
[INFO] running `Command { std: "docker" "create" "-v" "/var/lib/crater-agent-workspace/builds/worker-6-tc2/target:/opt/rustwide/target:rw,Z" "-v" "/var/lib/crater-agent-workspace/builds/worker-6-tc2/source:/opt/rustwide/workdir:ro,Z" "-v" "/var/lib/crater-agent-workspace/cargo-home:/opt/rustwide/cargo-home:ro,Z" "-v" "/var/lib/crater-agent-workspace/rustup-home:/opt/rustwide/rustup-home:ro,Z" "-e" "SOURCE_DIR=/opt/rustwide/workdir" "-e" "CARGO_TARGET_DIR=/opt/rustwide/target" "-e" "CARGO_HOME=/opt/rustwide/cargo-home" "-e" "RUSTUP_HOME=/opt/rustwide/rustup-home" "-w" "/opt/rustwide/workdir" "-m" "1610612736" "--user" "0:0" "--network" "none" "ghcr.io/rust-lang/crates-build-env/linux@sha256:4a844ea9eb2546a2d2c7022eacef16ef2e8229c7fbb2c7d4d55a9ceca922f72d" "/opt/rustwide/cargo-home/bin/cargo" "+nightly-2024-10-28" "metadata" "--no-deps" "--format-version=1", kill_on_drop: false }`
[INFO] [stdout] d54994d3b84bdb7328b7ee42005a75b23d7751a1487c47aad9dd1ec0cca20b4d
[INFO] running `Command { std: "docker" "start" "-a" "d54994d3b84bdb7328b7ee42005a75b23d7751a1487c47aad9dd1ec0cca20b4d", kill_on_drop: false }`
[INFO] running `Command { std: "docker" "inspect" "d54994d3b84bdb7328b7ee42005a75b23d7751a1487c47aad9dd1ec0cca20b4d", kill_on_drop: false }`
[INFO] running `Command { std: "docker" "rm" "-f" "d54994d3b84bdb7328b7ee42005a75b23d7751a1487c47aad9dd1ec0cca20b4d", kill_on_drop: false }`
[INFO] [stdout] d54994d3b84bdb7328b7ee42005a75b23d7751a1487c47aad9dd1ec0cca20b4d
[INFO] running `Command { std: "docker" "create" "-v" "/var/lib/crater-agent-workspace/builds/worker-6-tc2/target:/opt/rustwide/target:rw,Z" "-v" "/var/lib/crater-agent-workspace/builds/worker-6-tc2/source:/opt/rustwide/workdir:ro,Z" "-v" "/var/lib/crater-agent-workspace/cargo-home:/opt/rustwide/cargo-home:ro,Z" "-v" "/var/lib/crater-agent-workspace/rustup-home:/opt/rustwide/rustup-home:ro,Z" "-e" "SOURCE_DIR=/opt/rustwide/workdir" "-e" "CARGO_TARGET_DIR=/opt/rustwide/target" "-e" "CARGO_INCREMENTAL=0" "-e" "RUST_BACKTRACE=full" "-e" "RUSTFLAGS=--cap-lints=forbid -Zrandomize-layout" "-e" "RUSTDOCFLAGS=--cap-lints=forbid" "-e" "CARGO_HOME=/opt/rustwide/cargo-home" "-e" "RUSTUP_HOME=/opt/rustwide/rustup-home" "-w" "/opt/rustwide/workdir" "-m" "1610612736" "--user" "0:0" "--network" "none" "ghcr.io/rust-lang/crates-build-env/linux@sha256:4a844ea9eb2546a2d2c7022eacef16ef2e8229c7fbb2c7d4d55a9ceca922f72d" "/opt/rustwide/cargo-home/bin/cargo" "+nightly-2024-10-28" "build" "--frozen" "--message-format=json", kill_on_drop: false }`
[INFO] [stdout] 99a426c2249b2039f3c35f6223424708ca0159c5c10096e85a0c67751af6f5fc
[INFO] running `Command { std: "docker" "start" "-a" "99a426c2249b2039f3c35f6223424708ca0159c5c10096e85a0c67751af6f5fc", kill_on_drop: false }`
[INFO] [stderr]    Compiling proc-macro2 v1.0.89
[INFO] [stderr]    Compiling unicode-ident v1.0.13
[INFO] [stderr]    Compiling serde v1.0.214
[INFO] [stderr]    Compiling static_assertions v1.1.0
[INFO] [stderr]    Compiling unicode-width v0.1.14
[INFO] [stderr]    Compiling itoa v1.0.11
[INFO] [stderr]    Compiling byteorder v1.5.0
[INFO] [stderr]    Compiling zerocopy v0.7.35
[INFO] [stderr]    Compiling pad v0.1.6
[INFO] [stderr]    Compiling quote v1.0.37
[INFO] [stderr]    Compiling syn v2.0.86
[INFO] [stderr]    Compiling serde_derive v1.0.214
[INFO] [stderr]    Compiling clauser_macros v0.1.0
[INFO] [stderr]    Compiling zerocopy-derive v0.7.35
[INFO] [stderr]    Compiling serde_path_to_error v0.1.16
[INFO] [stderr]    Compiling clauser v0.1.0 (/opt/rustwide/workdir)
[INFO] [stdout] warning: elided lifetime has a name
[INFO] [stdout]   --> src/reader.rs:25:34
[INFO] [stdout]    |
[INFO] [stdout] 23 | impl<'a> Reader<'a> {
[INFO] [stdout]    |      -- lifetime `'a` declared here
[INFO] [stdout] 24 |     /// Creates a new Reader from the given text.
[INFO] [stdout] 25 |     pub fn new(text: &'a str) -> Reader {
[INFO] [stdout]    |                                  ^^^^^^ this elided lifetime gets resolved as `'a`
[INFO] [stdout]    |
[INFO] [stdout]    = note: `#[warn(elided_named_lifetimes)]` on by default
[INFO] [stdout] 
[INFO] [stdout] 
[INFO] [stdout] warning: elided lifetime has a name
[INFO] [stdout]   --> src/tokenizer.rs:27:34
[INFO] [stdout]    |
[INFO] [stdout] 25 | impl<'a> Tokenizer<'a> {
[INFO] [stdout]    |      -- lifetime `'a` declared here
[INFO] [stdout] 26 |     /// Creates a new [Tokenizer] from the input text.
[INFO] [stdout] 27 |     pub fn new(text: &'a str) -> Tokenizer {
[INFO] [stdout]    |                                  ^^^^^^^^^ this elided lifetime gets resolved as `'a`
[INFO] [stdout] 
[INFO] [stdout] 
[INFO] [stdout] warning: elided lifetime has a name
[INFO] [stdout]   --> src/tokenizer.rs:58:78
[INFO] [stdout]    |
[INFO] [stdout] 25 | impl<'a> Tokenizer<'a> {
[INFO] [stdout]    |      -- lifetime `'a` declared here
[INFO] [stdout] ...
[INFO] [stdout] 58 |     pub fn iter_generic<T: ConstructableToken>(&'a mut self) -> TokenIterator<T> {
[INFO] [stdout]    |                                                                              ^ this elided lifetime gets resolved as `'a`
[INFO] [stdout] 
[INFO] [stdout] 
[INFO] [stdout] warning: elided lifetime has a name
[INFO] [stdout]   --> src/tokenizer.rs:63:47
[INFO] [stdout]    |
[INFO] [stdout] 25 | impl<'a> Tokenizer<'a> {
[INFO] [stdout]    |      -- lifetime `'a` declared here
[INFO] [stdout] ...
[INFO] [stdout] 63 |     pub fn iter(&'a mut self) -> TokenIterator<Token> {
[INFO] [stdout]    |                                               ^ this elided lifetime gets resolved as `'a`
[INFO] [stdout] 
[INFO] [stdout] 
[INFO] [stdout] warning: elided lifetime has a name
[INFO] [stdout]   --> src/tokenizer.rs:68:53
[INFO] [stdout]    |
[INFO] [stdout] 25 | impl<'a> Tokenizer<'a> {
[INFO] [stdout]    |      -- lifetime `'a` declared here
[INFO] [stdout] ...
[INFO] [stdout] 68 |     pub fn iter_owned(&'a mut self) -> TokenIterator<OwnedToken> {
[INFO] [stdout]    |                                                     ^ this elided lifetime gets resolved as `'a`
[INFO] [stdout] 
[INFO] [stdout] 
[INFO] [stdout] warning: struct `Schema` is never constructed
[INFO] [stdout]  --> src/schema.rs:2:12
[INFO] [stdout]   |
[INFO] [stdout] 2 | pub struct Schema;
[INFO] [stdout]   |            ^^^^^^
[INFO] [stdout]   |
[INFO] [stdout]   = note: `#[warn(dead_code)]` on by default
[INFO] [stdout] 
[INFO] [stdout] 
[INFO] [stderr]     Finished `dev` profile [unoptimized + debuginfo] target(s) in 10.80s
[INFO] running `Command { std: "docker" "inspect" "99a426c2249b2039f3c35f6223424708ca0159c5c10096e85a0c67751af6f5fc", kill_on_drop: false }`
[INFO] running `Command { std: "docker" "rm" "-f" "99a426c2249b2039f3c35f6223424708ca0159c5c10096e85a0c67751af6f5fc", kill_on_drop: false }`
[INFO] [stdout] 99a426c2249b2039f3c35f6223424708ca0159c5c10096e85a0c67751af6f5fc
[INFO] running `Command { std: "docker" "create" "-v" "/var/lib/crater-agent-workspace/builds/worker-6-tc2/target:/opt/rustwide/target:rw,Z" "-v" "/var/lib/crater-agent-workspace/builds/worker-6-tc2/source:/opt/rustwide/workdir:ro,Z" "-v" "/var/lib/crater-agent-workspace/cargo-home:/opt/rustwide/cargo-home:ro,Z" "-v" "/var/lib/crater-agent-workspace/rustup-home:/opt/rustwide/rustup-home:ro,Z" "-e" "SOURCE_DIR=/opt/rustwide/workdir" "-e" "CARGO_TARGET_DIR=/opt/rustwide/target" "-e" "CARGO_INCREMENTAL=0" "-e" "RUST_BACKTRACE=full" "-e" "RUSTFLAGS=--cap-lints=forbid -Zrandomize-layout" "-e" "RUSTDOCFLAGS=--cap-lints=forbid" "-e" "CARGO_HOME=/opt/rustwide/cargo-home" "-e" "RUSTUP_HOME=/opt/rustwide/rustup-home" "-w" "/opt/rustwide/workdir" "-m" "1610612736" "--user" "0:0" "--network" "none" "ghcr.io/rust-lang/crates-build-env/linux@sha256:4a844ea9eb2546a2d2c7022eacef16ef2e8229c7fbb2c7d4d55a9ceca922f72d" "/opt/rustwide/cargo-home/bin/cargo" "+nightly-2024-10-28" "test" "--frozen" "--no-run" "--message-format=json", kill_on_drop: false }`
[INFO] [stdout] 16fb8e621bf3cd10e9f1c07b54852851d731b6300803d1c85404b9295e4e744b
[INFO] running `Command { std: "docker" "start" "-a" "16fb8e621bf3cd10e9f1c07b54852851d731b6300803d1c85404b9295e4e744b", kill_on_drop: false }`
[INFO] [stderr]    Compiling equivalent v1.0.1
[INFO] [stderr]    Compiling hashbrown v0.15.0
[INFO] [stderr]    Compiling winnow v0.6.20
[INFO] [stderr]    Compiling serde_json v1.0.132
[INFO] [stderr]    Compiling target-triple v0.1.3
[INFO] [stderr]    Compiling ryu v1.0.18
[INFO] [stderr]    Compiling memchr v2.7.4
[INFO] [stderr]    Compiling glob v0.3.1
[INFO] [stderr]    Compiling termcolor v1.4.1
[INFO] [stderr]    Compiling serde_spanned v0.6.8
[INFO] [stderr]    Compiling toml_datetime v0.6.8
[INFO] [stdout] warning: elided lifetime has a name
[INFO] [stdout]   --> src/reader.rs:25:34
[INFO] [stdout]    |
[INFO] [stdout] 23 | impl<'a> Reader<'a> {
[INFO] [stdout]    |      -- lifetime `'a` declared here
[INFO] [stdout] 24 |     /// Creates a new Reader from the given text.
[INFO] [stdout] 25 |     pub fn new(text: &'a str) -> Reader {
[INFO] [stdout]    |                                  ^^^^^^ this elided lifetime gets resolved as `'a`
[INFO] [stdout]    |
[INFO] [stdout]    = note: `#[warn(elided_named_lifetimes)]` on by default
[INFO] [stdout] 
[INFO] [stdout] 
[INFO] [stdout] warning: elided lifetime has a name
[INFO] [stdout]   --> src/tokenizer.rs:27:34
[INFO] [stdout]    |
[INFO] [stdout] 25 | impl<'a> Tokenizer<'a> {
[INFO] [stdout]    |      -- lifetime `'a` declared here
[INFO] [stdout] 26 |     /// Creates a new [Tokenizer] from the input text.
[INFO] [stdout] 27 |     pub fn new(text: &'a str) -> Tokenizer {
[INFO] [stdout]    |                                  ^^^^^^^^^ this elided lifetime gets resolved as `'a`
[INFO] [stdout] 
[INFO] [stdout] 
[INFO] [stdout] warning: elided lifetime has a name
[INFO] [stdout]   --> src/tokenizer.rs:58:78
[INFO] [stdout]    |
[INFO] [stdout] 25 | impl<'a> Tokenizer<'a> {
[INFO] [stdout]    |      -- lifetime `'a` declared here
[INFO] [stdout] ...
[INFO] [stdout] 58 |     pub fn iter_generic<T: ConstructableToken>(&'a mut self) -> TokenIterator<T> {
[INFO] [stdout]    |                                                                              ^ this elided lifetime gets resolved as `'a`
[INFO] [stdout] 
[INFO] [stdout] 
[INFO] [stdout] warning: elided lifetime has a name
[INFO] [stdout]   --> src/tokenizer.rs:63:47
[INFO] [stdout]    |
[INFO] [stdout] 25 | impl<'a> Tokenizer<'a> {
[INFO] [stdout]    |      -- lifetime `'a` declared here
[INFO] [stdout] ...
[INFO] [stdout] 63 |     pub fn iter(&'a mut self) -> TokenIterator<Token> {
[INFO] [stdout]    |                                               ^ this elided lifetime gets resolved as `'a`
[INFO] [stdout] 
[INFO] [stdout] 
[INFO] [stdout] warning: elided lifetime has a name
[INFO] [stdout]   --> src/tokenizer.rs:68:53
[INFO] [stdout]    |
[INFO] [stdout] 25 | impl<'a> Tokenizer<'a> {
[INFO] [stdout]    |      -- lifetime `'a` declared here
[INFO] [stdout] ...
[INFO] [stdout] 68 |     pub fn iter_owned(&'a mut self) -> TokenIterator<OwnedToken> {
[INFO] [stdout]    |                                                     ^ this elided lifetime gets resolved as `'a`
[INFO] [stdout] 
[INFO] [stdout] 
[INFO] [stdout] warning: struct `Schema` is never constructed
[INFO] [stdout]  --> src/schema.rs:2:12
[INFO] [stdout]   |
[INFO] [stdout] 2 | pub struct Schema;
[INFO] [stdout]   |            ^^^^^^
[INFO] [stdout]   |
[INFO] [stdout]   = note: `#[warn(dead_code)]` on by default
[INFO] [stdout] 
[INFO] [stdout] 
[INFO] [stderr]    Compiling indexmap v2.6.0
[INFO] [stderr]    Compiling toml_edit v0.22.22
[INFO] [stderr]    Compiling toml v0.8.19
[INFO] [stderr]    Compiling trybuild v1.0.101
[INFO] [stderr]    Compiling clauser v0.1.0 (/opt/rustwide/workdir)
[INFO] [stdout] warning: elided lifetime has a name
[INFO] [stdout]   --> src/reader.rs:25:34
[INFO] [stdout]    |
[INFO] [stdout] 23 | impl<'a> Reader<'a> {
[INFO] [stdout]    |      -- lifetime `'a` declared here
[INFO] [stdout] 24 |     /// Creates a new Reader from the given text.
[INFO] [stdout] 25 |     pub fn new(text: &'a str) -> Reader {
[INFO] [stdout]    |                                  ^^^^^^ this elided lifetime gets resolved as `'a`
[INFO] [stdout]    |
[INFO] [stdout]    = note: `#[warn(elided_named_lifetimes)]` on by default
[INFO] [stdout] 
[INFO] [stdout] 
[INFO] [stdout] warning: elided lifetime has a name
[INFO] [stdout]   --> src/tokenizer.rs:27:34
[INFO] [stdout]    |
[INFO] [stdout] 25 | impl<'a> Tokenizer<'a> {
[INFO] [stdout]    |      -- lifetime `'a` declared here
[INFO] [stdout] 26 |     /// Creates a new [Tokenizer] from the input text.
[INFO] [stdout] 27 |     pub fn new(text: &'a str) -> Tokenizer {
[INFO] [stdout]    |                                  ^^^^^^^^^ this elided lifetime gets resolved as `'a`
[INFO] [stdout] 
[INFO] [stdout] 
[INFO] [stdout] warning: elided lifetime has a name
[INFO] [stdout]   --> src/tokenizer.rs:58:78
[INFO] [stdout]    |
[INFO] [stdout] 25 | impl<'a> Tokenizer<'a> {
[INFO] [stdout]    |      -- lifetime `'a` declared here
[INFO] [stdout] ...
[INFO] [stdout] 58 |     pub fn iter_generic<T: ConstructableToken>(&'a mut self) -> TokenIterator<T> {
[INFO] [stdout]    |                                                                              ^ this elided lifetime gets resolved as `'a`
[INFO] [stdout] 
[INFO] [stdout] 
[INFO] [stdout] warning: elided lifetime has a name
[INFO] [stdout]   --> src/tokenizer.rs:63:47
[INFO] [stdout]    |
[INFO] [stdout] 25 | impl<'a> Tokenizer<'a> {
[INFO] [stdout]    |      -- lifetime `'a` declared here
[INFO] [stdout] ...
[INFO] [stdout] 63 |     pub fn iter(&'a mut self) -> TokenIterator<Token> {
[INFO] [stdout]    |                                               ^ this elided lifetime gets resolved as `'a`
[INFO] [stdout] 
[INFO] [stdout] 
[INFO] [stdout] warning: elided lifetime has a name
[INFO] [stdout]   --> src/tokenizer.rs:68:53
[INFO] [stdout]    |
[INFO] [stdout] 25 | impl<'a> Tokenizer<'a> {
[INFO] [stdout]    |      -- lifetime `'a` declared here
[INFO] [stdout] ...
[INFO] [stdout] 68 |     pub fn iter_owned(&'a mut self) -> TokenIterator<OwnedToken> {
[INFO] [stdout]    |                                                     ^ this elided lifetime gets resolved as `'a`
[INFO] [stdout] 
[INFO] [stdout] 
[INFO] [stdout] warning: struct `Schema` is never constructed
[INFO] [stdout]  --> src/schema.rs:2:12
[INFO] [stdout]   |
[INFO] [stdout] 2 | pub struct Schema;
[INFO] [stdout]   |            ^^^^^^
[INFO] [stdout]   |
[INFO] [stdout]   = note: `#[warn(dead_code)]` on by default
[INFO] [stdout] 
[INFO] [stdout] 
[INFO] [stderr]     Finished `test` profile [unoptimized + debuginfo] target(s) in 10.22s
[INFO] running `Command { std: "docker" "inspect" "16fb8e621bf3cd10e9f1c07b54852851d731b6300803d1c85404b9295e4e744b", kill_on_drop: false }`
[INFO] running `Command { std: "docker" "rm" "-f" "16fb8e621bf3cd10e9f1c07b54852851d731b6300803d1c85404b9295e4e744b", kill_on_drop: false }`
[INFO] [stdout] 16fb8e621bf3cd10e9f1c07b54852851d731b6300803d1c85404b9295e4e744b
[INFO] running `Command { std: "docker" "create" "-v" "/var/lib/crater-agent-workspace/builds/worker-6-tc2/target:/opt/rustwide/target:rw,Z" "-v" "/var/lib/crater-agent-workspace/builds/worker-6-tc2/source:/opt/rustwide/workdir:ro,Z" "-v" "/var/lib/crater-agent-workspace/cargo-home:/opt/rustwide/cargo-home:ro,Z" "-v" "/var/lib/crater-agent-workspace/rustup-home:/opt/rustwide/rustup-home:ro,Z" "-e" "SOURCE_DIR=/opt/rustwide/workdir" "-e" "CARGO_TARGET_DIR=/opt/rustwide/target" "-e" "CARGO_INCREMENTAL=0" "-e" "RUST_BACKTRACE=full" "-e" "RUSTFLAGS=--cap-lints=forbid -Zrandomize-layout" "-e" "RUSTDOCFLAGS=--cap-lints=forbid" "-e" "CARGO_HOME=/opt/rustwide/cargo-home" "-e" "RUSTUP_HOME=/opt/rustwide/rustup-home" "-w" "/opt/rustwide/workdir" "-m" "1610612736" "--user" "0:0" "--network" "none" "ghcr.io/rust-lang/crates-build-env/linux@sha256:4a844ea9eb2546a2d2c7022eacef16ef2e8229c7fbb2c7d4d55a9ceca922f72d" "/opt/rustwide/cargo-home/bin/cargo" "+nightly-2024-10-28" "test" "--frozen", kill_on_drop: false }`
[INFO] [stdout] 43ec87558ba666cb29fdf055b08cd2d4dd1153e8dd91379fe1d176b0e545fe43
[INFO] running `Command { std: "docker" "start" "-a" "43ec87558ba666cb29fdf055b08cd2d4dd1153e8dd91379fe1d176b0e545fe43", kill_on_drop: false }`
[INFO] [stderr] warning: elided lifetime has a name
[INFO] [stderr]   --> src/reader.rs:25:34
[INFO] [stderr]    |
[INFO] [stderr] 23 | impl<'a> Reader<'a> {
[INFO] [stderr]    |      -- lifetime `'a` declared here
[INFO] [stderr] 24 |     /// Creates a new Reader from the given text.
[INFO] [stderr] 25 |     pub fn new(text: &'a str) -> Reader {
[INFO] [stderr]    |                                  ^^^^^^ this elided lifetime gets resolved as `'a`
[INFO] [stderr]    |
[INFO] [stderr]    = note: `#[warn(elided_named_lifetimes)]` on by default
[INFO] [stderr] 
[INFO] [stderr] warning: elided lifetime has a name
[INFO] [stderr]   --> src/tokenizer.rs:27:34
[INFO] [stderr]    |
[INFO] [stderr] 25 | impl<'a> Tokenizer<'a> {
[INFO] [stderr]    |      -- lifetime `'a` declared here
[INFO] [stderr] 26 |     /// Creates a new [Tokenizer] from the input text.
[INFO] [stderr] 27 |     pub fn new(text: &'a str) -> Tokenizer {
[INFO] [stderr]    |                                  ^^^^^^^^^ this elided lifetime gets resolved as `'a`
[INFO] [stderr] 
[INFO] [stderr] warning: elided lifetime has a name
[INFO] [stderr]   --> src/tokenizer.rs:58:78
[INFO] [stderr]    |
[INFO] [stderr] 25 | impl<'a> Tokenizer<'a> {
[INFO] [stderr]    |      -- lifetime `'a` declared here
[INFO] [stderr] ...
[INFO] [stderr] 58 |     pub fn iter_generic<T: ConstructableToken>(&'a mut self) -> TokenIterator<T> {
[INFO] [stderr]    |                                                                              ^ this elided lifetime gets resolved as `'a`
[INFO] [stderr] 
[INFO] [stderr] warning: elided lifetime has a name
[INFO] [stderr]   --> src/tokenizer.rs:63:47
[INFO] [stderr]    |
[INFO] [stderr] 25 | impl<'a> Tokenizer<'a> {
[INFO] [stderr]    |      -- lifetime `'a` declared here
[INFO] [stderr] ...
[INFO] [stderr] 63 |     pub fn iter(&'a mut self) -> TokenIterator<Token> {
[INFO] [stderr]    |                                               ^ this elided lifetime gets resolved as `'a`
[INFO] [stderr] 
[INFO] [stderr] warning: elided lifetime has a name
[INFO] [stderr]   --> src/tokenizer.rs:68:53
[INFO] [stderr]    |
[INFO] [stderr] 25 | impl<'a> Tokenizer<'a> {
[INFO] [stderr]    |      -- lifetime `'a` declared here
[INFO] [stderr] ...
[INFO] [stderr] 68 |     pub fn iter_owned(&'a mut self) -> TokenIterator<OwnedToken> {
[INFO] [stderr]    |                                                     ^ this elided lifetime gets resolved as `'a`
[INFO] [stderr] 
[INFO] [stderr] warning: struct `Schema` is never constructed
[INFO] [stderr]  --> src/schema.rs:2:12
[INFO] [stderr]   |
[INFO] [stderr] 2 | pub struct Schema;
[INFO] [stderr]   |            ^^^^^^
[INFO] [stderr]   |
[INFO] [stderr]   = note: `#[warn(dead_code)]` on by default
[INFO] [stderr] 
[INFO] [stderr] warning: `clauser` (lib) generated 6 warnings
[INFO] [stderr] warning: `clauser` (lib test) generated 6 warnings (6 duplicates)
[INFO] [stderr]     Finished `test` profile [unoptimized + debuginfo] target(s) in 0.05s
[INFO] [stderr]      Running unittests src/lib.rs (/opt/rustwide/target/debug/deps/clauser-45ed41706c7ec41c)
[INFO] [stdout] 
[INFO] [stdout] running 0 tests
[INFO] [stdout] 
[INFO] [stdout] test result: ok. 0 passed; 0 failed; 0 ignored; 0 measured; 0 filtered out; finished in 0.00s
[INFO] [stderr]      Running tests/de.rs (/opt/rustwide/target/debug/deps/de-858458fb32d7cb0b)
[INFO] [stdout] 
[INFO] [stdout] 
[INFO] [stdout] running 18 tests
[INFO] [stdout] test deserializer::de::basic_key_value ... ok
[INFO] [stdout] test deserializer::de::dates ... ok
[INFO] [stdout] test deserializer::de::primitive_array ... ok
[INFO] [stdout] test deserializer::de::significant_newlines ... ok
[INFO] [stdout] test deserializer::de::nested_key_value ... ok
[INFO] [stdout] test deserializer::enums::adjacently_tagged_enum ... ok
[INFO] [stdout] test deserializer::enums::basic_enum ... ok
[INFO] [stdout] test deserializer::enums::basic_untagged_enum ... ok
[INFO] [stdout] test deserializer::de::empty_string ... ok
[INFO] [stdout] test deserializer::duplicate::duplicate_and_normal_keys ... ok
[INFO] [stdout] test deserializer::duplicate::empty_duplicate ... ok
[INFO] [stdout] test deserializer::duplicate::duplicate_keys ... ok
[INFO] [stdout] test deserializer::enums::complex_enum ... ok
[INFO] [stdout] test mods::the_great_war ... ok
[INFO] [stdout] test deserializer::duplicate::duplicate_keys_invalid ... ok
[INFO] [stdout] test deserializer::enums::internally_tagged_enum ... ok
[INFO] [stderr]    Compiling proc-macro2 v1.0.89
[INFO] [stderr]    Compiling unicode-ident v1.0.13
[INFO] [stderr]    Compiling serde v1.0.214
[INFO] [stderr]     Checking itoa v1.0.11
[INFO] [stderr]     Checking unicode-width v0.1.14
[INFO] [stderr]     Checking byteorder v1.5.0
[INFO] [stderr]    Compiling static_assertions v1.1.0
[INFO] [stderr]     Checking zerocopy v0.7.35
[INFO] [stderr]     Checking pad v0.1.6
[INFO] [stderr]    Compiling quote v1.0.37
[INFO] [stderr]    Compiling syn v2.0.86
[INFO] [stderr]    Compiling serde_derive v1.0.214
[INFO] [stderr]    Compiling zerocopy-derive v0.7.35
[INFO] [stderr]    Compiling clauser_macros v0.1.0
[INFO] [stderr]     Checking serde_path_to_error v0.1.16
[INFO] [stderr]     Checking clauser v0.1.0 (/opt/rustwide/workdir)
[INFO] [stderr] warning: elided lifetime has a name
[INFO] [stderr]   --> /opt/rustwide/workdir/src/reader.rs:25:34
[INFO] [stderr]    |
[INFO] [stderr] 23 | impl<'a> Reader<'a> {
[INFO] [stderr]    |      -- lifetime `'a` declared here
[INFO] [stderr] 24 |     /// Creates a new Reader from the given text.
[INFO] [stderr] 25 |     pub fn new(text: &'a str) -> Reader {
[INFO] [stderr]    |                                  ^^^^^^ this elided lifetime gets resolved as `'a`
[INFO] [stderr]    |
[INFO] [stderr]    = note: `#[warn(elided_named_lifetimes)]` on by default
[INFO] [stderr] 
[INFO] [stderr] warning: elided lifetime has a name
[INFO] [stderr]   --> /opt/rustwide/workdir/src/tokenizer.rs:27:34
[INFO] [stderr]    |
[INFO] [stderr] 25 | impl<'a> Tokenizer<'a> {
[INFO] [stderr]    |      -- lifetime `'a` declared here
[INFO] [stderr] 26 |     /// Creates a new [Tokenizer] from the input text.
[INFO] [stderr] 27 |     pub fn new(text: &'a str) -> Tokenizer {
[INFO] [stderr]    |                                  ^^^^^^^^^ this elided lifetime gets resolved as `'a`
[INFO] [stderr] 
[INFO] [stderr] warning: elided lifetime has a name
[INFO] [stderr]   --> /opt/rustwide/workdir/src/tokenizer.rs:58:78
[INFO] [stderr]    |
[INFO] [stderr] 25 | impl<'a> Tokenizer<'a> {
[INFO] [stderr]    |      -- lifetime `'a` declared here
[INFO] [stderr] ...
[INFO] [stderr] 58 |     pub fn iter_generic<T: ConstructableToken>(&'a mut self) -> TokenIterator<T> {
[INFO] [stderr]    |                                                                              ^ this elided lifetime gets resolved as `'a`
[INFO] [stderr] 
[INFO] [stderr] warning: elided lifetime has a name
[INFO] [stderr]   --> /opt/rustwide/workdir/src/tokenizer.rs:63:47
[INFO] [stderr]    |
[INFO] [stderr] 25 | impl<'a> Tokenizer<'a> {
[INFO] [stderr]    |      -- lifetime `'a` declared here
[INFO] [stderr] ...
[INFO] [stderr] 63 |     pub fn iter(&'a mut self) -> TokenIterator<Token> {
[INFO] [stderr]    |                                               ^ this elided lifetime gets resolved as `'a`
[INFO] [stderr] 
[INFO] [stderr] warning: elided lifetime has a name
[INFO] [stderr]   --> /opt/rustwide/workdir/src/tokenizer.rs:68:53
[INFO] [stderr]    |
[INFO] [stderr] 25 | impl<'a> Tokenizer<'a> {
[INFO] [stderr]    |      -- lifetime `'a` declared here
[INFO] [stderr] ...
[INFO] [stderr] 68 |     pub fn iter_owned(&'a mut self) -> TokenIterator<OwnedToken> {
[INFO] [stderr]    |                                                     ^ this elided lifetime gets resolved as `'a`
[INFO] [stderr] 
[INFO] [stderr] warning: `clauser` (lib) generated 5 warnings
[INFO] [stderr]     Checking clauser-tests v0.0.0 (/opt/rustwide/target/tests/trybuild/clauser)
[INFO] [stderr]     Finished `dev` profile [unoptimized + debuginfo] target(s) in 10.98s
[INFO] [stderr] 
[INFO] [stderr] 
[INFO] [stderr] test tests/deserializer/cases/03_wrong_type.rs ... mismatch
[INFO] [stderr] 
[INFO] [stderr] EXPECTED:
[INFO] [stderr] ┈┈┈┈┈┈┈┈┈┈┈┈┈┈┈┈┈┈┈┈┈┈┈┈┈┈┈┈┈┈┈┈┈┈┈┈┈┈┈┈┈┈┈┈┈┈┈┈┈┈┈┈┈┈┈┈┈┈┈┈
[INFO] [stderr] error[E0277]: the trait bound `CantDeser: Deserialize<'static>` is not satisfied
[INFO] [stderr]   --> tests/deserializer/cases/03_wrong_type.rs:10:15
[INFO] [stderr]    |
[INFO] [stderr] 10 |     item: Vec<CantDeser>,
[INFO] [stderr]    |               ^^^^^^^^^ the trait `Deserialize<'static>` is not implemented for `CantDeser`
[INFO] [stderr]    |
[INFO] [stderr]    = help: the following other types implement trait `Deserialize<'de>`:
[INFO] [stderr]              &'a Path
[INFO] [stderr]              &'a [u8]
[INFO] [stderr]              &'a str
[INFO] [stderr]              ()
[INFO] [stderr]              (T,)
[INFO] [stderr]              (T0, T1)
[INFO] [stderr]              (T0, T1, T2)
[INFO] [stderr]              (T0, T1, T2, T3)
[INFO] [stderr]              (T0, T1, T2, T3, T4)
[INFO] [stderr]              (T0, T1, T2, T3, T4, T5)
[INFO] [stderr]              (T0, T1, T2, T3, T4, T5, T6)
[INFO] [stderr]              (T0, T1, T2, T3, T4, T5, T6, T7)
[INFO] [stderr]              (T0, T1, T2, T3, T4, T5, T6, T7, T8)
[INFO] [stderr]              (T0, T1, T2, T3, T4, T5, T6, T7, T8, T9)
[INFO] [stderr]              (T0, T1, T2, T3, T4, T5, T6, T7, T8, T9, T10)
[INFO] [stderr]              (T0, T1, T2, T3, T4, T5, T6, T7, T8, T9, T10, T11)
[INFO] [stderr]              (T0, T1, T2, T3, T4, T5, T6, T7, T8, T9, T10, T11, T12)
[INFO] [stderr]              (T0, T1, T2, T3, T4, T5, T6, T7, T8, T9, T10, T11, T12, T13)
[INFO] [stderr]              (T0, T1, T2, T3, T4, T5, T6, T7, T8, T9, T10, T11, T12, T13, T14)
[INFO] [stderr]              (T0, T1, T2, T3, T4, T5, T6, T7, T8, T9, T10, T11, T12, T13, T14, T15)
[INFO] [stderr]              AtomicBool
[INFO] [stderr]              AtomicI16
[INFO] [stderr]              AtomicI32
[INFO] [stderr]              AtomicI64
[INFO] [stderr]              AtomicI8
[INFO] [stderr]              AtomicIsize
[INFO] [stderr]              AtomicU16
[INFO] [stderr]              AtomicU32
[INFO] [stderr]              AtomicU64
[INFO] [stderr]              AtomicU8
[INFO] [stderr]              AtomicUsize
[INFO] [stderr]              BTreeMap<K, V>
[INFO] [stderr]              BTreeSet<T>
[INFO] [stderr]              BinaryHeap<T>
[INFO] [stderr]              Bound<T>
[INFO] [stderr]              Box<CStr>
[INFO] [stderr]              Box<OsStr>
[INFO] [stderr]              Box<Path>
[INFO] [stderr]              Box<T>
[INFO] [stderr]              Box<[T]>
[INFO] [stderr]              Box<str>
[INFO] [stderr]              CString
[INFO] [stderr]              Cell<T>
[INFO] [stderr]              Cow<'a, T>
[INFO] [stderr]              Duration
[INFO] [stderr]              HashMap<K, V, S>
[INFO] [stderr]              HashSet<T, S>
[INFO] [stderr]              IgnoredAny
[INFO] [stderr]              IpAddr
[INFO] [stderr]              Ipv4Addr
[INFO] [stderr]              Ipv6Addr
[INFO] [stderr]              LinkedList<T>
[INFO] [stderr]              Mutex<T>
[INFO] [stderr]              NonZero<i128>
[INFO] [stderr]              NonZero<i16>
[INFO] [stderr]              NonZero<i32>
[INFO] [stderr]              NonZero<i64>
[INFO] [stderr]              NonZero<i8>
[INFO] [stderr]              NonZero<isize>
[INFO] [stderr]              NonZero<u128>
[INFO] [stderr]              NonZero<u16>
[INFO] [stderr]              NonZero<u32>
[INFO] [stderr]              NonZero<u64>
[INFO] [stderr]              NonZero<u8>
[INFO] [stderr]              NonZero<usize>
[INFO] [stderr]              OsString
[INFO] [stderr]              PathBuf
[INFO] [stderr]              PhantomData<T>
[INFO] [stderr]              RangeFrom<Idx>
[INFO] [stderr]              RangeInclusive<Idx>
[INFO] [stderr]              RangeTo<Idx>
[INFO] [stderr]              RefCell<T>
[INFO] [stderr]              Result<T, E>
[INFO] [stderr]              Reverse<T>
[INFO] [stderr]              RwLock<T>
[INFO] [stderr]              Saturating<i128>
[INFO] [stderr]              Saturating<i16>
[INFO] [stderr]              Saturating<i32>
[INFO] [stderr]              Saturating<i64>
[INFO] [stderr]              Saturating<i8>
[INFO] [stderr]              Saturating<isize>
[INFO] [stderr]              Saturating<u128>
[INFO] [stderr]              Saturating<u16>
[INFO] [stderr]              Saturating<u32>
[INFO] [stderr]              Saturating<u64>
[INFO] [stderr]              Saturating<u8>
[INFO] [stderr]              Saturating<usize>
[INFO] [stderr]              SocketAddr
[INFO] [stderr]              SocketAddrV4
[INFO] [stderr]              SocketAddrV6
[INFO] [stderr]              SystemTime
[INFO] [stderr]              Test
[INFO] [stderr]              Vec<T>
[INFO] [stderr]              VecDeque<T>
[INFO] [stderr]              Wrapping<T>
[INFO] [stderr]              [T; 0]
[INFO] [stderr]              [T; 10]
[INFO] [stderr]              [T; 11]
[INFO] [stderr]              [T; 12]
[INFO] [stderr]              [T; 13]
[INFO] [stderr]              [T; 14]
[INFO] [stderr]              [T; 15]
[INFO] [stderr]              [T; 16]
[INFO] [stderr]              [T; 17]
[INFO] [stderr]              [T; 18]
[INFO] [stderr]              [T; 19]
[INFO] [stderr]              [T; 1]
[INFO] [stderr]              [T; 20]
[INFO] [stderr]              [T; 21]
[INFO] [stderr]              [T; 22]
[INFO] [stderr]              [T; 23]
[INFO] [stderr]              [T; 24]
[INFO] [stderr]              [T; 25]
[INFO] [stderr]              [T; 26]
[INFO] [stderr]              [T; 27]
[INFO] [stderr]              [T; 28]
[INFO] [stderr]              [T; 29]
[INFO] [stderr]              [T; 2]
[INFO] [stderr]              [T; 30]
[INFO] [stderr]              [T; 31]
[INFO] [stderr]              [T; 32]
[INFO] [stderr]              [T; 3]
[INFO] [stderr]              [T; 4]
[INFO] [stderr]              [T; 5]
[INFO] [stderr]              [T; 6]
[INFO] [stderr]              [T; 7]
[INFO] [stderr]              [T; 8]
[INFO] [stderr]              [T; 9]
[INFO] [stderr]              bool
[INFO] [stderr]              char
[INFO] [stderr]              clauser::types::Date
[INFO] [stderr]              f32
[INFO] [stderr]              f64
[INFO] [stderr]              i128
[INFO] [stderr]              i16
[INFO] [stderr]              i32
[INFO] [stderr]              i64
[INFO] [stderr]              i8
[INFO] [stderr]              isize
[INFO] [stderr]              serde::__private::de::content::Content<'de>
[INFO] [stderr]              std::ops::Range<Idx>
[INFO] [stderr]              std::option::Option<T>
[INFO] [stderr]              std::string::String
[INFO] [stderr]              u128
[INFO] [stderr]              u16
[INFO] [stderr]              u32
[INFO] [stderr]              u64
[INFO] [stderr]              u8
[INFO] [stderr]              usize
[INFO] [stderr] note: required by a bound in `<TestVisitor as Visitor<'de>>::visit_map::_::{closure#0}::assert_impl_all`
[INFO] [stderr]   --> tests/deserializer/cases/03_wrong_type.rs:7:1
[INFO] [stderr]    |
[INFO] [stderr] 7  | #[duplicate_keys]
[INFO] [stderr]    | ^^^^^^^^^^^^^^^^^ required by this bound in `assert_impl_all`
[INFO] [stderr]    = note: this error originates in the macro `clauser::static_assertions::assert_impl_all` which comes from the expansion of the attribute macro `duplicate_keys` (in Nightly builds, run with -Z macro-backtrace for more info)
[INFO] [stderr] 
[INFO] [stderr] error[E0277]: the trait bound `CantDeser: Deserialize<'de>` is not satisfied
[INFO] [stderr]   --> tests/deserializer/cases/03_wrong_type.rs:10:15
[INFO] [stderr]    |
[INFO] [stderr] 7  | #[duplicate_keys]
[INFO] [stderr]    | ----------------- required by a bound introduced by this call
[INFO] [stderr] ...
[INFO] [stderr] 10 |     item: Vec<CantDeser>,
[INFO] [stderr]    |               ^^^^^^^^^ the trait `Deserialize<'de>` is not implemented for `CantDeser`
[INFO] [stderr]    |
[INFO] [stderr]    = help: the following other types implement trait `Deserialize<'de>`:
[INFO] [stderr]              &'a Path
[INFO] [stderr]              &'a [u8]
[INFO] [stderr]              &'a str
[INFO] [stderr]              ()
[INFO] [stderr]              (T,)
[INFO] [stderr]              (T0, T1)
[INFO] [stderr]              (T0, T1, T2)
[INFO] [stderr]              (T0, T1, T2, T3)
[INFO] [stderr]              (T0, T1, T2, T3, T4)
[INFO] [stderr]              (T0, T1, T2, T3, T4, T5)
[INFO] [stderr]              (T0, T1, T2, T3, T4, T5, T6)
[INFO] [stderr]              (T0, T1, T2, T3, T4, T5, T6, T7)
[INFO] [stderr]              (T0, T1, T2, T3, T4, T5, T6, T7, T8)
[INFO] [stderr]              (T0, T1, T2, T3, T4, T5, T6, T7, T8, T9)
[INFO] [stderr]              (T0, T1, T2, T3, T4, T5, T6, T7, T8, T9, T10)
[INFO] [stderr]              (T0, T1, T2, T3, T4, T5, T6, T7, T8, T9, T10, T11)
[INFO] [stderr]              (T0, T1, T2, T3, T4, T5, T6, T7, T8, T9, T10, T11, T12)
[INFO] [stderr]              (T0, T1, T2, T3, T4, T5, T6, T7, T8, T9, T10, T11, T12, T13)
[INFO] [stderr]              (T0, T1, T2, T3, T4, T5, T6, T7, T8, T9, T10, T11, T12, T13, T14)
[INFO] [stderr]              (T0, T1, T2, T3, T4, T5, T6, T7, T8, T9, T10, T11, T12, T13, T14, T15)
[INFO] [stderr]              AtomicBool
[INFO] [stderr]              AtomicI16
[INFO] [stderr]              AtomicI32
[INFO] [stderr]              AtomicI64
[INFO] [stderr]              AtomicI8
[INFO] [stderr]              AtomicIsize
[INFO] [stderr]              AtomicU16
[INFO] [stderr]              AtomicU32
[INFO] [stderr]              AtomicU64
[INFO] [stderr]              AtomicU8
[INFO] [stderr]              AtomicUsize
[INFO] [stderr]              BTreeMap<K, V>
[INFO] [stderr]              BTreeSet<T>
[INFO] [stderr]              BinaryHeap<T>
[INFO] [stderr]              Bound<T>
[INFO] [stderr]              Box<CStr>
[INFO] [stderr]              Box<OsStr>
[INFO] [stderr]              Box<Path>
[INFO] [stderr]              Box<T>
[INFO] [stderr]              Box<[T]>
[INFO] [stderr]              Box<str>
[INFO] [stderr]              CString
[INFO] [stderr]              Cell<T>
[INFO] [stderr]              Cow<'a, T>
[INFO] [stderr]              Duration
[INFO] [stderr]              HashMap<K, V, S>
[INFO] [stderr]              HashSet<T, S>
[INFO] [stderr]              IgnoredAny
[INFO] [stderr]              IpAddr
[INFO] [stderr]              Ipv4Addr
[INFO] [stderr]              Ipv6Addr
[INFO] [stderr]              LinkedList<T>
[INFO] [stderr]              Mutex<T>
[INFO] [stderr]              NonZero<i128>
[INFO] [stderr]              NonZero<i16>
[INFO] [stderr]              NonZero<i32>
[INFO] [stderr]              NonZero<i64>
[INFO] [stderr]              NonZero<i8>
[INFO] [stderr]              NonZero<isize>
[INFO] [stderr]              NonZero<u128>
[INFO] [stderr]              NonZero<u16>
[INFO] [stderr]              NonZero<u32>
[INFO] [stderr]              NonZero<u64>
[INFO] [stderr]              NonZero<u8>
[INFO] [stderr]              NonZero<usize>
[INFO] [stderr]              OsString
[INFO] [stderr]              PathBuf
[INFO] [stderr]              PhantomData<T>
[INFO] [stderr]              RangeFrom<Idx>
[INFO] [stderr]              RangeInclusive<Idx>
[INFO] [stderr]              RangeTo<Idx>
[INFO] [stderr]              RefCell<T>
[INFO] [stderr]              Result<T, E>
[INFO] [stderr]              Reverse<T>
[INFO] [stderr]              RwLock<T>
[INFO] [stderr]              Saturating<i128>
[INFO] [stderr]              Saturating<i16>
[INFO] [stderr]              Saturating<i32>
[INFO] [stderr]              Saturating<i64>
[INFO] [stderr]              Saturating<i8>
[INFO] [stderr]              Saturating<isize>
[INFO] [stderr]              Saturating<u128>
[INFO] [stderr]              Saturating<u16>
[INFO] [stderr]              Saturating<u32>
[INFO] [stderr]              Saturating<u64>
[INFO] [stderr]              Saturating<u8>
[INFO] [stderr]              Saturating<usize>
[INFO] [stderr]              SocketAddr
[INFO] [stderr]              SocketAddrV4
[INFO] [stderr]              SocketAddrV6
[INFO] [stderr]              SystemTime
[INFO] [stderr]              Test
[INFO] [stderr]              Vec<T>
[INFO] [stderr]              VecDeque<T>
[INFO] [stderr]              Wrapping<T>
[INFO] [stderr]              [T; 0]
[INFO] [stderr]              [T; 10]
[INFO] [stderr]              [T; 11]
[INFO] [stderr]              [T; 12]
[INFO] [stderr]              [T; 13]
[INFO] [stderr]              [T; 14]
[INFO] [stderr]              [T; 15]
[INFO] [stderr]              [T; 16]
[INFO] [stderr]              [T; 17]
[INFO] [stderr]              [T; 18]
[INFO] [stderr]              [T; 19]
[INFO] [stderr]              [T; 1]
[INFO] [stderr]              [T; 20]
[INFO] [stderr]              [T; 21]
[INFO] [stderr]              [T; 22]
[INFO] [stderr]              [T; 23]
[INFO] [stderr]              [T; 24]
[INFO] [stderr]              [T; 25]
[INFO] [stderr]              [T; 26]
[INFO] [stderr]              [T; 27]
[INFO] [stderr]              [T; 28]
[INFO] [stderr]              [T; 29]
[INFO] [stderr]              [T; 2]
[INFO] [stderr]              [T; 30]
[INFO] [stderr]              [T; 31]
[INFO] [stderr]              [T; 32]
[INFO] [stderr]              [T; 3]
[INFO] [stderr]              [T; 4]
[INFO] [stderr]              [T; 5]
[INFO] [stderr]              [T; 6]
[INFO] [stderr]              [T; 7]
[INFO] [stderr]              [T; 8]
[INFO] [stderr]              [T; 9]
[INFO] [stderr]              bool
[INFO] [stderr]              char
[INFO] [stderr]              clauser::types::Date
[INFO] [stderr]              f32
[INFO] [stderr]              f64
[INFO] [stderr]              i128
[INFO] [stderr]              i16
[INFO] [stderr]              i32
[INFO] [stderr]              i64
[INFO] [stderr]              i8
[INFO] [stderr]              isize
[INFO] [stderr]              serde::__private::de::content::Content<'de>
[INFO] [stderr]              std::ops::Range<Idx>
[INFO] [stderr]              std::option::Option<T>
[INFO] [stderr]              std::string::String
[INFO] [stderr]              u128
[INFO] [stderr]              u16
[INFO] [stderr]              u32
[INFO] [stderr]              u64
[INFO] [stderr]              u8
[INFO] [stderr]              usize
[INFO] [stderr] note: required by a bound in `next_value`
[INFO] [stderr]   --> $CARGO/serde-1.0.203/src/de/mod.rs
[INFO] [stderr]    |
[INFO] [stderr]    |     fn next_value<V>(&mut self) -> Result<V, Self::Error>
[INFO] [stderr]    |        ---------- required by a bound in this associated function
[INFO] [stderr]    |     where
[INFO] [stderr]    |         V: Deserialize<'de>,
[INFO] [stderr]    |            ^^^^^^^^^^^^^^^^ required by this bound in `MapAccess::next_value`
[INFO] [stderr] ┈┈┈┈┈┈┈┈┈┈┈┈┈┈┈┈┈┈┈┈┈┈┈┈┈┈┈┈┈┈┈┈┈┈┈┈┈┈┈┈┈┈┈┈┈┈┈┈┈┈┈┈┈┈┈┈┈┈┈┈
[INFO] [stderr] 
[INFO] [stderr] ACTUAL OUTPUT:
[INFO] [stderr] ┈┈┈┈┈┈┈┈┈┈┈┈┈┈┈┈┈┈┈┈┈┈┈┈┈┈┈┈┈┈┈┈┈┈┈┈┈┈┈┈┈┈┈┈┈┈┈┈┈┈┈┈┈┈┈┈┈┈┈┈
[INFO] [stderr] error[E0277]: the trait bound `CantDeser: Deserialize<'static>` is not satisfied
[INFO] [stderr]   --> tests/deserializer/cases/03_wrong_type.rs:10:15
[INFO] [stderr]    |
[INFO] [stderr] 10 |     item: Vec<CantDeser>,
[INFO] [stderr]    |               ^^^^^^^^^ the trait `Deserialize<'static>` is not implemented for `CantDeser`
[INFO] [stderr]    |
[INFO] [stderr]    = note: for local types consider adding `#[derive(serde::Deserialize)]` to your `CantDeser` type
[INFO] [stderr]    = note: for types from other crates check whether the crate offers a `serde` feature flag
[INFO] [stderr]    = help: the following other types implement trait `Deserialize<'de>`:
[INFO] [stderr]              &'a Path
[INFO] [stderr]              &'a [u8]
[INFO] [stderr]              &'a str
[INFO] [stderr]              ()
[INFO] [stderr]              (T,)
[INFO] [stderr]              (T0, T1)
[INFO] [stderr]              (T0, T1, T2)
[INFO] [stderr]              (T0, T1, T2, T3)
[INFO] [stderr]            and $N others
[INFO] [stderr] note: required by a bound in `<TestVisitor as Visitor<'de>>::visit_map::_::{closure#0}::assert_impl_all`
[INFO] [stderr]   --> tests/deserializer/cases/03_wrong_type.rs:7:1
[INFO] [stderr]    |
[INFO] [stderr] 7  | #[duplicate_keys]
[INFO] [stderr]    | ^^^^^^^^^^^^^^^^^ required by this bound in `assert_impl_all`
[INFO] [stderr]    = note: this error originates in the macro `clauser::static_assertions::assert_impl_all` which comes from the expansion of the attribute macro `duplicate_keys` (in Nightly builds, run with -Z macro-backtrace for more info)
[INFO] [stderr] 
[INFO] [stderr] error[E0277]: the trait bound `CantDeser: Deserialize<'de>` is not satisfied
[INFO] [stderr]   --> tests/deserializer/cases/03_wrong_type.rs:10:15
[INFO] [stderr]    |
[INFO] [stderr] 7  | #[duplicate_keys]
[INFO] [stderr]    | ----------------- required by a bound introduced by this call
[INFO] [stderr] ...
[INFO] [stderr] 10 |     item: Vec<CantDeser>,
[INFO] [stderr]    |               ^^^^^^^^^ the trait `Deserialize<'de>` is not implemented for `CantDeser`
[INFO] [stderr]    |
[INFO] [stderr]    = note: for local types consider adding `#[derive(serde::Deserialize)]` to your `CantDeser` type
[INFO] [stderr]    = note: for types from other crates check whether the crate offers a `serde` feature flag
[INFO] [stderr]    = help: the following other types implement trait `Deserialize<'de>`:
[INFO] [stderr]              &'a Path
[INFO] [stderr]              &'a [u8]
[INFO] [stderr]              &'a str
[INFO] [stderr]              ()
[INFO] [stderr]              (T,)
[INFO] [stderr]              (T0, T1)
[INFO] [stderr]              (T0, T1, T2)
[INFO] [stderr]              (T0, T1, T2, T3)
[INFO] [stderr]            and $N others
[INFO] [stderr] note: required by a bound in `next_value`
[INFO] [stderr]   --> $CARGO/serde-1.0.214/src/de/mod.rs
[INFO] [stderr]    |
[INFO] [stderr]    |     fn next_value<V>(&mut self) -> Result<V, Self::Error>
[INFO] [stderr]    |        ---------- required by a bound in this associated function
[INFO] [stderr]    |     where
[INFO] [stderr]    |         V: Deserialize<'de>,
[INFO] [stderr]    |            ^^^^^^^^^^^^^^^^ required by this bound in `MapAccess::next_value`
[INFO] [stderr] ┈┈┈┈┈┈┈┈┈┈┈┈┈┈┈┈┈┈┈┈┈┈┈┈┈┈┈┈┈┈┈┈┈┈┈┈┈┈┈┈┈┈┈┈┈┈┈┈┈┈┈┈┈┈┈┈┈┈┈┈
[INFO] [stderr] note: If the actual output is the correct output you can bless it by rerunning
[INFO] [stderr]       your test with the environment variable TRYBUILD=overwrite
[INFO] [stderr] 
[INFO] [stderr] test tests/deserializer/cases/04_not_vec.rs ... mismatch
[INFO] [stderr] 
[INFO] [stderr] EXPECTED:
[INFO] [stderr] ┈┈┈┈┈┈┈┈┈┈┈┈┈┈┈┈┈┈┈┈┈┈┈┈┈┈┈┈┈┈┈┈┈┈┈┈┈┈┈┈┈┈┈┈┈┈┈┈┈┈┈┈┈┈┈┈┈┈┈┈
[INFO] [stderr] error[E0277]: the trait bound `std::option::Option<std::string::String>: Extend<std::string::String>` is not satisfied
[INFO] [stderr]  --> tests/deserializer/cases/04_not_vec.rs:3:1
[INFO] [stderr]   |
[INFO] [stderr] 3 | #[duplicate_keys]
[INFO] [stderr]   | ^^^^^^^^^^^^^^^^^ the trait `Extend<std::string::String>` is not implemented for `std::option::Option<std::string::String>`
[INFO] [stderr]   |
[INFO] [stderr]   = help: the following other types implement trait `Extend<A>`:
[INFO] [stderr]             `()` implements `Extend<()>`
[INFO] [stderr]             `(ExtendA, ExtendB)` implements `Extend<(A, B)>`
[INFO] [stderr]             `BTreeMap<K, V, A>` implements `Extend<(&'a K, &'a V)>`
[INFO] [stderr]             `BTreeMap<K, V, A>` implements `Extend<(K, V)>`
[INFO] [stderr]             `BTreeSet<T, A>` implements `Extend<&'a T>`
[INFO] [stderr]             `BTreeSet<T, A>` implements `Extend<T>`
[INFO] [stderr]             `BinaryHeap<T, A>` implements `Extend<&'a T>`
[INFO] [stderr]             `BinaryHeap<T, A>` implements `Extend<T>`
[INFO] [stderr]             `HashMap<K, V, S>` implements `Extend<(&'a K, &'a V)>`
[INFO] [stderr]             `HashMap<K, V, S>` implements `Extend<(K, V)>`
[INFO] [stderr]             `HashSet<T, S>` implements `Extend<&'a T>`
[INFO] [stderr]             `HashSet<T, S>` implements `Extend<T>`
[INFO] [stderr]             `LinkedList<T, A>` implements `Extend<&'a T>`
[INFO] [stderr]             `LinkedList<T, A>` implements `Extend<T>`
[INFO] [stderr]             `OsString` implements `Extend<&'a OsStr>`
[INFO] [stderr]             `OsString` implements `Extend<Cow<'a, OsStr>>`
[INFO] [stderr]             `OsString` implements `Extend<OsString>`
[INFO] [stderr]             `PathBuf` implements `Extend<P>`
[INFO] [stderr]             `Vec<T, A>` implements `Extend<&'a T>`
[INFO] [stderr]             `Vec<T, A>` implements `Extend<T>`
[INFO] [stderr]             `VecDeque<T, A>` implements `Extend<&'a T>`
[INFO] [stderr]             `VecDeque<T, A>` implements `Extend<T>`
[INFO] [stderr]             `hashbrown::map::HashMap<K, V, S, A>` implements `Extend<&'a (K, V)>`
[INFO] [stderr]             `hashbrown::map::HashMap<K, V, S, A>` implements `Extend<(&'a K, &'a V)>`
[INFO] [stderr]             `hashbrown::map::HashMap<K, V, S, A>` implements `Extend<(K, V)>`
[INFO] [stderr]             `hashbrown::set::HashSet<T, S, A>` implements `Extend<&'a T>`
[INFO] [stderr]             `hashbrown::set::HashSet<T, S, A>` implements `Extend<T>`
[INFO] [stderr]             `std::string::String` implements `Extend<&'a char>`
[INFO] [stderr]             `std::string::String` implements `Extend<&'a str>`
[INFO] [stderr]             `std::string::String` implements `Extend<Box<str, A>>`
[INFO] [stderr]             `std::string::String` implements `Extend<Cow<'a, str>>`
[INFO] [stderr]             `std::string::String` implements `Extend<char>`
[INFO] [stderr]             `std::string::String` implements `Extend<std::string::String>`
[INFO] [stderr]             `std::sys_common::wtf8::Wtf8Buf` implements `Extend<std::sys_common::wtf8::CodePoint>`
[INFO] [stderr] note: required by a bound in `<TestVisitor as Visitor<'de>>::visit_map::_::{closure#0}::assert_impl_all`
[INFO] [stderr]  --> tests/deserializer/cases/04_not_vec.rs:3:1
[INFO] [stderr]   |
[INFO] [stderr] 3 | #[duplicate_keys]
[INFO] [stderr]   | ^^^^^^^^^^^^^^^^^ required by this bound in `assert_impl_all`
[INFO] [stderr]   = note: this error originates in the attribute macro `duplicate_keys` (in Nightly builds, run with -Z macro-backtrace for more info)
[INFO] [stderr] 
[INFO] [stderr] error[E0599]: no variant or associated item named `new` found for enum `std::option::Option` in the current scope
[INFO] [stderr]  --> tests/deserializer/cases/04_not_vec.rs:3:1
[INFO] [stderr]   |
[INFO] [stderr] 3 | #[duplicate_keys]
[INFO] [stderr]   | ^^^^^^^^^^^^^^^^^ variant or associated item not found in `Option<_>`
[INFO] [stderr]   |
[INFO] [stderr] help: there is a method `ne` with a similar name, but with different arguments
[INFO] [stderr]  --> $RUST/core/src/cmp.rs
[INFO] [stderr]   |
[INFO] [stderr]   |     fn ne(&self, other: &Rhs) -> bool {
[INFO] [stderr]   |     ^^^^^^^^^^^^^^^^^^^^^^^^^^^^^^^^^
[INFO] [stderr]   = note: this error originates in the attribute macro `duplicate_keys` (in Nightly builds, run with -Z macro-backtrace for more info)
[INFO] [stderr] ┈┈┈┈┈┈┈┈┈┈┈┈┈┈┈┈┈┈┈┈┈┈┈┈┈┈┈┈┈┈┈┈┈┈┈┈┈┈┈┈┈┈┈┈┈┈┈┈┈┈┈┈┈┈┈┈┈┈┈┈
[INFO] [stderr] 
[INFO] [stderr] ACTUAL OUTPUT:
[INFO] [stderr] ┈┈┈┈┈┈┈┈┈┈┈┈┈┈┈┈┈┈┈┈┈┈┈┈┈┈┈┈┈┈┈┈┈┈┈┈┈┈┈┈┈┈┈┈┈┈┈┈┈┈┈┈┈┈┈┈┈┈┈┈
[INFO] [stderr] error[E0277]: the trait bound `std::option::Option<std::string::String>: Extend<std::string::String>` is not satisfied
[INFO] [stderr]  --> tests/deserializer/cases/04_not_vec.rs:3:1
[INFO] [stderr]   |
[INFO] [stderr] 3 | #[duplicate_keys]
[INFO] [stderr]   | ^^^^^^^^^^^^^^^^^ the trait `Extend<std::string::String>` is not implemented for `std::option::Option<std::string::String>`
[INFO] [stderr]   |
[INFO] [stderr]   = help: the following other types implement trait `Extend<A>`:
[INFO] [stderr]             `()` implements `Extend<()>`
[INFO] [stderr]             `(ExtendA, ExtendB)` implements `Extend<(A, B)>`
[INFO] [stderr]             `BTreeMap<K, V, A>` implements `Extend<(&'a K, &'a V)>`
[INFO] [stderr]             `BTreeMap<K, V, A>` implements `Extend<(K, V)>`
[INFO] [stderr]             `BTreeSet<T, A>` implements `Extend<&'a T>`
[INFO] [stderr]             `BTreeSet<T, A>` implements `Extend<T>`
[INFO] [stderr]             `BinaryHeap<T, A>` implements `Extend<&'a T>`
[INFO] [stderr]             `BinaryHeap<T, A>` implements `Extend<T>`
[INFO] [stderr]           and $N others
[INFO] [stderr] note: required by a bound in `<TestVisitor as Visitor<'de>>::visit_map::_::{closure#0}::assert_impl_all`
[INFO] [stderr]  --> tests/deserializer/cases/04_not_vec.rs:3:1
[INFO] [stderr]   |
[INFO] [stderr] 3 | #[duplicate_keys]
[INFO] [stderr]   | ^^^^^^^^^^^^^^^^^ required by this bound in `assert_impl_all`
[INFO] [stderr]   = note: this error originates in the attribute macro `duplicate_keys` (in Nightly builds, run with -Z macro-backtrace for more info)
[INFO] [stderr] 
[INFO] [stderr] error[E0599]: no variant or associated item named `new` found for enum `std::option::Option` in the current scope
[INFO] [stderr]  --> tests/deserializer/cases/04_not_vec.rs:3:1
[INFO] [stderr]   |
[INFO] [stderr] 3 | #[duplicate_keys]
[INFO] [stderr]   | ^^^^^^^^^^^^^^^^^ variant or associated item not found in `Option<_>`
[INFO] [stderr]   |
[INFO] [stderr] help: there is a method `ne` with a similar name, but with different arguments
[INFO] [stderr]  --> $RUST/core/src/cmp.rs
[INFO] [stderr]   = note: this error originates in the attribute macro `duplicate_keys` (in Nightly builds, run with -Z macro-backtrace for more info)
[INFO] [stderr] ┈┈┈┈┈┈┈┈┈┈┈┈┈┈┈┈┈┈┈┈┈┈┈┈┈┈┈┈┈┈┈┈┈┈┈┈┈┈┈┈┈┈┈┈┈┈┈┈┈┈┈┈┈┈┈┈┈┈┈┈
[INFO] [stderr] note: If the actual output is the correct output you can bless it by rerunning
[INFO] [stderr]       your test with the environment variable TRYBUILD=overwrite
[INFO] [stderr] 
[INFO] [stderr] 
[INFO] [stderr] 
[INFO] [stdout] test deserializer::duplicate::correct_field_type ... FAILED
[INFO] [stderr] warning: elided lifetime has a name
[INFO] [stderr]   --> /opt/rustwide/workdir/src/reader.rs:25:34
[INFO] [stderr]    |
[INFO] [stderr] 23 | impl<'a> Reader<'a> {
[INFO] [stderr]    |      -- lifetime `'a` declared here
[INFO] [stderr] 24 |     /// Creates a new Reader from the given text.
[INFO] [stderr] 25 |     pub fn new(text: &'a str) -> Reader {
[INFO] [stderr]    |                                  ^^^^^^ this elided lifetime gets resolved as `'a`
[INFO] [stderr]    |
[INFO] [stderr]    = note: `#[warn(elided_named_lifetimes)]` on by default
[INFO] [stderr] 
[INFO] [stderr] warning: elided lifetime has a name
[INFO] [stderr]   --> /opt/rustwide/workdir/src/tokenizer.rs:27:34
[INFO] [stderr]    |
[INFO] [stderr] 25 | impl<'a> Tokenizer<'a> {
[INFO] [stderr]    |      -- lifetime `'a` declared here
[INFO] [stderr] 26 |     /// Creates a new [Tokenizer] from the input text.
[INFO] [stderr] 27 |     pub fn new(text: &'a str) -> Tokenizer {
[INFO] [stderr]    |                                  ^^^^^^^^^ this elided lifetime gets resolved as `'a`
[INFO] [stderr] 
[INFO] [stderr] warning: elided lifetime has a name
[INFO] [stderr]   --> /opt/rustwide/workdir/src/tokenizer.rs:58:78
[INFO] [stderr]    |
[INFO] [stderr] 25 | impl<'a> Tokenizer<'a> {
[INFO] [stderr]    |      -- lifetime `'a` declared here
[INFO] [stderr] ...
[INFO] [stderr] 58 |     pub fn iter_generic<T: ConstructableToken>(&'a mut self) -> TokenIterator<T> {
[INFO] [stderr]    |                                                                              ^ this elided lifetime gets resolved as `'a`
[INFO] [stderr] 
[INFO] [stderr] warning: elided lifetime has a name
[INFO] [stderr]   --> /opt/rustwide/workdir/src/tokenizer.rs:63:47
[INFO] [stderr]    |
[INFO] [stderr] 25 | impl<'a> Tokenizer<'a> {
[INFO] [stderr]    |      -- lifetime `'a` declared here
[INFO] [stderr] ...
[INFO] [stderr] 63 |     pub fn iter(&'a mut self) -> TokenIterator<Token> {
[INFO] [stderr]    |                                               ^ this elided lifetime gets resolved as `'a`
[INFO] [stderr] 
[INFO] [stderr] warning: elided lifetime has a name
[INFO] [stderr]   --> /opt/rustwide/workdir/src/tokenizer.rs:68:53
[INFO] [stderr]    |
[INFO] [stderr] 25 | impl<'a> Tokenizer<'a> {
[INFO] [stderr]    |      -- lifetime `'a` declared here
[INFO] [stderr] ...
[INFO] [stderr] 68 |     pub fn iter_owned(&'a mut self) -> TokenIterator<OwnedToken> {
[INFO] [stderr]    |                                                     ^ this elided lifetime gets resolved as `'a`
[INFO] [stderr] 
[INFO] [stderr] warning: `clauser` (lib) generated 5 warnings
[INFO] [stderr]     Checking clauser-tests v0.0.0 (/opt/rustwide/target/tests/trybuild/clauser)
[INFO] [stderr]     Finished `dev` profile [unoptimized + debuginfo] target(s) in 0.08s
[INFO] [stderr] 
[INFO] [stderr] 
[INFO] [stderr] test tests/deserializer/cases/00_enum.rs ... ok
[INFO] [stderr] test tests/deserializer/cases/01_union.rs ... ok
[INFO] [stderr] test tests/deserializer/cases/02_named.rs ... ok
[INFO] [stderr] 
[INFO] [stderr] 
[INFO] [stdout] test deserializer::duplicate::only_named_structs ... ok
[INFO] [stdout] 
[INFO] [stdout] failures:
[INFO] [stdout] 
[INFO] [stdout] ---- deserializer::duplicate::correct_field_type stdout ----
[INFO] [stdout] thread 'deserializer::duplicate::correct_field_type' panicked at /opt/rustwide/cargo-home/registry/src/index.crates.io-6f17d22bba15001f/trybuild-1.0.101/src/run.rs:101:13:
[INFO] [stdout] 2 of 2 tests failed
[INFO] [stdout] stack backtrace:
[INFO] [stdout]    0:     0x55c0313f41ea - std::backtrace_rs::backtrace::libunwind::trace::h207520d6e9873551
[INFO] [stdout]                                at /rustc/df4ca44d3fbc9301ee17f30f4d474e6ae4b05252/library/std/src/../../backtrace/src/backtrace/libunwind.rs:116:5
[INFO] [stdout]    1:     0x55c0313f41ea - std::backtrace_rs::backtrace::trace_unsynchronized::h2ed7433f370e3eca
[INFO] [stdout]                                at /rustc/df4ca44d3fbc9301ee17f30f4d474e6ae4b05252/library/std/src/../../backtrace/src/backtrace/mod.rs:66:5
[INFO] [stdout]    2:     0x55c0313f41ea - std::sys::backtrace::_print_fmt::h916fac51166b18d7
[INFO] [stdout]                                at /rustc/df4ca44d3fbc9301ee17f30f4d474e6ae4b05252/library/std/src/sys/backtrace.rs:66:9
[INFO] [stdout]    3:     0x55c0313f41ea - <std::sys::backtrace::BacktraceLock::print::DisplayBacktrace as core::fmt::Display>::fmt::ha0a4c9b8ce3802e6
[INFO] [stdout]                                at /rustc/df4ca44d3fbc9301ee17f30f4d474e6ae4b05252/library/std/src/sys/backtrace.rs:39:26
[INFO] [stdout]    4:     0x55c03141f563 - core::fmt::rt::Argument::fmt::h4cfc8587d52b3eb5
[INFO] [stdout]                                at /rustc/df4ca44d3fbc9301ee17f30f4d474e6ae4b05252/library/core/src/fmt/rt.rs:177:76
[INFO] [stdout]    5:     0x55c03141f563 - core::fmt::write::h522cc39e5b36ae9f
[INFO] [stdout]                                at /rustc/df4ca44d3fbc9301ee17f30f4d474e6ae4b05252/library/core/src/fmt/mod.rs:1190:21
[INFO] [stdout]    6:     0x55c0313f0223 - std::io::Write::write_fmt::h7d3c26752da97734
[INFO] [stdout]                                at /rustc/df4ca44d3fbc9301ee17f30f4d474e6ae4b05252/library/std/src/io/mod.rs:1839:15
[INFO] [stdout]    7:     0x55c0313f4032 - std::sys::backtrace::BacktraceLock::print::h4b9e00b29e9c0942
[INFO] [stdout]                                at /rustc/df4ca44d3fbc9301ee17f30f4d474e6ae4b05252/library/std/src/sys/backtrace.rs:42:9
[INFO] [stdout]    8:     0x55c0313f5c7a - std::panicking::default_hook::{{closure}}::hb59b88280d0324d9
[INFO] [stdout]                                at /rustc/df4ca44d3fbc9301ee17f30f4d474e6ae4b05252/library/std/src/panicking.rs:268:22
[INFO] [stdout]    9:     0x55c0313f5a84 - std::panicking::default_hook::he1dd496665be4a29
[INFO] [stdout]                                at /rustc/df4ca44d3fbc9301ee17f30f4d474e6ae4b05252/library/std/src/panicking.rs:292:9
[INFO] [stdout]   10:     0x55c0310e5bf9 - <alloc::boxed::Box<F,A> as core::ops::function::Fn<Args>>::call::h4ff71de18744e1dc
[INFO] [stdout]                                at /rustc/df4ca44d3fbc9301ee17f30f4d474e6ae4b05252/library/alloc/src/boxed.rs:2468:9
[INFO] [stdout]   11:     0x55c0310e5bf9 - test::test_main::{{closure}}::hcf7c055ce117aa81
[INFO] [stdout]                                at /rustc/df4ca44d3fbc9301ee17f30f4d474e6ae4b05252/library/test/src/lib.rs:133:21
[INFO] [stdout]   12:     0x55c0313f6378 - <alloc::boxed::Box<F,A> as core::ops::function::Fn<Args>>::call::h1d66c6bbd60c9692
[INFO] [stdout]                                at /rustc/df4ca44d3fbc9301ee17f30f4d474e6ae4b05252/library/alloc/src/boxed.rs:2468:9
[INFO] [stdout]   13:     0x55c0313f6378 - std::panicking::rust_panic_with_hook::h2ff17fe8f26dfcf8
[INFO] [stdout]                                at /rustc/df4ca44d3fbc9301ee17f30f4d474e6ae4b05252/library/std/src/panicking.rs:809:13
[INFO] [stdout]   14:     0x55c0313f613a - std::panicking::begin_panic_handler::{{closure}}::h4fad77951c07e101
[INFO] [stdout]                                at /rustc/df4ca44d3fbc9301ee17f30f4d474e6ae4b05252/library/std/src/panicking.rs:674:13
[INFO] [stdout]   15:     0x55c0313f46c9 - std::sys::backtrace::__rust_end_short_backtrace::hb1a25b3da5d0ea08
[INFO] [stdout]                                at /rustc/df4ca44d3fbc9301ee17f30f4d474e6ae4b05252/library/std/src/sys/backtrace.rs:170:18
[INFO] [stdout]   16:     0x55c0313f5dcc - rust_begin_unwind
[INFO] [stdout]                                at /rustc/df4ca44d3fbc9301ee17f30f4d474e6ae4b05252/library/std/src/panicking.rs:665:5
[INFO] [stdout]   17:     0x55c03141ca60 - core::panicking::panic_fmt::ha9db07b529f9b256
[INFO] [stdout]                                at /rustc/df4ca44d3fbc9301ee17f30f4d474e6ae4b05252/library/core/src/panicking.rs:75:14
[INFO] [stdout]   18:     0x55c0311be315 - trybuild::run::<impl trybuild::Runner>::run::he2782ce4b0727d55
[INFO] [stdout]                                at /opt/rustwide/cargo-home/registry/src/index.crates.io-6f17d22bba15001f/trybuild-1.0.101/src/run.rs:101:13
[INFO] [stdout]   19:     0x55c0311c3828 - <trybuild::TestCases as core::ops::drop::Drop>::drop::h82c8ca4abf661381
[INFO] [stdout]                                at /opt/rustwide/cargo-home/registry/src/index.crates.io-6f17d22bba15001f/trybuild-1.0.101/src/lib.rs:340:13
[INFO] [stdout]   20:     0x55c0310a55e7 - core::ptr::drop_in_place<trybuild::TestCases>::h2df65d498d642bc3
[INFO] [stdout]                                at /rustc/df4ca44d3fbc9301ee17f30f4d474e6ae4b05252/library/core/src/ptr/mod.rs:521:1
[INFO] [stdout]   21:     0x55c0310729fb - de::deserializer::duplicate::correct_field_type::hdb327b6f69a25402
[INFO] [stdout]                                at /opt/rustwide/workdir/tests/deserializer/duplicate.rs:104:1
[INFO] [stdout]   22:     0x55c031072977 - de::deserializer::duplicate::correct_field_type::{{closure}}::h0bf5f3444ba9b80c
[INFO] [stdout]                                at /opt/rustwide/workdir/tests/deserializer/duplicate.rs:100:28
[INFO] [stdout]   23:     0x55c0310a4b46 - core::ops::function::FnOnce::call_once::h83ca69f6affd9583
[INFO] [stdout]                                at /rustc/df4ca44d3fbc9301ee17f30f4d474e6ae4b05252/library/core/src/ops/function.rs:250:5
[INFO] [stdout]   24:     0x55c0310ea4cb - core::ops::function::FnOnce::call_once::h22c3ba5715e93f05
[INFO] [stdout]                                at /rustc/df4ca44d3fbc9301ee17f30f4d474e6ae4b05252/library/core/src/ops/function.rs:250:5
[INFO] [stdout]   25:     0x55c0310ea4cb - test::__rust_begin_short_backtrace::h8e82d8113d0da17f
[INFO] [stdout]                                at /rustc/df4ca44d3fbc9301ee17f30f4d474e6ae4b05252/library/test/src/lib.rs:621:18
[INFO] [stdout]   26:     0x55c0310e9e47 - test::run_test_in_process::{{closure}}::h33235f4f20b7b7c7
[INFO] [stdout]                                at /rustc/df4ca44d3fbc9301ee17f30f4d474e6ae4b05252/library/test/src/lib.rs:644:60
[INFO] [stdout]   27:     0x55c0310e9e47 - <core::panic::unwind_safe::AssertUnwindSafe<F> as core::ops::function::FnOnce<()>>::call_once::hb5043206310c586f
[INFO] [stdout]                                at /rustc/df4ca44d3fbc9301ee17f30f4d474e6ae4b05252/library/core/src/panic/unwind_safe.rs:272:9
[INFO] [stdout]   28:     0x55c0310e9e47 - std::panicking::try::do_call::h9ad4731a60ab23e2
[INFO] [stdout]                                at /rustc/df4ca44d3fbc9301ee17f30f4d474e6ae4b05252/library/std/src/panicking.rs:557:40
[INFO] [stdout]   29:     0x55c0310e9e47 - std::panicking::try::h3824d23db772a716
[INFO] [stdout]                                at /rustc/df4ca44d3fbc9301ee17f30f4d474e6ae4b05252/library/std/src/panicking.rs:520:19
[INFO] [stdout]   30:     0x55c0310e9e47 - std::panic::catch_unwind::h5afd514605fde46b
[INFO] [stdout]                                at /rustc/df4ca44d3fbc9301ee17f30f4d474e6ae4b05252/library/std/src/panic.rs:358:14
[INFO] [stdout]   31:     0x55c0310e9e47 - test::run_test_in_process::h0d5cbfa7067d1720
[INFO] [stdout]                                at /rustc/df4ca44d3fbc9301ee17f30f4d474e6ae4b05252/library/test/src/lib.rs:644:27
[INFO] [stdout]   32:     0x55c0310e9e47 - test::run_test::{{closure}}::h708eb8872708115d
[INFO] [stdout]                                at /rustc/df4ca44d3fbc9301ee17f30f4d474e6ae4b05252/library/test/src/lib.rs:565:43
[INFO] [stdout]   33:     0x55c0310ad564 - test::run_test::{{closure}}::h392c51cee94713ab
[INFO] [stdout]                                at /rustc/df4ca44d3fbc9301ee17f30f4d474e6ae4b05252/library/test/src/lib.rs:595:41
[INFO] [stdout]   34:     0x55c0310ad564 - std::sys::backtrace::__rust_begin_short_backtrace::h2f40290710935a8b
[INFO] [stdout]                                at /rustc/df4ca44d3fbc9301ee17f30f4d474e6ae4b05252/library/std/src/sys/backtrace.rs:154:18
[INFO] [stdout]   35:     0x55c0310b0d0e - std::thread::Builder::spawn_unchecked_::{{closure}}::{{closure}}::h3fd968d89053a903
[INFO] [stdout]                                at /rustc/df4ca44d3fbc9301ee17f30f4d474e6ae4b05252/library/std/src/thread/mod.rs:541:17
[INFO] [stderr] error: test failed, to rerun pass `--test de`
[INFO] [stdout]   36:     0x55c0310b0d0e - <core::panic::unwind_safe::AssertUnwindSafe<F> as core::ops::function::FnOnce<()>>::call_once::h743f637ba4229880
[INFO] [stdout]                                at /rustc/df4ca44d3fbc9301ee17f30f4d474e6ae4b05252/library/core/src/panic/unwind_safe.rs:272:9
[INFO] [stdout]   37:     0x55c0310b0d0e - std::panicking::try::do_call::h07440897322525a6
[INFO] [stdout]                                at /rustc/df4ca44d3fbc9301ee17f30f4d474e6ae4b05252/library/std/src/panicking.rs:557:40
[INFO] [stdout]   38:     0x55c0310b0d0e - std::panicking::try::he5a2e00188156637
[INFO] [stdout]                                at /rustc/df4ca44d3fbc9301ee17f30f4d474e6ae4b05252/library/std/src/panicking.rs:520:19
[INFO] [stdout]   39:     0x55c0310b0d0e - std::panic::catch_unwind::hbaf3cae49b3c6433
[INFO] [stdout]                                at /rustc/df4ca44d3fbc9301ee17f30f4d474e6ae4b05252/library/std/src/panic.rs:358:14
[INFO] [stdout]   40:     0x55c0310b0d0e - std::thread::Builder::spawn_unchecked_::{{closure}}::h8e141ea224820bce
[INFO] [stdout]                                at /rustc/df4ca44d3fbc9301ee17f30f4d474e6ae4b05252/library/std/src/thread/mod.rs:540:30
[INFO] [stdout]   41:     0x55c0310b0d0e - core::ops::function::FnOnce::call_once{{vtable.shim}}::h90d312fedd7b8ea8
[INFO] [stdout]                                at /rustc/df4ca44d3fbc9301ee17f30f4d474e6ae4b05252/library/core/src/ops/function.rs:250:5
[INFO] [stdout]   42:     0x55c0313fb13b - <alloc::boxed::Box<F,A> as core::ops::function::FnOnce<Args>>::call_once::h69aa08ddb6adb8b6
[INFO] [stdout]                                at /rustc/df4ca44d3fbc9301ee17f30f4d474e6ae4b05252/library/alloc/src/boxed.rs:2454:9
[INFO] [stdout]   43:     0x55c0313fb13b - <alloc::boxed::Box<F,A> as core::ops::function::FnOnce<Args>>::call_once::h5aa36efdb79c806f
[INFO] [stdout]                                at /rustc/df4ca44d3fbc9301ee17f30f4d474e6ae4b05252/library/alloc/src/boxed.rs:2454:9
[INFO] [stdout]   44:     0x55c0313fb13b - std::sys::pal::unix::thread::Thread::new::thread_start::h6cd80a1b4be5158d
[INFO] [stdout]                                at /rustc/df4ca44d3fbc9301ee17f30f4d474e6ae4b05252/library/std/src/sys/pal/unix/thread.rs:105:17
[INFO] [stdout]   45:     0x728143213ac3 - <unknown>
[INFO] [stdout]   46:     0x7281432a4a04 - clone
[INFO] [stdout]   47:                0x0 - <unknown>
[INFO] [stdout] 
[INFO] [stdout] 
[INFO] [stdout] failures:
[INFO] [stdout]     deserializer::duplicate::correct_field_type
[INFO] [stdout] 
[INFO] [stdout] test result: FAILED. 17 passed; 1 failed; 0 ignored; 0 measured; 0 filtered out; finished in 11.78s
[INFO] [stdout] 
[INFO] running `Command { std: "docker" "inspect" "43ec87558ba666cb29fdf055b08cd2d4dd1153e8dd91379fe1d176b0e545fe43", kill_on_drop: false }`
[INFO] running `Command { std: "docker" "rm" "-f" "43ec87558ba666cb29fdf055b08cd2d4dd1153e8dd91379fe1d176b0e545fe43", kill_on_drop: false }`
[INFO] [stdout] 43ec87558ba666cb29fdf055b08cd2d4dd1153e8dd91379fe1d176b0e545fe43
