[INFO] fetching crate cjval 0.8.1...
[INFO] testing cjval-0.8.1 against nightly-2024-10-28 for randomize-layout
[INFO] extracting crate cjval 0.8.1 into /workspace/builds/worker-6-tc1/source
[INFO] validating manifest of crates.io crate cjval 0.8.1 on toolchain nightly-2024-10-28
[INFO] running `Command { std: CARGO_HOME="/workspace/cargo-home" RUSTUP_HOME="/workspace/rustup-home" "/workspace/cargo-home/bin/cargo" "+nightly-2024-10-28" "metadata" "--manifest-path" "Cargo.toml" "--no-deps", kill_on_drop: false }`
[INFO] started tweaking crates.io crate cjval 0.8.1
[INFO] finished tweaking crates.io crate cjval 0.8.1
[INFO] tweaked toml for crates.io crate cjval 0.8.1 written to /workspace/builds/worker-6-tc1/source/Cargo.toml
[INFO] crate crates.io crate cjval 0.8.1 already has a lockfile, it will not be regenerated
[INFO] running `Command { std: CARGO_HOME="/workspace/cargo-home" RUSTUP_HOME="/workspace/rustup-home" "/workspace/cargo-home/bin/cargo" "+nightly-2024-10-28" "fetch" "--manifest-path" "Cargo.toml", kill_on_drop: false }`
[INFO] [stderr]     Updating crates.io index
[INFO] [stderr]  Downloading crates ...
[INFO] [stderr]   Downloaded darling_macro v0.20.8
[INFO] [stderr]   Downloaded serde v1.0.200
[INFO] [stderr]   Downloaded darling v0.20.8
[INFO] [stderr]   Downloaded iso8601 v0.6.1
[INFO] [stderr]   Downloaded num-cmp v0.1.0
[INFO] [stderr]   Downloaded serde_derive v1.0.200
[INFO] [stderr]   Downloaded darling_core v0.20.8
[INFO] [stderr]   Downloaded fraction v0.13.1
[INFO] [stderr]   Downloaded fancy-regex v0.11.0
[INFO] [stderr]   Downloaded jsonschema v0.17.1
[INFO] running `Command { std: "docker" "create" "-v" "/var/lib/crater-agent-workspace/builds/worker-6-tc1/target:/opt/rustwide/target:rw,Z" "-v" "/var/lib/crater-agent-workspace/builds/worker-6-tc1/source:/opt/rustwide/workdir:ro,Z" "-v" "/var/lib/crater-agent-workspace/cargo-home:/opt/rustwide/cargo-home:ro,Z" "-v" "/var/lib/crater-agent-workspace/rustup-home:/opt/rustwide/rustup-home:ro,Z" "-e" "SOURCE_DIR=/opt/rustwide/workdir" "-e" "CARGO_TARGET_DIR=/opt/rustwide/target" "-e" "CARGO_HOME=/opt/rustwide/cargo-home" "-e" "RUSTUP_HOME=/opt/rustwide/rustup-home" "-w" "/opt/rustwide/workdir" "-m" "1610612736" "--user" "0:0" "--network" "none" "ghcr.io/rust-lang/crates-build-env/linux@sha256:4a844ea9eb2546a2d2c7022eacef16ef2e8229c7fbb2c7d4d55a9ceca922f72d" "/opt/rustwide/cargo-home/bin/cargo" "+nightly-2024-10-28" "metadata" "--no-deps" "--format-version=1", kill_on_drop: false }`
[INFO] [stdout] a9d4fdfb65b7471c0446f8a7c2377e6efa90849c9b7923de4f58744a4edde309
[INFO] running `Command { std: "docker" "start" "-a" "a9d4fdfb65b7471c0446f8a7c2377e6efa90849c9b7923de4f58744a4edde309", kill_on_drop: false }`
[INFO] running `Command { std: "docker" "inspect" "a9d4fdfb65b7471c0446f8a7c2377e6efa90849c9b7923de4f58744a4edde309", kill_on_drop: false }`
[INFO] running `Command { std: "docker" "rm" "-f" "a9d4fdfb65b7471c0446f8a7c2377e6efa90849c9b7923de4f58744a4edde309", kill_on_drop: false }`
[INFO] [stdout] a9d4fdfb65b7471c0446f8a7c2377e6efa90849c9b7923de4f58744a4edde309
[INFO] running `Command { std: "docker" "create" "-v" "/var/lib/crater-agent-workspace/builds/worker-6-tc1/target:/opt/rustwide/target:rw,Z" "-v" "/var/lib/crater-agent-workspace/builds/worker-6-tc1/source:/opt/rustwide/workdir:ro,Z" "-v" "/var/lib/crater-agent-workspace/cargo-home:/opt/rustwide/cargo-home:ro,Z" "-v" "/var/lib/crater-agent-workspace/rustup-home:/opt/rustwide/rustup-home:ro,Z" "-e" "SOURCE_DIR=/opt/rustwide/workdir" "-e" "CARGO_TARGET_DIR=/opt/rustwide/target" "-e" "CARGO_INCREMENTAL=0" "-e" "RUST_BACKTRACE=full" "-e" "RUSTFLAGS=--cap-lints=forbid" "-e" "RUSTDOCFLAGS=--cap-lints=forbid" "-e" "CARGO_HOME=/opt/rustwide/cargo-home" "-e" "RUSTUP_HOME=/opt/rustwide/rustup-home" "-w" "/opt/rustwide/workdir" "-m" "1610612736" "--user" "0:0" "--network" "none" "ghcr.io/rust-lang/crates-build-env/linux@sha256:4a844ea9eb2546a2d2c7022eacef16ef2e8229c7fbb2c7d4d55a9ceca922f72d" "/opt/rustwide/cargo-home/bin/cargo" "+nightly-2024-10-28" "build" "--frozen" "--message-format=json", kill_on_drop: false }`
[INFO] [stdout] 3e0b82abefd11ce259b31546fcc2966838cce0d0904c13e75bab982e7cef5711
[INFO] running `Command { std: "docker" "start" "-a" "3e0b82abefd11ce259b31546fcc2966838cce0d0904c13e75bab982e7cef5711", kill_on_drop: false }`
[INFO] [stderr]    Compiling autocfg v1.3.0
[INFO] [stderr]    Compiling proc-macro2 v1.0.82
[INFO] [stderr]    Compiling memchr v2.7.2
[INFO] [stderr]    Compiling libc v0.2.154
[INFO] [stderr]    Compiling serde v1.0.200
[INFO] [stderr]    Compiling strsim v0.10.0
[INFO] [stderr]    Compiling ident_case v1.0.1
[INFO] [stderr]    Compiling fnv v1.0.7
[INFO] [stderr]    Compiling regex-syntax v0.8.3
[INFO] [stderr]    Compiling parking_lot_core v0.9.10
[INFO] [stderr]    Compiling anstyle-query v1.0.3
[INFO] [stderr]    Compiling tinyvec v1.6.0
[INFO] [stderr]    Compiling anstyle-parse v0.2.4
[INFO] [stderr]    Compiling ahash v0.8.11
[INFO] [stderr]    Compiling time-core v0.1.2
[INFO] [stderr]    Compiling minimal-lexical v0.2.1
[INFO] [stderr]    Compiling unicode-bidi v0.3.15
[INFO] [stderr]    Compiling powerfmt v0.2.0
[INFO] [stderr]    Compiling bit-vec v0.6.3
[INFO] [stderr]    Compiling colorchoice v1.0.1
[INFO] [stderr]    Compiling anstyle v1.0.7
[INFO] [stderr]    Compiling is_terminal_polyfill v1.70.0
[INFO] [stderr]    Compiling serde_json v1.0.116
[INFO] [stderr]    Compiling anyhow v1.0.83
[INFO] [stderr]    Compiling smallvec v1.13.2
[INFO] [stderr]    Compiling num-conv v0.1.0
[INFO] [stderr]    Compiling bit-set v0.5.3
[INFO] [stderr]    Compiling deranged v0.3.11
[INFO] [stderr]    Compiling form_urlencoded v1.2.1
[INFO] [stderr]    Compiling anstream v0.6.14
[INFO] [stderr]    Compiling num-traits v0.2.19
[INFO] [stderr]    Compiling num-rational v0.4.1
[INFO] [stderr]    Compiling lock_api v0.4.12
[INFO] [stderr]    Compiling time-macros v0.2.18
[INFO] [stderr]    Compiling indexmap v1.9.3
[INFO] [stderr]    Compiling strsim v0.11.1
[INFO] [stderr]    Compiling ryu v1.0.18
[INFO] [stderr]    Compiling once_cell v1.19.0
[INFO] [stderr]    Compiling zerocopy v0.7.34
[INFO] [stderr]    Compiling aho-corasick v1.1.3
[INFO] [stderr]    Compiling nom v7.1.3
[INFO] [stderr]    Compiling clap_builder v4.5.2
[INFO] [stderr]    Compiling quote v1.0.36
[INFO] [stderr]    Compiling unicode-normalization v0.1.23
[INFO] [stderr]    Compiling bytecount v0.6.8
[INFO] [stderr]    Compiling base64 v0.21.7
[INFO] [stderr]    Compiling uuid v1.8.0
[INFO] [stderr]    Compiling syn v2.0.61
[INFO] [stderr]    Compiling getrandom v0.2.15
[INFO] [stderr]    Compiling num-cmp v0.1.0
[INFO] [stderr]    Compiling parking_lot v0.12.2
[INFO] [stderr]    Compiling idna v0.5.0
[INFO] [stderr]    Compiling num-integer v0.1.46
[INFO] [stderr]    Compiling num-complex v0.4.5
[INFO] [stderr]    Compiling time v0.3.36
[INFO] [stderr]    Compiling num-bigint v0.4.5
[INFO] [stderr]    Compiling num-iter v0.1.45
[INFO] [stderr]    Compiling url v2.5.0
[INFO] [stderr]    Compiling regex-automata v0.4.6
[INFO] [stderr]    Compiling iso8601 v0.6.1
[INFO] [stderr]    Compiling num v0.4.2
[INFO] [stderr]    Compiling fraction v0.13.1
[INFO] [stderr]    Compiling darling_core v0.20.8
[INFO] [stderr]    Compiling regex v1.10.4
[INFO] [stderr]    Compiling fancy-regex v0.11.0
[INFO] [stderr]    Compiling serde_derive v1.0.200
[INFO] [stderr]    Compiling clap_derive v4.5.4
[INFO] [stderr]    Compiling darling_macro v0.20.8
[INFO] [stderr]    Compiling darling v0.20.8
[INFO] [stderr]    Compiling serde_with_macros v2.3.3
[INFO] [stderr]    Compiling clap v4.5.4
[INFO] [stderr]    Compiling serde_with v2.3.3
[INFO] [stderr]    Compiling jsonschema v0.17.1
[INFO] [stderr]    Compiling cjval v0.8.1 (/opt/rustwide/workdir)
[INFO] [stderr]     Finished `dev` profile [unoptimized + debuginfo] target(s) in 10.69s
[INFO] running `Command { std: "docker" "inspect" "3e0b82abefd11ce259b31546fcc2966838cce0d0904c13e75bab982e7cef5711", kill_on_drop: false }`
[INFO] running `Command { std: "docker" "rm" "-f" "3e0b82abefd11ce259b31546fcc2966838cce0d0904c13e75bab982e7cef5711", kill_on_drop: false }`
[INFO] [stdout] 3e0b82abefd11ce259b31546fcc2966838cce0d0904c13e75bab982e7cef5711
[INFO] running `Command { std: "docker" "create" "-v" "/var/lib/crater-agent-workspace/builds/worker-6-tc1/target:/opt/rustwide/target:rw,Z" "-v" "/var/lib/crater-agent-workspace/builds/worker-6-tc1/source:/opt/rustwide/workdir:ro,Z" "-v" "/var/lib/crater-agent-workspace/cargo-home:/opt/rustwide/cargo-home:ro,Z" "-v" "/var/lib/crater-agent-workspace/rustup-home:/opt/rustwide/rustup-home:ro,Z" "-e" "SOURCE_DIR=/opt/rustwide/workdir" "-e" "CARGO_TARGET_DIR=/opt/rustwide/target" "-e" "CARGO_INCREMENTAL=0" "-e" "RUST_BACKTRACE=full" "-e" "RUSTFLAGS=--cap-lints=forbid" "-e" "RUSTDOCFLAGS=--cap-lints=forbid" "-e" "CARGO_HOME=/opt/rustwide/cargo-home" "-e" "RUSTUP_HOME=/opt/rustwide/rustup-home" "-w" "/opt/rustwide/workdir" "-m" "1610612736" "--user" "0:0" "--network" "none" "ghcr.io/rust-lang/crates-build-env/linux@sha256:4a844ea9eb2546a2d2c7022eacef16ef2e8229c7fbb2c7d4d55a9ceca922f72d" "/opt/rustwide/cargo-home/bin/cargo" "+nightly-2024-10-28" "test" "--frozen" "--no-run" "--message-format=json", kill_on_drop: false }`
[INFO] [stdout] 74ae3fecc299995aeea9dd2837180a6e2c3153929c589034a0f5a255505caf93
[INFO] running `Command { std: "docker" "start" "-a" "74ae3fecc299995aeea9dd2837180a6e2c3153929c589034a0f5a255505caf93", kill_on_drop: false }`
[INFO] [stderr]    Compiling cjval v0.8.1 (/opt/rustwide/workdir)
[INFO] [stderr]     Finished `test` profile [unoptimized + debuginfo] target(s) in 2.48s
[INFO] running `Command { std: "docker" "inspect" "74ae3fecc299995aeea9dd2837180a6e2c3153929c589034a0f5a255505caf93", kill_on_drop: false }`
[INFO] running `Command { std: "docker" "rm" "-f" "74ae3fecc299995aeea9dd2837180a6e2c3153929c589034a0f5a255505caf93", kill_on_drop: false }`
[INFO] [stdout] 74ae3fecc299995aeea9dd2837180a6e2c3153929c589034a0f5a255505caf93
[INFO] running `Command { std: "docker" "create" "-v" "/var/lib/crater-agent-workspace/builds/worker-6-tc1/target:/opt/rustwide/target:rw,Z" "-v" "/var/lib/crater-agent-workspace/builds/worker-6-tc1/source:/opt/rustwide/workdir:ro,Z" "-v" "/var/lib/crater-agent-workspace/cargo-home:/opt/rustwide/cargo-home:ro,Z" "-v" "/var/lib/crater-agent-workspace/rustup-home:/opt/rustwide/rustup-home:ro,Z" "-e" "SOURCE_DIR=/opt/rustwide/workdir" "-e" "CARGO_TARGET_DIR=/opt/rustwide/target" "-e" "CARGO_INCREMENTAL=0" "-e" "RUST_BACKTRACE=full" "-e" "RUSTFLAGS=--cap-lints=forbid" "-e" "RUSTDOCFLAGS=--cap-lints=forbid" "-e" "CARGO_HOME=/opt/rustwide/cargo-home" "-e" "RUSTUP_HOME=/opt/rustwide/rustup-home" "-w" "/opt/rustwide/workdir" "-m" "1610612736" "--user" "0:0" "--network" "none" "ghcr.io/rust-lang/crates-build-env/linux@sha256:4a844ea9eb2546a2d2c7022eacef16ef2e8229c7fbb2c7d4d55a9ceca922f72d" "/opt/rustwide/cargo-home/bin/cargo" "+nightly-2024-10-28" "test" "--frozen", kill_on_drop: false }`
[INFO] [stdout] eb99432991ccf15cdbf773eddbf8a70b41a8bf05353d6cb514d14929fb6ce191
[INFO] running `Command { std: "docker" "start" "-a" "eb99432991ccf15cdbf773eddbf8a70b41a8bf05353d6cb514d14929fb6ce191", kill_on_drop: false }`
[INFO] [stderr]     Finished `test` profile [unoptimized + debuginfo] target(s) in 0.16s
[INFO] [stderr]      Running unittests src/lib.rs (/opt/rustwide/target/debug/deps/cjval-04791d94ed9f6cdf)
[INFO] [stdout] 
[INFO] [stdout] running 0 tests
[INFO] [stdout] 
[INFO] [stdout] test result: ok. 0 passed; 0 failed; 0 ignored; 0 measured; 0 filtered out; finished in 0.00s
[INFO] [stdout] 
[INFO] [stderr]      Running tests/cityjsonfeature.rs (/opt/rustwide/target/debug/deps/cityjsonfeature-4546eba5e5f895fe)
[INFO] [stdout] 
[INFO] [stdout] running 3 tests
[INFO] [stdout] test cjfeature_extension ... ok
[INFO] [stdout] test cjfeature_valid ... ok
[INFO] [stdout] test cjfeature_invalid ... ok
[INFO] [stdout] 
[INFO] [stdout] test result: ok. 3 passed; 0 failed; 0 ignored; 0 measured; 0 filtered out; finished in 0.86s
[INFO] [stdout] 
[INFO] [stderr]      Running tests/duplicate_keys.rs (/opt/rustwide/target/debug/deps/duplicate_keys-27f70e22b895bf8b)
[INFO] [stdout] 
[INFO] [stdout] running 1 test
[INFO] [stdout] test contains_same_key ... ok
[INFO] [stdout] 
[INFO] [stdout] test result: ok. 1 passed; 0 failed; 0 ignored; 0 measured; 0 filtered out; finished in 0.45s
[INFO] [stdout] 
[INFO] [stderr]      Running tests/duplicate_vertices.rs (/opt/rustwide/target/debug/deps/duplicate_vertices-741d61c88aee7617)
[INFO] [stdout] 
[INFO] [stdout] running 2 tests
[INFO] [stdout] test valid_integer ... ok
[INFO] [stdout] test invalid_integer ... ok
[INFO] [stdout] 
[INFO] [stdout] test result: ok. 2 passed; 0 failed; 0 ignored; 0 measured; 0 filtered out; finished in 0.46s
[INFO] [stdout] 
[INFO] [stderr]      Running tests/extensions.rs (/opt/rustwide/target/debug/deps/extensions-d11b935842a47450)
[INFO] [stdout] 
[INFO] [stdout] running 4 tests
[INFO] [stdout] test extension_noise ... ok
[INFO] [stdout] test extension_20 ... ok
[INFO] [stdout] test extension_generic_20 ... ok
[INFO] [stdout] test extension_generic_11 ... ok
[INFO] [stdout] 
[INFO] [stdout] test result: ok. 4 passed; 0 failed; 0 ignored; 0 measured; 0 filtered out; finished in 1.59s
[INFO] [stdout] 
[INFO] [stderr]      Running tests/invalid_json.rs (/opt/rustwide/target/debug/deps/invalid_json-bcbb6869664ec99b)
[INFO] [stdout] 
[INFO] [stdout] running 4 tests
[INFO] [stdout] test non_json ... ok
[INFO] [stdout] test non_cityjson ... ok
[INFO] [stdout] test version ... ok
[INFO] [stdout] test minimal ... ok
[INFO] [stdout] 
[INFO] [stdout] test result: ok. 4 passed; 0 failed; 0 ignored; 0 measured; 0 filtered out; finished in 0.83s
[INFO] [stdout] 
[INFO] [stderr]      Running tests/material.rs (/opt/rustwide/target/debug/deps/material-21700b328be855b3)
[INFO] [stdout] 
[INFO] [stdout] running 2 tests
[INFO] [stdout] test valid ... ok
[INFO] [stdout] test invalid_values_overflow ... ok
[INFO] [stdout] 
[INFO] [stdout] test result: ok. 2 passed; 0 failed; 0 ignored; 0 measured; 0 filtered out; finished in 0.83s
[INFO] [stdout] 
[INFO] [stderr]      Running tests/parents_children_consistency.rs (/opt/rustwide/target/debug/deps/parents_children_consistency-60f05033eb58419b)
[INFO] [stdout] 
[INFO] [stdout] running 3 tests
[INFO] [stdout] test no_parent ... ok
[INFO] [stdout] test no_child ... ok
[INFO] [stdout] test valid ... ok
[INFO] [stdout] 
[INFO] [stdout] test result: ok. 3 passed; 0 failed; 0 ignored; 0 measured; 0 filtered out; finished in 0.49s
[INFO] [stdout] 
[INFO] [stderr]      Running tests/semantic_arrays.rs (/opt/rustwide/target/debug/deps/semantic_arrays-a0a3d9efc19ccfe0)
[INFO] [stdout] 
[INFO] [stdout] running 5 tests
[INFO] [stdout] test semantics_point_linestring_wrong_array_size ... ok
[INFO] [stdout] test semantics_arrays_unused ... ok
[INFO] [stdout] test semantics_arrays_diff_dimensions ... ok
[INFO] [stdout] test semantics_arrays_valid ... ok
[INFO] [stdout] test semantics_point_linestring ... ok
[INFO] [stdout] 
[INFO] [stdout] test result: ok. 5 passed; 0 failed; 0 ignored; 0 measured; 0 filtered out; finished in 0.51s
[INFO] [stdout] 
[INFO] [stderr]      Running tests/semantic_surfaces.rs (/opt/rustwide/target/debug/deps/semantic_surfaces-1ead4b3e8e841ddc)
[INFO] [stdout] 
[INFO] [stdout] running 2 tests
[INFO] [stdout] test sem_surfaces_v20 ... ok
[INFO] [stdout] test sem_surfaces_v11 ... ok
[INFO] [stdout] 
[INFO] [stdout] test result: ok. 2 passed; 0 failed; 0 ignored; 0 measured; 0 filtered out; finished in 0.48s
[INFO] [stdout] 
[INFO] [stderr]      Running tests/texture.rs (/opt/rustwide/target/debug/deps/texture-981660b3fdeb3872)
[INFO] [stdout] 
[INFO] [stdout] running 6 tests
[INFO] [stdout] test invalid_with_float_as_indices ... ok
[INFO] [stdout] test valid_with_many_null ... ok
[INFO] [stdout] test valid_multisurface_inner_rings ... ok
[INFO] [stdout] test valid_solid_with_null ... ok
[INFO] [stdout] test valid_multisolid ... ok
[INFO] [stdout] test invalid_values_overflow ... ok
[INFO] [stdout] 
[INFO] [stdout] test result: ok. 6 passed; 0 failed; 0 ignored; 0 measured; 0 filtered out; finished in 0.82s
[INFO] [stdout] 
[INFO] [stderr]      Running tests/unused_vertices.rs (/opt/rustwide/target/debug/deps/unused_vertices-700e84b128b667e9)
[INFO] [stdout] 
[INFO] [stdout] running 2 tests
[INFO] [stdout] test unused_vertex_1 ... ok
[INFO] [stdout] test unused_vertex_2 ... ok
[INFO] [stdout] 
[INFO] [stdout] test result: ok. 2 passed; 0 failed; 0 ignored; 0 measured; 0 filtered out; finished in 0.48s
[INFO] [stdout] 
[INFO] [stderr]      Running tests/wrong_vertex_index.rs (/opt/rustwide/target/debug/deps/wrong_vertex_index-bb57fb9179862c1e)
[INFO] [stdout] 
[INFO] [stdout] running 2 tests
[INFO] [stdout] test wrong_vertex_index_1 ... ok
[INFO] [stdout] test wrong_vertex_index_2 ... ok
[INFO] [stdout] 
[INFO] [stdout] test result: ok. 2 passed; 0 failed; 0 ignored; 0 measured; 0 filtered out; finished in 0.78s
[INFO] [stdout] 
[INFO] [stderr]    Doc-tests cjval
[INFO] [stdout] 
[INFO] [stdout] running 4 tests
[INFO] [stdout] test src/lib.rs - (line 34) ... FAILED
[INFO] [stdout] test src/lib.rs - CJValidator::add_one_extension_from_str (line 343) ... ok
[INFO] [stdout] test src/lib.rs - CJValidator::from_str (line 241) ... ok
[INFO] [stdout] test src/lib.rs - CJValidator::validate (line 395) ... ok
[INFO] [stdout] 
[INFO] [stdout] failures:
[INFO] [stdout] 
[INFO] [stdout] ---- src/lib.rs - (line 34) stdout ----
[INFO] [stdout] Test executable failed (exit status: 101).
[INFO] [stdout] 
[INFO] [stdout] stderr:
[INFO] [stdout] thread 'main' panicked at src/lib.rs:6:10:
[INFO] [stdout] Couldn't read CityJSON file: Os { code: 2, kind: NotFound, message: "No such file or directory" }
[INFO] [stdout] stack backtrace:
[INFO] [stdout]    0:     0x57cb3c94f9aa - std::backtrace_rs::backtrace::libunwind::trace::h207520d6e9873551
[INFO] [stdout]                                at /rustc/df4ca44d3fbc9301ee17f30f4d474e6ae4b05252/library/std/src/../../backtrace/src/backtrace/libunwind.rs:116:5
[INFO] [stdout]    1:     0x57cb3c94f9aa - std::backtrace_rs::backtrace::trace_unsynchronized::h2ed7433f370e3eca
[INFO] [stdout]                                at /rustc/df4ca44d3fbc9301ee17f30f4d474e6ae4b05252/library/std/src/../../backtrace/src/backtrace/mod.rs:66:5
[INFO] [stdout]    2:     0x57cb3c94f9aa - std::sys::backtrace::_print_fmt::h916fac51166b18d7
[INFO] [stdout]                                at /rustc/df4ca44d3fbc9301ee17f30f4d474e6ae4b05252/library/std/src/sys/backtrace.rs:66:9
[INFO] [stdout]    3:     0x57cb3c94f9aa - <std::sys::backtrace::BacktraceLock::print::DisplayBacktrace as core::fmt::Display>::fmt::ha0a4c9b8ce3802e6
[INFO] [stdout]                                at /rustc/df4ca44d3fbc9301ee17f30f4d474e6ae4b05252/library/std/src/sys/backtrace.rs:39:26
[INFO] [stdout]    4:     0x57cb3c973113 - core::fmt::rt::Argument::fmt::h4cfc8587d52b3eb5
[INFO] [stdout]                                at /rustc/df4ca44d3fbc9301ee17f30f4d474e6ae4b05252/library/core/src/fmt/rt.rs:177:76
[INFO] [stdout]    5:     0x57cb3c973113 - core::fmt::write::h522cc39e5b36ae9f
[INFO] [stdout]                                at /rustc/df4ca44d3fbc9301ee17f30f4d474e6ae4b05252/library/core/src/fmt/mod.rs:1190:21
[INFO] [stdout]    6:     0x57cb3c94cf53 - std::io::Write::write_fmt::hf1c1dcc8cc1287f0
[INFO] [stdout]                                at /rustc/df4ca44d3fbc9301ee17f30f4d474e6ae4b05252/library/std/src/io/mod.rs:1839:15
[INFO] [stdout]    7:     0x57cb3c94f7f2 - std::sys::backtrace::BacktraceLock::print::h4b9e00b29e9c0942
[INFO] [stdout]                                at /rustc/df4ca44d3fbc9301ee17f30f4d474e6ae4b05252/library/std/src/sys/backtrace.rs:42:9
[INFO] [stdout]    8:     0x57cb3c9507bc - std::panicking::default_hook::{{closure}}::hb59b88280d0324d9
[INFO] [stdout]                                at /rustc/df4ca44d3fbc9301ee17f30f4d474e6ae4b05252/library/std/src/panicking.rs:268:22
[INFO] [stdout]    9:     0x57cb3c950602 - std::panicking::default_hook::he1dd496665be4a29
[INFO] [stdout]                                at /rustc/df4ca44d3fbc9301ee17f30f4d474e6ae4b05252/library/std/src/panicking.rs:295:9
[INFO] [stdout]   10:     0x57cb3c950db7 - std::panicking::rust_panic_with_hook::h2ff17fe8f26dfcf8
[INFO] [stdout]                                at /rustc/df4ca44d3fbc9301ee17f30f4d474e6ae4b05252/library/std/src/panicking.rs:801:13
[INFO] [stdout]   11:     0x57cb3c950c4a - std::panicking::begin_panic_handler::{{closure}}::h4fad77951c07e101
[INFO] [stdout]                                at /rustc/df4ca44d3fbc9301ee17f30f4d474e6ae4b05252/library/std/src/panicking.rs:674:13
[INFO] [stdout]   12:     0x57cb3c94fe89 - std::sys::backtrace::__rust_end_short_backtrace::hb1a25b3da5d0ea08
[INFO] [stdout]                                at /rustc/df4ca44d3fbc9301ee17f30f4d474e6ae4b05252/library/std/src/sys/backtrace.rs:170:18
[INFO] [stdout]   13:     0x57cb3c9508dc - rust_begin_unwind
[INFO] [stdout]                                at /rustc/df4ca44d3fbc9301ee17f30f4d474e6ae4b05252/library/std/src/panicking.rs:665:5
[INFO] [stdout]   14:     0x57cb3c971310 - core::panicking::panic_fmt::ha9db07b529f9b256
[INFO] [stdout]                                at /rustc/df4ca44d3fbc9301ee17f30f4d474e6ae4b05252/library/core/src/panicking.rs:75:14
[INFO] [stdout]   15:     0x57cb3c971796 - core::result::unwrap_failed::h5e8218e4d4338b8a
[INFO] [stdout]                                at /rustc/df4ca44d3fbc9301ee17f30f4d474e6ae4b05252/library/core/src/result.rs:1698:5
[INFO] [stdout]   16:     0x57cb3c4526aa - core::result::Result<T,E>::expect::hb0411fbb932a8fed
[INFO] [stdout]   17:     0x57cb3c4527b9 - rust_out::main::ha213a30daa5df4da
[INFO] [stdout]   18:     0x57cb3c452323 - core::ops::function::FnOnce::call_once::hf7edf7132571051c
[INFO] [stdout]   19:     0x57cb3c4522a6 - std::sys::backtrace::__rust_begin_short_backtrace::h32fd822fd2ba4079
[INFO] [stdout]   20:     0x57cb3c452289 - std::rt::lang_start::{{closure}}::h4039a1c394ed4f7c
[INFO] [stdout]   21:     0x57cb3c949247 - core::ops::function::impls::<impl core::ops::function::FnOnce<A> for &F>::call_once::hd87d66b906e0ccaf
[INFO] [stdout]                                at /rustc/df4ca44d3fbc9301ee17f30f4d474e6ae4b05252/library/core/src/ops/function.rs:284:13
[INFO] [stdout]   22:     0x57cb3c949247 - std::panicking::try::do_call::hae3703de71fc9e3a
[INFO] [stdout]                                at /rustc/df4ca44d3fbc9301ee17f30f4d474e6ae4b05252/library/std/src/panicking.rs:557:40
[INFO] [stdout]   23:     0x57cb3c949247 - std::panicking::try::h1178330e9a2b2645
[INFO] [stdout]                                at /rustc/df4ca44d3fbc9301ee17f30f4d474e6ae4b05252/library/std/src/panicking.rs:520:19
[INFO] [stdout]   24:     0x57cb3c949247 - std::panic::catch_unwind::h0acf49d2305d32ad
[INFO] [stdout]                                at /rustc/df4ca44d3fbc9301ee17f30f4d474e6ae4b05252/library/std/src/panic.rs:358:14
[INFO] [stdout]   25:     0x57cb3c949247 - std::rt::lang_start_internal::{{closure}}::h2d95182d798177be
[INFO] [stdout]                                at /rustc/df4ca44d3fbc9301ee17f30f4d474e6ae4b05252/library/std/src/rt.rs:174:48
[INFO] [stdout]   26:     0x57cb3c949247 - std::panicking::try::do_call::hb506f5bfe11fd30c
[INFO] [stdout]                                at /rustc/df4ca44d3fbc9301ee17f30f4d474e6ae4b05252/library/std/src/panicking.rs:557:40
[INFO] [stdout]   27:     0x57cb3c949247 - std::panicking::try::h54d825c46bd0fa95
[INFO] [stdout]                                at /rustc/df4ca44d3fbc9301ee17f30f4d474e6ae4b05252/library/std/src/panicking.rs:520:19
[INFO] [stdout]   28:     0x57cb3c949247 - std::panic::catch_unwind::hffbb0ad20c4e9fac
[INFO] [stdout]                                at /rustc/df4ca44d3fbc9301ee17f30f4d474e6ae4b05252/library/std/src/panic.rs:358:14
[INFO] [stdout]   29:     0x57cb3c949247 - std::rt::lang_start_internal::h52c291ef1962c925
[INFO] [stdout]                                at /rustc/df4ca44d3fbc9301ee17f30f4d474e6ae4b05252/library/std/src/rt.rs:174:20
[INFO] [stdout]   30:     0x57cb3c452267 - std::rt::lang_start::h8c6075cd6f225ba1
[INFO] [stdout]   31:     0x57cb3c452ac5 - main
[INFO] [stdout]   32:     0x76486c073d90 - <unknown>
[INFO] [stdout]   33:     0x76486c073e40 - __libc_start_main
[INFO] [stdout]   34:     0x57cb3c452105 - _start
[INFO] [stdout]   35:                0x0 - <unknown>
[INFO] [stdout] 
[INFO] [stdout] 
[INFO] [stdout] 
[INFO] [stdout] failures:
[INFO] [stdout]     src/lib.rs - (line 34)
[INFO] [stdout] 
[INFO] [stdout] test result: FAILED. 3 passed; 1 failed; 0 ignored; 0 measured; 0 filtered out; finished in 0.67s
[INFO] [stdout] 
[INFO] [stderr] error: doctest failed, to rerun pass `--doc`
[INFO] running `Command { std: "docker" "inspect" "eb99432991ccf15cdbf773eddbf8a70b41a8bf05353d6cb514d14929fb6ce191", kill_on_drop: false }`
[INFO] running `Command { std: "docker" "rm" "-f" "eb99432991ccf15cdbf773eddbf8a70b41a8bf05353d6cb514d14929fb6ce191", kill_on_drop: false }`
[INFO] [stdout] eb99432991ccf15cdbf773eddbf8a70b41a8bf05353d6cb514d14929fb6ce191
