[INFO] fetching crate cipherstash-client 0.12.4...
[INFO] testing cipherstash-client-0.12.4 against nightly-2024-10-28+rustflags=-Zrandomize-layout for randomize-layout
[INFO] extracting crate cipherstash-client 0.12.4 into /workspace/builds/worker-2-tc2/source
[INFO] validating manifest of crates.io crate cipherstash-client 0.12.4 on toolchain nightly-2024-10-28
[INFO] running `Command { std: CARGO_HOME="/workspace/cargo-home" RUSTUP_HOME="/workspace/rustup-home" "/workspace/cargo-home/bin/cargo" "+nightly-2024-10-28" "metadata" "--manifest-path" "Cargo.toml" "--no-deps", kill_on_drop: false }`
[INFO] started tweaking crates.io crate cipherstash-client 0.12.4
[INFO] finished tweaking crates.io crate cipherstash-client 0.12.4
[INFO] tweaked toml for crates.io crate cipherstash-client 0.12.4 written to /workspace/builds/worker-2-tc2/source/Cargo.toml
[INFO] crate crates.io crate cipherstash-client 0.12.4 already has a lockfile, it will not be regenerated
[INFO] running `Command { std: CARGO_HOME="/workspace/cargo-home" RUSTUP_HOME="/workspace/rustup-home" "/workspace/cargo-home/bin/cargo" "+nightly-2024-10-28" "fetch" "--manifest-path" "Cargo.toml", kill_on_drop: false }`
[INFO] running `Command { std: "docker" "create" "-v" "/var/lib/crater-agent-workspace/builds/worker-2-tc2/target:/opt/rustwide/target:rw,Z" "-v" "/var/lib/crater-agent-workspace/builds/worker-2-tc2/source:/opt/rustwide/workdir:ro,Z" "-v" "/var/lib/crater-agent-workspace/cargo-home:/opt/rustwide/cargo-home:ro,Z" "-v" "/var/lib/crater-agent-workspace/rustup-home:/opt/rustwide/rustup-home:ro,Z" "-e" "SOURCE_DIR=/opt/rustwide/workdir" "-e" "CARGO_TARGET_DIR=/opt/rustwide/target" "-e" "CARGO_HOME=/opt/rustwide/cargo-home" "-e" "RUSTUP_HOME=/opt/rustwide/rustup-home" "-w" "/opt/rustwide/workdir" "-m" "1610612736" "--user" "0:0" "--network" "none" "ghcr.io/rust-lang/crates-build-env/linux@sha256:4a844ea9eb2546a2d2c7022eacef16ef2e8229c7fbb2c7d4d55a9ceca922f72d" "/opt/rustwide/cargo-home/bin/cargo" "+nightly-2024-10-28" "metadata" "--no-deps" "--format-version=1", kill_on_drop: false }`
[INFO] [stdout] fb7d3568a0b8b37f33ffc7e961079e3e686403e808d390906fd69fb2d6ad3707
[INFO] running `Command { std: "docker" "start" "-a" "fb7d3568a0b8b37f33ffc7e961079e3e686403e808d390906fd69fb2d6ad3707", kill_on_drop: false }`
[INFO] running `Command { std: "docker" "inspect" "fb7d3568a0b8b37f33ffc7e961079e3e686403e808d390906fd69fb2d6ad3707", kill_on_drop: false }`
[INFO] running `Command { std: "docker" "rm" "-f" "fb7d3568a0b8b37f33ffc7e961079e3e686403e808d390906fd69fb2d6ad3707", kill_on_drop: false }`
[INFO] [stdout] fb7d3568a0b8b37f33ffc7e961079e3e686403e808d390906fd69fb2d6ad3707
[INFO] running `Command { std: "docker" "create" "-v" "/var/lib/crater-agent-workspace/builds/worker-2-tc2/target:/opt/rustwide/target:rw,Z" "-v" "/var/lib/crater-agent-workspace/builds/worker-2-tc2/source:/opt/rustwide/workdir:ro,Z" "-v" "/var/lib/crater-agent-workspace/cargo-home:/opt/rustwide/cargo-home:ro,Z" "-v" "/var/lib/crater-agent-workspace/rustup-home:/opt/rustwide/rustup-home:ro,Z" "-e" "SOURCE_DIR=/opt/rustwide/workdir" "-e" "CARGO_TARGET_DIR=/opt/rustwide/target" "-e" "CARGO_INCREMENTAL=0" "-e" "RUST_BACKTRACE=full" "-e" "RUSTFLAGS=--cap-lints=forbid -Zrandomize-layout" "-e" "RUSTDOCFLAGS=--cap-lints=forbid" "-e" "CARGO_HOME=/opt/rustwide/cargo-home" "-e" "RUSTUP_HOME=/opt/rustwide/rustup-home" "-w" "/opt/rustwide/workdir" "-m" "1610612736" "--user" "0:0" "--network" "none" "ghcr.io/rust-lang/crates-build-env/linux@sha256:4a844ea9eb2546a2d2c7022eacef16ef2e8229c7fbb2c7d4d55a9ceca922f72d" "/opt/rustwide/cargo-home/bin/cargo" "+nightly-2024-10-28" "build" "--frozen" "--message-format=json", kill_on_drop: false }`
[INFO] [stdout] 6932f1256b099b0cf4a0764350e55e8cc9fa722df386add484df277d76297732
[INFO] running `Command { std: "docker" "start" "-a" "6932f1256b099b0cf4a0764350e55e8cc9fa722df386add484df277d76297732", kill_on_drop: false }`
[INFO] [stderr]    Compiling proc-macro2 v1.0.87
[INFO] [stderr]    Compiling libc v0.2.159
[INFO] [stderr]    Compiling serde v1.0.210
[INFO] [stderr]    Compiling num-traits v0.2.19
[INFO] [stderr]    Compiling generic-array v0.14.7
[INFO] [stderr]    Compiling cc v1.1.28
[INFO] [stderr]    Compiling subtle v2.6.1
[INFO] [stderr]    Compiling thiserror v1.0.64
[INFO] [stderr]    Compiling bytes v1.7.2
[INFO] [stderr]    Compiling futures-channel v0.3.31
[INFO] [stderr]    Compiling smallvec v1.13.2
[INFO] [stderr]    Compiling httparse v1.9.5
[INFO] [stderr]    Compiling log v0.4.22
[INFO] [stderr]    Compiling http v1.1.0
[INFO] [stderr]    Compiling openssl v0.10.66
[INFO] [stderr]    Compiling openssl-src v300.3.2+3.3.2
[INFO] [stderr]    Compiling block-buffer v0.10.4
[INFO] [stderr]    Compiling quote v1.0.37
[INFO] [stderr]    Compiling inout v0.1.3
[INFO] [stderr]    Compiling bitflags v2.6.0
[INFO] [stderr]    Compiling cpufeatures v0.2.14
[INFO] [stderr]    Compiling syn v2.0.79
[INFO] [stderr]    Compiling native-tls v0.2.12
[INFO] [stderr]    Compiling getrandom v0.2.15
[INFO] [stderr]    Compiling socket2 v0.5.7
[INFO] [stderr]    Compiling mio v1.0.2
[INFO] [stderr]    Compiling num-integer v0.1.46
[INFO] [stderr]    Compiling rand_core v0.6.4
[INFO] [stderr]    Compiling crypto-common v0.1.6
[INFO] [stderr]    Compiling tokio v1.40.0
[INFO] [stderr]    Compiling http-body v1.0.1
[INFO] [stderr]    Compiling digest v0.10.7
[INFO] [stderr]    Compiling openssl-sys v0.9.103
[INFO] [stderr]    Compiling cipher v0.4.4
[INFO] [stderr]    Compiling serde_json v1.0.128
[INFO] [stderr]    Compiling anyhow v1.0.89
[INFO] [stderr]    Compiling tower-service v0.3.3
[INFO] [stderr]    Compiling num-bigint v0.4.6
[INFO] [stderr]    Compiling is-terminal v0.4.13
[INFO] [stderr]    Compiling bytemuck v1.18.0
[INFO] [stderr]    Compiling adler2 v2.0.0
[INFO] [stderr]    Compiling rustls-pki-types v1.9.0
[INFO] [stderr]    Compiling gimli v0.31.1
[INFO] [stderr]    Compiling atomic v0.6.0
[INFO] [stderr]    Compiling miniz_oxide v0.8.0
[INFO] [stderr]    Compiling rustls-pemfile v2.2.0
[INFO] [stderr]    Compiling parking_lot_core v0.9.10
[INFO] [stderr]    Compiling md-5 v0.10.6
[INFO] [stderr]    Compiling sync_wrapper v1.0.1
[INFO] [stderr]    Compiling aho-corasick v1.1.3
[INFO] [stderr]    Compiling object v0.36.5
[INFO] [stderr]    Compiling iana-time-zone v0.1.61
[INFO] [stderr]    Compiling rustc-demangle v0.1.24
[INFO] [stderr]    Compiling ipnet v2.10.1
[INFO] [stderr]    Compiling prometheus v0.13.4
[INFO] [stderr]    Compiling regex-automata v0.4.8
[INFO] [stderr]    Compiling addr2line v0.24.2
[INFO] [stderr]    Compiling darling_core v0.20.10
[INFO] [stderr]    Compiling num-rational v0.4.2
[INFO] [stderr]    Compiling parking_lot v0.12.3
[INFO] [stderr]    Compiling sha2 v0.10.8
[INFO] [stderr]    Compiling blake3 v1.5.4
[INFO] [stderr]    Compiling backtrace v0.3.74
[INFO] [stderr]    Compiling universal-hash v0.5.1
[INFO] [stderr]    Compiling num-iter v0.1.45
[INFO] [stderr]    Compiling cipher v0.3.0
[INFO] [stderr]    Compiling dbl v0.3.2
[INFO] [stderr]    Compiling num-complex v0.4.6
[INFO] [stderr]    Compiling rust_decimal v1.36.0
[INFO] [stderr]    Compiling arrayvec v0.7.6
[INFO] [stderr]    Compiling serde_derive v1.0.210
[INFO] [stderr]    Compiling thiserror-impl v1.0.64
[INFO] [stderr]    Compiling zerocopy-derive v0.7.35
[INFO] [stderr]    Compiling futures-macro v0.3.31
[INFO] [stderr]    Compiling openssl-macros v0.1.1
[INFO] [stderr]    Compiling zerocopy v0.7.35
[INFO] [stderr]    Compiling tracing-attributes v0.1.27
[INFO] [stderr]    Compiling futures-util v0.3.31
[INFO] [stderr]    Compiling zeroize_derive v1.4.2
[INFO] [stderr]    Compiling ppv-lite86 v0.2.20
[INFO] [stderr]    Compiling darling_macro v0.20.10
[INFO] [stderr]    Compiling rand_chacha v0.3.1
[INFO] [stderr]    Compiling async-trait v0.1.83
[INFO] [stderr]    Compiling zeroize v1.8.1
[INFO] [stderr]    Compiling rand v0.8.5
[INFO] [stderr]    Compiling aes v0.8.4
[INFO] [stderr]    Compiling tracing v0.1.40
[INFO] [stderr]    Compiling darling v0.20.10
[INFO] [stderr]    Compiling dummy v0.8.0
[INFO] [stderr]    Compiling smawk v0.3.2
[INFO] [stderr]    Compiling hex-literal v0.3.4
[INFO] [stderr]    Compiling block-padding v0.2.1
[INFO] [stderr]    Compiling half v1.8.3
[INFO] [stderr]    Compiling opaque-debug v0.3.1
[INFO] [stderr]    Compiling is_ci v1.2.0
[INFO] [stderr]    Compiling unicode-linebreak v0.1.5
[INFO] [stderr]    Compiling polyval v0.6.2
[INFO] [stderr]    Compiling supports-color v2.1.0
[INFO] [stderr]    Compiling block-modes v0.8.1
[INFO] [stderr]    Compiling textwrap v0.15.2
[INFO] [stderr]    Compiling num v0.4.3
[INFO] [stderr]    Compiling miette-derive v5.10.0
[INFO] [stderr]    Compiling cmac v0.7.2
[INFO] [stderr]    Compiling backtrace-ext v0.2.1
[INFO] [stderr]    Compiling regex v1.11.0
[INFO] [stderr]    Compiling supports-hyperlinks v2.1.0
[INFO] [stderr]    Compiling supports-unicode v2.1.0
[INFO] [stderr]    Compiling ctr v0.9.2
[INFO] [stderr]    Compiling hmac v0.12.1
[INFO] [stderr]    Compiling hyper v1.4.1
[INFO] [stderr]    Compiling http-body-util v0.1.2
[INFO] [stderr]    Compiling futures-executor v0.3.31
[INFO] [stderr]    Compiling futures v0.3.31
[INFO] [stderr]    Compiling aead v0.5.2
[INFO] [stderr]    Compiling terminal_size v0.1.17
[INFO] [stderr]    Compiling dirs-sys v0.3.7
[INFO] [stderr]    Compiling arrayref v0.3.9
[INFO] [stderr]    Compiling owo-colors v3.5.0
[INFO] [stderr]    Compiling subtle-ng v2.5.0
[INFO] [stderr]    Compiling ore-rs v0.8.0
[INFO] [stderr]    Compiling dirs v4.0.0
[INFO] [stderr]    Compiling open v3.2.0
[INFO] [stderr]    Compiling hyper-util v0.1.9
[INFO] [stderr]    Compiling async-mutex v1.4.0
[INFO] [stderr]    Compiling aes-gcm-siv v0.11.1
[INFO] [stderr]    Compiling cipherstash-core v0.1.2
[INFO] [stderr]    Compiling cipherstash-stats v0.1.1
[INFO] [stderr]    Compiling miette v5.10.0
[INFO] [stderr]    Compiling serde_urlencoded v0.7.1
[INFO] [stderr]    Compiling chrono v0.4.38
[INFO] [stderr]    Compiling uuid v1.10.0
[INFO] [stderr]    Compiling cipherstash-config v0.2.2
[INFO] [stderr]    Compiling serde_cbor v0.11.2
[INFO] [stderr]    Compiling fake v2.10.0
[INFO] [stderr]    Compiling rust-stemmers v1.2.0
[INFO] [stderr]    Compiling recipher v0.1.2
[INFO] [stderr]    Compiling retry-policies v0.3.0
[INFO] [stderr]    Compiling zerokms-protocol v0.2.3
[INFO] [stderr]    Compiling tokio-native-tls v0.3.1
[INFO] [stderr]    Compiling hyper-tls v0.6.0
[INFO] [stderr]    Compiling reqwest v0.12.8
[INFO] [stderr]    Compiling reqwest-middleware v0.3.3
[INFO] [stderr]    Compiling reqwest-retry v0.5.0
[INFO] [stderr]    Compiling cipherstash-client v0.12.4 (/opt/rustwide/workdir)
[INFO] [stderr]     Finished `dev` profile [unoptimized + debuginfo] target(s) in 1m 06s
[INFO] running `Command { std: "docker" "inspect" "6932f1256b099b0cf4a0764350e55e8cc9fa722df386add484df277d76297732", kill_on_drop: false }`
[INFO] running `Command { std: "docker" "rm" "-f" "6932f1256b099b0cf4a0764350e55e8cc9fa722df386add484df277d76297732", kill_on_drop: false }`
[INFO] [stdout] 6932f1256b099b0cf4a0764350e55e8cc9fa722df386add484df277d76297732
[INFO] running `Command { std: "docker" "create" "-v" "/var/lib/crater-agent-workspace/builds/worker-2-tc2/target:/opt/rustwide/target:rw,Z" "-v" "/var/lib/crater-agent-workspace/builds/worker-2-tc2/source:/opt/rustwide/workdir:ro,Z" "-v" "/var/lib/crater-agent-workspace/cargo-home:/opt/rustwide/cargo-home:ro,Z" "-v" "/var/lib/crater-agent-workspace/rustup-home:/opt/rustwide/rustup-home:ro,Z" "-e" "SOURCE_DIR=/opt/rustwide/workdir" "-e" "CARGO_TARGET_DIR=/opt/rustwide/target" "-e" "CARGO_INCREMENTAL=0" "-e" "RUST_BACKTRACE=full" "-e" "RUSTFLAGS=--cap-lints=forbid -Zrandomize-layout" "-e" "RUSTDOCFLAGS=--cap-lints=forbid" "-e" "CARGO_HOME=/opt/rustwide/cargo-home" "-e" "RUSTUP_HOME=/opt/rustwide/rustup-home" "-w" "/opt/rustwide/workdir" "-m" "1610612736" "--user" "0:0" "--network" "none" "ghcr.io/rust-lang/crates-build-env/linux@sha256:4a844ea9eb2546a2d2c7022eacef16ef2e8229c7fbb2c7d4d55a9ceca922f72d" "/opt/rustwide/cargo-home/bin/cargo" "+nightly-2024-10-28" "test" "--frozen" "--no-run" "--message-format=json", kill_on_drop: false }`
[INFO] [stdout] 0baa25e236e32823881d55ff5d974cbb7c32109147e7b7e650bba0c428ae7f57
[INFO] running `Command { std: "docker" "start" "-a" "0baa25e236e32823881d55ff5d974cbb7c32109147e7b7e650bba0c428ae7f57", kill_on_drop: false }`
[INFO] [stderr]    Compiling tokio-macros v2.4.0
[INFO] [stderr]    Compiling signal-hook-registry v1.4.2
[INFO] [stderr]    Compiling openssl v0.10.66
[INFO] [stderr]    Compiling rustix v0.38.37
[INFO] [stderr]    Compiling num-traits v0.2.19
[INFO] [stderr]    Compiling rust_decimal v1.36.0
[INFO] [stderr]    Compiling wait-timeout v0.2.0
[INFO] [stderr]    Compiling quick-error v1.2.3
[INFO] [stderr]    Compiling arrayvec v0.7.6
[INFO] [stderr]    Compiling clap_builder v4.5.20
[INFO] [stderr]    Compiling clap_derive v4.5.18
[INFO] [stderr]    Compiling sealed_test_derive v1.1.0
[INFO] [stderr]    Compiling fs_extra v1.3.0
[INFO] [stderr]    Compiling tokio v1.40.0
[INFO] [stderr]    Compiling rust_decimal_macros v1.36.0
[INFO] [stderr]    Compiling tempfile v3.13.0
[INFO] [stderr]    Compiling rusty-forkfork v0.4.0
[INFO] [stderr]    Compiling sealed_test v1.1.0
[INFO] [stderr]    Compiling clap v4.5.20
[INFO] [stderr]    Compiling native-tls v0.2.12
[INFO] [stderr]    Compiling hyper v1.4.1
[INFO] [stderr]    Compiling tokio-native-tls v0.3.1
[INFO] [stderr]    Compiling hyper-util v0.1.9
[INFO] [stderr]    Compiling hyper-tls v0.6.0
[INFO] [stderr]    Compiling reqwest v0.12.8
[INFO] [stderr]    Compiling reqwest-middleware v0.3.3
[INFO] [stderr]    Compiling reqwest-retry v0.5.0
[INFO] [stderr]    Compiling cipherstash-client v0.12.4 (/opt/rustwide/workdir)
[INFO] [stderr]     Finished `test` profile [unoptimized + debuginfo] target(s) in 13.79s
[INFO] running `Command { std: "docker" "inspect" "0baa25e236e32823881d55ff5d974cbb7c32109147e7b7e650bba0c428ae7f57", kill_on_drop: false }`
[INFO] running `Command { std: "docker" "rm" "-f" "0baa25e236e32823881d55ff5d974cbb7c32109147e7b7e650bba0c428ae7f57", kill_on_drop: false }`
[INFO] [stdout] 0baa25e236e32823881d55ff5d974cbb7c32109147e7b7e650bba0c428ae7f57
[INFO] running `Command { std: "docker" "create" "-v" "/var/lib/crater-agent-workspace/builds/worker-2-tc2/target:/opt/rustwide/target:rw,Z" "-v" "/var/lib/crater-agent-workspace/builds/worker-2-tc2/source:/opt/rustwide/workdir:ro,Z" "-v" "/var/lib/crater-agent-workspace/cargo-home:/opt/rustwide/cargo-home:ro,Z" "-v" "/var/lib/crater-agent-workspace/rustup-home:/opt/rustwide/rustup-home:ro,Z" "-e" "SOURCE_DIR=/opt/rustwide/workdir" "-e" "CARGO_TARGET_DIR=/opt/rustwide/target" "-e" "CARGO_INCREMENTAL=0" "-e" "RUST_BACKTRACE=full" "-e" "RUSTFLAGS=--cap-lints=forbid -Zrandomize-layout" "-e" "RUSTDOCFLAGS=--cap-lints=forbid" "-e" "CARGO_HOME=/opt/rustwide/cargo-home" "-e" "RUSTUP_HOME=/opt/rustwide/rustup-home" "-w" "/opt/rustwide/workdir" "-m" "1610612736" "--user" "0:0" "--network" "none" "ghcr.io/rust-lang/crates-build-env/linux@sha256:4a844ea9eb2546a2d2c7022eacef16ef2e8229c7fbb2c7d4d55a9ceca922f72d" "/opt/rustwide/cargo-home/bin/cargo" "+nightly-2024-10-28" "test" "--frozen", kill_on_drop: false }`
[INFO] [stdout] e37f1efc7b9555d15902f7b6d591571f92615736bbf2f61014911af41f7d571d
[INFO] running `Command { std: "docker" "start" "-a" "e37f1efc7b9555d15902f7b6d591571f92615736bbf2f61014911af41f7d571d", kill_on_drop: false }`
[INFO] [stderr]     Finished `test` profile [unoptimized + debuginfo] target(s) in 0.34s
[INFO] [stderr]      Running unittests src/lib.rs (/opt/rustwide/target/debug/deps/cipherstash_client-e3b6232a69554cff)
[INFO] [stdout] 
[INFO] [stdout] running 231 tests
[INFO] [stdout] test config::idp_provider::tests::test_round_trip ... ok
[INFO] [stdout] test config::paths::tests::test_default_dir_is_home_slash_dot_cipherstash_on_non_windows ... ok
[INFO] [stdout] test console::tests::auto_select_if_only_1 ... ok
[INFO] [stdout] test console::tests::erorr_if_no_workspace ... ok
[INFO] [stdout] test encryption::compound_indexer::accumulator::tests::test_combine_two_accumulators ... ok
[INFO] [stdout] test console::tests::default_not_accepted_if_not_found ... ok
[INFO] [stdout] test encryption::compound_indexer::accumulator::tests::test_combine_two_accumulators_term ... ok
[INFO] [stdout] test encryption::compound_indexer::accumulator::tests::test_combine_two_accumulators_terms ... ok
[INFO] [stdout] test encryption::compound_indexer::accumulator::tests::test_truncate ... ok
[INFO] [stdout] test encryption::compound_indexer::accumulator::tests::test_truncate_different ... ok
[INFO] [stdout] test encryption::compound_indexer::composable_plaintext::tests::test_pops_in_reverse_insert_order ... ok
[INFO] [stdout] test console::tests::does_not_accept_sequence_of_invalid_choices ... ok
[INFO] [stdout] test console::tests::select_default_on_empty_input ... ok
[INFO] [stdout] test encryption::compound_indexer::composable_plaintext::tests::test_single_plaintext_convers ... ok
[INFO] [stdout] test encryption::compound_indexer::const_args::tests::test_into_cons2 ... ok
[INFO] [stdout] test encryption::compound_indexer::const_args::tests::test_into_cons3 ... ok
[INFO] [stdout] test encryption::compound_indexer::const_args::tests::test_into_cons4 ... ok
[INFO] [stdout] test encryption::compound_indexer::prefix_indexer::tests::test_common_prefix_single_word ... ok
[INFO] [stdout] test encryption::compound_indexer::prefix_indexer::tests::test_encrypt_none ... ok
[INFO] [stdout] test encryption::compound_indexer::prefix_indexer::tests::test_encrypt_term ... ok
[INFO] [stdout] test encryption::compound_indexer::prefix_indexer::tests::test_unsupported_plaintext ... ok
[INFO] [stdout] test encryption::compound_indexer::prefix_indexer::tests::test_encrypt_with_salt ... ok
[INFO] [stdout] test encryption::compound_indexer::prefix_indexer::tests::test_query_single_word ... ok
[INFO] [stdout] test encryption::compound_indexer::tests::test_one_exact_one_prefix ... ok
[INFO] [stdout] test encryption::compound_indexer::tests::test_one_exact_one_prefix_one_exact ... ok
[INFO] [stdout] test encryption::compound_indexer::tests::test_single_exact ... ok
[INFO] [stdout] test encryption::compound_indexer::tests::test_single_exact_in_a_compound ... ok
[INFO] [stdout] test encryption::compound_indexer::tests::test_two_exact_indexes ... ok
[INFO] [stdout] test encryption::compound_indexer::tests::test_three_exact_indexes ... ok
[INFO] [stdout] test config::cts_config::tests::test_with_env_fallbacks_to_default_values ... ok
[INFO] [stdout] test config::cts_config::tests::test_with_env_values ... ok
[INFO] [stdout] test config::cts_config::tests::test_with_default_values ... ok
[INFO] [stdout] test encryption::json_indexer::containment::tests::find_by_leaf_node ... ok
[INFO] [stdout] test encryption::json_indexer::containment::tests::find_by_non_existing_non_leaf_node ... ok
[INFO] [stdout] test encryption::compound_indexer::tests::test_one_exact_one_prefix_one_prefix ... ok
[INFO] [stdout] test config::cts_config::tests::test_with_override ... ok
[INFO] [stdout] test encryption::json_indexer::containment::tests::test_encrypt ... ok
[INFO] [stdout] test encryption::json_indexer::containment::tests::find_by_non_existing_leaf_node ... ok
[INFO] [stdout] test encryption::ore_indexer::conversion::tests::test_i64_preserve_ordering ... ok
[INFO] [stdout] test encryption::json_indexer::containment::tests::test_flattening ... ok
[INFO] [stdout] test encryption::json_indexer::containment::tests::find_by_non_leaf_node ... ok
[INFO] [stdout] test encryption::ore_indexer::conversion::tests::test_naive_date_preserves_ordering ... ok
[INFO] [stdout] test encryption::plaintext::from_conversion::tests::test_try_from_big_int ... ok
[INFO] [stdout] test encryption::plaintext::from_conversion::tests::test_try_from_big_int_option_none ... ok
[INFO] [stdout] test encryption::plaintext::from_conversion::tests::test_try_from_big_u_int ... ok
[INFO] [stdout] test encryption::match_indexer::tests::test_encrypt_term ... ok
[INFO] [stdout] test encryption::plaintext::from_conversion::tests::test_try_from_big_u_int_option ... ok
[INFO] [stdout] test encryption::plaintext::from_conversion::tests::test_try_from_big_u_int_option_none ... ok
[INFO] [stdout] test encryption::plaintext::from_conversion::tests::test_try_from_boolean ... ok
[INFO] [stdout] test encryption::plaintext::from_conversion::tests::test_try_from_big_int_option ... ok
[INFO] [stdout] test encryption::plaintext::from_conversion::tests::test_try_from_boolean_option ... ok
[INFO] [stdout] test encryption::plaintext::from_conversion::tests::test_try_from_boolean_option_none ... ok
[INFO] [stdout] test encryption::plaintext::from_conversion::tests::test_try_from_decimal ... ok
[INFO] [stdout] test encryption::plaintext::from_conversion::tests::test_try_from_decimal_option ... ok
[INFO] [stdout] test encryption::plaintext::from_conversion::tests::test_try_from_float ... ok
[INFO] [stdout] test encryption::plaintext::from_conversion::tests::test_try_from_float_option ... ok
[INFO] [stdout] test encryption::plaintext::from_conversion::tests::test_try_from_float_option_none ... ok
[INFO] [stdout] test encryption::plaintext::from_conversion::tests::test_try_from_int ... ok
[INFO] [stdout] test encryption::plaintext::from_conversion::tests::test_try_from_int_option ... ok
[INFO] [stdout] test encryption::plaintext::from_conversion::tests::test_try_from_decimal_option_none ... ok
[INFO] [stdout] test encryption::plaintext::from_conversion::tests::test_try_from_int_option_none ... ok
[INFO] [stdout] test encryption::plaintext::from_conversion::tests::test_try_from_json_b ... ok
[INFO] [stdout] test encryption::plaintext::from_conversion::tests::test_try_from_json_b_option ... ok
[INFO] [stdout] test encryption::plaintext::from_conversion::tests::test_try_from_json_b_option_none ... ok
[INFO] [stdout] test encryption::plaintext::from_conversion::tests::test_try_from_naive_date ... ok
[INFO] [stdout] test encryption::plaintext::from_conversion::tests::test_try_from_naive_date_option ... ok
[INFO] [stdout] test encryption::plaintext::from_conversion::tests::test_try_from_naive_date_option_none ... ok
[INFO] [stdout] test encryption::plaintext::from_conversion::tests::test_try_from_optional_plaintext_big_int_option_none ... ok
[INFO] [stdout] test encryption::plaintext::from_conversion::tests::test_try_from_optional_plaintext_big_int_option_some ... ok
[INFO] [stdout] test encryption::plaintext::from_conversion::tests::test_try_from_optional_plaintext_big_int_some ... ok
[INFO] [stdout] test encryption::plaintext::from_conversion::tests::test_try_from_optional_plaintext_big_u_int_option_some ... ok
[INFO] [stdout] test encryption::plaintext::from_conversion::tests::test_try_from_optional_plaintext_big_u_int_some ... ok
[INFO] [stdout] test encryption::plaintext::from_conversion::tests::test_try_from_optional_plaintext_boolean_option_none ... ok
[INFO] [stdout] test encryption::plaintext::from_conversion::tests::test_try_from_optional_plaintext_big_u_int_option_none ... ok
[INFO] [stdout] test encryption::plaintext::from_conversion::tests::test_try_from_optional_plaintext_decimal_option_some ... ok
[INFO] [stdout] test encryption::plaintext::from_conversion::tests::test_try_from_optional_plaintext_float_option_none ... ok
[INFO] [stdout] test encryption::plaintext::from_conversion::tests::test_try_from_optional_plaintext_decimal_some ... ok
[INFO] [stdout] test encryption::plaintext::from_conversion::tests::test_try_from_optional_plaintext_float_option_some ... ok
[INFO] [stdout] test encryption::plaintext::from_conversion::tests::test_try_from_optional_plaintext_boolean_option_some ... ok
[INFO] [stdout] test encryption::plaintext::from_conversion::tests::test_try_from_optional_plaintext_float_some ... ok
[INFO] [stdout] test encryption::plaintext::from_conversion::tests::test_try_from_optional_plaintext_boolean_some ... ok
[INFO] [stdout] test encryption::plaintext::from_conversion::tests::test_try_from_optional_plaintext_decimal_option_none ... ok
[INFO] [stdout] test encryption::plaintext::from_conversion::tests::test_try_from_optional_plaintext_int_option_some ... ok
[INFO] [stdout] test encryption::plaintext::from_conversion::tests::test_try_from_optional_plaintext_int_option_none ... ok
[INFO] [stdout] test encryption::plaintext::from_conversion::tests::test_try_from_optional_plaintext_int_some ... ok
[INFO] [stdout] test encryption::plaintext::from_conversion::tests::test_try_from_optional_plaintext_json_b_some ... ok
[INFO] [stdout] test encryption::plaintext::from_conversion::tests::test_try_from_optional_plaintext_naive_date_option_none ... ok
[INFO] [stdout] test encryption::plaintext::from_conversion::tests::test_try_from_optional_plaintext_json_b_option_some ... ok
[INFO] [stdout] test encryption::plaintext::from_conversion::tests::test_try_from_optional_plaintext_json_b_option_none ... ok
[INFO] [stdout] test encryption::plaintext::from_conversion::tests::test_try_from_optional_plaintext_small_int_option_none ... ok
[INFO] [stdout] test encryption::plaintext::from_conversion::tests::test_try_from_optional_plaintext_naive_date_option_some ... ok
[INFO] [stdout] test encryption::plaintext::from_conversion::tests::test_try_from_optional_plaintext_small_int_some ... ok
[INFO] [stdout] test encryption::plaintext::from_conversion::tests::test_try_from_optional_plaintext_utf8_str_option_none ... ok
[INFO] [stdout] test encryption::plaintext::from_conversion::tests::test_try_from_optional_plaintext_timestamp_some ... ok
[INFO] [stdout] test encryption::plaintext::from_conversion::tests::test_try_from_optional_plaintext_utf8_str_option_some ... ok
[INFO] [stdout] test encryption::plaintext::from_conversion::tests::test_try_from_optional_plaintext_small_int_option_some ... ok
[INFO] [stdout] test encryption::plaintext::from_conversion::tests::test_try_from_optional_plaintext_timestamp_option_some ... ok
[INFO] [stdout] test encryption::plaintext::from_conversion::tests::test_try_from_optional_plaintext_timestamp_option_none ... ok
[INFO] [stdout] test encryption::plaintext::from_conversion::tests::test_try_from_plaintext_big_int ... ok
[INFO] [stdout] test encryption::plaintext::from_conversion::tests::test_try_from_optional_plaintext_naive_date_some ... ok
[INFO] [stdout] test encryption::plaintext::from_conversion::tests::test_try_from_plaintext_big_int_option ... ok
[INFO] [stdout] test encryption::plaintext::from_conversion::tests::test_try_from_optional_plaintext_utf8_str_some ... ok
[INFO] [stdout] test encryption::plaintext::from_conversion::tests::test_try_from_plaintext_big_int_option_none ... ok
[INFO] [stdout] test encryption::plaintext::from_conversion::tests::test_try_from_plaintext_big_u_int ... ok
[INFO] [stdout] test encryption::plaintext::from_conversion::tests::test_try_from_plaintext_big_u_int_option ... ok
[INFO] [stdout] test encryption::plaintext::from_conversion::tests::test_try_from_plaintext_big_u_int_option_none ... ok
[INFO] [stdout] test encryption::plaintext::from_conversion::tests::test_try_from_plaintext_boolean ... ok
[INFO] [stdout] test encryption::plaintext::from_conversion::tests::test_try_from_plaintext_decimal ... ok
[INFO] [stdout] test encryption::plaintext::from_conversion::tests::test_try_from_plaintext_boolean_option ... ok
[INFO] [stdout] test encryption::plaintext::from_conversion::tests::test_try_from_plaintext_decimal_option_none ... ok
[INFO] [stdout] test encryption::plaintext::from_conversion::tests::test_try_from_plaintext_boolean_option_none ... ok
[INFO] [stdout] test encryption::plaintext::from_conversion::tests::test_try_from_plaintext_float_option ... ok
[INFO] [stdout] test encryption::plaintext::from_conversion::tests::test_try_from_plaintext_decimal_option ... ok
[INFO] [stdout] test encryption::plaintext::from_conversion::tests::test_try_from_plaintext_float ... ok
[INFO] [stdout] test encryption::plaintext::from_conversion::tests::test_try_from_plaintext_float_option_none ... ok
[INFO] [stdout] test encryption::plaintext::from_conversion::tests::test_try_from_plaintext_int ... ok
[INFO] [stdout] test encryption::plaintext::from_conversion::tests::test_try_from_plaintext_int_option ... ok
[INFO] [stdout] test encryption::plaintext::from_conversion::tests::test_try_from_plaintext_json_b ... ok
[INFO] [stdout] test encryption::plaintext::from_conversion::tests::test_try_from_plaintext_json_b_option ... ok
[INFO] [stdout] test encryption::plaintext::from_conversion::tests::test_try_from_plaintext_int_option_none ... ok
[INFO] [stdout] test encryption::plaintext::from_conversion::tests::test_try_from_plaintext_naive_date_option_none ... ok
[INFO] [stdout] test encryption::plaintext::from_conversion::tests::test_try_from_plaintext_naive_date ... ok
[INFO] [stdout] test encryption::plaintext::from_conversion::tests::test_try_from_plaintext_small_int_option ... ok
[INFO] [stdout] test encryption::plaintext::from_conversion::tests::test_try_from_plaintext_json_b_option_none ... ok
[INFO] [stdout] test encryption::plaintext::from_conversion::tests::test_try_from_plaintext_small_int_option_none ... ok
[INFO] [stdout] test encryption::plaintext::from_conversion::tests::test_try_from_plaintext_small_int ... ok
[INFO] [stdout] test encryption::plaintext::from_conversion::tests::test_try_from_plaintext_timestamp ... ok
[INFO] [stdout] test encryption::plaintext::from_conversion::tests::test_try_from_plaintext_naive_date_option ... ok
[INFO] [stdout] test encryption::plaintext::from_conversion::tests::test_try_from_plaintext_timestamp_option ... ok
[INFO] [stdout] test encryption::plaintext::from_conversion::tests::test_try_from_plaintext_timestamp_option_none ... ok
[INFO] [stdout] test encryption::plaintext::from_conversion::tests::test_try_from_plaintext_utf8_str ... ok
[INFO] [stdout] test encryption::plaintext::from_conversion::tests::test_try_from_plaintext_utf8_str_option ... ok
[INFO] [stdout] test encryption::plaintext::from_conversion::tests::test_try_from_plaintext_utf8_str_option_none ... ok
[INFO] [stdout] test encryption::plaintext::from_conversion::tests::test_try_from_small_int ... ok
[INFO] [stdout] test encryption::plaintext::from_conversion::tests::test_try_from_small_int_option_none ... ok
[INFO] [stdout] test encryption::plaintext::from_conversion::tests::test_try_from_small_int_option ... ok
[INFO] [stdout] test encryption::plaintext::from_conversion::tests::test_try_from_timestamp ... ok
[INFO] [stdout] test encryption::plaintext::from_conversion::tests::test_try_from_timestamp_option ... ok
[INFO] [stdout] test encryption::plaintext::from_conversion::tests::test_try_from_timestamp_option_none ... ok
[INFO] [stdout] test encryption::plaintext::from_conversion::tests::test_try_from_utf8_str ... ok
[INFO] [stdout] test encryption::plaintext::from_conversion::tests::test_try_from_utf8_str_option ... ok
[INFO] [stdout] test encryption::plaintext::from_conversion::tests::test_try_from_utf8_str_option_none ... ok
[INFO] [stdout] test encryption::plaintext::tests::test_round_trip_bigint ... ok
[INFO] [stdout] test encryption::plaintext::tests::test_round_trip_boolean ... ok
[INFO] [stdout] test encryption::plaintext::tests::test_round_trip_float ... ok
[INFO] [stdout] test encryption::plaintext::tests::test_round_trip_int ... ok
[INFO] [stdout] test encryption::plaintext::tests::test_round_trip_decimal ... ok
[INFO] [stdout] test encryption::plaintext::tests::test_round_trip_naive_date ... ok
[INFO] [stdout] test encryption::plaintext::tests::test_zeroize_should_not_panic ... ok
[INFO] [stdout] test encryption::plaintext::tests::test_round_trip_smallint ... ok
[INFO] [stdout] test encryption::plaintext::tests::test_round_trip_utf8str ... ok
[INFO] [stdout] test encryption::plaintext::tests::test_round_trip_timestamp ... ok
[INFO] [stdout] test encryption::plaintext::to_conversion::tests::test_to_big_int ... ok
[INFO] [stdout] test encryption::plaintext::to_conversion::tests::test_to_big_int_option ... ok
[INFO] [stdout] test encryption::plaintext::to_conversion::tests::test_to_big_u_int ... ok
[INFO] [stdout] test encryption::plaintext::to_conversion::tests::test_to_big_u_int_option ... ok
[INFO] [stdout] test encryption::plaintext::to_conversion::tests::test_to_big_int_option_none ... ok
[INFO] [stdout] test encryption::plaintext::to_conversion::tests::test_to_boolean ... ok
[INFO] [stdout] test encryption::plaintext::to_conversion::tests::test_to_boolean_option ... ok
[INFO] [stdout] test encryption::plaintext::to_conversion::tests::test_to_decimal ... ok
[INFO] [stdout] test encryption::plaintext::to_conversion::tests::test_to_boolean_option_none ... ok
[INFO] [stdout] test encryption::plaintext::to_conversion::tests::test_to_decimal_option ... ok
[INFO] [stdout] test encryption::plaintext::to_conversion::tests::test_to_big_u_int_option_none ... ok
[INFO] [stdout] test encryption::plaintext::to_conversion::tests::test_to_decimal_option_none ... ok
[INFO] [stdout] test encryption::plaintext::to_conversion::tests::test_to_float_option ... ok
[INFO] [stdout] test encryption::plaintext::to_conversion::tests::test_to_float_option_none ... ok
[INFO] [stdout] test encryption::plaintext::to_conversion::tests::test_to_float ... ok
[INFO] [stdout] test encryption::plaintext::to_conversion::tests::test_to_int ... ok
[INFO] [stdout] test encryption::plaintext::to_conversion::tests::test_to_json_b ... ok
[INFO] [stdout] test encryption::plaintext::to_conversion::tests::test_to_int_option_none ... ok
[INFO] [stdout] test encryption::plaintext::to_conversion::tests::test_to_int_option ... ok
[INFO] [stdout] test encryption::plaintext::to_conversion::tests::test_to_json_b_option ... ok
[INFO] [stdout] test encryption::plaintext::to_conversion::tests::test_to_json_b_option_none ... ok
[INFO] [stdout] test encryption::plaintext::to_conversion::tests::test_to_naive_date ... ok
[INFO] [stdout] test encryption::plaintext::to_conversion::tests::test_to_naive_date_option ... ok
[INFO] [stdout] test encryption::plaintext::to_conversion::tests::test_to_small_int ... ok
[INFO] [stdout] test encryption::plaintext::to_conversion::tests::test_to_small_int_option ... ok
[INFO] [stdout] test encryption::plaintext::to_conversion::tests::test_to_timestamp ... ok
[INFO] [stdout] test encryption::plaintext::to_conversion::tests::test_to_timestamp_option_none ... ok
[INFO] [stdout] test encryption::plaintext::to_conversion::tests::test_to_naive_date_option_none ... ok
[INFO] [stdout] test encryption::plaintext::to_conversion::tests::test_to_small_int_option_none ... ok
[INFO] [stdout] test encryption::plaintext::to_conversion::tests::test_to_timestamp_option ... ok
[INFO] [stdout] test encryption::plaintext::to_conversion::tests::test_to_utf8_str_from_str ... ok
[INFO] [stdout] test encryption::plaintext::to_conversion::tests::test_to_utf8_str_option ... ok
[INFO] [stdout] test encryption::tests::test_round_trip_single ... ignored
[INFO] [stdout] test encryption::plaintext::to_conversion::tests::test_to_utf8_str_option_none ... ok
[INFO] [stdout] test encryption::plaintext::to_conversion::tests::test_to_utf8_str ... ok
[INFO] [stdout] test encryption::text::tests::test_char_filter_removes_prefix_and_suffix ... ok
[INFO] [stdout] test encryption::text::tests::test_downcase ... ok
[INFO] [stdout] test encryption::text::tests::test_edge_ngram_empty_input ... ok
[INFO] [stdout] test encryption::text::tests::test_edge_ngram_max_eq_min ... ok
[INFO] [stdout] test encryption::text::tests::test_edge_ngram_max_gram_lt_word_len ... ok
[INFO] [stdout] test encryption::text::tests::test_edge_ngram_max_lt_min ... ok
[INFO] [stdout] test encryption::text::tests::test_edge_ngram_min_0 ... ok
[INFO] [stdout] test encryption::text::tests::test_edge_ngram_min_gram_2 ... ok
[INFO] [stdout] test encryption::text::tests::test_edge_ngram_non_alpha_chars ... ok
[INFO] [stdout] test encryption::text::tests::test_edge_ngram_raw_min_gram_2 ... ok
[INFO] [stdout] test encryption::text::tests::test_edge_ngram_min_and_max_0 ... ok
[INFO] [stdout] test encryption::text::tests::test_edge_ngram_words_of_various_lengths ... ok
[INFO] [stdout] test encryption::text::tests::test_edge_ngram_multiple_words ... ok
[INFO] [stdout] test encryption::text::tests::test_edge_ngram_single_word ... ok
[INFO] [stdout] test encryption::text::tests::test_ngram ... ok
[INFO] [stdout] test encryption::text::tests::test_ngram_equal_length ... ok
[INFO] [stdout] test encryption::text::tests::test_ngram_shorter_length ... ok
[INFO] [stdout] test encryption::text::tests::test_stemmer_basic ... ok
[INFO] [stdout] test encryption::text::tests::test_oops_all_stop_words ... ok
[INFO] [stdout] test encryption::text::tests::test_standard ... ok
[INFO] [stdout] test encryption::text::tests::test_ngram_zero_length ... ok
[INFO] [stdout] test encryption::text::tests::test_stop_word_case_insensitive_filter ... ok
[INFO] [stdout] test encryption::unique_indexer::tests::test_should_case_insensitive_compare ... ok
[INFO] [stdout] test encryption::text::tests::test_upcase ... ok
[INFO] [stdout] test zerokms::local_log::tests::test_sub_from_access_token_standard ... ok
[INFO] [stdout] test zerokms::local_log::tests::test_sub_from_access_token_with_test_string ... ok
[INFO] [stdout] test zerokms::local_log::tests::test_sub_from_access_token_url_safe ... ok
[INFO] [stdout] test zerokms::local_log::tests::test_sub_from_access_token_url_safe_no_pad ... ok
[INFO] [stdout] test zerokms::local_log::tests::test_sub_from_access_token_standard_no_pad ... ok
[INFO] [stdout] test zerokms::local_log::tests::test_sub_from_access_token_with_another_token ... ok
[INFO] [stdout] test zerokms::vitur_client::retry::tests::test_doesnt_retry ... ok
[INFO] [stdout] test zerokms::vitur_client::retry::tests::test_default_exponential_timeout ... ok
[INFO] [stdout] test zerokms::vitur_client::futures::tests::test_works_when_chunks_dont_divide_nicely ... ok
[INFO] [stdout] test zerokms::vitur_client::retry::tests::test_passes_without_retries ... ok
[INFO] [stdout] test zerokms::vitur_client::test_connection::tests::test_failure_response ... ok
[INFO] [stdout] test zerokms::vitur_client::test_connection::tests::test_success_response ... ok
[INFO] [stdout] test zerokms::vitur_client::tests::test_load_config ... ok
[INFO] [stdout] test zerokms::vitur_client::tests::test_save_config_root_key_random ... ok
[INFO] [stdout] test zerokms::vitur_client::tests::test_load_config_key_too_small ... ok
[INFO] [stdout] test zerokms::vitur_client::tests::test_save_config_with_existing_key ... ok
[INFO] [stdout] test zerokms::vitur_client::retry::tests::test_reaches_max_retries ... ok
[INFO] [stdout] test zerokms::vitur_client::test_connection::tests::test_assert_in_effect_fails_test - should panic ... ok
[INFO] [stdout] test zerokms::vitur_client::test_connection::tests::test_panic_if_no_handler - should panic ... ok
[INFO] [stdout] test zerokms::vitur_client::futures::tests::test_keeps_the_same_order ... ok
[INFO] [stdout] 
[INFO] [stdout] test result: ok. 230 passed; 0 failed; 1 ignored; 0 measured; 0 filtered out; finished in 0.22s
[INFO] [stdout] 
[INFO] [stderr]      Running tests/mod.rs (/opt/rustwide/target/debug/deps/mod-3fa0729f14a0f719)
[INFO] [stdout] 
[INFO] [stdout] running 15 tests
[INFO] [stdout] test zero_kms_e2e::create_client ... ignored, e2e
[INFO] [stdout] test zero_kms_e2e::create_dataset ... ignored, e2e
[INFO] [stdout] test zero_kms_e2e::decrypt_record ... ignored, e2e
[INFO] [stdout] test zero_kms_e2e::decrypt_record_reenabled ... ignored, e2e
[INFO] [stdout] test zero_kms_e2e::decrypt_with_disabled_dataset ... ignored, e2e
[INFO] [stdout] test zero_kms_e2e::disable_dataset ... ignored, e2e
[INFO] [stdout] test zero_kms_e2e::enable_dataset ... ignored, e2e
[INFO] [stdout] test zero_kms_e2e::encrypt_record ... ignored, e2e
[INFO] [stdout] test zero_kms_e2e::encrypt_record_reenabled ... ignored, e2e
[INFO] [stdout] test zero_kms_e2e::encrypt_with_disabled_dataset ... ignored, e2e
[INFO] [stdout] test zero_kms_e2e::list_clients ... ignored, e2e
[INFO] [stdout] test zero_kms_e2e::list_datasets ... ignored, e2e
[INFO] [stdout] test zero_kms_e2e::load_config ... ignored, e2e
[INFO] [stdout] test zero_kms_e2e::modify_dataset ... ignored, e2e
[INFO] [stdout] test zero_kms_e2e::save_config ... ignored, e2e
[INFO] [stdout] 
[INFO] [stdout] test result: ok. 0 passed; 0 failed; 15 ignored; 0 measured; 0 filtered out; finished in 0.00s
[INFO] [stdout] 
[INFO] [stderr]      Running tests/zero_kms_e2e.rs (/opt/rustwide/target/debug/deps/zero_kms_e2e-0e29bd9cd0180edf)
[INFO] [stdout] 
[INFO] [stdout] running 15 tests
[INFO] [stdout] test create_client ... ignored, e2e
[INFO] [stdout] test create_dataset ... ignored, e2e
[INFO] [stdout] test decrypt_record ... ignored, e2e
[INFO] [stdout] test decrypt_record_reenabled ... ignored, e2e
[INFO] [stdout] test decrypt_with_disabled_dataset ... ignored, e2e
[INFO] [stdout] test disable_dataset ... ignored, e2e
[INFO] [stdout] test enable_dataset ... ignored, e2e
[INFO] [stdout] test encrypt_record ... ignored, e2e
[INFO] [stdout] test encrypt_record_reenabled ... ignored, e2e
[INFO] [stdout] test encrypt_with_disabled_dataset ... ignored, e2e
[INFO] [stdout] test list_clients ... ignored, e2e
[INFO] [stdout] test list_datasets ... ignored, e2e
[INFO] [stdout] test load_config ... ignored, e2e
[INFO] [stdout] test modify_dataset ... ignored, e2e
[INFO] [stdout] test save_config ... ignored, e2e
[INFO] [stdout] 
[INFO] [stdout] test result: ok. 0 passed; 0 failed; 15 ignored; 0 measured; 0 filtered out; finished in 0.00s
[INFO] [stdout] 
[INFO] [stderr]    Doc-tests cipherstash_client
[INFO] [stdout] 
[INFO] [stdout] running 12 tests
[INFO] [stdout] test src/config/zero_kms_config.rs - config::zero_kms_config::ZeroKMSConfig::builder (line 276) - compile ... ok
[INFO] [stdout] test src/lib.rs - (line 43) - compile ... ok
[INFO] [stdout] test src/lib.rs - (line 20) - compile ... ok
[INFO] [stdout] test src/zerokms/mod.rs - zerokms (line 147) - compile ... ok
[INFO] [stdout] test src/zerokms/mod.rs - zerokms (line 108) - compile ... ok
[INFO] [stdout] test src/zerokms/mod.rs - zerokms (line 45) - compile ... ok
[INFO] [stdout] test src/zerokms/mod.rs - zerokms (line 77) - compile ... ok
[INFO] [stdout] test src/config/cts_config.rs - config::cts_config::CtsConfig::builder (line 52) ... ok
[INFO] [stdout] test src/cts_client.rs - cts_client::CTSClient<C>::new (line 89) ... ok
[INFO] [stdout] test src/config/console_config.rs - config::console_config::ConsoleConfig::builder (line 154) ... ok
[INFO] [stdout] test src/config/zero_kms_config.rs - config::zero_kms_config::ZeroKMSConfig (line 238) ... FAILED
[INFO] [stdout] test src/config/zero_kms_config.rs - config::zero_kms_config::ZeroKMSConfig::builder (line 263) ... FAILED
[INFO] [stdout] 
[INFO] [stdout] failures:
[INFO] [stdout] 
[INFO] [stdout] ---- src/config/zero_kms_config.rs - config::zero_kms_config::ZeroKMSConfig (line 238) stdout ----
[INFO] [stdout] Test executable failed (exit status: 101).
[INFO] [stdout] 
[INFO] [stdout] stderr:
[INFO] [stdout] thread 'main' panicked at src/config/zero_kms_config.rs:9:4:
[INFO] [stdout] failed to build config: ValueNotSet("workspace_id")
[INFO] [stdout] stack backtrace:
[INFO] [stdout]    0:     0x5d65ec18746a - std::backtrace_rs::backtrace::libunwind::trace::h207520d6e9873551
[INFO] [stdout]                                at /rustc/df4ca44d3fbc9301ee17f30f4d474e6ae4b05252/library/std/src/../../backtrace/src/backtrace/libunwind.rs:116:5
[INFO] [stdout]    1:     0x5d65ec18746a - std::backtrace_rs::backtrace::trace_unsynchronized::h2ed7433f370e3eca
[INFO] [stdout]                                at /rustc/df4ca44d3fbc9301ee17f30f4d474e6ae4b05252/library/std/src/../../backtrace/src/backtrace/mod.rs:66:5
[INFO] [stdout]    2:     0x5d65ec18746a - std::sys::backtrace::_print_fmt::h916fac51166b18d7
[INFO] [stdout]                                at /rustc/df4ca44d3fbc9301ee17f30f4d474e6ae4b05252/library/std/src/sys/backtrace.rs:66:9
[INFO] [stdout]    3:     0x5d65ec18746a - <std::sys::backtrace::BacktraceLock::print::DisplayBacktrace as core::fmt::Display>::fmt::ha0a4c9b8ce3802e6
[INFO] [stdout]                                at /rustc/df4ca44d3fbc9301ee17f30f4d474e6ae4b05252/library/std/src/sys/backtrace.rs:39:26
[INFO] [stdout]    4:     0x5d65ec1ad4a3 - core::fmt::rt::Argument::fmt::h4cfc8587d52b3eb5
[INFO] [stdout]                                at /rustc/df4ca44d3fbc9301ee17f30f4d474e6ae4b05252/library/core/src/fmt/rt.rs:177:76
[INFO] [stdout]    5:     0x5d65ec1ad4a3 - core::fmt::write::h522cc39e5b36ae9f
[INFO] [stdout]                                at /rustc/df4ca44d3fbc9301ee17f30f4d474e6ae4b05252/library/core/src/fmt/mod.rs:1190:21
[INFO] [stdout]    6:     0x5d65ec183f23 - std::io::Write::write_fmt::hf1c1dcc8cc1287f0
[INFO] [stdout]                                at /rustc/df4ca44d3fbc9301ee17f30f4d474e6ae4b05252/library/std/src/io/mod.rs:1839:15
[INFO] [stdout]    7:     0x5d65ec1872b2 - std::sys::backtrace::BacktraceLock::print::h4b9e00b29e9c0942
[INFO] [stdout]                                at /rustc/df4ca44d3fbc9301ee17f30f4d474e6ae4b05252/library/std/src/sys/backtrace.rs:42:9
[INFO] [stdout]    8:     0x5d65ec18827c - std::panicking::default_hook::{{closure}}::hb59b88280d0324d9
[INFO] [stdout]                                at /rustc/df4ca44d3fbc9301ee17f30f4d474e6ae4b05252/library/std/src/panicking.rs:268:22
[INFO] [stdout]    9:     0x5d65ec1880c2 - std::panicking::default_hook::he1dd496665be4a29
[INFO] [stdout]                                at /rustc/df4ca44d3fbc9301ee17f30f4d474e6ae4b05252/library/std/src/panicking.rs:295:9
[INFO] [stdout]   10:     0x5d65ec1888b7 - std::panicking::rust_panic_with_hook::h2ff17fe8f26dfcf8
[INFO] [stdout]                                at /rustc/df4ca44d3fbc9301ee17f30f4d474e6ae4b05252/library/std/src/panicking.rs:801:13
[INFO] [stdout]   11:     0x5d65ec18874a - std::panicking::begin_panic_handler::{{closure}}::h4fad77951c07e101
[INFO] [stdout]                                at /rustc/df4ca44d3fbc9301ee17f30f4d474e6ae4b05252/library/std/src/panicking.rs:674:13
[INFO] [stdout]   12:     0x5d65ec187949 - std::sys::backtrace::__rust_end_short_backtrace::hb1a25b3da5d0ea08
[INFO] [stdout]                                at /rustc/df4ca44d3fbc9301ee17f30f4d474e6ae4b05252/library/std/src/sys/backtrace.rs:170:18
[INFO] [stdout]   13:     0x5d65ec1883dc - rust_begin_unwind
[INFO] [stdout]                                at /rustc/df4ca44d3fbc9301ee17f30f4d474e6ae4b05252/library/std/src/panicking.rs:665:5
[INFO] [stdout]   14:     0x5d65ec1ab1d0 - core::panicking::panic_fmt::ha9db07b529f9b256
[INFO] [stdout]                                at /rustc/df4ca44d3fbc9301ee17f30f4d474e6ae4b05252/library/core/src/panicking.rs:75:14
[INFO] [stdout]   15:     0x5d65ec1ab656 - core::result::unwrap_failed::h5e8218e4d4338b8a
[INFO] [stdout]                                at /rustc/df4ca44d3fbc9301ee17f30f4d474e6ae4b05252/library/core/src/result.rs:1698:5
[INFO] [stdout]   16:     0x5d65ebb7c4b2 - core::result::Result<T,E>::expect::hbc949936c54ca072
[INFO] [stdout]   17:     0x5d65ebb7c7ff - rust_out::main::_doctest_main_src_config_zero_kms_config_rs_238_0::hd2ebf76d1c3c49c7
[INFO] [stdout]   18:     0x5d65ebb7c756 - rust_out::main::ha213a30daa5df4da
[INFO] [stdout]   19:     0x5d65ebb7c1b3 - core::ops::function::FnOnce::call_once::hf7edf7132571051c
[INFO] [stdout]   20:     0x5d65ebb7c156 - std::sys::backtrace::__rust_begin_short_backtrace::h32fd822fd2ba4079
[INFO] [stdout]   21:     0x5d65ebb7c139 - std::rt::lang_start::{{closure}}::h4039a1c394ed4f7c
[INFO] [stdout]   22:     0x5d65ec17fd07 - core::ops::function::impls::<impl core::ops::function::FnOnce<A> for &F>::call_once::hd87d66b906e0ccaf
[INFO] [stdout]                                at /rustc/df4ca44d3fbc9301ee17f30f4d474e6ae4b05252/library/core/src/ops/function.rs:284:13
[INFO] [stdout]   23:     0x5d65ec17fd07 - std::panicking::try::do_call::hae3703de71fc9e3a
[INFO] [stdout]                                at /rustc/df4ca44d3fbc9301ee17f30f4d474e6ae4b05252/library/std/src/panicking.rs:557:40
[INFO] [stdout]   24:     0x5d65ec17fd07 - std::panicking::try::h1178330e9a2b2645
[INFO] [stdout]                                at /rustc/df4ca44d3fbc9301ee17f30f4d474e6ae4b05252/library/std/src/panicking.rs:520:19
[INFO] [stdout]   25:     0x5d65ec17fd07 - std::panic::catch_unwind::h0acf49d2305d32ad
[INFO] [stdout]                                at /rustc/df4ca44d3fbc9301ee17f30f4d474e6ae4b05252/library/std/src/panic.rs:358:14
[INFO] [stdout]   26:     0x5d65ec17fd07 - std::rt::lang_start_internal::{{closure}}::h2d95182d798177be
[INFO] [stdout]                                at /rustc/df4ca44d3fbc9301ee17f30f4d474e6ae4b05252/library/std/src/rt.rs:174:48
[INFO] [stdout]   27:     0x5d65ec17fd07 - std::panicking::try::do_call::hb506f5bfe11fd30c
[INFO] [stdout]                                at /rustc/df4ca44d3fbc9301ee17f30f4d474e6ae4b05252/library/std/src/panicking.rs:557:40
[INFO] [stdout]   28:     0x5d65ec17fd07 - std::panicking::try::h54d825c46bd0fa95
[INFO] [stdout]                                at /rustc/df4ca44d3fbc9301ee17f30f4d474e6ae4b05252/library/std/src/panicking.rs:520:19
[INFO] [stdout]   29:     0x5d65ec17fd07 - std::panic::catch_unwind::hffbb0ad20c4e9fac
[INFO] [stdout]                                at /rustc/df4ca44d3fbc9301ee17f30f4d474e6ae4b05252/library/std/src/panic.rs:358:14
[INFO] [stdout]   30:     0x5d65ec17fd07 - std::rt::lang_start_internal::h52c291ef1962c925
[INFO] [stdout]                                at /rustc/df4ca44d3fbc9301ee17f30f4d474e6ae4b05252/library/std/src/rt.rs:174:20
[INFO] [stdout]   31:     0x5d65ebb7c117 - std::rt::lang_start::h8c6075cd6f225ba1
[INFO] [stdout]   32:     0x5d65ebb7c8a5 - main
[INFO] [stdout]   33:     0x7926b066cd90 - <unknown>
[INFO] [stdout]   34:     0x7926b066ce40 - __libc_start_main
[INFO] [stdout]   35:     0x5d65ebb7c025 - _start
[INFO] [stdout]   36:                0x0 - <unknown>
[INFO] [stdout] 
[INFO] [stdout] 
[INFO] [stdout] ---- src/config/zero_kms_config.rs - config::zero_kms_config::ZeroKMSConfig::builder (line 263) stdout ----
[INFO] [stdout] Test executable failed (exit status: 101).
[INFO] [stdout] 
[INFO] [stdout] stderr:
[INFO] [stdout] thread 'main' panicked at src/config/zero_kms_config.rs:9:4:
[INFO] [stdout] failed to build config: ValueNotSet("workspace_id")
[INFO] [stdout] stack backtrace:
[INFO] [stdout]    0:     0x5cd9aa18046a - std::backtrace_rs::backtrace::libunwind::trace::h207520d6e9873551
[INFO] [stdout]                                at /rustc/df4ca44d3fbc9301ee17f30f4d474e6ae4b05252/library/std/src/../../backtrace/src/backtrace/libunwind.rs:116:5
[INFO] [stdout]    1:     0x5cd9aa18046a - std::backtrace_rs::backtrace::trace_unsynchronized::h2ed7433f370e3eca
[INFO] [stdout]                                at /rustc/df4ca44d3fbc9301ee17f30f4d474e6ae4b05252/library/std/src/../../backtrace/src/backtrace/mod.rs:66:5
[INFO] [stdout]    2:     0x5cd9aa18046a - std::sys::backtrace::_print_fmt::h916fac51166b18d7
[INFO] [stdout]                                at /rustc/df4ca44d3fbc9301ee17f30f4d474e6ae4b05252/library/std/src/sys/backtrace.rs:66:9
[INFO] [stdout]    3:     0x5cd9aa18046a - <std::sys::backtrace::BacktraceLock::print::DisplayBacktrace as core::fmt::Display>::fmt::ha0a4c9b8ce3802e6
[INFO] [stdout]                                at /rustc/df4ca44d3fbc9301ee17f30f4d474e6ae4b05252/library/std/src/sys/backtrace.rs:39:26
[INFO] [stdout]    4:     0x5cd9aa1a64a3 - core::fmt::rt::Argument::fmt::h4cfc8587d52b3eb5
[INFO] [stdout]                                at /rustc/df4ca44d3fbc9301ee17f30f4d474e6ae4b05252/library/core/src/fmt/rt.rs:177:76
[INFO] [stdout]    5:     0x5cd9aa1a64a3 - core::fmt::write::h522cc39e5b36ae9f
[INFO] [stdout]                                at /rustc/df4ca44d3fbc9301ee17f30f4d474e6ae4b05252/library/core/src/fmt/mod.rs:1190:21
[INFO] [stdout]    6:     0x5cd9aa17cf23 - std::io::Write::write_fmt::hf1c1dcc8cc1287f0
[INFO] [stdout]                                at /rustc/df4ca44d3fbc9301ee17f30f4d474e6ae4b05252/library/std/src/io/mod.rs:1839:15
[INFO] [stdout]    7:     0x5cd9aa1802b2 - std::sys::backtrace::BacktraceLock::print::h4b9e00b29e9c0942
[INFO] [stdout]                                at /rustc/df4ca44d3fbc9301ee17f30f4d474e6ae4b05252/library/std/src/sys/backtrace.rs:42:9
[INFO] [stdout]    8:     0x5cd9aa18127c - std::panicking::default_hook::{{closure}}::hb59b88280d0324d9
[INFO] [stdout]                                at /rustc/df4ca44d3fbc9301ee17f30f4d474e6ae4b05252/library/std/src/panicking.rs:268:22
[INFO] [stdout]    9:     0x5cd9aa1810c2 - std::panicking::default_hook::he1dd496665be4a29
[INFO] [stdout]                                at /rustc/df4ca44d3fbc9301ee17f30f4d474e6ae4b05252/library/std/src/panicking.rs:295:9
[INFO] [stdout]   10:     0x5cd9aa1818b7 - std::panicking::rust_panic_with_hook::h2ff17fe8f26dfcf8
[INFO] [stdout]                                at /rustc/df4ca44d3fbc9301ee17f30f4d474e6ae4b05252/library/std/src/panicking.rs:801:13
[INFO] [stdout]   11:     0x5cd9aa18174a - std::panicking::begin_panic_handler::{{closure}}::h4fad77951c07e101
[INFO] [stdout]                                at /rustc/df4ca44d3fbc9301ee17f30f4d474e6ae4b05252/library/std/src/panicking.rs:674:13
[INFO] [stdout]   12:     0x5cd9aa180949 - std::sys::backtrace::__rust_end_short_backtrace::hb1a25b3da5d0ea08
[INFO] [stdout]                                at /rustc/df4ca44d3fbc9301ee17f30f4d474e6ae4b05252/library/std/src/sys/backtrace.rs:170:18
[INFO] [stdout]   13:     0x5cd9aa1813dc - rust_begin_unwind
[INFO] [stdout]                                at /rustc/df4ca44d3fbc9301ee17f30f4d474e6ae4b05252/library/std/src/panicking.rs:665:5
[INFO] [stdout]   14:     0x5cd9aa1a41d0 - core::panicking::panic_fmt::ha9db07b529f9b256
[INFO] [stdout]                                at /rustc/df4ca44d3fbc9301ee17f30f4d474e6ae4b05252/library/core/src/panicking.rs:75:14
[INFO] [stdout]   15:     0x5cd9aa1a4656 - core::result::unwrap_failed::h5e8218e4d4338b8a
[INFO] [stdout]                                at /rustc/df4ca44d3fbc9301ee17f30f4d474e6ae4b05252/library/core/src/result.rs:1698:5
[INFO] [stdout]   16:     0x5cd9a9b754b2 - core::result::Result<T,E>::expect::hbc949936c54ca072
[INFO] [stdout]   17:     0x5cd9a9b757ff - rust_out::main::_doctest_main_src_config_zero_kms_config_rs_263_0::h4176e47d57ac1e8e
[INFO] [stdout]   18:     0x5cd9a9b75756 - rust_out::main::ha213a30daa5df4da
[INFO] [stdout]   19:     0x5cd9a9b751b3 - core::ops::function::FnOnce::call_once::hf7edf7132571051c
[INFO] [stdout]   20:     0x5cd9a9b75156 - std::sys::backtrace::__rust_begin_short_backtrace::h32fd822fd2ba4079
[INFO] [stdout]   21:     0x5cd9a9b75139 - std::rt::lang_start::{{closure}}::h4039a1c394ed4f7c
[INFO] [stdout]   22:     0x5cd9aa178d07 - core::ops::function::impls::<impl core::ops::function::FnOnce<A> for &F>::call_once::hd87d66b906e0ccaf
[INFO] [stdout]                                at /rustc/df4ca44d3fbc9301ee17f30f4d474e6ae4b05252/library/core/src/ops/function.rs:284:13
[INFO] [stdout]   23:     0x5cd9aa178d07 - std::panicking::try::do_call::hae3703de71fc9e3a
[INFO] [stdout]                                at /rustc/df4ca44d3fbc9301ee17f30f4d474e6ae4b05252/library/std/src/panicking.rs:557:40
[INFO] [stdout]   24:     0x5cd9aa178d07 - std::panicking::try::h1178330e9a2b2645
[INFO] [stdout]                                at /rustc/df4ca44d3fbc9301ee17f30f4d474e6ae4b05252/library/std/src/panicking.rs:520:19
[INFO] [stdout]   25:     0x5cd9aa178d07 - std::panic::catch_unwind::h0acf49d2305d32ad
[INFO] [stdout]                                at /rustc/df4ca44d3fbc9301ee17f30f4d474e6ae4b05252/library/std/src/panic.rs:358:14
[INFO] [stdout]   26:     0x5cd9aa178d07 - std::rt::lang_start_internal::{{closure}}::h2d95182d798177be
[INFO] [stdout]                                at /rustc/df4ca44d3fbc9301ee17f30f4d474e6ae4b05252/library/std/src/rt.rs:174:48
[INFO] [stdout]   27:     0x5cd9aa178d07 - std::panicking::try::do_call::hb506f5bfe11fd30c
[INFO] [stdout]                                at /rustc/df4ca44d3fbc9301ee17f30f4d474e6ae4b05252/library/std/src/panicking.rs:557:40
[INFO] [stdout]   28:     0x5cd9aa178d07 - std::panicking::try::h54d825c46bd0fa95
[INFO] [stdout]                                at /rustc/df4ca44d3fbc9301ee17f30f4d474e6ae4b05252/library/std/src/panicking.rs:520:19
[INFO] [stdout]   29:     0x5cd9aa178d07 - std::panic::catch_unwind::hffbb0ad20c4e9fac
[INFO] [stdout]                                at /rustc/df4ca44d3fbc9301ee17f30f4d474e6ae4b05252/library/std/src/panic.rs:358:14
[INFO] [stdout]   30:     0x5cd9aa178d07 - std::rt::lang_start_internal::h52c291ef1962c925
[INFO] [stdout]                                at /rustc/df4ca44d3fbc9301ee17f30f4d474e6ae4b05252/library/std/src/rt.rs:174:20
[INFO] [stdout]   31:     0x5cd9a9b75117 - std::rt::lang_start::h8c6075cd6f225ba1
[INFO] [stdout]   32:     0x5cd9a9b758a5 - main
[INFO] [stdout]   33:     0x7b1c3f27bd90 - <unknown>
[INFO] [stdout]   34:     0x7b1c3f27be40 - __libc_start_main
[INFO] [stdout]   35:     0x5cd9a9b75025 - _start
[INFO] [stdout]   36:                0x0 - <unknown>
[INFO] [stdout] 
[INFO] [stdout] 
[INFO] [stdout] 
[INFO] [stdout] failures:
[INFO] [stdout]     src/config/zero_kms_config.rs - config::zero_kms_config::ZeroKMSConfig (line 238)
[INFO] [stdout]     src/config/zero_kms_config.rs - config::zero_kms_config::ZeroKMSConfig::builder (line 263)
[INFO] [stdout] 
[INFO] [stdout] test result: FAILED. 10 passed; 2 failed; 0 ignored; 0 measured; 0 filtered out; finished in 2.75s
[INFO] [stdout] 
[INFO] [stderr] error: doctest failed, to rerun pass `--doc`
[INFO] running `Command { std: "docker" "inspect" "e37f1efc7b9555d15902f7b6d591571f92615736bbf2f61014911af41f7d571d", kill_on_drop: false }`
[INFO] running `Command { std: "docker" "rm" "-f" "e37f1efc7b9555d15902f7b6d591571f92615736bbf2f61014911af41f7d571d", kill_on_drop: false }`
[INFO] [stdout] e37f1efc7b9555d15902f7b6d591571f92615736bbf2f61014911af41f7d571d
