[INFO] fetching crate chronicle-api 0.4.3...
[INFO] testing chronicle-api-0.4.3 against nightly-2024-10-28+rustflags=-Zrandomize-layout for randomize-layout
[INFO] extracting crate chronicle-api 0.4.3 into /workspace/builds/worker-4-tc2/source
[INFO] validating manifest of crates.io crate chronicle-api 0.4.3 on toolchain nightly-2024-10-28
[INFO] running `Command { std: CARGO_HOME="/workspace/cargo-home" RUSTUP_HOME="/workspace/rustup-home" "/workspace/cargo-home/bin/cargo" "+nightly-2024-10-28" "metadata" "--manifest-path" "Cargo.toml" "--no-deps", kill_on_drop: false }`
[INFO] started tweaking crates.io crate chronicle-api 0.4.3
[INFO] finished tweaking crates.io crate chronicle-api 0.4.3
[INFO] tweaked toml for crates.io crate chronicle-api 0.4.3 written to /workspace/builds/worker-4-tc2/source/Cargo.toml
[INFO] crate crates.io crate chronicle-api 0.4.3 already has a lockfile, it will not be regenerated
[INFO] running `Command { std: CARGO_HOME="/workspace/cargo-home" RUSTUP_HOME="/workspace/rustup-home" "/workspace/cargo-home/bin/cargo" "+nightly-2024-10-28" "fetch" "--manifest-path" "Cargo.toml", kill_on_drop: false }`
[INFO] running `Command { std: "docker" "create" "-v" "/var/lib/crater-agent-workspace/builds/worker-4-tc2/target:/opt/rustwide/target:rw,Z" "-v" "/var/lib/crater-agent-workspace/builds/worker-4-tc2/source:/opt/rustwide/workdir:ro,Z" "-v" "/var/lib/crater-agent-workspace/cargo-home:/opt/rustwide/cargo-home:ro,Z" "-v" "/var/lib/crater-agent-workspace/rustup-home:/opt/rustwide/rustup-home:ro,Z" "-e" "SOURCE_DIR=/opt/rustwide/workdir" "-e" "CARGO_TARGET_DIR=/opt/rustwide/target" "-e" "CARGO_HOME=/opt/rustwide/cargo-home" "-e" "RUSTUP_HOME=/opt/rustwide/rustup-home" "-w" "/opt/rustwide/workdir" "-m" "1610612736" "--user" "0:0" "--network" "none" "ghcr.io/rust-lang/crates-build-env/linux@sha256:4a844ea9eb2546a2d2c7022eacef16ef2e8229c7fbb2c7d4d55a9ceca922f72d" "/opt/rustwide/cargo-home/bin/cargo" "+nightly-2024-10-28" "metadata" "--no-deps" "--format-version=1", kill_on_drop: false }`
[INFO] [stdout] b1dd9f614d4a98e69f94457f76973b01319fb735aaceb1ec60cd490336c46893
[INFO] running `Command { std: "docker" "start" "-a" "b1dd9f614d4a98e69f94457f76973b01319fb735aaceb1ec60cd490336c46893", kill_on_drop: false }`
[INFO] running `Command { std: "docker" "inspect" "b1dd9f614d4a98e69f94457f76973b01319fb735aaceb1ec60cd490336c46893", kill_on_drop: false }`
[INFO] running `Command { std: "docker" "rm" "-f" "b1dd9f614d4a98e69f94457f76973b01319fb735aaceb1ec60cd490336c46893", kill_on_drop: false }`
[INFO] [stdout] b1dd9f614d4a98e69f94457f76973b01319fb735aaceb1ec60cd490336c46893
[INFO] running `Command { std: "docker" "create" "-v" "/var/lib/crater-agent-workspace/builds/worker-4-tc2/target:/opt/rustwide/target:rw,Z" "-v" "/var/lib/crater-agent-workspace/builds/worker-4-tc2/source:/opt/rustwide/workdir:ro,Z" "-v" "/var/lib/crater-agent-workspace/cargo-home:/opt/rustwide/cargo-home:ro,Z" "-v" "/var/lib/crater-agent-workspace/rustup-home:/opt/rustwide/rustup-home:ro,Z" "-e" "SOURCE_DIR=/opt/rustwide/workdir" "-e" "CARGO_TARGET_DIR=/opt/rustwide/target" "-e" "CARGO_INCREMENTAL=0" "-e" "RUST_BACKTRACE=full" "-e" "RUSTFLAGS=--cap-lints=forbid -Zrandomize-layout" "-e" "RUSTDOCFLAGS=--cap-lints=forbid" "-e" "CARGO_HOME=/opt/rustwide/cargo-home" "-e" "RUSTUP_HOME=/opt/rustwide/rustup-home" "-w" "/opt/rustwide/workdir" "-m" "1610612736" "--user" "0:0" "--network" "none" "ghcr.io/rust-lang/crates-build-env/linux@sha256:4a844ea9eb2546a2d2c7022eacef16ef2e8229c7fbb2c7d4d55a9ceca922f72d" "/opt/rustwide/cargo-home/bin/cargo" "+nightly-2024-10-28" "build" "--frozen" "--message-format=json", kill_on_drop: false }`
[INFO] [stdout] 11827f34e09d7a13f7f3a3c0b401b5abca0d37b6d81733a4516824a8eee3bcf4
[INFO] running `Command { std: "docker" "start" "-a" "11827f34e09d7a13f7f3a3c0b401b5abca0d37b6d81733a4516824a8eee3bcf4", kill_on_drop: false }`
[INFO] [stderr]    Compiling proc-macro2 v1.0.81
[INFO] [stderr]    Compiling unicode-ident v1.0.12
[INFO] [stderr]    Compiling libc v0.2.153
[INFO] [stderr]    Compiling autocfg v1.2.0
[INFO] [stderr]    Compiling serde v1.0.198
[INFO] [stderr]    Compiling once_cell v1.19.0
[INFO] [stderr]    Compiling pin-project-lite v0.2.14
[INFO] [stderr]    Compiling memchr v2.7.2
[INFO] [stderr]    Compiling futures-core v0.3.30
[INFO] [stderr]    Compiling bytes v1.6.0
[INFO] [stderr]    Compiling parking_lot_core v0.9.9
[INFO] [stderr]    Compiling log v0.4.21
[INFO] [stderr]    Compiling pin-utils v0.1.0
[INFO] [stderr]    Compiling futures-sink v0.3.30
[INFO] [stderr]    Compiling lock_api v0.4.11
[INFO] [stderr]    Compiling slab v0.4.9
[INFO] [stderr]    Compiling futures-io v0.3.30
[INFO] [stderr]    Compiling futures-task v0.3.30
[INFO] [stderr]    Compiling fnv v1.0.7
[INFO] [stderr]    Compiling zerocopy v0.7.32
[INFO] [stderr]    Compiling allocator-api2 v0.2.18
[INFO] [stderr]    Compiling quote v1.0.36
[INFO] [stderr]    Compiling futures-channel v0.3.30
[INFO] [stderr]    Compiling num-traits v0.2.18
[INFO] [stderr]    Compiling tracing-core v0.1.32
[INFO] [stderr]    Compiling ppv-lite86 v0.2.17
[INFO] [stderr]    Compiling ahash v0.8.11
[INFO] [stderr]    Compiling syn v2.0.59
[INFO] [stderr]    Compiling percent-encoding v2.3.1
[INFO] [stderr]    Compiling ryu v1.0.17
[INFO] [stderr]    Compiling typenum v1.17.0
[INFO] [stderr]    Compiling getrandom v0.2.14
[INFO] [stderr]    Compiling mio v0.8.11
[INFO] [stderr]    Compiling socket2 v0.5.6
[INFO] [stderr]    Compiling signal-hook-registry v1.4.1
[INFO] [stderr]    Compiling num_cpus v1.16.0
[INFO] [stderr]    Compiling jobserver v0.1.30
[INFO] [stderr]    Compiling cc v1.0.94
[INFO] [stderr]    Compiling generic-array v0.14.7
[INFO] [stderr]    Compiling subtle v2.5.0
[INFO] [stderr]    Compiling http v1.1.0
[INFO] [stderr]    Compiling form_urlencoded v1.2.1
[INFO] [stderr]    Compiling pkg-config v0.3.30
[INFO] [stderr]    Compiling http v0.2.12
[INFO] [stderr]    Compiling rand_core v0.6.4
[INFO] [stderr]    Compiling spin v0.9.8
[INFO] [stderr]    Compiling tower-service v0.3.2
[INFO] [stderr]    Compiling rand_chacha v0.3.1
[INFO] [stderr]    Compiling powerfmt v0.2.0
[INFO] [stderr]    Compiling num-conv v0.1.0
[INFO] [stderr]    Compiling http-body v0.4.6
[INFO] [stderr]    Compiling http-body v1.0.0
[INFO] [stderr]    Compiling tinyvec_macros v0.1.1
[INFO] [stderr]    Compiling httparse v1.8.0
[INFO] [stderr]    Compiling time-core v0.1.2
[INFO] [stderr]    Compiling siphasher v0.3.11
[INFO] [stderr]    Compiling crypto-common v0.1.6
[INFO] [stderr]    Compiling block-buffer v0.10.4
[INFO] [stderr]    Compiling time-macros v0.2.18
[INFO] [stderr]    Compiling tinyvec v1.6.0
[INFO] [stderr]    Compiling digest v0.10.7
[INFO] [stderr]    Compiling deranged v0.3.11
[INFO] [stderr]    Compiling rand v0.8.5
[INFO] [stderr]    Compiling httpdate v1.0.3
[INFO] [stderr]    Compiling cpufeatures v0.2.12
[INFO] [stderr]    Compiling unicode-bidi v0.3.15
[INFO] [stderr]    Compiling syn v1.0.109
[INFO] [stderr]    Compiling try-lock v0.2.5
[INFO] [stderr]    Compiling want v0.3.1
[INFO] [stderr]    Compiling http-body-util v0.1.1
[INFO] [stderr]    Compiling thiserror v1.0.58
[INFO] [stderr]    Compiling num-integer v0.1.46
[INFO] [stderr]    Compiling crossbeam-utils v0.8.19
[INFO] [stderr]    Compiling iana-time-zone v0.1.60
[INFO] [stderr]    Compiling base64 v0.21.7
[INFO] [stderr]    Compiling unicode-normalization v0.1.23
[INFO] [stderr]    Compiling vcpkg v0.2.15
[INFO] [stderr]    Compiling time v0.3.36
[INFO] [stderr]    Compiling sha2 v0.10.8
[INFO] [stderr]    Compiling idna v0.5.0
[INFO] [stderr]    Compiling ring v0.17.8
[INFO] [stderr]    Compiling rustversion v1.0.15
[INFO] [stderr]    Compiling openssl-probe v0.1.5
[INFO] [stderr]    Compiling serde_json v1.0.116
[INFO] [stderr]    Compiling untrusted v0.9.0
[INFO] [stderr]    Compiling mime v0.3.17
[INFO] [stderr]    Compiling atomic v0.5.3
[INFO] [stderr]    Compiling hex v0.4.3
[INFO] [stderr]    Compiling nom v7.1.3
[INFO] [stderr]    Compiling outref v0.5.1
[INFO] [stderr]    Compiling vsimd v0.8.0
[INFO] [stderr]    Compiling rustls v0.21.10
[INFO] [stderr]    Compiling bitflags v2.5.0
[INFO] [stderr]    Compiling crc32fast v1.4.0
[INFO] [stderr]    Compiling semver v1.0.22
[INFO] [stderr]    Compiling urlencoding v2.1.3
[INFO] [stderr]    Compiling base64-simd v0.8.0
[INFO] [stderr]    Compiling tower-layer v0.3.2
[INFO] [stderr]    Compiling rustls-pemfile v1.0.4
[INFO] [stderr]    Compiling serde_derive v1.0.198
[INFO] [stderr]    Compiling tokio-macros v2.2.0
[INFO] [stderr]    Compiling tracing-attributes v0.1.27
[INFO] [stderr]    Compiling futures-macro v0.3.30
[INFO] [stderr]    Compiling thiserror-impl v1.0.58
[INFO] [stderr]    Compiling pin-project-internal v1.1.5
[INFO] [stderr]    Compiling futures-util v0.3.30
[INFO] [stderr]    Compiling hmac v0.12.1
[INFO] [stderr]    Compiling indexmap v1.9.3
[INFO] [stderr]    Compiling tracing v0.1.40
[INFO] [stderr]    Compiling rustls-native-certs v0.6.3
[INFO] [stderr]    Compiling async-trait v0.1.80
[INFO] [stderr]    Compiling openssl-sys v0.9.102
[INFO] [stderr]    Compiling pin-project v1.1.5
[INFO] [stderr]    Compiling phf_shared v0.11.2
[INFO] [stderr]    Compiling phf_shared v0.10.0
[INFO] [stderr]    Compiling aho-corasick v1.1.3
[INFO] [stderr]    Compiling sync_wrapper v0.1.2
[INFO] [stderr]    Compiling hashbrown v0.12.3
[INFO] [stderr]    Compiling regex-syntax v0.8.3
[INFO] [stderr]    Compiling fastrand v2.0.2
[INFO] [stderr]    Compiling rustc_version v0.4.0
[INFO] [stderr]    Compiling unicode-segmentation v1.11.0
[INFO] [stderr]    Compiling unicode_categories v0.1.1
[INFO] [stderr]    Compiling paste v1.0.14
[INFO] [stderr]    Compiling heck v0.4.1
[INFO] [stderr]    Compiling phf_generator v0.11.2
[INFO] [stderr]    Compiling crc-catalog v2.4.0
[INFO] [stderr]    Compiling zeroize v1.7.0
[INFO] [stderr]    Compiling crc v3.2.1
[INFO] [stderr]    Compiling regex-automata v0.4.6
[INFO] [stderr]    Compiling sct v0.7.1
[INFO] [stderr]    Compiling rustls-webpki v0.101.7
[INFO] [stderr]    Compiling phf_generator v0.10.0
[INFO] [stderr]    Compiling crossbeam-queue v0.3.11
[INFO] [stderr]    Compiling event-listener v2.5.3
[INFO] [stderr]    Compiling smallvec v1.13.2
[INFO] [stderr]    Compiling foreign-types-shared v0.1.1
[INFO] [stderr]    Compiling openssl v0.10.64
[INFO] [stderr]    Compiling foreign-types v0.3.2
[INFO] [stderr]    Compiling hashbrown v0.14.3
[INFO] [stderr]    Compiling futures-executor v0.3.30
[INFO] [stderr]    Compiling either v1.11.0
[INFO] [stderr]    Compiling openssl-macros v0.1.1
[INFO] [stderr]    Compiling uuid v1.8.0
[INFO] [stderr]    Compiling parking_lot v0.12.1
[INFO] [stderr]    Compiling tokio v1.37.0
[INFO] [stderr]    Compiling chrono v0.4.38
[INFO] [stderr]    Compiling bytes-utils v0.1.4
[INFO] [stderr]    Compiling url v2.5.0
[INFO] [stderr]    Compiling anyhow v1.0.82
[INFO] [stderr]    Compiling native-tls v0.2.11
[INFO] [stderr]    Compiling indexmap v2.2.6
[INFO] [stderr]    Compiling regex v1.10.4
[INFO] [stderr]    Compiling itertools v0.12.1
[INFO] [stderr]    Compiling phf_codegen v0.10.0
[INFO] [stderr]    Compiling libsqlite3-sys v0.27.0
[INFO] [stderr]    Compiling sqlformat v0.2.3
[INFO] [stderr]    Compiling futures-intrusive v0.5.0
[INFO] [stderr]    Compiling tokio-util v0.7.11
[INFO] [stderr]    Compiling tokio-rustls v0.24.1
[INFO] [stderr]    Compiling aws-smithy-async v1.2.1
[INFO] [stderr]    Compiling tokio-stream v0.1.15
[INFO] [stderr]    Compiling h2 v0.3.26
[INFO] [stderr]    Compiling aws-smithy-types v1.2.0
[INFO] [stderr]    Compiling tower v0.4.13
[INFO] [stderr]    Compiling aws-smithy-runtime-api v1.7.1
[INFO] [stderr]    Compiling aws-smithy-eventstream v0.60.4
[INFO] [stderr]    Compiling h2 v0.4.4
[INFO] [stderr]    Compiling atoi v2.0.0
[INFO] [stderr]    Compiling aws-smithy-http v0.60.9
[INFO] [stderr]    Compiling aws-credential-types v1.2.0
[INFO] [stderr]    Compiling serde_urlencoded v0.7.1
[INFO] [stderr]    Compiling hashlink v0.8.4
[INFO] [stderr]    Compiling aws-types v1.3.3
[INFO] [stderr]    Compiling zstd-sys v2.0.10+zstd.1.5.6
[INFO] [stderr]    Compiling md-5 v0.10.6
[INFO] [stderr]    Compiling num-bigint v0.4.4
[INFO] [stderr]    Compiling rustix v0.38.32
[INFO] [stderr]    Compiling matchit v0.7.3
[INFO] [stderr]    Compiling home v0.5.9
[INFO] [stderr]    Compiling byteorder v1.5.0
[INFO] [stderr]    Compiling hyper v0.14.28
[INFO] [stderr]    Compiling new_debug_unreachable v1.0.6
[INFO] [stderr]    Compiling finl_unicode v1.2.0
[INFO] [stderr]    Compiling stringprep v0.1.4
[INFO] [stderr]    Compiling sqlx-core v0.7.4
[INFO] [stderr]    Compiling tokio-native-tls v0.3.1
[INFO] [stderr]    Compiling phf_macros v0.11.2
[INFO] [stderr]    Compiling hkdf v0.12.4
[INFO] [stderr]    Compiling axum-core v0.3.4
[INFO] [stderr]    Compiling axum-core v0.4.3
[INFO] [stderr]    Compiling num-rational v0.4.1
[INFO] [stderr]    Compiling cookie v0.17.0
[INFO] [stderr]    Compiling unicase v2.7.0
[INFO] [stderr]    Compiling encoding_rs v0.8.34
[INFO] [stderr]    Compiling hyper v1.3.1
[INFO] [stderr]    Compiling dotenvy v0.15.7
[INFO] [stderr]    Compiling linux-raw-sys v0.4.13
[INFO] [stderr]    Compiling whoami v1.5.1
[INFO] [stderr]    Compiling phf v0.11.2
[INFO] [stderr]    Compiling parse-zoneinfo v0.3.0
[INFO] [stderr]    Compiling hyper-util v0.1.3
[INFO] [stderr]    Compiling hyper-rustls v0.24.2
[INFO] [stderr]    Compiling aws-sigv4 v1.2.3
[INFO] [stderr]    Compiling opentelemetry v0.21.0
[INFO] [stderr]    Compiling itertools v0.10.5
[INFO] [stderr]    Compiling string_cache_codegen v0.5.2
[INFO] [stderr]    Compiling flume v0.11.0
[INFO] [stderr]    Compiling phf_codegen v0.11.2
[INFO] [stderr]    Compiling axum v0.6.20
[INFO] [stderr]    Compiling idna v0.3.0
[INFO] [stderr]    Compiling alloc-no-stdlib v2.0.4
[INFO] [stderr]    Compiling psl-types v2.0.11
[INFO] [stderr]    Compiling mac v0.1.1
[INFO] [stderr]    Compiling precomputed-hash v0.1.1
[INFO] [stderr]    Compiling zstd-safe v7.1.0
[INFO] [stderr]    Compiling ucd-trie v0.1.6
[INFO] [stderr]    Compiling futf v0.1.5
[INFO] [stderr]    Compiling pest v2.7.10
[INFO] [stderr]    Compiling sqlx-postgres v0.7.4
[INFO] [stderr]    Compiling publicsuffix v2.2.3
[INFO] [stderr]    Compiling alloc-stdlib v0.2.2
[INFO] [stderr]    Compiling chrono-tz-build v0.2.1
[INFO] [stderr]    Compiling sqlx-sqlite v0.7.4
[INFO] [stderr]    Compiling prost-derive v0.11.9
[INFO] [stderr]    Compiling markup5ever v0.11.0
[INFO] [stderr]    Compiling aws-runtime v1.3.1
[INFO] [stderr]    Compiling tempfile v3.10.1
[INFO] [stderr]    Compiling aws-smithy-runtime v1.6.1
[INFO] [stderr]    Compiling aws-smithy-json v0.60.7
[INFO] [stderr]    Compiling tokio-io-timeout v1.2.0
[INFO] [stderr]    Compiling sharded-slab v0.1.7
[INFO] [stderr]    Compiling serde_path_to_error v0.1.16
[INFO] [stderr]    Compiling phf v0.10.1
[INFO] [stderr]    Compiling serde_derive_internals v0.26.0
[INFO] [stderr]    Compiling async-stream-impl v0.3.5
[INFO] [stderr]    Compiling axum v0.7.5
[INFO] [stderr]    Compiling crossbeam-epoch v0.9.18
[INFO] [stderr]    Compiling crossbeam-channel v0.5.12
[INFO] [stderr]    Compiling num-iter v0.1.44
[INFO] [stderr]    Compiling num-complex v0.4.5
[INFO] [stderr]    Compiling ordered-float v4.2.0
[INFO] [stderr]    Compiling nanorand v0.7.0
[INFO] [stderr]    Compiling tracing-log v0.2.0
[INFO] [stderr]    Compiling bstr v1.9.1
[INFO] [stderr]    Compiling thread_local v1.1.8
[INFO] [stderr]    Compiling regex-lite v0.1.6
[INFO] [stderr]    Compiling ipnet v2.9.0
[INFO] [stderr]    Compiling ident_case v1.0.1
[INFO] [stderr]    Compiling dtoa v1.0.9
[INFO] [stderr]    Compiling schemars v0.8.16
[INFO] [stderr]    Compiling utf-8 v0.7.6
[INFO] [stderr]    Compiling strsim v0.10.0
[INFO] [stderr]    Compiling glob v0.3.1
[INFO] [stderr]    Compiling unic-char-range v0.9.0
[INFO] [stderr]    Compiling unic-common v0.9.0
[INFO] [stderr]    Compiling libm v0.2.8
[INFO] [stderr]    Compiling unic-ucd-version v0.9.0
[INFO] [stderr]    Compiling opentelemetry_sdk v0.21.2
[INFO] [stderr]    Compiling unic-char-property v0.9.0
[INFO] [stderr]    Compiling darling_core v0.20.8
[INFO] [stderr]    Compiling tendril v0.4.3
[INFO] [stderr]    Compiling dtoa-short v0.3.4
[INFO] [stderr]    Compiling globset v0.4.14
[INFO] [stderr]    Compiling miniz_oxide v0.7.2
[INFO] [stderr]    Compiling tracing-subscriber v0.3.18
[INFO] [stderr]    Compiling schemars_derive v0.8.16
[INFO] [stderr]    Compiling doc-comment v0.3.3
[INFO] [stderr]    Compiling num v0.4.2
[INFO] [stderr]    Compiling crossbeam-deque v0.8.5
[INFO] [stderr]    Compiling async-stream v0.3.5
[INFO] [stderr]    Compiling hyper-timeout v0.4.1
[INFO] [stderr]    Compiling sqlx-macros-core v0.7.4
[INFO] [stderr]    Compiling mime_guess v2.0.4
[INFO] [stderr]    Compiling cookie_store v0.20.0
[INFO] [stderr]    Compiling prost v0.11.9
[INFO] [stderr]    Compiling pest_meta v2.7.10
[INFO] [stderr]    Compiling chrono-tz v0.8.6
[INFO] [stderr]    Compiling brotli-decompressor v3.0.0
[INFO] [stderr]    Compiling string_cache v0.8.7
[INFO] [stderr]    Compiling hyper-tls v0.5.0
[INFO] [stderr]    Compiling selectors v0.25.0
[INFO] [stderr]    Compiling axum-macros v0.4.1
[INFO] [stderr]    Compiling html5ever v0.26.0
[INFO] [stderr]    Compiling cssparser-macros v0.6.1
[INFO] [stderr]    Compiling multer v3.0.0
[INFO] [stderr]    Compiling cookie v0.18.1
[INFO] [stderr]    Compiling sync_wrapper v1.0.1
[INFO] [stderr]    Compiling webpki-roots v0.25.4
[INFO] [stderr]    Compiling stable_deref_trait v1.2.0
[INFO] [stderr]    Compiling servo_arc v0.3.0
[INFO] [stderr]    Compiling reqwest v0.11.27
[INFO] [stderr]    Compiling tonic v0.9.2
[INFO] [stderr]    Compiling cssparser v0.31.2
[INFO] [stderr]    Compiling brotli v4.0.0
[INFO] [stderr]    Compiling sqlx-macros v0.7.4
[INFO] [stderr]    Compiling darling_macro v0.20.8
[INFO] [stderr]    Compiling pest_generator v2.7.10
[INFO] [stderr]    Compiling zstd v0.13.1
[INFO] [stderr]    Compiling ignore v0.4.22
[INFO] [stderr]    Compiling fraction v0.13.1
[INFO] [stderr]    Compiling flate2 v1.0.28
[INFO] [stderr]    Compiling unic-ucd-segment v0.9.0
[INFO] [stderr]    Compiling fancy-regex v0.11.0
[INFO] [stderr]    Compiling rust-embed-utils v8.3.0
[INFO] [stderr]    Compiling fxhash v0.2.1
[INFO] [stderr]    Compiling snafu-derive v0.7.5
[INFO] [stderr]    Compiling error-stack v0.4.1
[INFO] [stderr]    Compiling derive_more v0.99.17
[INFO] [stderr]    Compiling iso8601 v0.6.1
[INFO] [stderr]    Compiling sha1 v0.10.6
[INFO] [stderr]    Compiling headers-core v0.3.0
[INFO] [stderr]    Compiling deunicode v1.4.4
[INFO] [stderr]    Compiling num-cmp v0.1.0
[INFO] [stderr]    Compiling base64ct v1.6.0
[INFO] [stderr]    Compiling bytecount v0.6.7
[INFO] [stderr]    Compiling xmlparser v0.13.6
[INFO] [stderr]    Compiling heck v0.5.0
[INFO] [stderr]    Compiling clap_builder v4.5.2
[INFO] [stderr]    Compiling clap_derive v4.5.4
[INFO] [stderr]    Compiling aws-smithy-xml v0.60.8
[INFO] [stderr]    Compiling jsonschema v0.17.1
[INFO] [stderr]    Compiling snafu v0.7.5
[INFO] [stderr]    Compiling sqlx v0.7.4
[INFO] [stderr]    Compiling password-hash v0.5.0
[INFO] [stderr]    Compiling slug v0.1.5
[INFO] [stderr]    Compiling headers v0.4.0
[INFO] [stderr]    Compiling rust-embed-impl v8.3.0
[INFO] [stderr]    Compiling humansize v2.1.3
[INFO] [stderr]    Compiling async-compression v0.4.8
[INFO] [stderr]    Compiling unic-segment v0.9.0
[INFO] [stderr]    Compiling pest_derive v2.7.10
[INFO] [stderr]    Compiling globwalk v0.8.1
[INFO] [stderr]    Compiling darling v0.20.8
[INFO] [stderr]    Compiling opentelemetry-proto v0.4.0
[INFO] [stderr]    Compiling tracing-error v0.2.0
[INFO] [stderr]    Compiling opentelemetry-semantic-conventions v0.13.0
[INFO] [stderr]    Compiling aws-smithy-query v0.60.7
[INFO] [stderr]    Compiling serde_html_form v0.2.6
[INFO] [stderr]    Compiling quick-xml v0.31.0
[INFO] [stderr]    Compiling serde_spanned v0.6.5
[INFO] [stderr]    Compiling toml_datetime v0.6.5
[INFO] [stderr]    Compiling futures v0.3.30
[INFO] [stderr]    Compiling typed-builder-macro v0.18.2
[INFO] [stderr]    Compiling blake2 v0.10.6
[INFO] [stderr]    Compiling winnow v0.6.6
[INFO] [stderr]    Compiling base64 v0.13.1
[INFO] [stderr]    Compiling keccak v0.1.5
[INFO] [stderr]    Compiling base64 v0.22.0
[INFO] [stderr]    Compiling iri-string v0.7.2
[INFO] [stderr]    Compiling http-range-header v0.4.0
[INFO] [stderr]    Compiling filigree v0.3.0
[INFO] [stderr]    Compiling rustls-pki-types v1.4.1
[INFO] [stderr]    Compiling toml_edit v0.22.11
[INFO] [stderr]    Compiling sha3 v0.10.8
[INFO] [stderr]    Compiling typed-builder v0.18.2
[INFO] [stderr]    Compiling rustls-pemfile v2.1.2
[INFO] [stderr]    Compiling object_store v0.9.1
[INFO] [stderr]    Compiling oauth2 v4.4.2
[INFO] [stderr]    Compiling tera v1.19.1
[INFO] [stderr]    Compiling argon2 v0.5.3
[INFO] [stderr]    Compiling css-inline v0.12.0
[INFO] [stderr]    Compiling axum-extra v0.9.3
[INFO] [stderr]    Compiling tower-http v0.5.2
[INFO] [stderr]    Compiling opentelemetry-otlp v0.14.0
[INFO] [stderr]    Compiling aws-sdk-sts v1.34.0
[INFO] [stderr]    Compiling tower-cookies v0.10.0
[INFO] [stderr]    Compiling serde_with_macros v3.8.1
[INFO] [stderr]    Compiling rust-embed v8.3.0
[INFO] [stderr]    Compiling clap v4.5.4
[INFO] [stderr]    Compiling axum-jsonschema v0.8.0
[INFO] [stderr]    Compiling tracing-opentelemetry v0.22.0
[INFO] [stderr]    Compiling aws-sdk-ssooidc v1.35.0
[INFO] [stderr]    Compiling aws-sdk-sso v1.34.0
[INFO] [stderr]    Compiling hyper-tls v0.6.0
[INFO] [stderr]    Compiling eyre v0.6.12
[INFO] [stderr]    Compiling reqwest v0.12.3
[INFO] [stderr]    Compiling serde_with v3.8.1
[INFO] [stderr]    Compiling toml v0.8.12
[INFO] [stderr]    Compiling aws-config v1.5.4
[INFO] [stderr]    Compiling sqlx-transparent-json-decode v2.2.2
[INFO] [stderr]    Compiling aws-sdk-bedrockruntime v1.38.0
[INFO] [stderr]    Compiling backon v0.4.4
[INFO] [stderr]    Compiling eventsource-stream v0.2.3
[INFO] [stderr]    Compiling indenter v0.3.3
[INFO] [stderr]    Compiling etcetera v0.8.0
[INFO] [stderr]    Compiling chronicle-proxy v0.4.3
[INFO] [stderr]    Compiling chronicle-api v0.4.3 (/opt/rustwide/workdir)
[INFO] [stderr]     Finished `dev` profile [unoptimized + debuginfo] target(s) in 3m 39s
[INFO] running `Command { std: "docker" "inspect" "11827f34e09d7a13f7f3a3c0b401b5abca0d37b6d81733a4516824a8eee3bcf4", kill_on_drop: false }`
[INFO] running `Command { std: "docker" "rm" "-f" "11827f34e09d7a13f7f3a3c0b401b5abca0d37b6d81733a4516824a8eee3bcf4", kill_on_drop: false }`
[INFO] [stdout] 11827f34e09d7a13f7f3a3c0b401b5abca0d37b6d81733a4516824a8eee3bcf4
[INFO] running `Command { std: "docker" "create" "-v" "/var/lib/crater-agent-workspace/builds/worker-4-tc2/target:/opt/rustwide/target:rw,Z" "-v" "/var/lib/crater-agent-workspace/builds/worker-4-tc2/source:/opt/rustwide/workdir:ro,Z" "-v" "/var/lib/crater-agent-workspace/cargo-home:/opt/rustwide/cargo-home:ro,Z" "-v" "/var/lib/crater-agent-workspace/rustup-home:/opt/rustwide/rustup-home:ro,Z" "-e" "SOURCE_DIR=/opt/rustwide/workdir" "-e" "CARGO_TARGET_DIR=/opt/rustwide/target" "-e" "CARGO_INCREMENTAL=0" "-e" "RUST_BACKTRACE=full" "-e" "RUSTFLAGS=--cap-lints=forbid -Zrandomize-layout" "-e" "RUSTDOCFLAGS=--cap-lints=forbid" "-e" "CARGO_HOME=/opt/rustwide/cargo-home" "-e" "RUSTUP_HOME=/opt/rustwide/rustup-home" "-w" "/opt/rustwide/workdir" "-m" "1610612736" "--user" "0:0" "--network" "none" "ghcr.io/rust-lang/crates-build-env/linux@sha256:4a844ea9eb2546a2d2c7022eacef16ef2e8229c7fbb2c7d4d55a9ceca922f72d" "/opt/rustwide/cargo-home/bin/cargo" "+nightly-2024-10-28" "test" "--frozen" "--no-run" "--message-format=json", kill_on_drop: false }`
[INFO] [stdout] 039fa769a008928a76bb113d260c593040f4ef8bccb3ee1dff26ec4310e8a701
[INFO] running `Command { std: "docker" "start" "-a" "039fa769a008928a76bb113d260c593040f4ef8bccb3ee1dff26ec4310e8a701", kill_on_drop: false }`
[INFO] [stderr]    Compiling temp-dir v0.1.13
[INFO] [stderr]    Compiling chronicle-api v0.4.3 (/opt/rustwide/workdir)
[INFO] [stderr]     Finished `test` profile [unoptimized + debuginfo] target(s) in 14.89s
[INFO] running `Command { std: "docker" "inspect" "039fa769a008928a76bb113d260c593040f4ef8bccb3ee1dff26ec4310e8a701", kill_on_drop: false }`
[INFO] running `Command { std: "docker" "rm" "-f" "039fa769a008928a76bb113d260c593040f4ef8bccb3ee1dff26ec4310e8a701", kill_on_drop: false }`
[INFO] [stdout] 039fa769a008928a76bb113d260c593040f4ef8bccb3ee1dff26ec4310e8a701
[INFO] running `Command { std: "docker" "create" "-v" "/var/lib/crater-agent-workspace/builds/worker-4-tc2/target:/opt/rustwide/target:rw,Z" "-v" "/var/lib/crater-agent-workspace/builds/worker-4-tc2/source:/opt/rustwide/workdir:ro,Z" "-v" "/var/lib/crater-agent-workspace/cargo-home:/opt/rustwide/cargo-home:ro,Z" "-v" "/var/lib/crater-agent-workspace/rustup-home:/opt/rustwide/rustup-home:ro,Z" "-e" "SOURCE_DIR=/opt/rustwide/workdir" "-e" "CARGO_TARGET_DIR=/opt/rustwide/target" "-e" "CARGO_INCREMENTAL=0" "-e" "RUST_BACKTRACE=full" "-e" "RUSTFLAGS=--cap-lints=forbid -Zrandomize-layout" "-e" "RUSTDOCFLAGS=--cap-lints=forbid" "-e" "CARGO_HOME=/opt/rustwide/cargo-home" "-e" "RUSTUP_HOME=/opt/rustwide/rustup-home" "-w" "/opt/rustwide/workdir" "-m" "1610612736" "--user" "0:0" "--network" "none" "ghcr.io/rust-lang/crates-build-env/linux@sha256:4a844ea9eb2546a2d2c7022eacef16ef2e8229c7fbb2c7d4d55a9ceca922f72d" "/opt/rustwide/cargo-home/bin/cargo" "+nightly-2024-10-28" "test" "--frozen", kill_on_drop: false }`
[INFO] [stdout] 07f7e673f5f080db85c48d2544a999eb0725deb209fbd11e8b4dc7dc6a9dbe96
[INFO] running `Command { std: "docker" "start" "-a" "07f7e673f5f080db85c48d2544a999eb0725deb209fbd11e8b4dc7dc6a9dbe96", kill_on_drop: false }`
[INFO] [stderr]     Finished `test` profile [unoptimized + debuginfo] target(s) in 0.99s
[INFO] [stderr]      Running unittests src/main.rs (/opt/rustwide/target/debug/deps/chronicle-2b0f6cd0d975d470)
[INFO] [stdout] 
[INFO] [stdout] running 4 tests
[INFO] [stdout] test events::test::bad_event ... ok
[INFO] [stdout] test database::tests::test_postgres ... FAILED
[INFO] [stdout] test database::tests::sqlite_with_url ... FAILED
[INFO] [stdout] test database::tests::sqlite_with_path ... FAILED
[INFO] [stdout] 
[INFO] [stdout] failures:
[INFO] [stdout] 
[INFO] [stdout] ---- database::tests::test_postgres stdout ----
[INFO] [stdout] thread 'database::tests::test_postgres' panicked at /opt/rustwide/cargo-home/registry/src/index.crates.io-6f17d22bba15001f/sqlx-postgres-0.7.4/src/testing/mod.rs:81:44:
[INFO] [stdout] DATABASE_URL must be set: EnvVar(NotPresent)
[INFO] [stdout] stack backtrace:
[INFO] [stdout]    0:     0x56632f75ba4a - std::backtrace_rs::backtrace::libunwind::trace::h207520d6e9873551
[INFO] [stdout]                                at /rustc/df4ca44d3fbc9301ee17f30f4d474e6ae4b05252/library/std/src/../../backtrace/src/backtrace/libunwind.rs:116:5
[INFO] [stdout]    1:     0x56632f75ba4a - std::backtrace_rs::backtrace::trace_unsynchronized::h2ed7433f370e3eca
[INFO] [stdout]                                at /rustc/df4ca44d3fbc9301ee17f30f4d474e6ae4b05252/library/std/src/../../backtrace/src/backtrace/mod.rs:66:5
[INFO] [stdout]    2:     0x56632f75ba4a - std::sys::backtrace::_print_fmt::h916fac51166b18d7
[INFO] [stdout]                                at /rustc/df4ca44d3fbc9301ee17f30f4d474e6ae4b05252/library/std/src/sys/backtrace.rs:66:9
[INFO] [stdout]    3:     0x56632f75ba4a - <std::sys::backtrace::BacktraceLock::print::DisplayBacktrace as core::fmt::Display>::fmt::ha0a4c9b8ce3802e6
[INFO] [stdout]                                at /rustc/df4ca44d3fbc9301ee17f30f4d474e6ae4b05252/library/std/src/sys/backtrace.rs:39:26
[INFO] [stdout]    4:     0x56632f78a5e3 - core::fmt::rt::Argument::fmt::h4cfc8587d52b3eb5
[INFO] [stdout]                                at /rustc/df4ca44d3fbc9301ee17f30f4d474e6ae4b05252/library/core/src/fmt/rt.rs:177:76
[INFO] [stdout]    5:     0x56632f78a5e3 - core::fmt::write::h522cc39e5b36ae9f
[INFO] [stdout]                                at /rustc/df4ca44d3fbc9301ee17f30f4d474e6ae4b05252/library/core/src/fmt/mod.rs:1190:21
[INFO] [stdout]    6:     0x56632f7573e3 - std::io::Write::write_fmt::h7d3c26752da97734
[INFO] [stdout]                                at /rustc/df4ca44d3fbc9301ee17f30f4d474e6ae4b05252/library/std/src/io/mod.rs:1839:15
[INFO] [stdout]    7:     0x56632f75b892 - std::sys::backtrace::BacktraceLock::print::h4b9e00b29e9c0942
[INFO] [stdout]                                at /rustc/df4ca44d3fbc9301ee17f30f4d474e6ae4b05252/library/std/src/sys/backtrace.rs:42:9
[INFO] [stdout]    8:     0x56632f75ceda - std::panicking::default_hook::{{closure}}::hb59b88280d0324d9
[INFO] [stdout]                                at /rustc/df4ca44d3fbc9301ee17f30f4d474e6ae4b05252/library/std/src/panicking.rs:268:22
[INFO] [stdout]    9:     0x56632f75cce4 - std::panicking::default_hook::he1dd496665be4a29
[INFO] [stdout]                                at /rustc/df4ca44d3fbc9301ee17f30f4d474e6ae4b05252/library/std/src/panicking.rs:292:9
[INFO] [stdout]   10:     0x56632d458cf9 - <alloc::boxed::Box<F,A> as core::ops::function::Fn<Args>>::call::h4ff71de18744e1dc
[INFO] [stdout]                                at /rustc/df4ca44d3fbc9301ee17f30f4d474e6ae4b05252/library/alloc/src/boxed.rs:2468:9
[INFO] [stdout]   11:     0x56632d458cf9 - test::test_main::{{closure}}::hcf7c055ce117aa81
[INFO] [stdout]                                at /rustc/df4ca44d3fbc9301ee17f30f4d474e6ae4b05252/library/test/src/lib.rs:133:21
[INFO] [stdout]   12:     0x56632f75d5d8 - <alloc::boxed::Box<F,A> as core::ops::function::Fn<Args>>::call::h1d66c6bbd60c9692
[INFO] [stdout]                                at /rustc/df4ca44d3fbc9301ee17f30f4d474e6ae4b05252/library/alloc/src/boxed.rs:2468:9
[INFO] [stdout]   13:     0x56632f75d5d8 - std::panicking::rust_panic_with_hook::h2ff17fe8f26dfcf8
[INFO] [stdout]                                at /rustc/df4ca44d3fbc9301ee17f30f4d474e6ae4b05252/library/std/src/panicking.rs:809:13
[INFO] [stdout]   14:     0x56632f75d39a - std::panicking::begin_panic_handler::{{closure}}::h4fad77951c07e101
[INFO] [stdout]                                at /rustc/df4ca44d3fbc9301ee17f30f4d474e6ae4b05252/library/std/src/panicking.rs:674:13
[INFO] [stdout]   15:     0x56632f75bf29 - std::sys::backtrace::__rust_end_short_backtrace::hb1a25b3da5d0ea08
[INFO] [stdout]                                at /rustc/df4ca44d3fbc9301ee17f30f4d474e6ae4b05252/library/std/src/sys/backtrace.rs:170:18
[INFO] [stdout]   16:     0x56632f75d02c - rust_begin_unwind
[INFO] [stdout]                                at /rustc/df4ca44d3fbc9301ee17f30f4d474e6ae4b05252/library/std/src/panicking.rs:665:5
[INFO] [stdout]   17:     0x56632f7875b0 - core::panicking::panic_fmt::ha9db07b529f9b256
[INFO] [stdout]                                at /rustc/df4ca44d3fbc9301ee17f30f4d474e6ae4b05252/library/core/src/panicking.rs:75:14
[INFO] [stdout]   18:     0x56632f787a96 - core::result::unwrap_failed::h5e8218e4d4338b8a
[INFO] [stdout]                                at /rustc/df4ca44d3fbc9301ee17f30f4d474e6ae4b05252/library/core/src/result.rs:1698:5
[INFO] [stdout]   19:     0x56632ee7a42d - core::result::Result<T,E>::expect::h506bdfe9104d190c
[INFO] [stdout]                                at /rustc/df4ca44d3fbc9301ee17f30f4d474e6ae4b05252/library/core/src/result.rs:1060:23
[INFO] [stdout]   20:     0x56632eea9290 - sqlx_postgres::testing::test_context::{{closure}}::h10acd68dd204c821
[INFO] [stdout]                                at /opt/rustwide/cargo-home/registry/src/index.crates.io-6f17d22bba15001f/sqlx-postgres-0.7.4/src/testing/mod.rs:81:15
[INFO] [stdout]   21:     0x56632eea84d1 - sqlx_postgres::testing::<impl sqlx_core::testing::TestSupport for sqlx_postgres::database::Postgres>::test_context::{{closure}}::h71ff5a5b4f536bde
[INFO] [stdout]                                at /opt/rustwide/cargo-home/registry/src/index.crates.io-6f17d22bba15001f/sqlx-postgres-0.7.4/src/testing/mod.rs:30:42
[INFO] [stdout]   22:     0x56632d3d1f6f - <core::pin::Pin<P> as core::future::future::Future>::poll::hbf9dc4632faec0eb
[INFO] [stdout]                                at /rustc/df4ca44d3fbc9301ee17f30f4d474e6ae4b05252/library/core/src/future/future.rs:123:9
[INFO] [stdout]   23:     0x56632d32837e - sqlx_core::testing::run_test::{{closure}}::h909ed586ef4017db
[INFO] [stdout]                                at /opt/rustwide/cargo-home/registry/src/index.crates.io-6f17d22bba15001f/sqlx-core-0.7.4/src/testing/mod.rs:212:14
[INFO] [stdout]   24:     0x56632d3d200d - <core::pin::Pin<P> as core::future::future::Future>::poll::hd46c2cb04b0758c8
[INFO] [stdout]                                at /rustc/df4ca44d3fbc9301ee17f30f4d474e6ae4b05252/library/core/src/future/future.rs:123:9
[INFO] [stdout]   25:     0x56632d14473f - tokio::runtime::scheduler::current_thread::CoreGuard::block_on::{{closure}}::{{closure}}::{{closure}}::hd69fab6f78f30cf7
[INFO] [stdout]                                at /opt/rustwide/cargo-home/registry/src/index.crates.io-6f17d22bba15001f/tokio-1.37.0/src/runtime/scheduler/current_thread/mod.rs:659:57
[INFO] [stdout]   26:     0x56632d144485 - tokio::runtime::coop::with_budget::hb87573c09b5eda35
[INFO] [stdout]                                at /opt/rustwide/cargo-home/registry/src/index.crates.io-6f17d22bba15001f/tokio-1.37.0/src/runtime/coop.rs:107:5
[INFO] [stdout]   27:     0x56632d144485 - tokio::runtime::coop::budget::hf446a95b49f98818
[INFO] [stdout]                                at /opt/rustwide/cargo-home/registry/src/index.crates.io-6f17d22bba15001f/tokio-1.37.0/src/runtime/coop.rs:73:5
[INFO] [stdout]   28:     0x56632d144485 - tokio::runtime::scheduler::current_thread::CoreGuard::block_on::{{closure}}::{{closure}}::h2fd27e52eb539881
[INFO] [stdout]                                at /opt/rustwide/cargo-home/registry/src/index.crates.io-6f17d22bba15001f/tokio-1.37.0/src/runtime/scheduler/current_thread/mod.rs:659:25
[INFO] [stdout]   29:     0x56632d141f50 - tokio::runtime::scheduler::current_thread::Context::enter::h7b4445327914f7c6
[INFO] [stdout]                                at /opt/rustwide/cargo-home/registry/src/index.crates.io-6f17d22bba15001f/tokio-1.37.0/src/runtime/scheduler/current_thread/mod.rs:404:19
[INFO] [stdout]   30:     0x56632d143cee - tokio::runtime::scheduler::current_thread::CoreGuard::block_on::{{closure}}::hf65b7d4cb395a61b
[INFO] [stdout]                                at /opt/rustwide/cargo-home/registry/src/index.crates.io-6f17d22bba15001f/tokio-1.37.0/src/runtime/scheduler/current_thread/mod.rs:658:36
[INFO] [stdout]   31:     0x56632d143164 - tokio::runtime::scheduler::current_thread::CoreGuard::enter::{{closure}}::hff8333da217d8df7
[INFO] [stdout]                                at /opt/rustwide/cargo-home/registry/src/index.crates.io-6f17d22bba15001f/tokio-1.37.0/src/runtime/scheduler/current_thread/mod.rs:737:68
[INFO] [stdout]   32:     0x56632d1e627b - tokio::runtime::context::scoped::Scoped<T>::set::h810ee5f9097b8e95
[INFO] [stdout]                                at /opt/rustwide/cargo-home/registry/src/index.crates.io-6f17d22bba15001f/tokio-1.37.0/src/runtime/context/scoped.rs:40:9
[INFO] [stdout]   33:     0x56632d3aebd9 - tokio::runtime::context::set_scheduler::{{closure}}::h4048e43f49c3da09
[INFO] [stdout]                                at /opt/rustwide/cargo-home/registry/src/index.crates.io-6f17d22bba15001f/tokio-1.37.0/src/runtime/context.rs:176:26
[INFO] [stdout]   34:     0x56632d238bfd - std::thread::local::LocalKey<T>::try_with::h531746ecc7a84785
[INFO] [stdout]                                at /rustc/df4ca44d3fbc9301ee17f30f4d474e6ae4b05252/library/std/src/thread/local.rs:283:12
[INFO] [stdout]   35:     0x56632d237b1a - std::thread::local::LocalKey<T>::with::h17e60e531177047c
[INFO] [stdout]                                at /rustc/df4ca44d3fbc9301ee17f30f4d474e6ae4b05252/library/std/src/thread/local.rs:260:9
[INFO] [stdout]   36:     0x56632d3aeb4d - tokio::runtime::context::set_scheduler::hf99239cad8cac495
[INFO] [stdout]                                at /opt/rustwide/cargo-home/registry/src/index.crates.io-6f17d22bba15001f/tokio-1.37.0/src/runtime/context.rs:176:9
[INFO] [stdout]   37:     0x56632d142ad8 - tokio::runtime::scheduler::current_thread::CoreGuard::enter::h618d4cee8727a838
[INFO] [stdout]                                at /opt/rustwide/cargo-home/registry/src/index.crates.io-6f17d22bba15001f/tokio-1.37.0/src/runtime/scheduler/current_thread/mod.rs:737:27
[INFO] [stdout]   38:     0x56632d143183 - tokio::runtime::scheduler::current_thread::CoreGuard::block_on::ha9cc370509d1f9f5
[INFO] [stdout]                                at /opt/rustwide/cargo-home/registry/src/index.crates.io-6f17d22bba15001f/tokio-1.37.0/src/runtime/scheduler/current_thread/mod.rs:646:19
[INFO] [stdout]   39:     0x56632d13f18d - tokio::runtime::scheduler::current_thread::CurrentThread::block_on::{{closure}}::h8b4278e7f731d036
[INFO] [stdout]                                at /opt/rustwide/cargo-home/registry/src/index.crates.io-6f17d22bba15001f/tokio-1.37.0/src/runtime/scheduler/current_thread/mod.rs:175:28
[INFO] [stdout]   40:     0x56632d385c46 - tokio::runtime::context::runtime::enter_runtime::hc3f9629fb7c55a30
[INFO] [stdout]                                at /opt/rustwide/cargo-home/registry/src/index.crates.io-6f17d22bba15001f/tokio-1.37.0/src/runtime/context/runtime.rs:65:16
[INFO] [stdout]   41:     0x56632d13efe5 - tokio::runtime::scheduler::current_thread::CurrentThread::block_on::h29be5f38fe2a85e5
[INFO] [stdout]                                at /opt/rustwide/cargo-home/registry/src/index.crates.io-6f17d22bba15001f/tokio-1.37.0/src/runtime/scheduler/current_thread/mod.rs:167:9
[INFO] [stdout]   42:     0x56632d3aef26 - tokio::runtime::runtime::Runtime::block_on::h14445b20f03404b6
[INFO] [stdout]                                at /opt/rustwide/cargo-home/registry/src/index.crates.io-6f17d22bba15001f/tokio-1.37.0/src/runtime/runtime.rs:349:47
[INFO] [stdout]   43:     0x56632d21e9b2 - sqlx_core::rt::test_block_on::he45bb6e3ba70efb8
[INFO] [stdout]                                at /opt/rustwide/cargo-home/registry/src/index.crates.io-6f17d22bba15001f/sqlx-core-0.7.4/src/rt/mod.rs:119:16
[INFO] [stdout]   44:     0x56632d3280cd - sqlx_core::testing::run_test::hf32d2a842a32a616
[INFO] [stdout]                                at /opt/rustwide/cargo-home/registry/src/index.crates.io-6f17d22bba15001f/sqlx-core-0.7.4/src/testing/mod.rs:210:5
[INFO] [stdout]   45:     0x56632d327741 - sqlx_core::testing::run_test_with_pool::h808b4b15fc6874c7
[INFO] [stdout]                                at /opt/rustwide/cargo-home/registry/src/index.crates.io-6f17d22bba15001f/sqlx-core-0.7.4/src/testing/mod.rs:181:5
[INFO] [stdout]   46:     0x56632d30306b - <fn(sqlx_core::pool::Pool<DB>) .> Fut as sqlx_core::testing::TestFn>::run_test::h762b285f79c3dd6f
[INFO] [stdout]                                at /opt/rustwide/cargo-home/registry/src/index.crates.io-6f17d22bba15001f/sqlx-core-0.7.4/src/testing/mod.rs:84:9
[INFO] [stdout]   47:     0x56632d41903a - chronicle::database::tests::test_postgres::h61009fe37d6dcc7b
[INFO] [stdout]                                at /opt/rustwide/workdir/src/database.rs:100:5
[INFO] [stdout]   48:     0x56632d418fc7 - chronicle::database::tests::test_postgres::{{closure}}::he1d2501dfa011863
[INFO] [stdout]                                at /opt/rustwide/workdir/src/database.rs:100:18
[INFO] [stdout]   49:     0x56632d1fafe6 - core::ops::function::FnOnce::call_once::h0a6b5e22e00a179d
[INFO] [stdout]                                at /rustc/df4ca44d3fbc9301ee17f30f4d474e6ae4b05252/library/core/src/ops/function.rs:250:5
[INFO] [stdout]   50:     0x56632d45d5cb - core::ops::function::FnOnce::call_once::h22c3ba5715e93f05
[INFO] [stdout]                                at /rustc/df4ca44d3fbc9301ee17f30f4d474e6ae4b05252/library/core/src/ops/function.rs:250:5
[INFO] [stdout]   51:     0x56632d45d5cb - test::__rust_begin_short_backtrace::h8e82d8113d0da17f
[INFO] [stdout]                                at /rustc/df4ca44d3fbc9301ee17f30f4d474e6ae4b05252/library/test/src/lib.rs:621:18
[INFO] [stdout]   52:     0x56632d45cf47 - test::run_test_in_process::{{closure}}::h33235f4f20b7b7c7
[INFO] [stdout]                                at /rustc/df4ca44d3fbc9301ee17f30f4d474e6ae4b05252/library/test/src/lib.rs:644:60
[INFO] [stdout]   53:     0x56632d45cf47 - <core::panic::unwind_safe::AssertUnwindSafe<F> as core::ops::function::FnOnce<()>>::call_once::hb5043206310c586f
[INFO] [stdout]                                at /rustc/df4ca44d3fbc9301ee17f30f4d474e6ae4b05252/library/core/src/panic/unwind_safe.rs:272:9
[INFO] [stdout]   54:     0x56632d45cf47 - std::panicking::try::do_call::h9ad4731a60ab23e2
[INFO] [stdout]                                at /rustc/df4ca44d3fbc9301ee17f30f4d474e6ae4b05252/library/std/src/panicking.rs:557:40
[INFO] [stdout]   55:     0x56632d45cf47 - std::panicking::try::h3824d23db772a716
[INFO] [stdout]                                at /rustc/df4ca44d3fbc9301ee17f30f4d474e6ae4b05252/library/std/src/panicking.rs:520:19
[INFO] [stdout]   56:     0x56632d45cf47 - std::panic::catch_unwind::h5afd514605fde46b
[INFO] [stdout]                                at /rustc/df4ca44d3fbc9301ee17f30f4d474e6ae4b05252/library/std/src/panic.rs:358:14
[INFO] [stdout]   57:     0x56632d45cf47 - test::run_test_in_process::h0d5cbfa7067d1720
[INFO] [stdout]                                at /rustc/df4ca44d3fbc9301ee17f30f4d474e6ae4b05252/library/test/src/lib.rs:644:27
[INFO] [stdout]   58:     0x56632d45cf47 - test::run_test::{{closure}}::h708eb8872708115d
[INFO] [stdout]                                at /rustc/df4ca44d3fbc9301ee17f30f4d474e6ae4b05252/library/test/src/lib.rs:565:43
[INFO] [stdout]   59:     0x56632d420664 - test::run_test::{{closure}}::h392c51cee94713ab
[INFO] [stdout]                                at /rustc/df4ca44d3fbc9301ee17f30f4d474e6ae4b05252/library/test/src/lib.rs:595:41
[INFO] [stdout]   60:     0x56632d420664 - std::sys::backtrace::__rust_begin_short_backtrace::h2f40290710935a8b
[INFO] [stdout]                                at /rustc/df4ca44d3fbc9301ee17f30f4d474e6ae4b05252/library/std/src/sys/backtrace.rs:154:18
[INFO] [stdout]   61:     0x56632d423e0e - std::thread::Builder::spawn_unchecked_::{{closure}}::{{closure}}::h3fd968d89053a903
[INFO] [stdout]                                at /rustc/df4ca44d3fbc9301ee17f30f4d474e6ae4b05252/library/std/src/thread/mod.rs:541:17
[INFO] [stdout]   62:     0x56632d423e0e - <core::panic::unwind_safe::AssertUnwindSafe<F> as core::ops::function::FnOnce<()>>::call_once::h743f637ba4229880
[INFO] [stdout]                                at /rustc/df4ca44d3fbc9301ee17f30f4d474e6ae4b05252/library/core/src/panic/unwind_safe.rs:272:9
[INFO] [stdout]   63:     0x56632d423e0e - std::panicking::try::do_call::h07440897322525a6
[INFO] [stdout]                                at /rustc/df4ca44d3fbc9301ee17f30f4d474e6ae4b05252/library/std/src/panicking.rs:557:40
[INFO] [stdout]   64:     0x56632d423e0e - std::panicking::try::he5a2e00188156637
[INFO] [stdout]                                at /rustc/df4ca44d3fbc9301ee17f30f4d474e6ae4b05252/library/std/src/panicking.rs:520:19
[INFO] [stdout]   65:     0x56632d423e0e - std::panic::catch_unwind::hbaf3cae49b3c6433
[INFO] [stdout]                                at /rustc/df4ca44d3fbc9301ee17f30f4d474e6ae4b05252/library/std/src/panic.rs:358:14
[INFO] [stdout]   66:     0x56632d423e0e - std::thread::Builder::spawn_unchecked_::{{closure}}::h8e141ea224820bce
[INFO] [stdout]                                at /rustc/df4ca44d3fbc9301ee17f30f4d474e6ae4b05252/library/std/src/thread/mod.rs:540:30
[INFO] [stdout]   67:     0x56632d423e0e - core::ops::function::FnOnce::call_once{{vtable.shim}}::h90d312fedd7b8ea8
[INFO] [stdout]                                at /rustc/df4ca44d3fbc9301ee17f30f4d474e6ae4b05252/library/core/src/ops/function.rs:250:5
[INFO] [stdout]   68:     0x56632f7624bb - <alloc::boxed::Box<F,A> as core::ops::function::FnOnce<Args>>::call_once::h69aa08ddb6adb8b6
[INFO] [stdout]                                at /rustc/df4ca44d3fbc9301ee17f30f4d474e6ae4b05252/library/alloc/src/boxed.rs:2454:9
[INFO] [stdout]   69:     0x56632f7624bb - <alloc::boxed::Box<F,A> as core::ops::function::FnOnce<Args>>::call_once::h5aa36efdb79c806f
[INFO] [stdout]                                at /rustc/df4ca44d3fbc9301ee17f30f4d474e6ae4b05252/library/alloc/src/boxed.rs:2454:9
[INFO] [stdout]   70:     0x56632f7624bb - std::sys::pal::unix::thread::Thread::new::thread_start::h6cd80a1b4be5158d
[INFO] [stdout]                                at /rustc/df4ca44d3fbc9301ee17f30f4d474e6ae4b05252/library/std/src/sys/pal/unix/thread.rs:105:17
[INFO] [stdout]   71:     0x7ee14af25ac3 - <unknown>
[INFO] [stdout]   72:     0x7ee14afb6a04 - clone
[INFO] [stdout]   73:                0x0 - <unknown>
[INFO] [stdout] 
[INFO] [stdout] ---- database::tests::sqlite_with_url stdout ----
[INFO] [stdout] [2m   0.019384979s[0m [32m INFO[0m [2mchronicle_proxy::database::sqlite[0m[2m:[0m Migration version is 0
[INFO] [stdout] [2m   0.019410029s[0m [32m INFO[0m [2mchronicle_proxy::database::sqlite[0m[2m:[0m Running migration 0
[INFO] [stdout] [2m   0.037363607s[0m [32m INFO[0m [2mchronicle_proxy::database::sqlite[0m[2m:[0m Running migration 1
[INFO] [stdout] [2m   0.050562106s[0m [32m INFO[0m [2mchronicle_proxy::database::sqlite[0m[2m:[0m Running migration 2
[INFO] [stdout] [2m   0.207670501s[0m [32m INFO[0m [1mload_region[0m[1m{[0m[3mprovider[0m[2m=[0mEnvironmentVariableRegionProvider { env: Env(Real) }[1m}[0m[2m:[0m [2maws_config::meta::region[0m[2m:[0m new
[INFO] [stdout] [2m   0.207753771s[0m [32m INFO[0m [1mload_region[0m[1m{[0m[3mprovider[0m[2m=[0mProfileFileRegionProvider { provider_config: ProviderConfig { env: Env(Real), fs: Fs(Real), time_source: SharedTimeSource(SystemTimeSource), http_client: None, sleep_impl: Some(SharedAsyncSleep(TokioSleep)), region: None, use_fips: None, use_dual_stack: None, profile_name_override: None } }[1m}[0m[2m:[0m [2maws_config::meta::region[0m[2m:[0m new
[INFO] [stdout] [2m   0.207823471s[0m [32m INFO[0m [1mload_region[0m[1m{[0m[3mprovider[0m[2m=[0mImdsRegionProvider { client: "IMDS client truncated for readability", env: Env(Real) }[1m}[0m[2m:[0m [2maws_config::meta::region[0m[2m:[0m new
[INFO] [stdout] [2m   0.219973830s[0m [33m WARN[0m [1mload_region[0m[1m{[0m[3mprovider[0m[2m=[0mImdsRegionProvider { client: "IMDS client truncated for readability", env: Env(Real) }[1m}[0m[2m:[0m [2maws_config::imds::region[0m[2m:[0m failed to load region from IMDS [3merr[0m[2m=[0mfailed to load IMDS session token: dispatch failure: io error: error trying to connect: tcp connect error: Network is unreachable (os error 101): tcp connect error: Network is unreachable (os error 101): Network is unreachable (os error 101) (FailedToLoadToken(FailedToLoadToken { source: DispatchFailure(DispatchFailure { source: ConnectorError { kind: Io, source: hyper::Error(Connect, ConnectError("tcp connect error", Os { code: 101, kind: NetworkUnreachable, message: "Network is unreachable" })), connection: Unknown } }) }))
[INFO] [stdout] [2m   0.220291330s[0m [32m INFO[0m [1mload_region[0m[1m{[0m[3mprovider[0m[2m=[0mEnvironmentVariableRegionProvider { env: Env(Real) }[1m}[0m[2m:[0m [2maws_config::meta::region[0m[2m:[0m new
[INFO] [stdout] [2m   0.220332780s[0m [32m INFO[0m [1mload_region[0m[1m{[0m[3mprovider[0m[2m=[0mProfileFileRegionProvider { provider_config: ProviderConfig { env: Env(Real), fs: Fs(Real), time_source: SharedTimeSource(SystemTimeSource), http_client: None, sleep_impl: Some(SharedAsyncSleep(TokioSleep)), region: None, use_fips: None, use_dual_stack: None, profile_name_override: None } }[1m}[0m[2m:[0m [2maws_config::meta::region[0m[2m:[0m new
[INFO] [stdout] [2m   0.220363660s[0m [32m INFO[0m [1mload_region[0m[1m{[0m[3mprovider[0m[2m=[0mImdsRegionProvider { client: "IMDS client truncated for readability", env: Env(Real) }[1m}[0m[2m:[0m [2maws_config::meta::region[0m[2m:[0m new
[INFO] [stdout] [2m   0.221555650s[0m [33m WARN[0m [1mload_region[0m[1m{[0m[3mprovider[0m[2m=[0mImdsRegionProvider { client: "IMDS client truncated for readability", env: Env(Real) }[1m}[0m[2m:[0m [2maws_config::imds::region[0m[2m:[0m failed to load region from IMDS [3merr[0m[2m=[0mfailed to load IMDS session token: dispatch failure: io error: error trying to connect: tcp connect error: Network is unreachable (os error 101): tcp connect error: Network is unreachable (os error 101): Network is unreachable (os error 101) (FailedToLoadToken(FailedToLoadToken { source: DispatchFailure(DispatchFailure { source: ConnectorError { kind: Io, source: hyper::Error(Connect, ConnectError("tcp connect error", Os { code: 101, kind: NetworkUnreachable, message: "Network is unreachable" })), connection: Unknown } }) }))
[INFO] [stdout] [2m   0.222754360s[0m [32m INFO[0m [1mload_region[0m[1m{[0m[3mprovider[0m[2m=[0mEnvironmentVariableRegionProvider { env: Env(Real) }[1m}[0m[2m:[0m [2maws_config::meta::region[0m[2m:[0m new
[INFO] [stdout] [2m   0.222794950s[0m [32m INFO[0m [1mload_region[0m[1m{[0m[3mprovider[0m[2m=[0mProfileFileRegionProvider { provider_config: ProviderConfig { env: Env(Real), fs: Fs(Real), time_source: SharedTimeSource(SystemTimeSource), http_client: None, sleep_impl: Some(SharedAsyncSleep(TokioSleep)), region: None, use_fips: None, use_dual_stack: None, profile_name_override: None } }[1m}[0m[2m:[0m [2maws_config::meta::region[0m[2m:[0m new
[INFO] [stdout] [2m   0.222831930s[0m [32m INFO[0m [1mload_region[0m[1m{[0m[3mprovider[0m[2m=[0mImdsRegionProvider { client: "IMDS client truncated for readability", env: Env(Real) }[1m}[0m[2m:[0m [2maws_config::meta::region[0m[2m:[0m new
[INFO] [stdout] [2m   0.223784730s[0m [33m WARN[0m [1mload_region[0m[1m{[0m[3mprovider[0m[2m=[0mImdsRegionProvider { client: "IMDS client truncated for readability", env: Env(Real) }[1m}[0m[2m:[0m [2maws_config::imds::region[0m[2m:[0m failed to load region from IMDS [3merr[0m[2m=[0mfailed to load IMDS session token: dispatch failure: io error: error trying to connect: tcp connect error: Network is unreachable (os error 101): tcp connect error: Network is unreachable (os error 101): Network is unreachable (os error 101) (FailedToLoadToken(FailedToLoadToken { source: DispatchFailure(DispatchFailure { source: ConnectorError { kind: Io, source: hyper::Error(Connect, ConnectError("tcp connect error", Os { code: 101, kind: NetworkUnreachable, message: "Network is unreachable" })), connection: Unknown } }) }))
[INFO] [stdout] thread 'database::tests::sqlite_with_url' panicked at src/database.rs:381:14:
[INFO] [stdout] called `Result::unwrap()` on an `Err` value: reqwest::Error { kind: Request, url: Url { scheme: "http", cannot_be_a_base: false, username: "", password: None, host: Some(Domain("localhost")), port: Some(10036), path: "/event", query: None, fragment: None }, source: hyper::Error(Connect, ConnectError("tcp connect error", Os { code: 99, kind: AddrNotAvailable, message: "Cannot assign requested address" })) }
[INFO] [stdout] stack backtrace:
[INFO] [stdout]    0:     0x56632f75ba4a - std::backtrace_rs::backtrace::libunwind::trace::h207520d6e9873551
[INFO] [stdout]                                at /rustc/df4ca44d3fbc9301ee17f30f4d474e6ae4b05252/library/std/src/../../backtrace/src/backtrace/libunwind.rs:116:5
[INFO] [stdout]    1:     0x56632f75ba4a - std::backtrace_rs::backtrace::trace_unsynchronized::h2ed7433f370e3eca
[INFO] [stdout]                                at /rustc/df4ca44d3fbc9301ee17f30f4d474e6ae4b05252/library/std/src/../../backtrace/src/backtrace/mod.rs:66:5
[INFO] [stdout]    2:     0x56632f75ba4a - std::sys::backtrace::_print_fmt::h916fac51166b18d7
[INFO] [stdout]                                at /rustc/df4ca44d3fbc9301ee17f30f4d474e6ae4b05252/library/std/src/sys/backtrace.rs:66:9
[INFO] [stdout]    3:     0x56632f75ba4a - <std::sys::backtrace::BacktraceLock::print::DisplayBacktrace as core::fmt::Display>::fmt::ha0a4c9b8ce3802e6
[INFO] [stdout]                                at /rustc/df4ca44d3fbc9301ee17f30f4d474e6ae4b05252/library/std/src/sys/backtrace.rs:39:26
[INFO] [stdout]    4:     0x56632f78a5e3 - core::fmt::rt::Argument::fmt::h4cfc8587d52b3eb5
[INFO] [stdout]                                at /rustc/df4ca44d3fbc9301ee17f30f4d474e6ae4b05252/library/core/src/fmt/rt.rs:177:76
[INFO] [stdout]    5:     0x56632f78a5e3 - core::fmt::write::h522cc39e5b36ae9f
[INFO] [stdout]                                at /rustc/df4ca44d3fbc9301ee17f30f4d474e6ae4b05252/library/core/src/fmt/mod.rs:1190:21
[INFO] [stdout]    6:     0x56632f7573e3 - std::io::Write::write_fmt::h7d3c26752da97734
[INFO] [stdout]                                at /rustc/df4ca44d3fbc9301ee17f30f4d474e6ae4b05252/library/std/src/io/mod.rs:1839:15
[INFO] [stdout]    7:     0x56632f75b892 - std::sys::backtrace::BacktraceLock::print::h4b9e00b29e9c0942
[INFO] [stdout]                                at /rustc/df4ca44d3fbc9301ee17f30f4d474e6ae4b05252/library/std/src/sys/backtrace.rs:42:9
[INFO] [stdout]    8:     0x56632f75ceda - std::panicking::default_hook::{{closure}}::hb59b88280d0324d9
[INFO] [stdout]                                at /rustc/df4ca44d3fbc9301ee17f30f4d474e6ae4b05252/library/std/src/panicking.rs:268:22
[INFO] [stdout]    9:     0x56632f75cce4 - std::panicking::default_hook::he1dd496665be4a29
[INFO] [stdout]                                at /rustc/df4ca44d3fbc9301ee17f30f4d474e6ae4b05252/library/std/src/panicking.rs:292:9
[INFO] [stdout]   10:     0x56632d458cf9 - <alloc::boxed::Box<F,A> as core::ops::function::Fn<Args>>::call::h4ff71de18744e1dc
[INFO] [stdout]                                at /rustc/df4ca44d3fbc9301ee17f30f4d474e6ae4b05252/library/alloc/src/boxed.rs:2468:9
[INFO] [stdout]   11:     0x56632d458cf9 - test::test_main::{{closure}}::hcf7c055ce117aa81
[INFO] [stdout]                                at /rustc/df4ca44d3fbc9301ee17f30f4d474e6ae4b05252/library/test/src/lib.rs:133:21
[INFO] [stdout]   12:     0x56632f75d5d8 - <alloc::boxed::Box<F,A> as core::ops::function::Fn<Args>>::call::h1d66c6bbd60c9692
[INFO] [stdout]                                at /rustc/df4ca44d3fbc9301ee17f30f4d474e6ae4b05252/library/alloc/src/boxed.rs:2468:9
[INFO] [stdout]   13:     0x56632f75d5d8 - std::panicking::rust_panic_with_hook::h2ff17fe8f26dfcf8
[INFO] [stdout]                                at /rustc/df4ca44d3fbc9301ee17f30f4d474e6ae4b05252/library/std/src/panicking.rs:809:13
[INFO] [stdout]   14:     0x56632f75d39a - std::panicking::begin_panic_handler::{{closure}}::h4fad77951c07e101
[INFO] [stdout]                                at /rustc/df4ca44d3fbc9301ee17f30f4d474e6ae4b05252/library/std/src/panicking.rs:674:13
[INFO] [stdout]   15:     0x56632f75bf29 - std::sys::backtrace::__rust_end_short_backtrace::hb1a25b3da5d0ea08
[INFO] [stdout]                                at /rustc/df4ca44d3fbc9301ee17f30f4d474e6ae4b05252/library/std/src/sys/backtrace.rs:170:18
[INFO] [stdout]   16:     0x56632f75d02c - rust_begin_unwind
[INFO] [stdout]                                at /rustc/df4ca44d3fbc9301ee17f30f4d474e6ae4b05252/library/std/src/panicking.rs:665:5
[INFO] [stdout]   17:     0x56632f7875b0 - core::panicking::panic_fmt::ha9db07b529f9b256
[INFO] [stdout]                                at /rustc/df4ca44d3fbc9301ee17f30f4d474e6ae4b05252/library/core/src/panicking.rs:75:14
[INFO] [stdout]   18:     0x56632f787a96 - core::result::unwrap_failed::h5e8218e4d4338b8a
[INFO] [stdout]                                at /rustc/df4ca44d3fbc9301ee17f30f4d474e6ae4b05252/library/core/src/result.rs:1698:5
[INFO] [stdout]   19:     0x56632d405bbb - core::result::Result<T,E>::unwrap::haaad5aa1eff6a38c
[INFO] [stdout]                                at /rustc/df4ca44d3fbc9301ee17f30f4d474e6ae4b05252/library/core/src/result.rs:1103:23
[INFO] [stdout]   20:     0x56632d405bbb - chronicle::database::tests::test_proxy::{{closure}}::h8dbc30bf65d36ba7
[INFO] [stdout]                                at /opt/rustwide/workdir/src/database.rs:368:9
[INFO] [stdout]   21:     0x56632d41d6b1 - chronicle::database::tests::sqlite_with_url::{{closure}}::h8f5a38a5a4d2d930
[INFO] [stdout]                                at /opt/rustwide/workdir/src/database.rs:324:31
[INFO] [stdout]   22:     0x56632d3d1f12 - <core::pin::Pin<P> as core::future::future::Future>::poll::hbe53ce58ac6fa9b2
[INFO] [stdout]                                at /rustc/df4ca44d3fbc9301ee17f30f4d474e6ae4b05252/library/core/src/future/future.rs:123:9
[INFO] [stdout]   23:     0x56632d3d1c8d - <core::pin::Pin<P> as core::future::future::Future>::poll::h7858c28362be0fad
[INFO] [stdout]                                at /rustc/df4ca44d3fbc9301ee17f30f4d474e6ae4b05252/library/core/src/future/future.rs:123:9
[INFO] [stdout]   24:     0x56632d1446ff - tokio::runtime::scheduler::current_thread::CoreGuard::block_on::{{closure}}::{{closure}}::{{closure}}::h134233ebf60524b8
[INFO] [stdout]                                at /opt/rustwide/cargo-home/registry/src/index.crates.io-6f17d22bba15001f/tokio-1.37.0/src/runtime/scheduler/current_thread/mod.rs:659:57
[INFO] [stdout]   25:     0x56632d144645 - tokio::runtime::coop::with_budget::h97c12ca97a5d7af7
[INFO] [stdout]                                at /opt/rustwide/cargo-home/registry/src/index.crates.io-6f17d22bba15001f/tokio-1.37.0/src/runtime/coop.rs:107:5
[INFO] [stdout]   26:     0x56632d144645 - tokio::runtime::coop::budget::h9e87d7caf9ffb8b8
[INFO] [stdout]                                at /opt/rustwide/cargo-home/registry/src/index.crates.io-6f17d22bba15001f/tokio-1.37.0/src/runtime/coop.rs:73:5
[INFO] [stdout]   27:     0x56632d144645 - tokio::runtime::scheduler::current_thread::CoreGuard::block_on::{{closure}}::{{closure}}::hb68067adc01f0d39
[INFO] [stdout]                                at /opt/rustwide/cargo-home/registry/src/index.crates.io-6f17d22bba15001f/tokio-1.37.0/src/runtime/scheduler/current_thread/mod.rs:659:25
[INFO] [stdout]   28:     0x56632d142280 - tokio::runtime::scheduler::current_thread::Context::enter::h97f2a58c599cbf6c
[INFO] [stdout]                                at /opt/rustwide/cargo-home/registry/src/index.crates.io-6f17d22bba15001f/tokio-1.37.0/src/runtime/scheduler/current_thread/mod.rs:404:19
[INFO] [stdout]   29:     0x56632d14344e - tokio::runtime::scheduler::current_thread::CoreGuard::block_on::{{closure}}::h98897ce5c44f2e29
[INFO] [stdout]                                at /opt/rustwide/cargo-home/registry/src/index.crates.io-6f17d22bba15001f/tokio-1.37.0/src/runtime/scheduler/current_thread/mod.rs:658:36
[INFO] [stdout]   30:     0x56632d143144 - tokio::runtime::scheduler::current_thread::CoreGuard::enter::{{closure}}::hd29fe37c003e7733
[INFO] [stdout]                                at /opt/rustwide/cargo-home/registry/src/index.crates.io-6f17d22bba15001f/tokio-1.37.0/src/runtime/scheduler/current_thread/mod.rs:737:68
[INFO] [stdout]   31:     0x56632d1e63cb - tokio::runtime::context::scoped::Scoped<T>::set::hbc50920f194f4627
[INFO] [stdout]                                at /opt/rustwide/cargo-home/registry/src/index.crates.io-6f17d22bba15001f/tokio-1.37.0/src/runtime/context/scoped.rs:40:9
[INFO] [stdout]   32:     0x56632d3aeb99 - tokio::runtime::context::set_scheduler::{{closure}}::h132f341a99c78279
[INFO] [stdout]                                at /opt/rustwide/cargo-home/registry/src/index.crates.io-6f17d22bba15001f/tokio-1.37.0/src/runtime/context.rs:176:26
[INFO] [stdout]   33:     0x56632d2382cd - std::thread::local::LocalKey<T>::try_with::h232ae2d20c16f5ca
[INFO] [stdout]                                at /rustc/df4ca44d3fbc9301ee17f30f4d474e6ae4b05252/library/std/src/thread/local.rs:283:12
[INFO] [stdout]   34:     0x56632d237b4a - std::thread::local::LocalKey<T>::with::h2238e9e370edcea9
[INFO] [stdout]                                at /rustc/df4ca44d3fbc9301ee17f30f4d474e6ae4b05252/library/std/src/thread/local.rs:260:9
[INFO] [stdout]   35:     0x56632d3aeb0d - tokio::runtime::context::set_scheduler::hbc714a0d876bbbff
[INFO] [stdout]                                at /opt/rustwide/cargo-home/registry/src/index.crates.io-6f17d22bba15001f/tokio-1.37.0/src/runtime/context.rs:176:9
[INFO] [stdout]   36:     0x56632d142ef8 - tokio::runtime::scheduler::current_thread::CoreGuard::enter::h943129126c64c4e9
[INFO] [stdout]                                at /opt/rustwide/cargo-home/registry/src/index.crates.io-6f17d22bba15001f/tokio-1.37.0/src/runtime/scheduler/current_thread/mod.rs:737:27
[INFO] [stdout]   37:     0x56632d1431e3 - tokio::runtime::scheduler::current_thread::CoreGuard::block_on::hc49fdaf61b9545ab
[INFO] [stdout]                                at /opt/rustwide/cargo-home/registry/src/index.crates.io-6f17d22bba15001f/tokio-1.37.0/src/runtime/scheduler/current_thread/mod.rs:646:19
[INFO] [stdout]   38:     0x56632d13f4cd - tokio::runtime::scheduler::current_thread::CurrentThread::block_on::{{closure}}::hdece1f6454b8a01b
[INFO] [stdout]                                at /opt/rustwide/cargo-home/registry/src/index.crates.io-6f17d22bba15001f/tokio-1.37.0/src/runtime/scheduler/current_thread/mod.rs:175:28
[INFO] [stdout]   39:     0x56632d3858a6 - tokio::runtime::context::runtime::enter_runtime::h2168a6747b4ed31f
[INFO] [stdout]                                at /opt/rustwide/cargo-home/registry/src/index.crates.io-6f17d22bba15001f/tokio-1.37.0/src/runtime/context/runtime.rs:65:16
[INFO] [stdout]   40:     0x56632d13f0a1 - tokio::runtime::scheduler::current_thread::CurrentThread::block_on::ha9f8dfaa42691293
[INFO] [stdout]                                at /opt/rustwide/cargo-home/registry/src/index.crates.io-6f17d22bba15001f/tokio-1.37.0/src/runtime/scheduler/current_thread/mod.rs:167:9
[INFO] [stdout]   41:     0x56632d3af09e - tokio::runtime::runtime::Runtime::block_on::h5e4103fc6774d3c3
[INFO] [stdout]                                at /opt/rustwide/cargo-home/registry/src/index.crates.io-6f17d22bba15001f/tokio-1.37.0/src/runtime/runtime.rs:349:47
[INFO] [stdout]   42:     0x56632d41ca43 - chronicle::database::tests::sqlite_with_url::hf2bc65f1019e5138
[INFO] [stdout]                                at /opt/rustwide/workdir/src/database.rs:325:9
[INFO] [stdout]   43:     0x56632d41c8d7 - chronicle::database::tests::sqlite_with_url::{{closure}}::ha8d9389e18e03c7e
[INFO] [stdout]                                at /opt/rustwide/workdir/src/database.rs:312:31
[INFO] [stdout]   44:     0x56632d1fc8b6 - core::ops::function::FnOnce::call_once::h8be873bd7ea73a2e
[INFO] [stdout]                                at /rustc/df4ca44d3fbc9301ee17f30f4d474e6ae4b05252/library/core/src/ops/function.rs:250:5
[INFO] [stdout]   45:     0x56632d45d5cb - core::ops::function::FnOnce::call_once::h22c3ba5715e93f05
[INFO] [stdout]                                at /rustc/df4ca44d3fbc9301ee17f30f4d474e6ae4b05252/library/core/src/ops/function.rs:250:5
[INFO] [stdout]   46:     0x56632d45d5cb - test::__rust_begin_short_backtrace::h8e82d8113d0da17f
[INFO] [stdout]                                at /rustc/df4ca44d3fbc9301ee17f30f4d474e6ae4b05252/library/test/src/lib.rs:621:18
[INFO] [stdout]   47:     0x56632d45cf47 - test::run_test_in_process::{{closure}}::h33235f4f20b7b7c7
[INFO] [stdout]                                at /rustc/df4ca44d3fbc9301ee17f30f4d474e6ae4b05252/library/test/src/lib.rs:644:60
[INFO] [stdout]   48:     0x56632d45cf47 - <core::panic::unwind_safe::AssertUnwindSafe<F> as core::ops::function::FnOnce<()>>::call_once::hb5043206310c586f
[INFO] [stdout]                                at /rustc/df4ca44d3fbc9301ee17f30f4d474e6ae4b05252/library/core/src/panic/unwind_safe.rs:272:9
[INFO] [stdout]   49:     0x56632d45cf47 - std::panicking::try::do_call::h9ad4731a60ab23e2
[INFO] [stdout]                                at /rustc/df4ca44d3fbc9301ee17f30f4d474e6ae4b05252/library/std/src/panicking.rs:557:40
[INFO] [stdout]   50:     0x56632d45cf47 - std::panicking::try::h3824d23db772a716
[INFO] [stdout]                                at /rustc/df4ca44d3fbc9301ee17f30f4d474e6ae4b05252/library/std/src/panicking.rs:520:19
[INFO] [stdout]   51:     0x56632d45cf47 - std::panic::catch_unwind::h5afd514605fde46b
[INFO] [stdout]                                at /rustc/df4ca44d3fbc9301ee17f30f4d474e6ae4b05252/library/std/src/panic.rs:358:14
[INFO] [stdout]   52:     0x56632d45cf47 - test::run_test_in_process::h0d5cbfa7067d1720
[INFO] [stdout]                                at /rustc/df4ca44d3fbc9301ee17f30f4d474e6ae4b05252/library/test/src/lib.rs:644:27
[INFO] [stdout]   53:     0x56632d45cf47 - test::run_test::{{closure}}::h708eb8872708115d
[INFO] [stdout]                                at /rustc/df4ca44d3fbc9301ee17f30f4d474e6ae4b05252/library/test/src/lib.rs:565:43
[INFO] [stdout]   54:     0x56632d420664 - test::run_test::{{closure}}::h392c51cee94713ab
[INFO] [stdout]                                at /rustc/df4ca44d3fbc9301ee17f30f4d474e6ae4b05252/library/test/src/lib.rs:595:41
[INFO] [stdout]   55:     0x56632d420664 - std::sys::backtrace::__rust_begin_short_backtrace::h2f40290710935a8b
[INFO] [stdout]                                at /rustc/df4ca44d3fbc9301ee17f30f4d474e6ae4b05252/library/std/src/sys/backtrace.rs:154:18
[INFO] [stdout]   56:     0x56632d423e0e - std::thread::Builder::spawn_unchecked_::{{closure}}::{{closure}}::h3fd968d89053a903
[INFO] [stdout]                                at /rustc/df4ca44d3fbc9301ee17f30f4d474e6ae4b05252/library/std/src/thread/mod.rs:541:17
[INFO] [stdout]   57:     0x56632d423e0e - <core::panic::unwind_safe::AssertUnwindSafe<F> as core::ops::function::FnOnce<()>>::call_once::h743f637ba4229880
[INFO] [stdout]                                at /rustc/df4ca44d3fbc9301ee17f30f4d474e6ae4b05252/library/core/src/panic/unwind_safe.rs:272:9
[INFO] [stdout]   58:     0x56632d423e0e - std::panicking::try::do_call::h07440897322525a6
[INFO] [stdout]                                at /rustc/df4ca44d3fbc9301ee17f30f4d474e6ae4b05252/library/std/src/panicking.rs:557:40
[INFO] [stdout]   59:     0x56632d423e0e - std::panicking::try::he5a2e00188156637
[INFO] [stdout]                                at /rustc/df4ca44d3fbc9301ee17f30f4d474e6ae4b05252/library/std/src/panicking.rs:520:19
[INFO] [stdout]   60:     0x56632d423e0e - std::panic::catch_unwind::hbaf3cae49b3c6433
[INFO] [stdout]                                at /rustc/df4ca44d3fbc9301ee17f30f4d474e6ae4b05252/library/std/src/panic.rs:358:14
[INFO] [stdout]   61:     0x56632d423e0e - std::thread::Builder::spawn_unchecked_::{{closure}}::h8e141ea224820bce
[INFO] [stdout]                                at /rustc/df4ca44d3fbc9301ee17f30f4d474e6ae4b05252/library/std/src/thread/mod.rs:540:30
[INFO] [stdout]   62:     0x56632d423e0e - core::ops::function::FnOnce::call_once{{vtable.shim}}::h90d312fedd7b8ea8
[INFO] [stdout]                                at /rustc/df4ca44d3fbc9301ee17f30f4d474e6ae4b05252/library/core/src/ops/function.rs:250:5
[INFO] [stdout]   63:     0x56632f7624bb - <alloc::boxed::Box<F,A> as core::ops::function::FnOnce<Args>>::call_once::h69aa08ddb6adb8b6
[INFO] [stdout]                                at /rustc/df4ca44d3fbc9301ee17f30f4d474e6ae4b05252/library/alloc/src/boxed.rs:2454:9
[INFO] [stdout]   64:     0x56632f7624bb - <alloc::boxed::Box<F,A> as core::ops::function::FnOnce<Args>>::call_once::h5aa36efdb79c806f
[INFO] [stdout]                                at /rustc/df4ca44d3fbc9301ee17f30f4d474e6ae4b05252/library/alloc/src/boxed.rs:2454:9
[INFO] [stdout]   65:     0x56632f7624bb - std::sys::pal::unix::thread::Thread::new::thread_start::h6cd80a1b4be5158d
[INFO] [stdout]                                at /rustc/df4ca44d3fbc9301ee17f30f4d474e6ae4b05252/library/std/src/sys/pal/unix/thread.rs:105:17
[INFO] [stdout]   66:     0x7ee14af25ac3 - <unknown>
[INFO] [stdout]   67:     0x7ee14afb6a04 - clone
[INFO] [stdout]   68:                0x0 - <unknown>
[INFO] [stdout] 
[INFO] [stdout] ---- database::tests::sqlite_with_path stdout ----
[INFO] [stdout] [2m   0.056301695s[0m [32m INFO[0m [2mchronicle_proxy::database::sqlite[0m[2m:[0m Migration version is 0
[INFO] [stdout] [2m   0.056330495s[0m [32m INFO[0m [2mchronicle_proxy::database::sqlite[0m[2m:[0m Running migration 0
[INFO] [stdout] [2m   0.083908513s[0m [32m INFO[0m [2mchronicle_proxy::database::sqlite[0m[2m:[0m Running migration 1
[INFO] [stdout] [2m   0.098956941s[0m [32m INFO[0m [2mchronicle_proxy::database::sqlite[0m[2m:[0m Running migration 2
[INFO] [stdout] [2m   0.403200954s[0m [32m INFO[0m [1mload_region[0m[1m{[0m[3mprovider[0m[2m=[0mEnvironmentVariableRegionProvider { env: Env(Real) }[1m}[0m[2m:[0m [2maws_config::meta::region[0m[2m:[0m new
[INFO] [stdout] [2m   0.403272513s[0m [32m INFO[0m [1mload_region[0m[1m{[0m[3mprovider[0m[2m=[0mProfileFileRegionProvider { provider_config: ProviderConfig { env: Env(Real), fs: Fs(Real), time_source: SharedTimeSource(SystemTimeSource), http_client: None, sleep_impl: Some(SharedAsyncSleep(TokioSleep)), region: None, use_fips: None, use_dual_stack: None, profile_name_override: None } }[1m}[0m[2m:[0m [2maws_config::meta::region[0m[2m:[0m new
[INFO] [stdout] [2m   0.403388023s[0m [32m INFO[0m [1mload_region[0m[1m{[0m[3mprovider[0m[2m=[0mImdsRegionProvider { client: "IMDS client truncated for readability", env: Env(Real) }[1m}[0m[2m:[0m [2maws_config::meta::region[0m[2m:[0m new
[INFO] [stdout] [2m   0.405191323s[0m [33m WARN[0m [1mload_region[0m[1m{[0m[3mprovider[0m[2m=[0mImdsRegionProvider { client: "IMDS client truncated for readability", env: Env(Real) }[1m}[0m[2m:[0m [2maws_config::imds::region[0m[2m:[0m failed to load region from IMDS [3merr[0m[2m=[0mfailed to load IMDS session token: dispatch failure: io error: error trying to connect: tcp connect error: Network is unreachable (os error 101): tcp connect error: Network is unreachable (os error 101): Network is unreachable (os error 101) (FailedToLoadToken(FailedToLoadToken { source: DispatchFailure(DispatchFailure { source: ConnectorError { kind: Io, source: hyper::Error(Connect, ConnectError("tcp connect error", Os { code: 101, kind: NetworkUnreachable, message: "Network is unreachable" })), connection: Unknown } }) }))
[INFO] [stdout] [2m   0.405524673s[0m [32m INFO[0m [1mload_region[0m[1m{[0m[3mprovider[0m[2m=[0mEnvironmentVariableRegionProvider { env: Env(Real) }[1m}[0m[2m:[0m [2maws_config::meta::region[0m[2m:[0m new
[INFO] [stdout] [2m   0.405574813s[0m [32m INFO[0m [1mload_region[0m[1m{[0m[3mprovider[0m[2m=[0mProfileFileRegionProvider { provider_config: ProviderConfig { env: Env(Real), fs: Fs(Real), time_source: SharedTimeSource(SystemTimeSource), http_client: None, sleep_impl: Some(SharedAsyncSleep(TokioSleep)), region: None, use_fips: None, use_dual_stack: None, profile_name_override: None } }[1m}[0m[2m:[0m [2maws_config::meta::region[0m[2m:[0m new
[INFO] [stdout] [2m   0.405614413s[0m [32m INFO[0m [1mload_region[0m[1m{[0m[3mprovider[0m[2m=[0mImdsRegionProvider { client: "IMDS client truncated for readability", env: Env(Real) }[1m}[0m[2m:[0m [2maws_config::meta::region[0m[2m:[0m new
[INFO] [stdout] [2m   0.406859933s[0m [33m WARN[0m [1mload_region[0m[1m{[0m[3mprovider[0m[2m=[0mImdsRegionProvider { client: "IMDS client truncated for readability", env: Env(Real) }[1m}[0m[2m:[0m [2maws_config::imds::region[0m[2m:[0m failed to load region from IMDS [3merr[0m[2m=[0mfailed to load IMDS session token: dispatch failure: io error: error trying to connect: tcp connect error: Network is unreachable (os error 101): tcp connect error: Network is unreachable (os error 101): Network is unreachable (os error 101) (FailedToLoadToken(FailedToLoadToken { source: DispatchFailure(DispatchFailure { source: ConnectorError { kind: Io, source: hyper::Error(Connect, ConnectError("tcp connect error", Os { code: 101, kind: NetworkUnreachable, message: "Network is unreachable" })), connection: Unknown } }) }))
[INFO] [stdout] [2m   0.407772773s[0m [32m INFO[0m [1mload_region[0m[1m{[0m[3mprovider[0m[2m=[0mEnvironmentVariableRegionProvider { env: Env(Real) }[1m}[0m[2m:[0m [2maws_config::meta::region[0m[2m:[0m new
[INFO] [stdout] [2m   0.407820903s[0m [32m INFO[0m [1mload_region[0m[1m{[0m[3mprovider[0m[2m=[0mProfileFileRegionProvider { provider_config: ProviderConfig { env: Env(Real), fs: Fs(Real), time_source: SharedTimeSource(SystemTimeSource), http_client: None, sleep_impl: Some(SharedAsyncSleep(TokioSleep)), region: None, use_fips: None, use_dual_stack: None, profile_name_override: None } }[1m}[0m[2m:[0m [2maws_config::meta::region[0m[2m:[0m new
[INFO] [stdout] [2m   0.407868103s[0m [32m INFO[0m [1mload_region[0m[1m{[0m[3mprovider[0m[2m=[0mImdsRegionProvider { client: "IMDS client truncated for readability", env: Env(Real) }[1m}[0m[2m:[0m [2maws_config::meta::region[0m[2m:[0m new
[INFO] [stdout] [2m   0.409097333s[0m [33m WARN[0m [1mload_region[0m[1m{[0m[3mprovider[0m[2m=[0mImdsRegionProvider { client: "IMDS client truncated for readability", env: Env(Real) }[1m}[0m[2m:[0m [2maws_config::imds::region[0m[2m:[0m failed to load region from IMDS [3merr[0m[2m=[0mfailed to load IMDS session token: dispatch failure: io error: error trying to connect: tcp connect error: Network is unreachable (os error 101): tcp connect error: Network is unreachable (os error 101): Network is unreachable (os error 101) (FailedToLoadToken(FailedToLoadToken { source: DispatchFailure(DispatchFailure { source: ConnectorError { kind: Io, source: hyper::Error(Connect, ConnectError("tcp connect error", Os { code: 101, kind: NetworkUnreachable, message: "Network is unreachable" })), connection: Unknown } }) }))
[INFO] [stdout] thread 'database::tests::sqlite_with_path' panicked at src/database.rs:381:14:
[INFO] [stdout] called `Result::unwrap()` on an `Err` value: reqwest::Error { kind: Request, url: Url { scheme: "http", cannot_be_a_base: false, username: "", password: None, host: Some(Domain("localhost")), port: Some(10035), path: "/event", query: None, fragment: None }, source: hyper::Error(Connect, ConnectError("tcp connect error", Os { code: 99, kind: AddrNotAvailable, message: "Cannot assign requested address" })) }
[INFO] [stdout] stack backtrace:
[INFO] [stdout]    0:     0x56632f75ba4a - std::backtrace_rs::backtrace::libunwind::trace::h207520d6e9873551
[INFO] [stdout]                                at /rustc/df4ca44d3fbc9301ee17f30f4d474e6ae4b05252/library/std/src/../../backtrace/src/backtrace/libunwind.rs:116:5
[INFO] [stdout]    1:     0x56632f75ba4a - std::backtrace_rs::backtrace::trace_unsynchronized::h2ed7433f370e3eca
[INFO] [stdout]                                at /rustc/df4ca44d3fbc9301ee17f30f4d474e6ae4b05252/library/std/src/../../backtrace/src/backtrace/mod.rs:66:5
[INFO] [stdout]    2:     0x56632f75ba4a - std::sys::backtrace::_print_fmt::h916fac51166b18d7
[INFO] [stdout]                                at /rustc/df4ca44d3fbc9301ee17f30f4d474e6ae4b05252/library/std/src/sys/backtrace.rs:66:9
[INFO] [stdout]    3:     0x56632f75ba4a - <std::sys::backtrace::BacktraceLock::print::DisplayBacktrace as core::fmt::Display>::fmt::ha0a4c9b8ce3802e6
[INFO] [stdout]                                at /rustc/df4ca44d3fbc9301ee17f30f4d474e6ae4b05252/library/std/src/sys/backtrace.rs:39:26
[INFO] [stdout]    4:     0x56632f78a5e3 - core::fmt::rt::Argument::fmt::h4cfc8587d52b3eb5
[INFO] [stdout]                                at /rustc/df4ca44d3fbc9301ee17f30f4d474e6ae4b05252/library/core/src/fmt/rt.rs:177:76
[INFO] [stdout]    5:     0x56632f78a5e3 - core::fmt::write::h522cc39e5b36ae9f
[INFO] [stdout]                                at /rustc/df4ca44d3fbc9301ee17f30f4d474e6ae4b05252/library/core/src/fmt/mod.rs:1190:21
[INFO] [stdout]    6:     0x56632f7573e3 - std::io::Write::write_fmt::h7d3c26752da97734
[INFO] [stdout]                                at /rustc/df4ca44d3fbc9301ee17f30f4d474e6ae4b05252/library/std/src/io/mod.rs:1839:15
[INFO] [stdout]    7:     0x56632f75b892 - std::sys::backtrace::BacktraceLock::print::h4b9e00b29e9c0942
[INFO] [stdout]                                at /rustc/df4ca44d3fbc9301ee17f30f4d474e6ae4b05252/library/std/src/sys/backtrace.rs:42:9
[INFO] [stdout]    8:     0x56632f75ceda - std::panicking::default_hook::{{closure}}::hb59b88280d0324d9
[INFO] [stdout]                                at /rustc/df4ca44d3fbc9301ee17f30f4d474e6ae4b05252/library/std/src/panicking.rs:268:22
[INFO] [stdout]    9:     0x56632f75cce4 - std::panicking::default_hook::he1dd496665be4a29
[INFO] [stdout]                                at /rustc/df4ca44d3fbc9301ee17f30f4d474e6ae4b05252/library/std/src/panicking.rs:292:9
[INFO] [stdout]   10:     0x56632d458cf9 - <alloc::boxed::Box<F,A> as core::ops::function::Fn<Args>>::call::h4ff71de18744e1dc
[INFO] [stdout]                                at /rustc/df4ca44d3fbc9301ee17f30f4d474e6ae4b05252/library/alloc/src/boxed.rs:2468:9
[INFO] [stdout]   11:     0x56632d458cf9 - test::test_main::{{closure}}::hcf7c055ce117aa81
[INFO] [stdout]                                at /rustc/df4ca44d3fbc9301ee17f30f4d474e6ae4b05252/library/test/src/lib.rs:133:21
[INFO] [stdout]   12:     0x56632f75d5d8 - <alloc::boxed::Box<F,A> as core::ops::function::Fn<Args>>::call::h1d66c6bbd60c9692
[INFO] [stdout]                                at /rustc/df4ca44d3fbc9301ee17f30f4d474e6ae4b05252/library/alloc/src/boxed.rs:2468:9
[INFO] [stdout]   13:     0x56632f75d5d8 - std::panicking::rust_panic_with_hook::h2ff17fe8f26dfcf8
[INFO] [stdout]                                at /rustc/df4ca44d3fbc9301ee17f30f4d474e6ae4b05252/library/std/src/panicking.rs:809:13
[INFO] [stdout]   14:     0x56632f75d39a - std::panicking::begin_panic_handler::{{closure}}::h4fad77951c07e101
[INFO] [stdout]                                at /rustc/df4ca44d3fbc9301ee17f30f4d474e6ae4b05252/library/std/src/panicking.rs:674:13
[INFO] [stdout]   15:     0x56632f75bf29 - std::sys::backtrace::__rust_end_short_backtrace::hb1a25b3da5d0ea08
[INFO] [stdout]                                at /rustc/df4ca44d3fbc9301ee17f30f4d474e6ae4b05252/library/std/src/sys/backtrace.rs:170:18
[INFO] [stdout]   16:     0x56632f75d02c - rust_begin_unwind
[INFO] [stdout]                                at /rustc/df4ca44d3fbc9301ee17f30f4d474e6ae4b05252/library/std/src/panicking.rs:665:5
[INFO] [stdout]   17:     0x56632f7875b0 - core::panicking::panic_fmt::ha9db07b529f9b256
[INFO] [stdout]                                at /rustc/df4ca44d3fbc9301ee17f30f4d474e6ae4b05252/library/core/src/panicking.rs:75:14
[INFO] [stdout]   18:     0x56632f787a96 - core::result::unwrap_failed::h5e8218e4d4338b8a
[INFO] [stdout]                                at /rustc/df4ca44d3fbc9301ee17f30f4d474e6ae4b05252/library/core/src/result.rs:1698:5
[INFO] [stdout]   19:     0x56632d405bbb - core::result::Result<T,E>::unwrap::haaad5aa1eff6a38c
[INFO] [stdout]                                at /rustc/df4ca44d3fbc9301ee17f30f4d474e6ae4b05252/library/core/src/result.rs:1103:23
[INFO] [stdout]   20:     0x56632d405bbb - chronicle::database::tests::test_proxy::{{closure}}::h8dbc30bf65d36ba7
[INFO] [stdout]                                at /opt/rustwide/workdir/src/database.rs:368:9
[INFO] [stdout]   21:     0x56632d41c6d6 - chronicle::database::tests::sqlite_with_path::{{closure}}::h38d6d9c6d11aa283
[INFO] [stdout]                                at /opt/rustwide/workdir/src/database.rs:307:31
[INFO] [stdout]   22:     0x56632d3d1f12 - <core::pin::Pin<P> as core::future::future::Future>::poll::hbe53ce58ac6fa9b2
[INFO] [stdout]                                at /rustc/df4ca44d3fbc9301ee17f30f4d474e6ae4b05252/library/core/src/future/future.rs:123:9
[INFO] [stdout]   23:     0x56632d3d1c8d - <core::pin::Pin<P> as core::future::future::Future>::poll::h7858c28362be0fad
[INFO] [stdout]                                at /rustc/df4ca44d3fbc9301ee17f30f4d474e6ae4b05252/library/core/src/future/future.rs:123:9
[INFO] [stdout]   24:     0x56632d1446ff - tokio::runtime::scheduler::current_thread::CoreGuard::block_on::{{closure}}::{{closure}}::{{closure}}::h134233ebf60524b8
[INFO] [stdout]                                at /opt/rustwide/cargo-home/registry/src/index.crates.io-6f17d22bba15001f/tokio-1.37.0/src/runtime/scheduler/current_thread/mod.rs:659:57
[INFO] [stdout]   25:     0x56632d144645 - tokio::runtime::coop::with_budget::h97c12ca97a5d7af7
[INFO] [stdout]                                at /opt/rustwide/cargo-home/registry/src/index.crates.io-6f17d22bba15001f/tokio-1.37.0/src/runtime/coop.rs:107:5
[INFO] [stdout]   26:     0x56632d144645 - tokio::runtime::coop::budget::h9e87d7caf9ffb8b8
[INFO] [stdout]                                at /opt/rustwide/cargo-home/registry/src/index.crates.io-6f17d22bba15001f/tokio-1.37.0/src/runtime/coop.rs:73:5
[INFO] [stdout]   27:     0x56632d144645 - tokio::runtime::scheduler::current_thread::CoreGuard::block_on::{{closure}}::{{closure}}::hb68067adc01f0d39
[INFO] [stdout]                                at /opt/rustwide/cargo-home/registry/src/index.crates.io-6f17d22bba15001f/tokio-1.37.0/src/runtime/scheduler/current_thread/mod.rs:659:25
[INFO] [stdout]   28:     0x56632d142280 - tokio::runtime::scheduler::current_thread::Context::enter::h97f2a58c599cbf6c
[INFO] [stdout]                                at /opt/rustwide/cargo-home/registry/src/index.crates.io-6f17d22bba15001f/tokio-1.37.0/src/runtime/scheduler/current_thread/mod.rs:404:19
[INFO] [stdout]   29:     0x56632d14344e - tokio::runtime::scheduler::current_thread::CoreGuard::block_on::{{closure}}::h98897ce5c44f2e29
[INFO] [stdout]                                at /opt/rustwide/cargo-home/registry/src/index.crates.io-6f17d22bba15001f/tokio-1.37.0/src/runtime/scheduler/current_thread/mod.rs:658:36
[INFO] [stdout]   30:     0x56632d143144 - tokio::runtime::scheduler::current_thread::CoreGuard::enter::{{closure}}::hd29fe37c003e7733
[INFO] [stdout]                                at /opt/rustwide/cargo-home/registry/src/index.crates.io-6f17d22bba15001f/tokio-1.37.0/src/runtime/scheduler/current_thread/mod.rs:737:68
[INFO] [stdout]   31:     0x56632d1e63cb - tokio::runtime::context::scoped::Scoped<T>::set::hbc50920f194f4627
[INFO] [stdout]                                at /opt/rustwide/cargo-home/registry/src/index.crates.io-6f17d22bba15001f/tokio-1.37.0/src/runtime/context/scoped.rs:40:9
[INFO] [stdout]   32:     0x56632d3aeb99 - tokio::runtime::context::set_scheduler::{{closure}}::h132f341a99c78279
[INFO] [stdout]                                at /opt/rustwide/cargo-home/registry/src/index.crates.io-6f17d22bba15001f/tokio-1.37.0/src/runtime/context.rs:176:26
[INFO] [stdout]   33:     0x56632d2382cd - std::thread::local::LocalKey<T>::try_with::h232ae2d20c16f5ca
[INFO] [stdout]                                at /rustc/df4ca44d3fbc9301ee17f30f4d474e6ae4b05252/library/std/src/thread/local.rs:283:12
[INFO] [stdout]   34:     0x56632d237b4a - std::thread::local::LocalKey<T>::with::h2238e9e370edcea9
[INFO] [stdout]                                at /rustc/df4ca44d3fbc9301ee17f30f4d474e6ae4b05252/library/std/src/thread/local.rs:260:9
[INFO] [stdout]   35:     0x56632d3aeb0d - tokio::runtime::context::set_scheduler::hbc714a0d876bbbff
[INFO] [stdout]                                at /opt/rustwide/cargo-home/registry/src/index.crates.io-6f17d22bba15001f/tokio-1.37.0/src/runtime/context.rs:176:9
[INFO] [stdout]   36:     0x56632d142ef8 - tokio::runtime::scheduler::current_thread::CoreGuard::enter::h943129126c64c4e9
[INFO] [stdout]                                at /opt/rustwide/cargo-home/registry/src/index.crates.io-6f17d22bba15001f/tokio-1.37.0/src/runtime/scheduler/current_thread/mod.rs:737:27
[INFO] [stdout]   37:     0x56632d1431e3 - tokio::runtime::scheduler::current_thread::CoreGuard::block_on::hc49fdaf61b9545ab
[INFO] [stdout]                                at /opt/rustwide/cargo-home/registry/src/index.crates.io-6f17d22bba15001f/tokio-1.37.0/src/runtime/scheduler/current_thread/mod.rs:646:19
[INFO] [stdout]   38:     0x56632d13f4cd - tokio::runtime::scheduler::current_thread::CurrentThread::block_on::{{closure}}::hdece1f6454b8a01b
[INFO] [stdout]                                at /opt/rustwide/cargo-home/registry/src/index.crates.io-6f17d22bba15001f/tokio-1.37.0/src/runtime/scheduler/current_thread/mod.rs:175:28
[INFO] [stdout]   39:     0x56632d3858a6 - tokio::runtime::context::runtime::enter_runtime::h2168a6747b4ed31f
[INFO] [stdout]                                at /opt/rustwide/cargo-home/registry/src/index.crates.io-6f17d22bba15001f/tokio-1.37.0/src/runtime/context/runtime.rs:65:16
[INFO] [stdout]   40:     0x56632d13f0a1 - tokio::runtime::scheduler::current_thread::CurrentThread::block_on::ha9f8dfaa42691293
[INFO] [stdout]                                at /opt/rustwide/cargo-home/registry/src/index.crates.io-6f17d22bba15001f/tokio-1.37.0/src/runtime/scheduler/current_thread/mod.rs:167:9
[INFO] [stdout]   41:     0x56632d3af09e - tokio::runtime::runtime::Runtime::block_on::h5e4103fc6774d3c3
[INFO] [stdout]                                at /opt/rustwide/cargo-home/registry/src/index.crates.io-6f17d22bba15001f/tokio-1.37.0/src/runtime/runtime.rs:349:47
[INFO] [stdout]   42:     0x56632d41bbc3 - chronicle::database::tests::sqlite_with_path::h8cab7f3f15315407
[INFO] [stdout]                                at /opt/rustwide/workdir/src/database.rs:308:9
[INFO] [stdout]   43:     0x56632d41ba57 - chronicle::database::tests::sqlite_with_path::{{closure}}::h992c4ff59877146c
[INFO] [stdout]                                at /opt/rustwide/workdir/src/database.rs:295:32
[INFO] [stdout]   44:     0x56632d1fca36 - core::ops::function::FnOnce::call_once::h951cfe0e536a9257
[INFO] [stdout]                                at /rustc/df4ca44d3fbc9301ee17f30f4d474e6ae4b05252/library/core/src/ops/function.rs:250:5
[INFO] [stdout]   45:     0x56632d45d5cb - core::ops::function::FnOnce::call_once::h22c3ba5715e93f05
[INFO] [stdout]                                at /rustc/df4ca44d3fbc9301ee17f30f4d474e6ae4b05252/library/core/src/ops/function.rs:250:5
[INFO] [stdout]   46:     0x56632d45d5cb - test::__rust_begin_short_backtrace::h8e82d8113d0da17f
[INFO] [stdout]                                at /rustc/df4ca44d3fbc9301ee17f30f4d474e6ae4b05252/library/test/src/lib.rs:621:18
[INFO] [stdout]   47:     0x56632d45cf47 - test::run_test_in_process::{{closure}}::h33235f4f20b7b7c7
[INFO] [stdout]                                at /rustc/df4ca44d3fbc9301ee17f30f4d474e6ae4b05252/library/test/src/lib.rs:644:60
[INFO] [stdout]   48:     0x56632d45cf47 - <core::panic::unwind_safe::AssertUnwindSafe<F> as core::ops::function::FnOnce<()>>::call_once::hb5043206310c586f
[INFO] [stdout]                                at /rustc/df4ca44d3fbc9301ee17f30f4d474e6ae4b05252/library/core/src/panic/unwind_safe.rs:272:9
[INFO] [stdout]   49:     0x56632d45cf47 - std::panicking::try::do_call::h9ad4731a60ab23e2
[INFO] [stdout]                                at /rustc/df4ca44d3fbc9301ee17f30f4d474e6ae4b05252/library/std/src/panicking.rs:557:40
[INFO] [stdout]   50:     0x56632d45cf47 - std::panicking::try::h3824d23db772a716
[INFO] [stdout]                                at /rustc/df4ca44d3fbc9301ee17f30f4d474e6ae4b05252/library/std/src/panicking.rs:520:19
[INFO] [stdout]   51:     0x56632d45cf47 - std::panic::catch_unwind::h5afd514605fde46b
[INFO] [stdout]                                at /rustc/df4ca44d3fbc9301ee17f30f4d474e6ae4b05252/library/std/src/panic.rs:358:14
[INFO] [stdout]   52:     0x56632d45cf47 - test::run_test_in_process::h0d5cbfa7067d1720
[INFO] [stdout]                                at /rustc/df4ca44d3fbc9301ee17f30f4d474e6ae4b05252/library/test/src/lib.rs:644:27
[INFO] [stdout]   53:     0x56632d45cf47 - test::run_test::{{closure}}::h708eb8872708115d
[INFO] [stdout]                                at /rustc/df4ca44d3fbc9301ee17f30f4d474e6ae4b05252/library/test/src/lib.rs:565:43
[INFO] [stdout]   54:     0x56632d420664 - test::run_test::{{closure}}::h392c51cee94713ab
[INFO] [stdout]                                at /rustc/df4ca44d3fbc9301ee17f30f4d474e6ae4b05252/library/test/src/lib.rs:595:41
[INFO] [stdout]   55:     0x56632d420664 - std::sys::backtrace::__rust_begin_short_backtrace::h2f40290710935a8b
[INFO] [stdout]                                at /rustc/df4ca44d3fbc9301ee17f30f4d474e6ae4b05252/library/std/src/sys/backtrace.rs:154:18
[INFO] [stdout]   56:     0x56632d423e0e - std::thread::Builder::spawn_unchecked_::{{closure}}::{{closure}}::h3fd968d89053a903
[INFO] [stdout]                                at /rustc/df4ca44d3fbc9301ee17f30f4d474e6ae4b05252/library/std/src/thread/mod.rs:541:17
[INFO] [stdout]   57:     0x56632d423e0e - <core::panic::unwind_safe::AssertUnwindSafe<F> as core::ops::function::FnOnce<()>>::call_once::h743f637ba4229880
[INFO] [stdout]                                at /rustc/df4ca44d3fbc9301ee17f30f4d474e6ae4b05252/library/core/src/panic/unwind_safe.rs:272:9
[INFO] [stdout]   58:     0x56632d423e0e - std::panicking::try::do_call::h07440897322525a6
[INFO] [stdout]                                at /rustc/df4ca44d3fbc9301ee17f30f4d474e6ae4b05252/library/std/src/panicking.rs:557:40
[INFO] [stdout]   59:     0x56632d423e0e - std::panicking::try::he5a2e00188156637
[INFO] [stdout]                                at /rustc/df4ca44d3fbc9301ee17f30f4d474e6ae4b05252/library/std/src/panicking.rs:520:19
[INFO] [stdout]   60:     0x56632d423e0e - std::panic::catch_unwind::hbaf3cae49b3c6433
[INFO] [stdout]                                at /rustc/df4ca44d3fbc9301ee17f30f4d474e6ae4b05252/library/std/src/panic.rs:358:14
[INFO] [stdout]   61:     0x56632d423e0e - std::thread::Builder::spawn_unchecked_::{{closure}}::h8e141ea224820bce
[INFO] [stdout]                                at /rustc/df4ca44d3fbc9301ee17f30f4d474e6ae4b05252/library/std/src/thread/mod.rs:540:30
[INFO] [stdout]   62:     0x56632d423e0e - core::ops::function::FnOnce::call_once{{vtable.shim}}::h90d312fedd7b8ea8
[INFO] [stdout]                                at /rustc/df4ca44d3fbc9301ee17f30f4d474e6ae4b05252/library/core/src/ops/function.rs:250:5
[INFO] [stdout]   63:     0x56632f7624bb - <alloc::boxed::Box<F,A> as core::ops::function::FnOnce<Args>>::call_once::h69aa08ddb6adb8b6
[INFO] [stdout]                                at /rustc/df4ca44d3fbc9301ee17f30f4d474e6ae4b05252/library/alloc/src/boxed.rs:2454:9
[INFO] [stdout]   64:     0x56632f7624bb - <alloc::boxed::Box<F,A> as core::ops::function::FnOnce<Args>>::call_once::h5aa36efdb79c806f
[INFO] [stdout]                                at /rustc/df4ca44d3fbc9301ee17f30f4d474e6ae4b05252/library/alloc/src/boxed.rs:2454:9
[INFO] [stdout]   65:     0x56632f7624bb - std::sys::pal::unix::thread::Thread::new::thread_start::h6cd80a1b4be5158d
[INFO] [stdout]                                at /rustc/df4ca44d3fbc9301ee17f30f4d474e6ae4b05252/library/std/src/sys/pal/unix/thread.rs:105:17
[INFO] [stdout]   66:     0x7ee14af25ac3 - <unknown>
[INFO] [stdout]   67:     0x7ee14afb6a04 - clone
[INFO] [stdout]   68:                0x0 - <unknown>
[INFO] [stdout] 
[INFO] [stdout] 
[INFO] [stdout] failures:
[INFO] [stdout]     database::tests::sqlite_with_path
[INFO] [stdout]     database::tests::sqlite_with_url
[INFO] [stdout]     database::tests::test_postgres
[INFO] [stdout] 
[INFO] [stdout] test result: FAILED. 1 passed; 3 failed; 0 ignored; 0 measured; 0 filtered out; finished in 1.58s
[INFO] [stdout] 
[INFO] [stderr] error: test failed, to rerun pass `--bin chronicle`
[INFO] running `Command { std: "docker" "inspect" "07f7e673f5f080db85c48d2544a999eb0725deb209fbd11e8b4dc7dc6a9dbe96", kill_on_drop: false }`
[INFO] running `Command { std: "docker" "rm" "-f" "07f7e673f5f080db85c48d2544a999eb0725deb209fbd11e8b4dc7dc6a9dbe96", kill_on_drop: false }`
[INFO] [stdout] 07f7e673f5f080db85c48d2544a999eb0725deb209fbd11e8b4dc7dc6a9dbe96
