[INFO] fetching crate chord_mapper 0.1.2...
[INFO] testing chord_mapper-0.1.2 against nightly-2024-10-28 for randomize-layout
[INFO] extracting crate chord_mapper 0.1.2 into /workspace/builds/worker-0-tc1/source
[INFO] validating manifest of crates.io crate chord_mapper 0.1.2 on toolchain nightly-2024-10-28
[INFO] running `Command { std: CARGO_HOME="/workspace/cargo-home" RUSTUP_HOME="/workspace/rustup-home" "/workspace/cargo-home/bin/cargo" "+nightly-2024-10-28" "metadata" "--manifest-path" "Cargo.toml" "--no-deps", kill_on_drop: false }`
[INFO] started tweaking crates.io crate chord_mapper 0.1.2
[INFO] finished tweaking crates.io crate chord_mapper 0.1.2
[INFO] tweaked toml for crates.io crate chord_mapper 0.1.2 written to /workspace/builds/worker-0-tc1/source/Cargo.toml
[INFO] crate crates.io crate chord_mapper 0.1.2 already has a lockfile, it will not be regenerated
[INFO] running `Command { std: CARGO_HOME="/workspace/cargo-home" RUSTUP_HOME="/workspace/rustup-home" "/workspace/cargo-home/bin/cargo" "+nightly-2024-10-28" "fetch" "--manifest-path" "Cargo.toml", kill_on_drop: false }`
[INFO] running `Command { std: "docker" "create" "-v" "/var/lib/crater-agent-workspace/builds/worker-0-tc1/target:/opt/rustwide/target:rw,Z" "-v" "/var/lib/crater-agent-workspace/builds/worker-0-tc1/source:/opt/rustwide/workdir:ro,Z" "-v" "/var/lib/crater-agent-workspace/cargo-home:/opt/rustwide/cargo-home:ro,Z" "-v" "/var/lib/crater-agent-workspace/rustup-home:/opt/rustwide/rustup-home:ro,Z" "-e" "SOURCE_DIR=/opt/rustwide/workdir" "-e" "CARGO_TARGET_DIR=/opt/rustwide/target" "-e" "CARGO_HOME=/opt/rustwide/cargo-home" "-e" "RUSTUP_HOME=/opt/rustwide/rustup-home" "-w" "/opt/rustwide/workdir" "-m" "1610612736" "--user" "0:0" "--network" "none" "ghcr.io/rust-lang/crates-build-env/linux@sha256:4a844ea9eb2546a2d2c7022eacef16ef2e8229c7fbb2c7d4d55a9ceca922f72d" "/opt/rustwide/cargo-home/bin/cargo" "+nightly-2024-10-28" "metadata" "--no-deps" "--format-version=1", kill_on_drop: false }`
[INFO] [stdout] ced7bfa08f6a1eb2143c617343eafacd14e619294758af0601a5dd2ff7f67366
[INFO] running `Command { std: "docker" "start" "-a" "ced7bfa08f6a1eb2143c617343eafacd14e619294758af0601a5dd2ff7f67366", kill_on_drop: false }`
[INFO] running `Command { std: "docker" "inspect" "ced7bfa08f6a1eb2143c617343eafacd14e619294758af0601a5dd2ff7f67366", kill_on_drop: false }`
[INFO] running `Command { std: "docker" "rm" "-f" "ced7bfa08f6a1eb2143c617343eafacd14e619294758af0601a5dd2ff7f67366", kill_on_drop: false }`
[INFO] [stdout] ced7bfa08f6a1eb2143c617343eafacd14e619294758af0601a5dd2ff7f67366
[INFO] running `Command { std: "docker" "create" "-v" "/var/lib/crater-agent-workspace/builds/worker-0-tc1/target:/opt/rustwide/target:rw,Z" "-v" "/var/lib/crater-agent-workspace/builds/worker-0-tc1/source:/opt/rustwide/workdir:ro,Z" "-v" "/var/lib/crater-agent-workspace/cargo-home:/opt/rustwide/cargo-home:ro,Z" "-v" "/var/lib/crater-agent-workspace/rustup-home:/opt/rustwide/rustup-home:ro,Z" "-e" "SOURCE_DIR=/opt/rustwide/workdir" "-e" "CARGO_TARGET_DIR=/opt/rustwide/target" "-e" "CARGO_INCREMENTAL=0" "-e" "RUST_BACKTRACE=full" "-e" "RUSTFLAGS=--cap-lints=forbid" "-e" "RUSTDOCFLAGS=--cap-lints=forbid" "-e" "CARGO_HOME=/opt/rustwide/cargo-home" "-e" "RUSTUP_HOME=/opt/rustwide/rustup-home" "-w" "/opt/rustwide/workdir" "-m" "1610612736" "--user" "0:0" "--network" "none" "ghcr.io/rust-lang/crates-build-env/linux@sha256:4a844ea9eb2546a2d2c7022eacef16ef2e8229c7fbb2c7d4d55a9ceca922f72d" "/opt/rustwide/cargo-home/bin/cargo" "+nightly-2024-10-28" "build" "--frozen" "--message-format=json", kill_on_drop: false }`
[INFO] [stdout] f884b7fce99f05f26356cfc787ae819e7943cec60afac671e43e97d1a44bb163
[INFO] running `Command { std: "docker" "start" "-a" "f884b7fce99f05f26356cfc787ae819e7943cec60afac671e43e97d1a44bb163", kill_on_drop: false }`
[INFO] [stderr]    Compiling proc-macro2 v1.0.69
[INFO] [stderr]    Compiling thiserror v1.0.50
[INFO] [stderr]    Compiling memchr v2.6.4
[INFO] [stderr]    Compiling ucd-trie v0.1.6
[INFO] [stderr]    Compiling utf8parse v0.2.1
[INFO] [stderr]    Compiling once_cell v1.18.0
[INFO] [stderr]    Compiling anstyle-query v1.0.0
[INFO] [stderr]    Compiling colorchoice v1.0.0
[INFO] [stderr]    Compiling anstyle v1.0.4
[INFO] [stderr]    Compiling clap_lex v0.6.0
[INFO] [stderr]    Compiling strsim v0.10.0
[INFO] [stderr]    Compiling anyhow v1.0.75
[INFO] [stderr]    Compiling anstyle-parse v0.2.2
[INFO] [stderr]    Compiling anstream v0.6.4
[INFO] [stderr]    Compiling clap_builder v4.4.7
[INFO] [stderr]    Compiling quote v1.0.33
[INFO] [stderr]    Compiling syn v2.0.39
[INFO] [stderr]    Compiling clap v4.4.7
[INFO] [stderr]    Compiling thiserror-impl v1.0.50
[INFO] [stderr]    Compiling pest v2.7.5
[INFO] [stderr]    Compiling pest_meta v2.7.5
[INFO] [stderr]    Compiling pest_generator v2.7.5
[INFO] [stderr]    Compiling pest_derive v2.7.5
[INFO] [stderr]    Compiling chord_mapper v0.1.2 (/opt/rustwide/workdir)
[INFO] [stderr]     Finished `dev` profile [unoptimized + debuginfo] target(s) in 4.66s
[INFO] running `Command { std: "docker" "inspect" "f884b7fce99f05f26356cfc787ae819e7943cec60afac671e43e97d1a44bb163", kill_on_drop: false }`
[INFO] running `Command { std: "docker" "rm" "-f" "f884b7fce99f05f26356cfc787ae819e7943cec60afac671e43e97d1a44bb163", kill_on_drop: false }`
[INFO] [stdout] f884b7fce99f05f26356cfc787ae819e7943cec60afac671e43e97d1a44bb163
[INFO] running `Command { std: "docker" "create" "-v" "/var/lib/crater-agent-workspace/builds/worker-0-tc1/target:/opt/rustwide/target:rw,Z" "-v" "/var/lib/crater-agent-workspace/builds/worker-0-tc1/source:/opt/rustwide/workdir:ro,Z" "-v" "/var/lib/crater-agent-workspace/cargo-home:/opt/rustwide/cargo-home:ro,Z" "-v" "/var/lib/crater-agent-workspace/rustup-home:/opt/rustwide/rustup-home:ro,Z" "-e" "SOURCE_DIR=/opt/rustwide/workdir" "-e" "CARGO_TARGET_DIR=/opt/rustwide/target" "-e" "CARGO_INCREMENTAL=0" "-e" "RUST_BACKTRACE=full" "-e" "RUSTFLAGS=--cap-lints=forbid" "-e" "RUSTDOCFLAGS=--cap-lints=forbid" "-e" "CARGO_HOME=/opt/rustwide/cargo-home" "-e" "RUSTUP_HOME=/opt/rustwide/rustup-home" "-w" "/opt/rustwide/workdir" "-m" "1610612736" "--user" "0:0" "--network" "none" "ghcr.io/rust-lang/crates-build-env/linux@sha256:4a844ea9eb2546a2d2c7022eacef16ef2e8229c7fbb2c7d4d55a9ceca922f72d" "/opt/rustwide/cargo-home/bin/cargo" "+nightly-2024-10-28" "test" "--frozen" "--no-run" "--message-format=json", kill_on_drop: false }`
[INFO] [stdout] 489dac893d710b7e4d878690e21b01834bb95778893116e407847df16b90cf62
[INFO] running `Command { std: "docker" "start" "-a" "489dac893d710b7e4d878690e21b01834bb95778893116e407847df16b90cf62", kill_on_drop: false }`
[INFO] [stderr]    Compiling chord_mapper v0.1.2 (/opt/rustwide/workdir)
[INFO] [stderr]     Finished `test` profile [unoptimized + debuginfo] target(s) in 0.22s
[INFO] running `Command { std: "docker" "inspect" "489dac893d710b7e4d878690e21b01834bb95778893116e407847df16b90cf62", kill_on_drop: false }`
[INFO] running `Command { std: "docker" "rm" "-f" "489dac893d710b7e4d878690e21b01834bb95778893116e407847df16b90cf62", kill_on_drop: false }`
[INFO] [stdout] 489dac893d710b7e4d878690e21b01834bb95778893116e407847df16b90cf62
[INFO] running `Command { std: "docker" "create" "-v" "/var/lib/crater-agent-workspace/builds/worker-0-tc1/target:/opt/rustwide/target:rw,Z" "-v" "/var/lib/crater-agent-workspace/builds/worker-0-tc1/source:/opt/rustwide/workdir:ro,Z" "-v" "/var/lib/crater-agent-workspace/cargo-home:/opt/rustwide/cargo-home:ro,Z" "-v" "/var/lib/crater-agent-workspace/rustup-home:/opt/rustwide/rustup-home:ro,Z" "-e" "SOURCE_DIR=/opt/rustwide/workdir" "-e" "CARGO_TARGET_DIR=/opt/rustwide/target" "-e" "CARGO_INCREMENTAL=0" "-e" "RUST_BACKTRACE=full" "-e" "RUSTFLAGS=--cap-lints=forbid" "-e" "RUSTDOCFLAGS=--cap-lints=forbid" "-e" "CARGO_HOME=/opt/rustwide/cargo-home" "-e" "RUSTUP_HOME=/opt/rustwide/rustup-home" "-w" "/opt/rustwide/workdir" "-m" "1610612736" "--user" "0:0" "--network" "none" "ghcr.io/rust-lang/crates-build-env/linux@sha256:4a844ea9eb2546a2d2c7022eacef16ef2e8229c7fbb2c7d4d55a9ceca922f72d" "/opt/rustwide/cargo-home/bin/cargo" "+nightly-2024-10-28" "test" "--frozen", kill_on_drop: false }`
[INFO] [stdout] 943ea5b1ac2546f6644b1ebd4002281f43e77251fd9c9f8e13be9b8e1cefe47e
[INFO] running `Command { std: "docker" "start" "-a" "943ea5b1ac2546f6644b1ebd4002281f43e77251fd9c9f8e13be9b8e1cefe47e", kill_on_drop: false }`
[INFO] [stderr]     Finished `test` profile [unoptimized + debuginfo] target(s) in 0.02s
[INFO] [stderr]      Running unittests src/lib.rs (/opt/rustwide/target/debug/deps/chord_mapper-cbeb1ab84c62a123)
[INFO] [stdout] 
[INFO] [stdout] running 0 tests
[INFO] [stdout] 
[INFO] [stdout] test result: ok. 0 passed; 0 failed; 0 ignored; 0 measured; 0 filtered out; finished in 0.00s
[INFO] [stdout] 
[INFO] [stderr]      Running unittests src/main.rs (/opt/rustwide/target/debug/deps/chord_mapper-12dcd1f5f5ac2c56)
[INFO] [stdout] 
[INFO] [stdout] running 0 tests
[INFO] [stdout] 
[INFO] [stdout] test result: ok. 0 passed; 0 failed; 0 ignored; 0 measured; 0 filtered out; finished in 0.00s
[INFO] [stdout] 
[INFO] [stderr]      Running tests/chord_mapping_test.rs (/opt/rustwide/target/debug/deps/chord_mapping_test-29cbf20bb377fa02)
[INFO] [stdout] 
[INFO] [stdout] running 2 tests
[INFO] [stdout] test major_chord_mapping_test ... ok
[INFO] [stdout] test minor_chord_mapping_test ... ok
[INFO] [stdout] 
[INFO] [stdout] test result: ok. 2 passed; 0 failed; 0 ignored; 0 measured; 0 filtered out; finished in 0.00s
[INFO] [stdout] 
[INFO] [stderr]      Running tests/grammat_test.rs (/opt/rustwide/target/debug/deps/grammat_test-fb52e260660bd415)
[INFO] [stdout] 
[INFO] [stdout] running 18 tests
[INFO] [stdout] test bare_notes_test ... ok
[INFO] [stdout] test delimitor_test ... ok
[INFO] [stdout] test flatted_notes_test ... ok
[INFO] [stdout] test chord_test ... ok
[INFO] [stdout] test major_chord_test ... ok
[INFO] [stdout] test minor_chord_test ... ok
[INFO] [stdout] test non_chord_test ... ok
[INFO] [stdout] test non_bare_notes_test ... ok
[INFO] [stdout] test non_delimitor_test ... ok
[INFO] [stdout] test non_flattable_notes_test ... ok
[INFO] [stdout] test non_major_chord_test ... ok
[INFO] [stdout] test non_tonic_test ... ok
[INFO] [stdout] test non_minor_chord_test ... ok
[INFO] [stdout] test non_sharpable_notes_test ... ok
[INFO] [stdout] test root_test ... ok
[INFO] [stdout] test non_root_test ... ok
[INFO] [stdout] test tonic_test ... ok
[INFO] [stdout] test sharped_notes_test ... ok
[INFO] [stdout] 
[INFO] [stdout] test result: ok. 18 passed; 0 failed; 0 ignored; 0 measured; 0 filtered out; finished in 0.00s
[INFO] [stdout] 
[INFO] [stderr]    Doc-tests chord_mapper
[INFO] [stdout] 
[INFO] [stdout] running 2 tests
[INFO] [stdout] test src/lib.rs - (line 58) ... FAILED
[INFO] [stdout] test src/lib.rs - (line 7) ... FAILED
[INFO] [stdout] 
[INFO] [stdout] failures:
[INFO] [stdout] 
[INFO] [stdout] ---- src/lib.rs - (line 58) stdout ----
[INFO] [stdout] error[E0432]: unresolved import `my_chord_library`
[INFO] [stdout]  --> src/lib.rs:59:5
[INFO] [stdout]   |
[INFO] [stdout] 3 | use my_chord_library::{Note, Chord};
[INFO] [stdout]   |     ^^^^^^^^^^^^^^^^ use of undeclared crate or module `my_chord_library`
[INFO] [stdout] 
[INFO] [stdout] error: aborting due to 1 previous error
[INFO] [stdout] 
[INFO] [stdout] For more information about this error, try `rustc --explain E0432`.
[INFO] [stdout] Couldn't compile the test.
[INFO] [stdout] ---- src/lib.rs - (line 7) stdout ----
[INFO] [stdout] error[E0432]: unresolved import `my_chord_library`
[INFO] [stdout]  --> src/lib.rs:8:5
[INFO] [stdout]   |
[INFO] [stdout] 3 | use my_chord_library::{Note, Chord, parse_root};
[INFO] [stdout]   |     ^^^^^^^^^^^^^^^^ use of undeclared crate or module `my_chord_library`
[INFO] [stdout] 
[INFO] [stdout] error[E0425]: cannot find function `map_chord_to_notes` in this scope
[INFO] [stdout]  --> src/lib.rs:14:13
[INFO] [stdout]   |
[INFO] [stdout] 9 | let notes = map_chord_to_notes(chord);
[INFO] [stdout]   |             ^^^^^^^^^^^^^^^^^^ not found in this scope
[INFO] [stdout]   |
[INFO] [stdout] help: consider importing this function
[INFO] [stdout]   |
[INFO] [stdout] 2 + use chord_mapper::map_chord_to_notes;
[INFO] [stdout]   |
[INFO] [stdout] 
[INFO] [stdout] error: aborting due to 2 previous errors
[INFO] [stdout] 
[INFO] [stdout] Some errors have detailed explanations: E0425, E0432.
[INFO] [stdout] For more information about an error, try `rustc --explain E0425`.
[INFO] [stdout] Couldn't compile the test.
[INFO] [stdout] 
[INFO] [stdout] failures:
[INFO] [stdout]     src/lib.rs - (line 58)
[INFO] [stdout]     src/lib.rs - (line 7)
[INFO] [stdout] 
[INFO] [stdout] test result: FAILED. 0 passed; 2 failed; 0 ignored; 0 measured; 0 filtered out; finished in 0.04s
[INFO] [stdout] 
[INFO] [stderr] error: doctest failed, to rerun pass `--doc`
[INFO] running `Command { std: "docker" "inspect" "943ea5b1ac2546f6644b1ebd4002281f43e77251fd9c9f8e13be9b8e1cefe47e", kill_on_drop: false }`
[INFO] running `Command { std: "docker" "rm" "-f" "943ea5b1ac2546f6644b1ebd4002281f43e77251fd9c9f8e13be9b8e1cefe47e", kill_on_drop: false }`
[INFO] [stdout] 943ea5b1ac2546f6644b1ebd4002281f43e77251fd9c9f8e13be9b8e1cefe47e
