[INFO] fetching crate chessie 1.2.1...
[INFO] testing chessie-1.2.1 against nightly-2024-10-28+rustflags=-Zrandomize-layout for randomize-layout
[INFO] extracting crate chessie 1.2.1 into /workspace/builds/worker-3-tc2/source
[INFO] validating manifest of crates.io crate chessie 1.2.1 on toolchain nightly-2024-10-28
[INFO] running `Command { std: CARGO_HOME="/workspace/cargo-home" RUSTUP_HOME="/workspace/rustup-home" "/workspace/cargo-home/bin/cargo" "+nightly-2024-10-28" "metadata" "--manifest-path" "Cargo.toml" "--no-deps", kill_on_drop: false }`
[INFO] started tweaking crates.io crate chessie 1.2.1
[INFO] removed 0 missing examples
[INFO] removed 0 missing tests
[INFO] finished tweaking crates.io crate chessie 1.2.1
[INFO] tweaked toml for crates.io crate chessie 1.2.1 written to /workspace/builds/worker-3-tc2/source/Cargo.toml
[INFO] crate crates.io crate chessie 1.2.1 already has a lockfile, it will not be regenerated
[INFO] running `Command { std: CARGO_HOME="/workspace/cargo-home" RUSTUP_HOME="/workspace/rustup-home" "/workspace/cargo-home/bin/cargo" "+nightly-2024-10-28" "fetch" "--manifest-path" "Cargo.toml", kill_on_drop: false }`
[INFO] running `Command { std: "docker" "create" "-v" "/var/lib/crater-agent-workspace/builds/worker-3-tc2/target:/opt/rustwide/target:rw,Z" "-v" "/var/lib/crater-agent-workspace/builds/worker-3-tc2/source:/opt/rustwide/workdir:ro,Z" "-v" "/var/lib/crater-agent-workspace/cargo-home:/opt/rustwide/cargo-home:ro,Z" "-v" "/var/lib/crater-agent-workspace/rustup-home:/opt/rustwide/rustup-home:ro,Z" "-e" "SOURCE_DIR=/opt/rustwide/workdir" "-e" "CARGO_TARGET_DIR=/opt/rustwide/target" "-e" "CARGO_HOME=/opt/rustwide/cargo-home" "-e" "RUSTUP_HOME=/opt/rustwide/rustup-home" "-w" "/opt/rustwide/workdir" "-m" "1610612736" "--user" "0:0" "--network" "none" "ghcr.io/rust-lang/crates-build-env/linux@sha256:4a844ea9eb2546a2d2c7022eacef16ef2e8229c7fbb2c7d4d55a9ceca922f72d" "/opt/rustwide/cargo-home/bin/cargo" "+nightly-2024-10-28" "metadata" "--no-deps" "--format-version=1", kill_on_drop: false }`
[INFO] [stdout] f304560f104e8c95b971a845dac620d11700190c7208094e0ace5512a085e8e4
[INFO] running `Command { std: "docker" "start" "-a" "f304560f104e8c95b971a845dac620d11700190c7208094e0ace5512a085e8e4", kill_on_drop: false }`
[INFO] running `Command { std: "docker" "inspect" "f304560f104e8c95b971a845dac620d11700190c7208094e0ace5512a085e8e4", kill_on_drop: false }`
[INFO] running `Command { std: "docker" "rm" "-f" "f304560f104e8c95b971a845dac620d11700190c7208094e0ace5512a085e8e4", kill_on_drop: false }`
[INFO] [stdout] f304560f104e8c95b971a845dac620d11700190c7208094e0ace5512a085e8e4
[INFO] running `Command { std: "docker" "create" "-v" "/var/lib/crater-agent-workspace/builds/worker-3-tc2/target:/opt/rustwide/target:rw,Z" "-v" "/var/lib/crater-agent-workspace/builds/worker-3-tc2/source:/opt/rustwide/workdir:ro,Z" "-v" "/var/lib/crater-agent-workspace/cargo-home:/opt/rustwide/cargo-home:ro,Z" "-v" "/var/lib/crater-agent-workspace/rustup-home:/opt/rustwide/rustup-home:ro,Z" "-e" "SOURCE_DIR=/opt/rustwide/workdir" "-e" "CARGO_TARGET_DIR=/opt/rustwide/target" "-e" "CARGO_INCREMENTAL=0" "-e" "RUST_BACKTRACE=full" "-e" "RUSTFLAGS=--cap-lints=forbid -Zrandomize-layout" "-e" "RUSTDOCFLAGS=--cap-lints=forbid" "-e" "CARGO_HOME=/opt/rustwide/cargo-home" "-e" "RUSTUP_HOME=/opt/rustwide/rustup-home" "-w" "/opt/rustwide/workdir" "-m" "1610612736" "--user" "0:0" "--network" "none" "ghcr.io/rust-lang/crates-build-env/linux@sha256:4a844ea9eb2546a2d2c7022eacef16ef2e8229c7fbb2c7d4d55a9ceca922f72d" "/opt/rustwide/cargo-home/bin/cargo" "+nightly-2024-10-28" "build" "--frozen" "--message-format=json", kill_on_drop: false }`
[INFO] [stdout] 2d757ddb73ea02c462049a2c3585909576e2c56c2d8588361b32854e9b23c269
[INFO] running `Command { std: "docker" "start" "-a" "2d757ddb73ea02c462049a2c3585909576e2c56c2d8588361b32854e9b23c269", kill_on_drop: false }`
[INFO] [stderr]    Compiling anyhow v1.0.89
[INFO] [stderr]    Compiling arrayvec v0.7.6
[INFO] [stderr]    Compiling chessie_types v1.2.1
[INFO] [stderr]    Compiling chessie v1.2.1 (/opt/rustwide/workdir)
[INFO] [stderr]     Finished `dev` profile [unoptimized + debuginfo] target(s) in 1.54s
[INFO] running `Command { std: "docker" "inspect" "2d757ddb73ea02c462049a2c3585909576e2c56c2d8588361b32854e9b23c269", kill_on_drop: false }`
[INFO] running `Command { std: "docker" "rm" "-f" "2d757ddb73ea02c462049a2c3585909576e2c56c2d8588361b32854e9b23c269", kill_on_drop: false }`
[INFO] [stdout] 2d757ddb73ea02c462049a2c3585909576e2c56c2d8588361b32854e9b23c269
[INFO] running `Command { std: "docker" "create" "-v" "/var/lib/crater-agent-workspace/builds/worker-3-tc2/target:/opt/rustwide/target:rw,Z" "-v" "/var/lib/crater-agent-workspace/builds/worker-3-tc2/source:/opt/rustwide/workdir:ro,Z" "-v" "/var/lib/crater-agent-workspace/cargo-home:/opt/rustwide/cargo-home:ro,Z" "-v" "/var/lib/crater-agent-workspace/rustup-home:/opt/rustwide/rustup-home:ro,Z" "-e" "SOURCE_DIR=/opt/rustwide/workdir" "-e" "CARGO_TARGET_DIR=/opt/rustwide/target" "-e" "CARGO_INCREMENTAL=0" "-e" "RUST_BACKTRACE=full" "-e" "RUSTFLAGS=--cap-lints=forbid -Zrandomize-layout" "-e" "RUSTDOCFLAGS=--cap-lints=forbid" "-e" "CARGO_HOME=/opt/rustwide/cargo-home" "-e" "RUSTUP_HOME=/opt/rustwide/rustup-home" "-w" "/opt/rustwide/workdir" "-m" "1610612736" "--user" "0:0" "--network" "none" "ghcr.io/rust-lang/crates-build-env/linux@sha256:4a844ea9eb2546a2d2c7022eacef16ef2e8229c7fbb2c7d4d55a9ceca922f72d" "/opt/rustwide/cargo-home/bin/cargo" "+nightly-2024-10-28" "test" "--frozen" "--no-run" "--message-format=json", kill_on_drop: false }`
[INFO] [stdout] b1f17859a99b8e9be9e42e7a16ca7f30ef53a82f96083b39e5be70773634c6ce
[INFO] running `Command { std: "docker" "start" "-a" "b1f17859a99b8e9be9e42e7a16ca7f30ef53a82f96083b39e5be70773634c6ce", kill_on_drop: false }`
[INFO] [stderr]    Compiling proc-macro2 v1.0.86
[INFO] [stderr]    Compiling crossbeam-utils v0.8.20
[INFO] [stderr]    Compiling serde v1.0.210
[INFO] [stderr]    Compiling autocfg v1.3.0
[INFO] [stderr]    Compiling serde_json v1.0.128
[INFO] [stderr]    Compiling libc v0.2.158
[INFO] [stderr]    Compiling rayon-core v1.12.1
[INFO] [stderr]    Compiling either v1.13.0
[INFO] [stderr]    Compiling regex-syntax v0.8.4
[INFO] [stderr]    Compiling clap_lex v0.7.2
[INFO] [stderr]    Compiling half v2.4.1
[INFO] [stderr]    Compiling anstyle v1.0.8
[INFO] [stderr]    Compiling plotters-backend v0.3.7
[INFO] [stderr]    Compiling ciborium-io v0.2.2
[INFO] [stderr]    Compiling same-file v1.0.6
[INFO] [stderr]    Compiling cast v0.3.0
[INFO] [stderr]    Compiling oorandom v11.1.4
[INFO] [stderr]    Compiling walkdir v2.5.0
[INFO] [stderr]    Compiling once_cell v1.19.0
[INFO] [stderr]    Compiling anes v0.1.6
[INFO] [stderr]    Compiling colored v2.1.0
[INFO] [stderr]    Compiling itertools v0.10.5
[INFO] [stderr]    Compiling plotters-svg v0.3.7
[INFO] [stderr]    Compiling clap_builder v4.5.18
[INFO] [stderr]    Compiling ciborium-ll v0.2.2
[INFO] [stderr]    Compiling num-traits v0.2.19
[INFO] [stderr]    Compiling quote v1.0.37
[INFO] [stderr]    Compiling crossbeam-epoch v0.9.18
[INFO] [stderr]    Compiling syn v2.0.77
[INFO] [stderr]    Compiling is-terminal v0.4.13
[INFO] [stderr]    Compiling crossbeam-deque v0.8.5
[INFO] [stderr]    Compiling plotters v0.3.7
[INFO] [stderr]    Compiling regex-automata v0.4.7
[INFO] [stderr]    Compiling criterion-plot v0.5.0
[INFO] [stderr]    Compiling rayon v1.10.0
[INFO] [stderr]    Compiling clap v4.5.18
[INFO] [stderr]    Compiling regex v1.10.6
[INFO] [stderr]    Compiling serde_derive v1.0.210
[INFO] [stderr]    Compiling ciborium v0.2.2
[INFO] [stderr]    Compiling tinytemplate v1.2.1
[INFO] [stderr]    Compiling criterion v0.5.1
[INFO] [stderr]    Compiling chessie v1.2.1 (/opt/rustwide/workdir)
[INFO] [stderr]     Finished `test` profile [unoptimized + debuginfo] target(s) in 10.47s
[INFO] running `Command { std: "docker" "inspect" "b1f17859a99b8e9be9e42e7a16ca7f30ef53a82f96083b39e5be70773634c6ce", kill_on_drop: false }`
[INFO] running `Command { std: "docker" "rm" "-f" "b1f17859a99b8e9be9e42e7a16ca7f30ef53a82f96083b39e5be70773634c6ce", kill_on_drop: false }`
[INFO] [stdout] b1f17859a99b8e9be9e42e7a16ca7f30ef53a82f96083b39e5be70773634c6ce
[INFO] running `Command { std: "docker" "create" "-v" "/var/lib/crater-agent-workspace/builds/worker-3-tc2/target:/opt/rustwide/target:rw,Z" "-v" "/var/lib/crater-agent-workspace/builds/worker-3-tc2/source:/opt/rustwide/workdir:ro,Z" "-v" "/var/lib/crater-agent-workspace/cargo-home:/opt/rustwide/cargo-home:ro,Z" "-v" "/var/lib/crater-agent-workspace/rustup-home:/opt/rustwide/rustup-home:ro,Z" "-e" "SOURCE_DIR=/opt/rustwide/workdir" "-e" "CARGO_TARGET_DIR=/opt/rustwide/target" "-e" "CARGO_INCREMENTAL=0" "-e" "RUST_BACKTRACE=full" "-e" "RUSTFLAGS=--cap-lints=forbid -Zrandomize-layout" "-e" "RUSTDOCFLAGS=--cap-lints=forbid" "-e" "CARGO_HOME=/opt/rustwide/cargo-home" "-e" "RUSTUP_HOME=/opt/rustwide/rustup-home" "-w" "/opt/rustwide/workdir" "-m" "1610612736" "--user" "0:0" "--network" "none" "ghcr.io/rust-lang/crates-build-env/linux@sha256:4a844ea9eb2546a2d2c7022eacef16ef2e8229c7fbb2c7d4d55a9ceca922f72d" "/opt/rustwide/cargo-home/bin/cargo" "+nightly-2024-10-28" "test" "--frozen", kill_on_drop: false }`
[INFO] [stdout] 65d56d90bf9997063f3c33f364b1643780ee1ab09865f4ecdc9a398aeb6e18a2
[INFO] running `Command { std: "docker" "start" "-a" "65d56d90bf9997063f3c33f364b1643780ee1ab09865f4ecdc9a398aeb6e18a2", kill_on_drop: false }`
[INFO] [stderr]     Finished `test` profile [unoptimized + debuginfo] target(s) in 0.07s
[INFO] [stderr]      Running unittests src/lib.rs (/opt/rustwide/target/debug/deps/chessie-6b5c593d3e926b51)
[INFO] [stdout] 
[INFO] [stdout] running 18 tests
[INFO] [stdout] test movegen::test::rook_blockers ... ok
[INFO] [stdout] test moves::test::test_move_is_capture ... ok
[INFO] [stdout] test moves::test::test_move_is_en_passant ... ok
[INFO] [stdout] test moves::test::test_move_is_castle ... ok
[INFO] [stdout] test moves::test::test_move_is_long_castle ... ok
[INFO] [stdout] test moves::test::test_move_is_pawn_double_push ... ok
[INFO] [stdout] test moves::test::test_move_is_promotion ... ok
[INFO] [stdout] test moves::test::test_move_is_short_castle ... ok
[INFO] [stdout] test position::tests::test_castling_rights_update_on_rook_captured ... ok
[INFO] [stdout] test position::tests::test_castling_rights_update_on_castling_performed ... ok
[INFO] [stdout] test position::tests::test_zobrist_key_side_to_move ... ok
[INFO] [stdout] test position::tests::test_zobrist_key_castling ... ok
[INFO] [stdout] test position::tests::test_castling_rights_update_on_king_move ... ok
[INFO] [stdout] test position::tests::test_zobrist_key_updates_on_quiet_moves ... ok
[INFO] [stdout] test position::tests::test_castling_rights_update_on_promote_to_rook ... ok
[INFO] [stdout] test position::tests::test_castling_rights_update_on_rook_move ... ok
[INFO] [stdout] test position::tests::test_zobrist_key_ep ... ok
[INFO] [stdout] test moves::test::test_move_parsing ... ok
[INFO] [stdout] 
[INFO] [stdout] test result: ok. 18 passed; 0 failed; 0 ignored; 0 measured; 0 filtered out; finished in 0.01s
[INFO] [stdout] 
[INFO] [stderr]      Running tests/perft.rs (/opt/rustwide/target/debug/deps/perft-fa4d52e4e4f9d5a2)
[INFO] [stdout] 
[INFO] [stdout] running 26 tests
[INFO] [stdout] test promotion_perft::test_promotion_perft_2 ... ok
[INFO] [stdout] test promotion_perft::test_promotion_perft_1 ... ok
[INFO] [stdout] test promotion_perft::test_promotion_perft_3 ... ok
[INFO] [stdout] test promotion_perft::test_promotion_perft_4 ... ok
[INFO] [stdout] test special_perfts::test_special_perft_promote_to_give_check ... ok
[INFO] [stdout] test special_perfts::test_special_perft_self_stalemate ... ok
[INFO] [stdout] test special_perfts::test_special_perft_discovered_check ... ok
[INFO] [stdout] test special_perfts::test_special_perft_long_castling_gives_check ... ok
[INFO] [stdout] test simple_perfts::test_simple_perft_5 ... ok
[INFO] [stdout] test special_perfts::test_special_perft_stalemate_and_checkmate_2 ... ok
[INFO] [stdout] test special_perfts::test_special_perft_castling_rights ... ok
[INFO] [stdout] test special_perfts::test_special_perft_under_promote_to_give_check ... ok
[INFO] [stdout] test special_perfts::test_special_perft_stalemate_and_checkmate_1 ... ok
[INFO] [stdout] test special_perfts::test_special_perft_short_castling_gives_check ... ok
[INFO] [stdout] test special_perfts::test_special_perft_castling_prevented ... ok
[INFO] [stdout] test special_perfts::test_special_perft_illegal_ep_move_2 ... ok
[INFO] [stdout] test special_perfts::test_special_perft_illegal_ep_move_1 ... ok
[INFO] [stdout] test special_perfts::test_special_perft_ep_capture_checks_opponent ... ok
[INFO] [stdout] test special_perfts::test_special_perft_promote_out_of_check ... ok
[INFO] [stdout] test promotion_perft::test_promotion_perft_5 ... ok
[INFO] [stdout] test promotion_perft::test_promotion_perft_6 ... ok
[INFO] [stdout] test simple_perfts::test_simple_perft_1 has been running for over 60 seconds
[INFO] [stdout] test simple_perfts::test_simple_perft_2 has been running for over 60 seconds
[INFO] [stdout] test simple_perfts::test_simple_perft_3 has been running for over 60 seconds
[INFO] [stdout] test simple_perfts::test_simple_perft_4 has been running for over 60 seconds
[INFO] [stdout] test test_standard_epd has been running for over 60 seconds
[INFO] [stdout] test simple_perfts::test_simple_perft_3 ... ok
[INFO] [stdout] test simple_perfts::test_simple_perft_2 ... ok
[INFO] [stdout] test simple_perfts::test_simple_perft_1 ... ok
[INFO] [stdout] test simple_perfts::test_simple_perft_4 ... ok
[ERROR] error running command: no output for 300 seconds
[INFO] running `Command { std: "docker" "inspect" "65d56d90bf9997063f3c33f364b1643780ee1ab09865f4ecdc9a398aeb6e18a2", kill_on_drop: false }`
[INFO] running `Command { std: "docker" "rm" "-f" "65d56d90bf9997063f3c33f364b1643780ee1ab09865f4ecdc9a398aeb6e18a2", kill_on_drop: false }`
[INFO] [stderr] Error response from daemon: Could not kill running container 65d56d90bf9997063f3c33f364b1643780ee1ab09865f4ecdc9a398aeb6e18a2, cannot remove - tried to kill container, but did not receive an exit event
[ERROR] failed to delete container 65d56d90bf9997063f3c33f364b1643780ee1ab09865f4ecdc9a398aeb6e18a2
[ERROR] caused by: command failed: exit status: 1
