[INFO] fetching crate checks 1.0.6...
[INFO] testing checks-1.0.6 against nightly-2024-10-28+rustflags=-Zrandomize-layout for randomize-layout
[INFO] extracting crate checks 1.0.6 into /workspace/builds/worker-6-tc2/source
[INFO] validating manifest of crates.io crate checks 1.0.6 on toolchain nightly-2024-10-28
[INFO] running `Command { std: CARGO_HOME="/workspace/cargo-home" RUSTUP_HOME="/workspace/rustup-home" "/workspace/cargo-home/bin/cargo" "+nightly-2024-10-28" "metadata" "--manifest-path" "Cargo.toml" "--no-deps", kill_on_drop: false }`
[INFO] started tweaking crates.io crate checks 1.0.6
[INFO] finished tweaking crates.io crate checks 1.0.6
[INFO] tweaked toml for crates.io crate checks 1.0.6 written to /workspace/builds/worker-6-tc2/source/Cargo.toml
[INFO] running `Command { std: CARGO_HOME="/workspace/cargo-home" RUSTUP_HOME="/workspace/rustup-home" "/workspace/cargo-home/bin/cargo" "+nightly-2024-10-28" "generate-lockfile" "--manifest-path" "Cargo.toml", kill_on_drop: false }`
[INFO] running `Command { std: CARGO_HOME="/workspace/cargo-home" RUSTUP_HOME="/workspace/rustup-home" "/workspace/cargo-home/bin/cargo" "+nightly-2024-10-28" "fetch" "--manifest-path" "Cargo.toml", kill_on_drop: false }`
[INFO] running `Command { std: "docker" "create" "-v" "/var/lib/crater-agent-workspace/builds/worker-6-tc2/target:/opt/rustwide/target:rw,Z" "-v" "/var/lib/crater-agent-workspace/builds/worker-6-tc2/source:/opt/rustwide/workdir:ro,Z" "-v" "/var/lib/crater-agent-workspace/cargo-home:/opt/rustwide/cargo-home:ro,Z" "-v" "/var/lib/crater-agent-workspace/rustup-home:/opt/rustwide/rustup-home:ro,Z" "-e" "SOURCE_DIR=/opt/rustwide/workdir" "-e" "CARGO_TARGET_DIR=/opt/rustwide/target" "-e" "CARGO_HOME=/opt/rustwide/cargo-home" "-e" "RUSTUP_HOME=/opt/rustwide/rustup-home" "-w" "/opt/rustwide/workdir" "-m" "1610612736" "--user" "0:0" "--network" "none" "ghcr.io/rust-lang/crates-build-env/linux@sha256:4a844ea9eb2546a2d2c7022eacef16ef2e8229c7fbb2c7d4d55a9ceca922f72d" "/opt/rustwide/cargo-home/bin/cargo" "+nightly-2024-10-28" "metadata" "--no-deps" "--format-version=1", kill_on_drop: false }`
[INFO] [stdout] ad8909c808b21f341828b9430ad96f48e72aa55e9e43a2b0aef465c74bf63aed
[INFO] running `Command { std: "docker" "start" "-a" "ad8909c808b21f341828b9430ad96f48e72aa55e9e43a2b0aef465c74bf63aed", kill_on_drop: false }`
[INFO] running `Command { std: "docker" "inspect" "ad8909c808b21f341828b9430ad96f48e72aa55e9e43a2b0aef465c74bf63aed", kill_on_drop: false }`
[INFO] running `Command { std: "docker" "rm" "-f" "ad8909c808b21f341828b9430ad96f48e72aa55e9e43a2b0aef465c74bf63aed", kill_on_drop: false }`
[INFO] [stdout] ad8909c808b21f341828b9430ad96f48e72aa55e9e43a2b0aef465c74bf63aed
[INFO] running `Command { std: "docker" "create" "-v" "/var/lib/crater-agent-workspace/builds/worker-6-tc2/target:/opt/rustwide/target:rw,Z" "-v" "/var/lib/crater-agent-workspace/builds/worker-6-tc2/source:/opt/rustwide/workdir:ro,Z" "-v" "/var/lib/crater-agent-workspace/cargo-home:/opt/rustwide/cargo-home:ro,Z" "-v" "/var/lib/crater-agent-workspace/rustup-home:/opt/rustwide/rustup-home:ro,Z" "-e" "SOURCE_DIR=/opt/rustwide/workdir" "-e" "CARGO_TARGET_DIR=/opt/rustwide/target" "-e" "CARGO_INCREMENTAL=0" "-e" "RUST_BACKTRACE=full" "-e" "RUSTFLAGS=--cap-lints=forbid -Zrandomize-layout" "-e" "RUSTDOCFLAGS=--cap-lints=forbid" "-e" "CARGO_HOME=/opt/rustwide/cargo-home" "-e" "RUSTUP_HOME=/opt/rustwide/rustup-home" "-w" "/opt/rustwide/workdir" "-m" "1610612736" "--user" "0:0" "--network" "none" "ghcr.io/rust-lang/crates-build-env/linux@sha256:4a844ea9eb2546a2d2c7022eacef16ef2e8229c7fbb2c7d4d55a9ceca922f72d" "/opt/rustwide/cargo-home/bin/cargo" "+nightly-2024-10-28" "build" "--frozen" "--message-format=json", kill_on_drop: false }`
[INFO] [stdout] dcfa006d3cc6de3d3b9ae3d48e0be3447e51893c265f2469643834673f7bbdeb
[INFO] running `Command { std: "docker" "start" "-a" "dcfa006d3cc6de3d3b9ae3d48e0be3447e51893c265f2469643834673f7bbdeb", kill_on_drop: false }`
[INFO] [stderr]    Compiling checks v1.0.6 (/opt/rustwide/workdir)
[INFO] [stdout] warning: the feature `generic_const_exprs` is incomplete and may not be safe to use and/or cause compiler crashes
[INFO] [stdout]  --> src/lib.rs:3:12
[INFO] [stdout]   |
[INFO] [stdout] 3 | #![feature(generic_const_exprs)]
[INFO] [stdout]   |            ^^^^^^^^^^^^^^^^^^^
[INFO] [stdout]   |
[INFO] [stdout]   = note: see issue #76560 <https://github.com/rust-lang/rust/issues/76560> for more information
[INFO] [stdout]   = note: `#[warn(incomplete_features)]` on by default
[INFO] [stdout] 
[INFO] [stdout] 
[INFO] [stderr]     Finished `dev` profile [unoptimized + debuginfo] target(s) in 0.08s
[INFO] running `Command { std: "docker" "inspect" "dcfa006d3cc6de3d3b9ae3d48e0be3447e51893c265f2469643834673f7bbdeb", kill_on_drop: false }`
[INFO] running `Command { std: "docker" "rm" "-f" "dcfa006d3cc6de3d3b9ae3d48e0be3447e51893c265f2469643834673f7bbdeb", kill_on_drop: false }`
[INFO] [stdout] dcfa006d3cc6de3d3b9ae3d48e0be3447e51893c265f2469643834673f7bbdeb
[INFO] running `Command { std: "docker" "create" "-v" "/var/lib/crater-agent-workspace/builds/worker-6-tc2/target:/opt/rustwide/target:rw,Z" "-v" "/var/lib/crater-agent-workspace/builds/worker-6-tc2/source:/opt/rustwide/workdir:ro,Z" "-v" "/var/lib/crater-agent-workspace/cargo-home:/opt/rustwide/cargo-home:ro,Z" "-v" "/var/lib/crater-agent-workspace/rustup-home:/opt/rustwide/rustup-home:ro,Z" "-e" "SOURCE_DIR=/opt/rustwide/workdir" "-e" "CARGO_TARGET_DIR=/opt/rustwide/target" "-e" "CARGO_INCREMENTAL=0" "-e" "RUST_BACKTRACE=full" "-e" "RUSTFLAGS=--cap-lints=forbid -Zrandomize-layout" "-e" "RUSTDOCFLAGS=--cap-lints=forbid" "-e" "CARGO_HOME=/opt/rustwide/cargo-home" "-e" "RUSTUP_HOME=/opt/rustwide/rustup-home" "-w" "/opt/rustwide/workdir" "-m" "1610612736" "--user" "0:0" "--network" "none" "ghcr.io/rust-lang/crates-build-env/linux@sha256:4a844ea9eb2546a2d2c7022eacef16ef2e8229c7fbb2c7d4d55a9ceca922f72d" "/opt/rustwide/cargo-home/bin/cargo" "+nightly-2024-10-28" "test" "--frozen" "--no-run" "--message-format=json", kill_on_drop: false }`
[INFO] [stdout] fac3881850004404d8249759c548bb331b31327e04b0ba65fa60b9ed885eb35c
[INFO] running `Command { std: "docker" "start" "-a" "fac3881850004404d8249759c548bb331b31327e04b0ba65fa60b9ed885eb35c", kill_on_drop: false }`
[INFO] [stderr]    Compiling checks v1.0.6 (/opt/rustwide/workdir)
[INFO] [stdout] warning: the feature `generic_const_exprs` is incomplete and may not be safe to use and/or cause compiler crashes
[INFO] [stdout]  --> src/lib.rs:3:12
[INFO] [stdout]   |
[INFO] [stdout] 3 | #![feature(generic_const_exprs)]
[INFO] [stdout]   |            ^^^^^^^^^^^^^^^^^^^
[INFO] [stdout]   |
[INFO] [stdout]   = note: see issue #76560 <https://github.com/rust-lang/rust/issues/76560> for more information
[INFO] [stdout]   = note: `#[warn(incomplete_features)]` on by default
[INFO] [stdout] 
[INFO] [stdout] 
[INFO] [stdout] warning: the feature `generic_const_exprs` is incomplete and may not be safe to use and/or cause compiler crashes
[INFO] [stdout]  --> src/lib.rs:3:12
[INFO] [stdout]   |
[INFO] [stdout] 3 | #![feature(generic_const_exprs)]
[INFO] [stdout]   |            ^^^^^^^^^^^^^^^^^^^
[INFO] [stdout]   |
[INFO] [stdout]   = note: see issue #76560 <https://github.com/rust-lang/rust/issues/76560> for more information
[INFO] [stdout]   = note: `#[warn(incomplete_features)]` on by default
[INFO] [stdout] 
[INFO] [stdout] 
[INFO] [stderr]     Finished `test` profile [unoptimized + debuginfo] target(s) in 0.12s
[INFO] running `Command { std: "docker" "inspect" "fac3881850004404d8249759c548bb331b31327e04b0ba65fa60b9ed885eb35c", kill_on_drop: false }`
[INFO] running `Command { std: "docker" "rm" "-f" "fac3881850004404d8249759c548bb331b31327e04b0ba65fa60b9ed885eb35c", kill_on_drop: false }`
[INFO] [stdout] fac3881850004404d8249759c548bb331b31327e04b0ba65fa60b9ed885eb35c
[INFO] running `Command { std: "docker" "create" "-v" "/var/lib/crater-agent-workspace/builds/worker-6-tc2/target:/opt/rustwide/target:rw,Z" "-v" "/var/lib/crater-agent-workspace/builds/worker-6-tc2/source:/opt/rustwide/workdir:ro,Z" "-v" "/var/lib/crater-agent-workspace/cargo-home:/opt/rustwide/cargo-home:ro,Z" "-v" "/var/lib/crater-agent-workspace/rustup-home:/opt/rustwide/rustup-home:ro,Z" "-e" "SOURCE_DIR=/opt/rustwide/workdir" "-e" "CARGO_TARGET_DIR=/opt/rustwide/target" "-e" "CARGO_INCREMENTAL=0" "-e" "RUST_BACKTRACE=full" "-e" "RUSTFLAGS=--cap-lints=forbid -Zrandomize-layout" "-e" "RUSTDOCFLAGS=--cap-lints=forbid" "-e" "CARGO_HOME=/opt/rustwide/cargo-home" "-e" "RUSTUP_HOME=/opt/rustwide/rustup-home" "-w" "/opt/rustwide/workdir" "-m" "1610612736" "--user" "0:0" "--network" "none" "ghcr.io/rust-lang/crates-build-env/linux@sha256:4a844ea9eb2546a2d2c7022eacef16ef2e8229c7fbb2c7d4d55a9ceca922f72d" "/opt/rustwide/cargo-home/bin/cargo" "+nightly-2024-10-28" "test" "--frozen", kill_on_drop: false }`
[INFO] [stdout] 3fd67913437986e12b22436161c4d99fef4bc0bf3ecb3eb1a09125d11e68e21b
[INFO] running `Command { std: "docker" "start" "-a" "3fd67913437986e12b22436161c4d99fef4bc0bf3ecb3eb1a09125d11e68e21b", kill_on_drop: false }`
[INFO] [stderr] warning: the feature `generic_const_exprs` is incomplete and may not be safe to use and/or cause compiler crashes
[INFO] [stderr]  --> src/lib.rs:3:12
[INFO] [stderr]   |
[INFO] [stderr] 3 | #![feature(generic_const_exprs)]
[INFO] [stderr]   |            ^^^^^^^^^^^^^^^^^^^
[INFO] [stderr]   |
[INFO] [stderr]   = note: see issue #76560 <https://github.com/rust-lang/rust/issues/76560> for more information
[INFO] [stderr]   = note: `#[warn(incomplete_features)]` on by default
[INFO] [stderr] 
[INFO] [stderr] warning: `checks` (lib) generated 1 warning
[INFO] [stderr] warning: `checks` (lib test) generated 1 warning (1 duplicate)
[INFO] [stderr]     Finished `test` profile [unoptimized + debuginfo] target(s) in 0.01s
[INFO] [stderr]      Running unittests src/lib.rs (/opt/rustwide/target/debug/deps/checks-158487f67483d6b1)
[INFO] [stdout] 
[INFO] [stdout] running 0 tests
[INFO] [stdout] 
[INFO] [stdout] test result: ok. 0 passed; 0 failed; 0 ignored; 0 measured; 0 filtered out; finished in 0.00s
[INFO] [stdout] 
[INFO] [stderr]    Doc-tests checks
[INFO] [stderr] warning: the feature `generic_const_exprs` is incomplete and may not be safe to use and/or cause compiler crashes
[INFO] [stderr]  --> src/lib.rs:3:12
[INFO] [stderr]   |
[INFO] [stderr] 3 | #![feature(generic_const_exprs)]
[INFO] [stderr]   |            ^^^^^^^^^^^^^^^^^^^
[INFO] [stderr]   |
[INFO] [stderr]   = note: see issue #76560 <https://github.com/rust-lang/rust/issues/76560> for more information
[INFO] [stderr]   = note: `#[warn(incomplete_features)]` on by default
[INFO] [stderr] 
[INFO] [stderr] warning: 1 warning emitted
[INFO] [stderr] 
[INFO] [stdout] 
[INFO] [stdout] running 238 tests
[INFO] [stdout] test src/lib.rs - bool::Or (line 67) - compile ... ok
[INFO] [stdout] test src/../README.md - (line 9) ... FAILED
[INFO] [stdout] test src/lib.rs - bool::Negate (line 67) - compile ... ok
[INFO] [stdout] test src/lib.rs - bool::And (line 67) - compile ... ok
[INFO] [stdout] test src/lib.rs - bool::And (line 77) - compile fail ... ok
[INFO] [stdout] test src/../README.md - (line 29) ... FAILED
[INFO] [stdout] test src/../README.md - (line 43) ... FAILED
[INFO] [stdout] test src/lib.rs - bool::Negate (line 77) - compile fail ... ok
[INFO] [stdout] test src/lib.rs - bool::Xor (line 67) - compile ... ok
[INFO] [stdout] test src/lib.rs - char::Alphabetic (line 67) - compile ... ok
[INFO] [stdout] test src/lib.rs - bool::Xor (line 78) - compile fail ... ok
[INFO] [stdout] test src/lib.rs - bool::Or (line 78) - compile fail ... ok
[INFO] [stdout] test src/lib.rs - char::Alphabetic (line 79) - compile fail ... ok
[INFO] [stdout] test src/lib.rs - char::Alphanumeric (line 67) - compile ... ok
[INFO] [stdout] test src/lib.rs - char::Alphanumeric (line 80) - compile fail ... ok
[INFO] [stdout] test src/lib.rs - char::Ascii (line 67) - compile ... ok
[INFO] [stdout] test src/lib.rs - char::Blank (line 67) - compile ... ok
[INFO] [stdout] test src/lib.rs - char::Digit (line 67) - compile ... ok
[INFO] [stdout] test src/lib.rs - char::Ascii (line 80) - compile fail ... ok
[INFO] [stdout] test src/lib.rs - i128::Equals (line 67) - compile ... ok
[INFO] [stdout] test src/lib.rs - char::Digit (line 79) - compile fail ... ok
[INFO] [stdout] test src/lib.rs - char::Blank (line 77) - compile fail ... ok
[INFO] [stdout] test src/lib.rs - i128::Equals (line 78) - compile fail ... ok
[INFO] [stdout] test src/lib.rs - i128::Even (line 67) - compile ... ok
[INFO] [stdout] test src/lib.rs - i128::GreaterOrEqual (line 67) - compile ... ok
[INFO] [stdout] test src/lib.rs - i128::Greater (line 67) - compile ... ok
[INFO] [stdout] test src/lib.rs - i128::Even (line 79) - compile fail ... ok
[INFO] [stdout] test src/lib.rs - i128::GreaterOrEqual (line 78) - compile fail ... ok
[INFO] [stdout] test src/lib.rs - i128::Greater (line 78) - compile fail ... ok
[INFO] [stdout] test src/lib.rs - i128::Less (line 67) - compile ... ok
[INFO] [stdout] test src/lib.rs - i128::Less (line 78) - compile fail ... ok
[INFO] [stdout] test src/lib.rs - i128::Negative (line 67) - compile ... ok
[INFO] [stdout] test src/lib.rs - i128::LessOrEqual (line 67) - compile ... ok
[INFO] [stdout] test src/lib.rs - i128::Negative (line 79) - compile fail ... ok
[INFO] [stdout] test src/lib.rs - check (line 34) ... ok
[INFO] [stdout] test src/lib.rs - i128::Odd (line 67) - compile ... ok
[INFO] [stdout] test src/lib.rs - i128::LessOrEqual (line 78) - compile fail ... ok
[INFO] [stdout] test src/lib.rs - i128::Odd (line 79) - compile fail ... ok
[INFO] [stdout] test src/lib.rs - i128::Positive (line 67) - compile ... ok
[INFO] [stdout] test src/lib.rs - i128::Zero (line 77) - compile fail ... ok
[INFO] [stdout] test src/lib.rs - i128::Zero (line 67) - compile ... ok
[INFO] [stdout] test src/lib.rs - i128::Positive (line 79) - compile fail ... ok
[INFO] [stdout] test src/lib.rs - i16::Even (line 67) - compile ... ok
[INFO] [stdout] test src/lib.rs - i16::Equals (line 78) - compile fail ... ok
[INFO] [stdout] test src/lib.rs - i16::Equals (line 67) - compile ... ok
[INFO] [stdout] test src/lib.rs - i16::Greater (line 67) - compile ... ok
[INFO] [stdout] test src/lib.rs - i16::GreaterOrEqual (line 67) - compile ... ok
[INFO] [stdout] test src/lib.rs - i16::Even (line 79) - compile fail ... ok
[INFO] [stdout] test src/lib.rs - i16::Less (line 67) - compile ... ok
[INFO] [stdout] test src/lib.rs - i16::Greater (line 78) - compile fail ... ok
[INFO] [stdout] test src/lib.rs - i16::LessOrEqual (line 67) - compile ... ok
[INFO] [stdout] test src/lib.rs - i16::GreaterOrEqual (line 78) - compile fail ... ok
[INFO] [stdout] test src/lib.rs - i16::Negative (line 67) - compile ... ok
[INFO] [stdout] test src/lib.rs - i16::Less (line 78) - compile fail ... ok
[INFO] [stdout] test src/lib.rs - i16::Negative (line 79) - compile fail ... ok
[INFO] [stdout] test src/lib.rs - i16::Odd (line 67) - compile ... ok
[INFO] [stdout] test src/lib.rs - i16::Odd (line 79) - compile fail ... ok
[INFO] [stdout] test src/lib.rs - i16::LessOrEqual (line 78) - compile fail ... ok
[INFO] [stdout] test src/lib.rs - i16::Positive (line 79) - compile fail ... ok
[INFO] [stdout] test src/lib.rs - i16::Positive (line 67) - compile ... ok
[INFO] [stdout] test src/lib.rs - i16::Zero (line 67) - compile ... ok
[INFO] [stdout] test src/lib.rs - i32::Equals (line 67) - compile ... ok
[INFO] [stdout] test src/lib.rs - i32::Even (line 67) - compile ... ok
[INFO] [stdout] test src/lib.rs - i32::Greater (line 67) - compile ... ok
[INFO] [stdout] test src/lib.rs - i32::Greater (line 78) - compile fail ... ok
[INFO] [stdout] test src/lib.rs - i32::Even (line 79) - compile fail ... ok
[INFO] [stdout] test src/lib.rs - i16::Zero (line 77) - compile fail ... ok
[INFO] [stdout] test src/lib.rs - i32::Equals (line 78) - compile fail ... ok
[INFO] [stdout] test src/lib.rs - i32::GreaterOrEqual (line 67) - compile ... ok
[INFO] [stdout] test src/lib.rs - i32::Less (line 67) - compile ... ok
[INFO] [stdout] test src/lib.rs - i32::GreaterOrEqual (line 78) - compile fail ... ok
[INFO] [stdout] test src/lib.rs - i32::Negative (line 67) - compile ... ok
[INFO] [stdout] test src/lib.rs - i32::LessOrEqual (line 67) - compile ... ok
[INFO] [stdout] test src/lib.rs - i32::Negative (line 79) - compile fail ... ok
[INFO] [stdout] test src/lib.rs - i32::Less (line 78) - compile fail ... ok
[INFO] [stdout] test src/lib.rs - i32::LessOrEqual (line 78) - compile fail ... ok
[INFO] [stdout] test src/lib.rs - i32::Odd (line 67) - compile ... ok
[INFO] [stdout] test src/lib.rs - i32::Odd (line 79) - compile fail ... ok
[INFO] [stdout] test src/lib.rs - i32::Zero (line 67) - compile ... ok
[INFO] [stdout] test src/lib.rs - i32::Positive (line 79) - compile fail ... ok
[INFO] [stdout] test src/lib.rs - i64::Equals (line 67) - compile ... ok
[INFO] [stdout] test src/lib.rs - i32::Positive (line 67) - compile ... ok
[INFO] [stdout] test src/lib.rs - i32::Zero (line 77) - compile fail ... ok
[INFO] [stdout] test src/lib.rs - i64::Equals (line 78) - compile fail ... ok
[INFO] [stdout] test src/lib.rs - i64::Even (line 79) - compile fail ... ok
[INFO] [stdout] test src/lib.rs - i64::Even (line 67) - compile ... ok
[INFO] [stdout] test src/lib.rs - i64::GreaterOrEqual (line 67) - compile ... ok
[INFO] [stdout] test src/lib.rs - i64::Greater (line 67) - compile ... ok
[INFO] [stdout] test src/lib.rs - i64::GreaterOrEqual (line 78) - compile fail ... ok
[INFO] [stdout] test src/lib.rs - i64::Greater (line 78) - compile fail ... ok
[INFO] [stdout] test src/lib.rs - i64::Less (line 67) - compile ... ok
[INFO] [stdout] test src/lib.rs - i64::Less (line 78) - compile fail ... ok
[INFO] [stdout] test src/lib.rs - i64::LessOrEqual (line 67) - compile ... ok
[INFO] [stdout] test src/lib.rs - i64::Negative (line 67) - compile ... ok
[INFO] [stdout] test src/lib.rs - i64::LessOrEqual (line 78) - compile fail ... ok
[INFO] [stdout] test src/lib.rs - i64::Negative (line 79) - compile fail ... ok
[INFO] [stdout] test src/lib.rs - i64::Odd (line 67) - compile ... ok
[INFO] [stdout] test src/lib.rs - i64::Positive (line 67) - compile ... ok
[INFO] [stdout] test src/lib.rs - i64::Odd (line 79) - compile fail ... ok
[INFO] [stdout] test src/lib.rs - i8::Equals (line 67) - compile ... ok
[INFO] [stdout] test src/lib.rs - i64::Zero (line 77) - compile fail ... ok
[INFO] [stdout] test src/lib.rs - i64::Zero (line 67) - compile ... ok
[INFO] [stdout] test src/lib.rs - i8::Even (line 67) - compile ... ok
[INFO] [stdout] test src/lib.rs - i8::Greater (line 67) - compile ... ok
[INFO] [stdout] test src/lib.rs - i8::Even (line 79) - compile fail ... ok
[INFO] [stdout] test src/lib.rs - i64::Positive (line 79) - compile fail ... ok
[INFO] [stdout] test src/lib.rs - i8::Greater (line 78) - compile fail ... ok
[INFO] [stdout] test src/lib.rs - i8::Less (line 78) - compile fail ... ok
[INFO] [stdout] test src/lib.rs - i8::Equals (line 78) - compile fail ... ok
[INFO] [stdout] test src/lib.rs - i8::GreaterOrEqual (line 78) - compile fail ... ok
[INFO] [stdout] test src/lib.rs - i8::GreaterOrEqual (line 67) - compile ... ok
[INFO] [stdout] test src/lib.rs - i8::Less (line 67) - compile ... ok
[INFO] [stdout] test src/lib.rs - i8::LessOrEqual (line 67) - compile ... ok
[INFO] [stdout] test src/lib.rs - i8::LessOrEqual (line 78) - compile fail ... ok
[INFO] [stdout] test src/lib.rs - i8::Negative (line 67) - compile ... ok
[INFO] [stdout] test src/lib.rs - i8::Odd (line 67) - compile ... ok
[INFO] [stdout] test src/lib.rs - i8::Positive (line 79) - compile fail ... ok
[INFO] [stdout] test src/lib.rs - i8::Odd (line 79) - compile fail ... ok
[INFO] [stdout] test src/lib.rs - i8::Negative (line 79) - compile fail ... ok
[INFO] [stdout] test src/lib.rs - isize::Equals (line 67) - compile ... ok
[INFO] [stdout] test src/lib.rs - i8::Zero (line 77) - compile fail ... ok
[INFO] [stdout] test src/lib.rs - i8::Positive (line 67) - compile ... ok
[INFO] [stdout] test src/lib.rs - i8::Zero (line 67) - compile ... ok
[INFO] [stdout] test src/lib.rs - isize::Equals (line 78) - compile fail ... ok
[INFO] [stdout] test src/lib.rs - isize::Greater (line 67) - compile ... ok
[INFO] [stdout] test src/lib.rs - isize::Even (line 67) - compile ... ok
[INFO] [stdout] test src/lib.rs - isize::Even (line 79) - compile fail ... ok
[INFO] [stdout] test src/lib.rs - isize::GreaterOrEqual (line 67) - compile ... ok
[INFO] [stdout] test src/lib.rs - isize::Greater (line 78) - compile fail ... ok
[INFO] [stdout] test src/lib.rs - isize::Less (line 67) - compile ... ok
[INFO] [stdout] test src/lib.rs - isize::LessOrEqual (line 67) - compile ... ok
[INFO] [stdout] test src/lib.rs - isize::LessOrEqual (line 78) - compile fail ... ok
[INFO] [stdout] test src/lib.rs - isize::GreaterOrEqual (line 78) - compile fail ... ok
[INFO] [stdout] test src/lib.rs - isize::Less (line 78) - compile fail ... ok
[INFO] [stdout] test src/lib.rs - isize::Negative (line 67) - compile ... ok
[INFO] [stdout] test src/lib.rs - isize::Odd (line 67) - compile ... ok
[INFO] [stdout] test src/lib.rs - isize::Positive (line 79) - compile fail ... ok
[INFO] [stdout] test src/lib.rs - isize::Negative (line 79) - compile fail ... ok
[INFO] [stdout] test src/lib.rs - isize::Odd (line 79) - compile fail ... ok
[INFO] [stdout] test src/lib.rs - isize::Positive (line 67) - compile ... ok
[INFO] [stdout] test src/lib.rs - isize::Zero (line 67) - compile ... ok
[INFO] [stdout] test src/lib.rs - isize::Zero (line 77) - compile fail ... ok
[INFO] [stdout] test src/lib.rs - u128::Equals (line 67) - compile ... ok
[INFO] [stdout] test src/lib.rs - u128::Equals (line 78) - compile fail ... ok
[INFO] [stdout] test src/lib.rs - u128::Greater (line 67) - compile ... ok
[INFO] [stdout] test src/lib.rs - u128::Even (line 79) - compile fail ... ok
[INFO] [stdout] test src/lib.rs - u128::Greater (line 78) - compile fail ... ok
[INFO] [stdout] test src/lib.rs - u128::GreaterOrEqual (line 67) - compile ... ok
[INFO] [stdout] test src/lib.rs - u128::Even (line 67) - compile ... ok
[INFO] [stdout] test src/lib.rs - u128::Less (line 67) - compile ... ok
[INFO] [stdout] test src/lib.rs - u128::GreaterOrEqual (line 78) - compile fail ... ok
[INFO] [stdout] test src/lib.rs - u128::Odd (line 67) - compile ... ok
[INFO] [stdout] test src/lib.rs - u128::Zero (line 67) - compile ... ok
[INFO] [stdout] test src/lib.rs - u128::Less (line 78) - compile fail ... ok
[INFO] [stdout] test src/lib.rs - u128::LessOrEqual (line 78) - compile fail ... ok
[INFO] [stdout] test src/lib.rs - u128::Odd (line 79) - compile fail ... ok
[INFO] [stdout] test src/lib.rs - u128::LessOrEqual (line 67) - compile ... ok
[INFO] [stdout] test src/lib.rs - u16::Even (line 67) - compile ... ok
[INFO] [stdout] test src/lib.rs - u16::Even (line 79) - compile fail ... ok
[INFO] [stdout] test src/lib.rs - u16::Greater (line 67) - compile ... ok
[INFO] [stdout] test src/lib.rs - u16::Equals (line 78) - compile fail ... ok
[INFO] [stdout] test src/lib.rs - u16::GreaterOrEqual (line 67) - compile ... ok
[INFO] [stdout] test src/lib.rs - u16::Greater (line 78) - compile fail ... ok
[INFO] [stdout] test src/lib.rs - u16::GreaterOrEqual (line 78) - compile fail ... ok
[INFO] [stdout] test src/lib.rs - u16::Less (line 67) - compile ... ok
[INFO] [stdout] test src/lib.rs - u128::Zero (line 77) - compile fail ... ok
[INFO] [stdout] test src/lib.rs - u16::Equals (line 67) - compile ... ok
[INFO] [stdout] test src/lib.rs - u16::LessOrEqual (line 67) - compile ... ok
[INFO] [stdout] test src/lib.rs - u16::LessOrEqual (line 78) - compile fail ... ok
[INFO] [stdout] test src/lib.rs - u16::Less (line 78) - compile fail ... ok
[INFO] [stdout] test src/lib.rs - u16::Odd (line 67) - compile ... ok
[INFO] [stdout] test src/lib.rs - u32::Equals (line 67) - compile ... ok
[INFO] [stdout] test src/lib.rs - u16::Zero (line 67) - compile ... ok
[INFO] [stdout] test src/lib.rs - u16::Zero (line 77) - compile fail ... ok
[INFO] [stdout] test src/lib.rs - u16::Odd (line 79) - compile fail ... ok
[INFO] [stdout] test src/lib.rs - u32::Even (line 67) - compile ... ok
[INFO] [stdout] test src/lib.rs - u32::Greater (line 78) - compile fail ... ok
[INFO] [stdout] test src/lib.rs - u32::Even (line 79) - compile fail ... ok
[INFO] [stdout] test src/lib.rs - u32::Greater (line 67) - compile ... ok
[INFO] [stdout] test src/lib.rs - u32::GreaterOrEqual (line 67) - compile ... ok
[INFO] [stdout] test src/lib.rs - u32::Equals (line 78) - compile fail ... ok
[INFO] [stdout] test src/lib.rs - u32::Less (line 67) - compile ... ok
[INFO] [stdout] test src/lib.rs - u32::GreaterOrEqual (line 78) - compile fail ... ok
[INFO] [stdout] test src/lib.rs - u32::LessOrEqual (line 67) - compile ... ok
[INFO] [stdout] test src/lib.rs - u32::Odd (line 67) - compile ... ok
[INFO] [stdout] test src/lib.rs - u32::LessOrEqual (line 78) - compile fail ... ok
[INFO] [stdout] test src/lib.rs - u32::Less (line 78) - compile fail ... ok
[INFO] [stdout] test src/lib.rs - u32::Zero (line 67) - compile ... ok
[INFO] [stdout] test src/lib.rs - u32::Odd (line 79) - compile fail ... ok
[INFO] [stdout] test src/lib.rs - u64::Equals (line 78) - compile fail ... ok
[INFO] [stdout] test src/lib.rs - u64::Equals (line 67) - compile ... ok
[INFO] [stdout] test src/lib.rs - u32::Zero (line 77) - compile fail ... ok
[INFO] [stdout] test src/lib.rs - u64::Even (line 67) - compile ... ok
[INFO] [stdout] test src/lib.rs - u64::Greater (line 67) - compile ... ok
[INFO] [stdout] test src/lib.rs - u64::Greater (line 78) - compile fail ... ok
[INFO] [stdout] test src/lib.rs - u64::Even (line 79) - compile fail ... ok
[INFO] [stdout] test src/lib.rs - u64::GreaterOrEqual (line 67) - compile ... ok
[INFO] [stdout] test src/lib.rs - u64::Less (line 67) - compile ... ok
[INFO] [stdout] test src/lib.rs - u64::Odd (line 67) - compile ... ok
[INFO] [stdout] test src/lib.rs - u64::Odd (line 79) - compile fail ... ok
[INFO] [stdout] test src/lib.rs - u64::GreaterOrEqual (line 78) - compile fail ... ok
[INFO] [stdout] test src/lib.rs - u64::LessOrEqual (line 67) - compile ... ok
[INFO] [stdout] test src/lib.rs - u64::Less (line 78) - compile fail ... ok
[INFO] [stdout] test src/lib.rs - u64::LessOrEqual (line 78) - compile fail ... ok
[INFO] [stdout] test src/lib.rs - u64::Zero (line 67) - compile ... ok
[INFO] [stdout] test src/lib.rs - u8::Equals (line 67) - compile ... ok
[INFO] [stdout] test src/lib.rs - u8::Even (line 67) - compile ... ok
[INFO] [stdout] test src/lib.rs - u8::Greater (line 67) - compile ... ok
[INFO] [stdout] test src/lib.rs - u8::Equals (line 78) - compile fail ... ok
[INFO] [stdout] test src/lib.rs - u8::Greater (line 78) - compile fail ... ok
[INFO] [stdout] test src/lib.rs - u8::Even (line 79) - compile fail ... ok
[INFO] [stdout] test src/lib.rs - u64::Zero (line 77) - compile fail ... ok
[INFO] [stdout] test src/lib.rs - u8::GreaterOrEqual (line 67) - compile ... ok
[INFO] [stdout] test src/lib.rs - u8::GreaterOrEqual (line 78) - compile fail ... ok
[INFO] [stdout] test src/lib.rs - u8::Less (line 67) - compile ... ok
[INFO] [stdout] test src/lib.rs - u8::LessOrEqual (line 67) - compile ... ok
[INFO] [stdout] test src/lib.rs - u8::LessOrEqual (line 78) - compile fail ... ok
[INFO] [stdout] test src/lib.rs - u8::Zero (line 67) - compile ... ok
[INFO] [stdout] test src/lib.rs - u8::Odd (line 79) - compile fail ... ok
[INFO] [stdout] test src/lib.rs - u8::Less (line 78) - compile fail ... ok
[INFO] [stdout] test src/lib.rs - u8::Odd (line 67) - compile ... ok
[INFO] [stdout] test src/lib.rs - usize::Even (line 67) - compile ... ok
[INFO] [stdout] test src/lib.rs - usize::Equals (line 67) - compile ... ok
[INFO] [stdout] test src/lib.rs - u8::Zero (line 77) - compile fail ... ok
[INFO] [stdout] test src/lib.rs - usize::Equals (line 78) - compile fail ... ok
[INFO] [stdout] test src/lib.rs - usize::Even (line 79) - compile fail ... ok
[INFO] [stdout] test src/lib.rs - usize::GreaterOrEqual (line 67) - compile ... ok
[INFO] [stdout] test src/lib.rs - usize::Greater (line 78) - compile fail ... ok
[INFO] [stdout] test src/lib.rs - usize::Greater (line 67) - compile ... ok
[INFO] [stdout] test src/lib.rs - usize::LessOrEqual (line 67) - compile ... ok
[INFO] [stdout] test src/lib.rs - usize::GreaterOrEqual (line 78) - compile fail ... ok
[INFO] [stdout] test src/lib.rs - usize::Less (line 67) - compile ... ok
[INFO] [stdout] test src/lib.rs - usize::Less (line 78) - compile fail ... ok
[INFO] [stdout] test src/lib.rs - usize::Odd (line 67) - compile ... ok
[INFO] [stdout] test src/lib.rs - usize::Zero (line 67) - compile ... ok
[INFO] [stdout] test src/lib.rs - usize::LessOrEqual (line 78) - compile fail ... ok
[INFO] [stdout] test src/lib.rs - usize::Odd (line 79) - compile fail ... ok
[INFO] [stdout] test src/lib.rs - usize::Zero (line 77) - compile fail ... ok
[INFO] [stdout] 
[INFO] [stdout] failures:
[INFO] [stdout] 
[INFO] [stdout] ---- src/../README.md - (line 9) stdout ----
[INFO] [stdout] warning: the feature `generic_const_exprs` is incomplete and may not be safe to use and/or cause compiler crashes
[INFO] [stdout]  --> src/../README.md:8:12
[INFO] [stdout]   |
[INFO] [stdout] 2 | #![feature(generic_const_exprs)]
[INFO] [stdout]   |            ^^^^^^^^^^^^^^^^^^^
[INFO] [stdout]   |
[INFO] [stdout]   = note: see issue #76560 <https://github.com/rust-lang/rust/issues/76560> for more information
[INFO] [stdout]   = note: `#[warn(incomplete_features)]` on by default
[INFO] [stdout] 
[INFO] [stdout] error[E0308]: mismatched types
[INFO] [stdout]   --> src/../README.md:24:12
[INFO] [stdout]    |
[INFO] [stdout] 18 | let fail = AlphabeticTest::<'1'>; // Compile error!
[INFO] [stdout]    |            ^^^^^^^^^^^^^^^^^^^^^ expected `true`, found `false`
[INFO] [stdout]    |
[INFO] [stdout]    = note: expected constant `true`
[INFO] [stdout]               found constant `false`
[INFO] [stdout] 
[INFO] [stdout] error[E0308]: mismatched types
[INFO] [stdout]   --> src/../README.md:25:12
[INFO] [stdout]    |
[INFO] [stdout] 19 | let fail = AlphabeticTest::<'&'>; // Compile error!
[INFO] [stdout]    |            ^^^^^^^^^^^^^^^^^^^^^ expected `true`, found `false`
[INFO] [stdout]    |
[INFO] [stdout]    = note: expected constant `true`
[INFO] [stdout]               found constant `false`
[INFO] [stdout] 
[INFO] [stdout] error[E0308]: mismatched types
[INFO] [stdout]   --> src/../README.md:26:12
[INFO] [stdout]    |
[INFO] [stdout] 20 | let fail = AlphabeticTest::<'3'>; // Compile error!
[INFO] [stdout]    |            ^^^^^^^^^^^^^^^^^^^^^ expected `true`, found `false`
[INFO] [stdout]    |
[INFO] [stdout]    = note: expected constant `true`
[INFO] [stdout]               found constant `false`
[INFO] [stdout] 
[INFO] [stdout] error: aborting due to 3 previous errors; 1 warning emitted
[INFO] [stdout] 
[INFO] [stdout] For more information about this error, try `rustc --explain E0308`.
[INFO] [stdout] Couldn't compile the test.
[INFO] [stdout] ---- src/../README.md - (line 29) stdout ----
[INFO] [stdout] error: generic parameters may not be used in const operations
[INFO] [stdout]  --> src/../README.md:33:23
[INFO] [stdout]   |
[INFO] [stdout] 6 |     Check<{ is_binary(N) }>: Passed;
[INFO] [stdout]   |                       ^ cannot perform const operation using `N`
[INFO] [stdout]   |
[INFO] [stdout]   = help: const parameters may only be used as standalone arguments, i.e. `N`
[INFO] [stdout]   = help: add `#![feature(generic_const_exprs)]` to allow generic const expressions
[INFO] [stdout] 
[INFO] [stdout] error[E0412]: cannot find type `Check` in this scope
[INFO] [stdout]  --> src/../README.md:33:5
[INFO] [stdout]   |
[INFO] [stdout] 6 |     Check<{ is_binary(N) }>: Passed;
[INFO] [stdout]   |     ^^^^^ not found in this scope
[INFO] [stdout]   |
[INFO] [stdout] help: consider importing this enum
[INFO] [stdout]   |
[INFO] [stdout] 2 + use checks::Check;
[INFO] [stdout]   |
[INFO] [stdout] 
[INFO] [stdout] error[E0405]: cannot find trait `Passed` in this scope
[INFO] [stdout]  --> src/../README.md:33:30
[INFO] [stdout]   |
[INFO] [stdout] 6 |     Check<{ is_binary(N) }>: Passed;
[INFO] [stdout]   |                              ^^^^^^ not found in this scope
[INFO] [stdout]   |
[INFO] [stdout] help: consider importing this trait
[INFO] [stdout]   |
[INFO] [stdout] 2 + use checks::Passed;
[INFO] [stdout]   |
[INFO] [stdout] 
[INFO] [stdout] error: aborting due to 3 previous errors
[INFO] [stdout] 
[INFO] [stdout] Some errors have detailed explanations: E0405, E0412.
[INFO] [stdout] For more information about an error, try `rustc --explain E0405`.
[INFO] [stdout] Couldn't compile the test.
[INFO] [stdout] ---- src/../README.md - (line 43) stdout ----
[INFO] [stdout] error: cannot find macro `check` in this scope
[INFO] [stdout]  --> src/../README.md:44:1
[INFO] [stdout]   |
[INFO] [stdout] 3 | check! { u8 =>
[INFO] [stdout]   | ^^^^^
[INFO] [stdout]   |
[INFO] [stdout] help: consider importing this macro
[INFO] [stdout]   |
[INFO] [stdout] 2 + use checks::check;
[INFO] [stdout]   |
[INFO] [stdout] 
[INFO] [stdout] error[E0412]: cannot find type `Binary` in this scope
[INFO] [stdout]   --> src/../README.md:54:5
[INFO] [stdout]    |
[INFO] [stdout] 13 |     Binary<N>: Passed;
[INFO] [stdout]    |     ^^^^^^ not found in this scope
[INFO] [stdout]    |
[INFO] [stdout] help: consider importing this trait
[INFO] [stdout]    |
[INFO] [stdout] 2  + use std::fmt::Binary;
[INFO] [stdout]    |
[INFO] [stdout] 
[INFO] [stdout] error[E0405]: cannot find trait `Passed` in this scope
[INFO] [stdout]   --> src/../README.md:54:16
[INFO] [stdout]    |
[INFO] [stdout] 13 |     Binary<N>: Passed;
[INFO] [stdout]    |                ^^^^^^ not found in this scope
[INFO] [stdout]    |
[INFO] [stdout] help: consider importing this trait
[INFO] [stdout]    |
[INFO] [stdout] 2  + use checks::Passed;
[INFO] [stdout]    |
[INFO] [stdout] 
[INFO] [stdout] error: aborting due to 3 previous errors
[INFO] [stdout] 
[INFO] [stdout] Some errors have detailed explanations: E0405, E0412.
[INFO] [stdout] For more information about an error, try `rustc --explain E0405`.
[INFO] [stdout] Couldn't compile the test.
[INFO] [stdout] 
[INFO] [stdout] failures:
[INFO] [stdout]     src/../README.md - (line 29)
[INFO] [stdout]     src/../README.md - (line 43)
[INFO] [stdout]     src/../README.md - (line 9)
[INFO] [stdout] 
[INFO] [stdout] test result: FAILED. 235 passed; 3 failed; 0 ignored; 0 measured; 0 filtered out; finished in 1.80s
[INFO] [stderr] error: doctest failed, to rerun pass `--doc`
[INFO] [stdout] 
[INFO] running `Command { std: "docker" "inspect" "3fd67913437986e12b22436161c4d99fef4bc0bf3ecb3eb1a09125d11e68e21b", kill_on_drop: false }`
[INFO] running `Command { std: "docker" "rm" "-f" "3fd67913437986e12b22436161c4d99fef4bc0bf3ecb3eb1a09125d11e68e21b", kill_on_drop: false }`
[INFO] [stdout] 3fd67913437986e12b22436161c4d99fef4bc0bf3ecb3eb1a09125d11e68e21b
